-- Table structure for table `emp_travel_details`
--

CREATE TABLE IF NOT EXISTS `emp_travel_details` (
  `id` int(10) UNSIGNED NOT NULL AUTO_INCREMENT,
  `emp_id` bigint(20) UNSIGNED NOT NULL,
  `travel_req_id` int(10) UNSIGNED NOT NULL,
  `date` date NOT NULL,
  PRIMARY KEY (`id`),
  KEY `emp_id` (`emp_id`),
  KEY `fk_travel_id` (`travel_req_id`)
) ENGINE=InnoDB AUTO_INCREMENT=208 DEFAULT CHARSET=latin1;

--
-- RELATIONSHIPS FOR TABLE `emp_travel_details`:
--   `emp_id`
--       `users` -> `id`
--   `travel_req_id`
--       `emp_travel_request` -> `travel_id`
--

--
-- Dumping data for table `emp_travel_details`
--

INSERT INTO `emp_travel_details` (`id`, `emp_id`, `travel_req_id`, `date`) VALUES
(1, 131, 24, '2018-07-25'),
(2, 131, 24, '2018-07-26'),
(3, 131, 24, '2018-07-27'),
(4, 131, 24, '2018-07-28'),
(5, 131, 24, '2018-07-29'),
(6, 131, 24, '2018-07-30'),
(7, 131, 24, '2018-07-31'),
(8, 158, 25, '2018-08-01'),
(9, 158, 25, '2018-08-02'),
(10, 158, 25, '2018-08-03'),
(11, 158, 25, '2018-08-04'),
(12, 158, 25, '2018-08-05'),
(13, 158, 25, '2018-08-06'),
(14, 158, 25, '2018-08-07'),
(15, 158, 25, '2018-08-08'),
(16, 158, 25, '2018-08-09'),
(17, 158, 25, '2018-08-10'),
(18, 158, 25, '2018-08-11'),
(19, 158, 25, '2018-08-12'),
(20, 158, 25, '2018-08-13'),
(21, 158, 25, '2018-08-14'),
(22, 158, 25, '2018-08-15'),
(23, 158, 25, '2018-08-16'),
(24, 158, 25, '2018-08-17'),
(25, 158, 25, '2018-08-18'),
(26, 158, 25, '2018-08-19'),
(27, 158, 25, '2018-08-20'),
(28, 131, 26, '2018-08-01'),
(29, 131, 26, '2018-08-02'),
(30, 131, 26, '2018-08-03'),
(31, 131, 26, '2018-08-04'),
(32, 131, 26, '2018-08-05'),
(33, 131, 26, '2018-08-06'),
(34, 131, 26, '2018-08-07'),
(35, 131, 27, '2018-08-17'),
(36, 131, 27, '2018-08-18'),
(37, 131, 27, '2018-08-19'),
(38, 131, 27, '2018-08-20'),
(39, 131, 27, '2018-08-21'),
(40, 131, 27, '2018-08-22'),
(41, 131, 27, '2018-08-23'),
(42, 131, 27, '2018-08-24'),
(43, 131, 27, '2018-08-25'),
(44, 131, 27, '2018-08-26'),
(45, 131, 27, '2018-08-27'),
(46, 131, 27, '2018-08-28'),
(47, 131, 27, '2018-08-29'),
(48, 131, 27, '2018-08-30'),
(49, 131, 27, '2018-08-31'),
(50, 528, 28, '2018-08-16'),
(51, 528, 28, '2018-08-17'),
(52, 528, 28, '2018-08-18'),
(53, 528, 28, '2018-08-19'),
(54, 528, 28, '2018-08-20'),
(55, 528, 28, '2018-08-21'),
(56, 528, 28, '2018-08-22'),
(57, 528, 28, '2018-08-23'),
(58, 528, 28, '2018-08-24'),
(59, 528, 28, '2018-08-25'),
(60, 528, 28, '2018-08-26'),
(61, 528, 28, '2018-08-27'),
(62, 528, 28, '2018-08-28'),
(63, 528, 28, '2018-08-29'),
(64, 528, 28, '2018-08-30'),
(65, 528, 28, '2018-08-31'),
(66, 131, 29, '2018-09-01'),
(67, 131, 29, '2018-09-02'),
(68, 131, 29, '2018-09-03'),
(69, 131, 29, '2018-09-04'),
(70, 131, 29, '2018-09-05'),
(71, 131, 29, '2018-09-06'),
(72, 131, 29, '2018-09-07'),
(73, 131, 29, '2018-09-08'),
(74, 131, 29, '2018-09-09'),
(75, 131, 29, '2018-09-10'),
(76, 131, 29, '2018-09-11'),
(77, 131, 29, '2018-09-12'),
(78, 131, 29, '2018-09-13'),
(79, 131, 29, '2018-09-14'),
(80, 131, 29, '2018-09-15'),
(81, 131, 29, '2018-09-16'),
(82, 131, 29, '2018-09-17'),
(83, 131, 29, '2018-09-18'),
(84, 131, 29, '2018-09-19'),
(85, 131, 29, '2018-09-20'),
(86, 131, 29, '2018-09-21'),
(87, 131, 29, '2018-09-22'),
(88, 131, 29, '2018-09-23'),
(89, 131, 29, '2018-09-24'),
(90, 131, 29, '2018-09-25'),
(91, 184, 30, '2018-09-06'),
(92, 517, 31, '2018-09-06'),
(93, 528, 32, '2018-09-01'),
(94, 528, 32, '2018-09-02'),
(95, 528, 32, '2018-09-03'),
(96, 528, 32, '2018-09-04'),
(97, 528, 32, '2018-09-05'),
(98, 528, 32, '2018-09-06'),
(99, 528, 32, '2018-09-07'),
(100, 528, 32, '2018-09-08'),
(101, 528, 32, '2018-09-09'),
(102, 528, 32, '2018-09-10'),
(103, 528, 32, '2018-09-11'),
(104, 528, 32, '2018-09-12'),
(105, 528, 32, '2018-09-13'),
(106, 528, 32, '2018-09-14'),
(107, 528, 32, '2018-09-15'),
(108, 528, 32, '2018-09-16'),
(109, 528, 32, '2018-09-17'),
(110, 528, 32, '2018-09-18'),
(111, 528, 32, '2018-09-19'),
(112, 528, 32, '2018-09-20'),
(113, 528, 32, '2018-09-21'),
(114, 528, 32, '2018-09-22'),
(115, 528, 32, '2018-09-23'),
(116, 528, 32, '2018-09-24'),
(117, 528, 32, '2018-09-25'),
(118, 131, 33, '2018-09-26'),
(119, 131, 33, '2018-09-27'),
(120, 131, 33, '2018-09-28'),
(121, 131, 33, '2018-09-29'),
(122, 131, 33, '2018-09-30'),
(123, 123, 34, '2018-09-17'),
(124, 123, 34, '2018-09-18'),
(125, 123, 34, '2018-09-19'),
(126, 123, 34, '2018-09-20'),
(127, 123, 34, '2018-09-21'),
(128, 131, 35, '2018-10-04'),
(129, 131, 35, '2018-10-05'),
(130, 131, 35, '2018-10-06'),
(131, 131, 35, '2018-10-07'),
(132, 131, 35, '2018-10-08'),
(133, 131, 35, '2018-10-09'),
(134, 131, 35, '2018-10-10'),
(135, 87, 36, '2018-10-01'),
(136, 87, 36, '2018-10-02'),
(137, 87, 36, '2018-10-03'),
(138, 87, 36, '2018-10-04'),
(139, 87, 36, '2018-10-05'),
(140, 87, 36, '2018-10-06'),
(141, 87, 36, '2018-10-07'),
(142, 420, 37, '2018-10-02'),
(143, 420, 37, '2018-10-03'),
(144, 420, 37, '2018-10-04'),
(145, 420, 37, '2018-10-05'),
(146, 420, 37, '2018-10-06'),
(147, 420, 37, '2018-10-07'),
(148, 87, 38, '2018-11-10'),
(149, 87, 38, '2018-11-11'),
(150, 87, 38, '2018-11-12'),
(151, 87, 38, '2018-11-13'),
(152, 87, 38, '2018-11-14'),
(153, 419, 39, '2018-11-10'),
(154, 419, 39, '2018-11-11'),
(155, 419, 39, '2018-11-12'),
(156, 419, 39, '2018-11-13'),
(157, 419, 39, '2018-11-14'),
(158, 539, 40, '2018-11-26'),
(159, 2, 41, '2018-11-26'),
(160, 2, 41, '2018-11-27'),
(161, 2, 41, '2018-11-28'),
(162, 539, 42, '2018-12-14'),
(163, 2, 43, '2018-12-14'),
(164, 2, 43, '2018-12-15'),
(165, 2, 43, '2018-12-16'),
(166, 2, 43, '2018-12-17'),
(167, 2, 43, '2018-12-18'),
(168, 48, 44, '2018-12-14'),
(169, 48, 44, '2018-12-15'),
(170, 48, 44, '2018-12-16'),
(171, 48, 44, '2018-12-17'),
(172, 48, 44, '2018-12-18'),
(173, 48, 45, '2018-12-19'),
(174, 2, 46, '2018-12-14'),
(175, 2, 46, '2018-12-15'),
(176, 2, 46, '2018-12-16'),
(177, 2, 46, '2018-12-17'),
(178, 2, 46, '2018-12-18'),
(179, 2, 46, '2018-12-19'),
(180, 566, 47, '2018-12-27'),
(181, 566, 47, '2018-12-28'),
(182, 568, 48, '2019-01-21'),
(183, 568, 48, '2019-01-22'),
(184, 568, 48, '2019-01-23'),
(185, 184, 49, '2019-03-12'),
(186, 470, 50, '2019-03-26'),
(187, 470, 50, '2019-03-27'),
(188, 470, 50, '2019-03-28'),
(189, 470, 50, '2019-03-29'),
(190, 2, 51, '2019-03-28'),
(191, 2, 51, '2019-03-29'),
(192, 2, 51, '2019-03-30'),
(193, 585, 52, '2019-04-01'),
(194, 585, 52, '2019-04-02'),
(195, 1, 53, '2019-04-05'),
(196, 1, 54, '2019-04-13'),
(197, 4, 55, '2019-04-12'),
(198, 6, 56, '2019-04-13'),
(199, 1, 57, '2021-11-26'),
(200, 711, 58, '2022-02-22'),
(201, 711, 59, '2022-02-23'),
(202, 711, 59, '2022-02-24'),
(203, 711, 59, '2022-02-25'),
(204, 711, 59, '2022-02-26'),
(205, 701, 60, '2022-04-22'),
(206, 1, 61, '2022-04-28'),
(207, 684, 62, '2022-07-29');

-- --------------------------------------------------------

--
-- Table structure for table `emp_travel_request`
--

CREATE TABLE IF NOT EXISTS `emp_travel_request` (
  `travel_id` int(10) UNSIGNED NOT NULL AUTO_INCREMENT,
  `apply_for` tinyint(4) NOT NULL COMMENT '1-For Self, 2-For Employee',
  `emp_id` int(10) UNSIGNED NOT NULL,
  `reporting_manager` int(10) UNSIGNED NOT NULL,
  `travel_purpose` int(10) UNSIGNED NOT NULL,
  `travel_type` int(10) UNSIGNED NOT NULL,
  `travel_from` varchar(255) NOT NULL,
  `travel_to` varchar(255) NOT NULL,
  `transport_mode` int(10) UNSIGNED NOT NULL,
  `start_date` date NOT NULL,
  `end_date` date DEFAULT NULL,
  `days` smallint(6) DEFAULT NULL,
  `reason` text,
  `travel_status` tinyint(4) NOT NULL DEFAULT '0' COMMENT '0-Pending, 1-Approved, 2-Rejected',
  `pref_airline` varchar(255) DEFAULT NULL,
  `pref_airport` varchar(255) DEFAULT NULL,
  `alt_airport` varchar(255) DEFAULT NULL,
  `seat` tinyint(3) UNSIGNED DEFAULT NULL,
  `pref_hotel` varchar(255) DEFAULT NULL,
  `action_by` int(10) UNSIGNED DEFAULT NULL,
  `action_date` datetime DEFAULT NULL,
  `action_comment` varchar(255) DEFAULT NULL,
  `created_by` int(10) UNSIGNED DEFAULT NULL,
  `created_at` datetime DEFAULT NULL,
  `updated_by` int(10) UNSIGNED DEFAULT NULL,
  `updated_at` timestamp NOT NULL DEFAULT CURRENT_TIMESTAMP ON UPDATE CURRENT_TIMESTAMP,
  `expected_tvl_budget` float DEFAULT NULL,
  PRIMARY KEY (`travel_id`)
) ENGINE=InnoDB AUTO_INCREMENT=63 DEFAULT CHARSET=latin1;

--
-- RELATIONSHIPS FOR TABLE `emp_travel_request`:
--

--
-- Dumping data for table `emp_travel_request`
--

INSERT INTO `emp_travel_request` (`travel_id`, `apply_for`, `emp_id`, `reporting_manager`, `travel_purpose`, `travel_type`, `travel_from`, `travel_to`, `transport_mode`, `start_date`, `end_date`, `days`, `reason`, `travel_status`, `pref_airline`, `pref_airport`, `alt_airport`, `seat`, `pref_hotel`, `action_by`, `action_date`, `action_comment`, `created_by`, `created_at`, `updated_by`, `updated_at`, `expected_tvl_budget`) VALUES
(1, 1, 35, 203, 1, 1, 'Hyderabad, Telangana, India', 'Bangalore, Karnataka, India', 4, '2018-03-05', '2018-03-28', 24, 'Supported from Bangalore office.', 1, NULL, NULL, NULL, NULL, NULL, 203, '2018-07-26 04:42:58', 'NA', 35, '2018-04-02 07:49:31', 203, '2018-07-25 23:12:58', NULL),
(2, 1, 87, 79, 1, 1, 'Baroda, Gujarat, India', 'Hyderabad, Telangana, India', 7, '2018-03-26', '2018-03-30', 5, 'Visit to Hyderabad Office', 1, NULL, NULL, NULL, NULL, NULL, 79, '2018-04-04 10:13:08', NULL, 2, '2018-04-04 10:10:08', 79, '2018-04-04 04:43:08', NULL),
(3, 1, 353, 79, 1, 1, 'Baroda, Gujarat, India', 'Hyderabad, Telangana, India', 7, '2018-03-26', '2018-03-30', 5, 'Visit to Hyderabad Office', 1, NULL, NULL, NULL, NULL, NULL, 79, '2018-04-04 10:13:11', NULL, 2, '2018-04-04 10:10:48', 79, '2018-04-04 04:43:11', NULL),
(4, 1, 104, 79, 1, 1, 'Vadodara, Gujarat, India', 'Bangalore, Karnataka, India', 7, '2018-04-01', '2018-04-07', 7, 'Official visit to Bangalore office', 1, NULL, NULL, NULL, NULL, NULL, 79, '2018-04-10 16:59:38', NULL, 104, '2018-04-10 16:58:58', 79, '2018-04-10 11:29:38', NULL),
(5, 1, 83, 380, 1, 1, 'Pune, Maharashtra, India', 'Hyderabad, Telangana, India', 7, '2018-04-26', '2018-04-27', 2, 'Visit to Hyderabad office to meet Sandeep Gorai and Sandeep Prakash', 1, NULL, NULL, NULL, NULL, NULL, 380, '2018-05-01 14:11:15', NULL, 2, '2018-05-01 09:12:14', 380, '2018-05-01 08:41:15', NULL),
(6, 1, 362, 192, 1, 1, 'Hyderabad, Telangana, India', 'Bengaluru, Karnataka, India', 6, '2018-05-07', '2018-05-11', 5, 'To understand concepts of AI/ML and plan for AI implementation on Tulip platform', 1, NULL, NULL, NULL, NULL, NULL, 192, '2018-05-02 11:57:42', NULL, 362, '2018-05-01 12:05:02', 192, '2018-05-02 06:27:42', NULL),
(7, 1, 209, 362, 1, 1, 'Hyderabad, Telangana, India', 'Nellore, Andhra Pradesh, India', 1, '2018-05-02', '2018-05-02', 1, 'safas afas qasfas \r\nsdfslkdnlsd\r\nkfnsdklgsd\r\ndgnkdsmgsdl;\r\ndngkldsgs\r\nd', 3, NULL, NULL, NULL, NULL, NULL, NULL, NULL, NULL, 209, '2018-05-02 10:59:40', 209, '2018-05-02 05:30:43', NULL),
(8, 1, 62, 362, 2, 1, 'Hyderabad, Telangana, India', 'Bangalore, Karnataka, India', 4, '2018-05-07', '2018-05-12', 6, 'Going to Bangalore to learn AI concepts in Fugenx Company', 1, NULL, NULL, NULL, NULL, NULL, 362, '2018-05-04 11:34:39', 'Approving this trip to Fugenx office in Bengaluru', 62, '2018-05-04 09:11:06', 362, '2018-05-04 06:04:39', NULL),
(9, 1, 199, 362, 1, 1, 'Hyderabad, Telangana, India', 'Bangalore, Karnataka, India', 4, '2018-05-07', '2018-05-12', 6, 'AI/ML Training', 1, NULL, NULL, NULL, NULL, NULL, 362, '2018-05-07 09:00:06', 'Approved..', 199, '2018-05-07 08:33:54', 362, '2018-05-07 03:30:06', NULL),
(10, 1, 123, 341, 1, 2, 'Hyderabad', 'Melbourne VIC, Australia', 7, '2018-05-01', '2018-05-31', 31, 'Working at client location', 1, NULL, NULL, NULL, NULL, NULL, 1, '2018-05-16 07:36:40', NULL, 123, '2018-05-11 10:31:44', 1, '2018-05-16 02:06:40', NULL),
(11, 1, 79, 1, 1, 1, 'Baroda, Gujarat, India', 'Jaipur, Rajasthan, India', 3, '2018-05-13', '2018-05-15', 3, 'Went to Jaipur for campus drive. Please mark present for 14/05/2018', 1, NULL, NULL, NULL, NULL, NULL, 1, '2018-05-16 07:36:30', NULL, 79, '2018-05-15 14:15:48', 1, '2018-05-16 02:06:30', NULL),
(12, 1, 419, 79, 1, 1, 'Vadodara, Gujarat, India', 'Jaipur, Rajasthan, India', 1, '2018-05-13', '2018-05-15', 3, 'Campus Recruitment', 1, NULL, NULL, NULL, NULL, NULL, 79, '2018-05-15 14:23:36', NULL, 419, '2018-05-15 14:22:40', 79, '2018-05-15 08:53:36', NULL),
(13, 1, 94, 104, 1, 1, 'Vadodara, Gujarat, India', 'Jaipur, Rajasthan, India', 3, '2018-05-13', '2018-05-15', 3, 'Campus Drive', 1, NULL, NULL, NULL, NULL, NULL, 104, '2018-05-15 14:44:05', 'Campus drive', 94, '2018-05-15 14:30:31', 104, '2018-05-15 09:14:05', NULL),
(14, 1, 420, 79, 1, 1, 'Vadodara, Gujarat, India', 'Jaipur, Rajasthan, India', 3, '2018-05-13', '2018-05-15', 3, 'Went to Arya College, Jaipur for Campus recruitment.', 1, NULL, NULL, NULL, NULL, NULL, 79, '2018-05-15 14:58:09', NULL, 420, '2018-05-15 14:47:37', 79, '2018-05-15 09:28:09', NULL),
(15, 1, 87, 104, 1, 1, 'Baroda, Gujarat, India', 'Arya College of Engineering & IT, RIICO Industrial Area, Kukas, Rajasthan, India', 3, '2018-05-13', '2018-05-15', 3, 'Campus Recruiting Drive', 1, NULL, NULL, NULL, NULL, NULL, 104, '2018-05-15 18:54:22', 'Campus drive', 87, '2018-05-15 18:43:17', 104, '2018-05-15 13:24:22', NULL),
(16, 1, 184, 1, 1, 1, 'Hyderabad, Telangana, India', 'Bangalore, Karnataka, India', 4, '2018-05-23', '2018-05-24', 2, 'Went to Bangalore on official work.', 1, NULL, NULL, NULL, NULL, NULL, 1, '2018-08-22 13:58:07', 'NA', 12, '2018-05-31 09:21:11', 1, '2018-08-22 08:28:07', NULL),
(17, 1, 123, 341, 1, 2, 'Hyderabad, Telangana, India', 'Melbourne VIC, Australia', 7, '2018-06-01', '2018-06-25', 25, 'Working at client site', 1, NULL, NULL, NULL, NULL, NULL, 1, '2018-08-22 13:58:13', 'NA', 123, '2018-06-13 10:43:58', 1, '2018-08-22 08:28:13', NULL),
(18, 1, 131, 123, 1, 2, 'Hyderabad, Telangana, India', 'Dallas, TX, USA', 7, '2018-06-15', '2018-06-30', 16, 'Onsite Visit to Dallas Office', 1, NULL, NULL, NULL, NULL, NULL, 123, '2018-07-02 06:28:03', NULL, 131, '2018-06-15 15:57:06', 123, '2018-07-02 00:58:03', NULL),
(19, 1, 158, 123, 1, 2, 'Hyderabad, Telangana, India', 'Dallas, TX, USA', 7, '2018-06-01', '2018-06-30', 30, 'Hartford Conversion/Training.', 1, NULL, NULL, NULL, NULL, NULL, 123, '2018-07-02 06:27:51', NULL, 158, '2018-06-18 03:16:56', 123, '2018-07-02 00:57:51', NULL),
(20, 1, 35, 203, 1, 1, 'Hyderabad', 'Bangalore', 4, '2018-06-25', '2018-06-30', 6, 'Bangalore Office Recruitment Purpose', 1, NULL, NULL, NULL, NULL, NULL, 203, '2018-10-04 08:44:56', 'NA', 35, '2018-06-29 17:04:43', 203, '2018-10-04 03:14:56', NULL),
(21, 1, 28, 362, 2, 2, 'gf', 'ghgh', 7, '2018-06-27', '2018-06-28', 2, 'fgfgh', 3, NULL, NULL, NULL, NULL, NULL, NULL, NULL, NULL, 28, '2018-06-30 05:54:26', 28, '2018-06-30 00:24:43', NULL),
(22, 1, 158, 123, 1, 2, 'Hyderabad, Telangana, India', 'Dallas, TX, USA', 7, '2018-07-01', '2018-07-31', 31, 'Hartford mapping conversion and product training.', 1, NULL, NULL, NULL, NULL, NULL, 123, '2018-07-02 06:28:10', NULL, 158, '2018-07-01 12:57:19', 123, '2018-07-02 00:58:10', NULL),
(23, 1, 131, 123, 1, 2, 'Hyderabad, Telangana, India', 'Dallas, TX, USA', 7, '2018-07-01', '2018-07-24', 24, 'Business Travel to AnalytiX DS office, Dallas.', 1, NULL, NULL, NULL, NULL, NULL, 123, '2018-07-02 06:28:15', NULL, 131, '2018-07-01 18:01:50', 123, '2018-07-02 00:58:15', NULL),
(24, 1, 131, 123, 1, 2, 'Hyderabad, Telangana, India', 'Dallas, TX, USA', 7, '2018-07-25', '2018-07-31', 7, 'Business Travel to AnalytiX DS Dallas office', 1, NULL, NULL, NULL, 0, NULL, 123, '2018-07-23 16:12:20', NULL, 131, '2018-07-23 14:02:28', 123, '2018-07-23 10:42:20', NULL),
(25, 1, 158, 123, 1, 2, 'Hyderabad, Telangana, India', 'Dallas, TX, USA', 7, '2018-08-01', '2018-08-20', 20, 'Hartford Onsite', 1, NULL, NULL, NULL, 0, NULL, 123, '2018-08-29 16:41:14', NULL, 158, '2018-08-01 20:49:23', 123, '2018-08-29 11:11:14', NULL),
(26, 1, 131, 123, 1, 2, 'Hyderabad, Telangana, India', 'Dallas, TX, USA', 7, '2018-08-01', '2018-08-07', 7, 'Official Trip to Analytix Dallas Office', 1, NULL, NULL, NULL, 0, NULL, 123, '2018-08-29 16:41:17', NULL, 131, '2018-08-02 13:12:53', 123, '2018-08-29 11:11:17', NULL),
(27, 1, 131, 123, 1, 2, 'Hyderabad, Telangana, India', 'VA, USA', 7, '2018-08-17', '2018-08-31', 15, 'Travel to VA', 1, NULL, NULL, NULL, 0, NULL, 123, '2018-08-29 16:41:23', NULL, 131, '2018-08-16 13:29:45', 123, '2018-08-29 11:11:23', NULL),
(28, 1, 528, 123, 1, 2, 'Hyderabad, Telangana, India', 'Washington, VA, USA', 7, '2018-08-16', '2018-08-31', 16, 'Washington Gas On-site Visit', 1, NULL, NULL, NULL, 0, NULL, 123, '2018-08-29 16:41:20', NULL, 528, '2018-08-22 10:46:35', 123, '2018-08-29 11:11:20', NULL),
(29, 1, 131, 123, 1, 2, 'Hyderabad, Telangana, India', 'Virginia, USA', 7, '2018-09-01', '2018-09-25', 25, 'Onsite Travel', 1, NULL, NULL, NULL, 0, NULL, 123, '2018-09-28 14:49:09', NULL, 131, '2018-09-06 19:04:35', 123, '2018-09-28 09:19:09', NULL),
(30, 1, 184, 1, 1, 1, 'Hyderabad, Telangana, India', 'Pune, Maharashtra, India', 7, '2018-09-06', '2018-09-06', 1, 'Official Trip', 1, NULL, NULL, NULL, 0, NULL, 1, '2018-10-23 09:34:53', NULL, 12, '2018-09-10 08:16:32', 1, '2018-10-23 04:04:53', NULL),
(31, 1, 517, 1, 1, 1, 'Hyderabad, Telangana, India', 'Pune, Maharashtra, India', 7, '2018-09-06', '2018-09-06', 1, 'Official Trip', 1, NULL, NULL, NULL, 0, NULL, 1, '2018-10-23 09:34:57', NULL, 12, '2018-09-10 08:17:08', 1, '2018-10-23 04:04:57', NULL),
(32, 1, 528, 123, 1, 2, 'Hyderabad, Telangana, India', 'Virginia, USA', 7, '2018-09-01', '2018-09-25', 25, 'Washington Gas On-site Visit', 1, NULL, NULL, NULL, 0, NULL, 123, '2018-09-28 14:49:13', NULL, 528, '2018-09-12 00:49:44', 123, '2018-09-28 09:19:13', NULL),
(33, 1, 131, 123, 1, 2, 'Hyderabad, Telangana, India', 'Virginia, USA', 7, '2018-09-26', '2018-09-30', 5, 'On Client Visit', 1, NULL, NULL, NULL, 0, NULL, 123, '2018-09-28 14:49:16', NULL, 131, '2018-09-21 03:55:41', 123, '2018-09-28 09:19:16', NULL),
(34, 1, 123, 341, 1, 2, 'Hyderabad, Telangana, India', 'Germany', 7, '2018-09-17', '2018-09-21', 5, 'Travel to Germany', 1, NULL, NULL, NULL, 0, NULL, 1, '2018-10-23 09:35:03', NULL, 2, '2018-10-01 10:21:43', 1, '2018-10-23 04:05:03', NULL),
(35, 1, 131, 123, 1, 2, 'Hyderabad, Telangana, India', 'Virginia, USA', 7, '2018-10-04', '2018-10-10', 7, 'Client Visit', 0, NULL, NULL, NULL, 0, NULL, NULL, NULL, NULL, 131, '2018-10-04 12:53:46', NULL, '2018-10-04 07:23:46', NULL),
(36, 1, 87, 379, 1, 1, 'Vadodara, Gujarat, India', 'Bhubaneswar, Odisha, India', 7, '2018-10-01', '2018-10-07', 7, 'Campus recruitments.', 1, NULL, NULL, NULL, 0, NULL, 379, '2018-10-16 15:29:53', NULL, 2, '2018-10-08 14:22:05', 379, '2018-10-16 09:59:53', NULL),
(37, 1, 420, 79, 1, 1, 'Vadodara, Gujarat, India', 'Bhubaneswar, Odisha, India', 7, '2018-10-02', '2018-10-07', 6, 'Campus recruiting', 1, NULL, NULL, NULL, 0, NULL, 79, '2018-10-09 17:35:12', NULL, 2, '2018-10-09 09:23:28', 79, '2018-10-09 12:05:12', NULL),
(38, 1, 87, 379, 1, 1, 'Baroda, Gujarat, India', 'Dehradun, Uttarakhand, India', 7, '2018-11-10', '2018-11-14', 5, 'Campus Recruitment Drive at DIT and UPES Dehradun.', 1, NULL, NULL, NULL, 0, NULL, 379, '2018-11-03 03:45:56', NULL, 87, '2018-11-02 22:11:05', 379, '2018-11-02 22:15:56', NULL),
(39, 1, 419, 87, 1, 1, 'Vadodara, Gujarat, India', 'Dehradun, Uttarakhand, India', 7, '2018-11-10', '2018-11-14', 5, 'Campus recruitment drive DIT and UPES', 1, NULL, NULL, NULL, 0, NULL, 79, '2018-11-06 19:43:29', NULL, 419, '2018-11-02 22:12:12', 79, '2018-11-06 14:13:29', NULL),
(40, 1, 539, 216, 1, 1, 'Mandya', 'Bangalore', 4, '2018-11-26', '2018-11-26', 1, 'sir today theare is a strike in my native as well as there is no proper transportation is  available from my native to mandya', 2, NULL, NULL, NULL, NULL, NULL, 216, '2019-02-15 11:49:34', NULL, 539, '2018-11-26 04:33:42', 216, '2019-02-15 06:19:34', NULL),
(41, 1, 2, 1, 1, 1, 'Hyderabad', 'Vadodara', 7, '2018-11-26', '2018-11-28', 3, 'Visit to Baroda Office', 1, NULL, NULL, NULL, NULL, NULL, 1, '2019-01-14 02:25:44', 'NA', 2, '2018-11-26 09:58:07', 1, '2019-01-13 20:55:44', NULL),
(42, 1, 539, 216, 1, 1, 'Mysore', 'Bangalore', 4, '2018-12-14', '2018-12-14', 1, 'sir today i am traveling from mysore to Bangalore. so today i will come office at 11:30am', 2, NULL, NULL, NULL, NULL, NULL, 216, '2019-02-15 11:49:38', NULL, 539, '2018-12-14 02:04:25', 216, '2019-02-15 06:19:38', NULL),
(43, 1, 2, 1, 1, 1, 'Hyderabad, Telangana, India', 'Vadodara, Gujarat, India', 7, '2018-12-14', '2018-12-18', 5, 'Baroda office movement from 1st to 4th floor and notice of vacating the office to landlord.', 3, NULL, NULL, NULL, 0, NULL, NULL, NULL, NULL, 2, '2018-12-14 14:13:06', 2, '2018-12-18 04:04:21', NULL),
(44, 1, 48, 6, 1, 1, 'Hyderabad, Telangana, India', 'Vadodara, Gujarat, India', 7, '2018-12-14', '2018-12-18', 5, 'Baroda Office Shifting', 1, 'As per office', 'As per office', 'As per office', 3, 'As per office', 6, '2018-12-24 11:02:23', NULL, 48, '2018-12-14 15:14:24', 6, '2018-12-24 05:32:23', NULL),
(45, 1, 48, 6, 1, 1, 'Hyderabad, Telangana, India', 'Vadodara, Gujarat, India', 7, '2018-12-19', '2018-12-19', 1, 'Office Shifting', 1, 'As Per Company', 'As Per Company', 'As Per Company', 3, 'As Per Company', 6, '2018-12-24 11:02:28', NULL, 48, '2018-12-18 09:48:45', 6, '2018-12-24 05:32:28', NULL),
(46, 1, 2, 1, 1, 1, 'Hyderabad, Telangana, India', 'Vadodara, Gujarat, India', 7, '2018-12-14', '2018-12-19', 6, 'Official trip', 1, NULL, NULL, NULL, 0, NULL, 1, '2019-01-14 02:25:47', 'NA', 12, '2018-12-18 12:16:02', 1, '2019-01-13 20:55:47', NULL),
(47, 1, 566, 379, 1, 1, 'Hyderabad, Telangana, India', 'New Delhi, Delhi, India', 7, '2018-12-27', '2018-12-28', 2, 'I am getting my passport made on Tatkaal basis and I need to travel to New Delhi, As I have an inquire Appointment at Passport Office R K Puram New Delhi at 10:30 AM on dated 12/28/18.', 1, NULL, NULL, NULL, 0, NULL, 379, '2019-01-05 18:52:11', NULL, 566, '2018-12-26 21:57:11', 379, '2019-01-05 13:22:11', NULL),
(48, 1, 568, 192, 1, 1, 'Hyderabad, Telangana, India', 'Bangalore, Karnataka, India', 6, '2019-01-21', '2019-01-23', 3, 'To meet with clients', 1, NULL, NULL, NULL, 0, NULL, 192, '2019-01-03 12:12:55', NULL, 568, '2019-01-03 10:13:48', 192, '2019-01-03 06:42:55', NULL),
(49, 1, 184, 1, 1, 1, 'USM new office', 'COPART India', 5, '2019-03-12', '2019-03-12', 1, 'official meet with client COPART', 0, NULL, NULL, NULL, NULL, NULL, NULL, NULL, NULL, 184, '2019-03-12 15:30:46', NULL, '2019-03-12 10:00:46', NULL),
(50, 1, 470, 362, 2, 2, 'Hyderabad, Telangana, India', 'Chennai, Tamil Nadu, India', 7, '2019-03-26', '2019-03-29', 4, 'Testing', 2, 'Indigo', NULL, NULL, 1, NULL, 362, '2019-04-01 15:12:47', NULL, 470, '2019-03-26 17:42:59', 362, '2019-04-01 09:42:47', NULL),
(51, 1, 2, 1, 1, 1, 'Hyderabad, Telangana, India', 'Singapore', 7, '2019-03-28', '2019-03-30', 3, 'testing', 2, NULL, NULL, NULL, 0, NULL, 1, '2019-04-13 14:22:53', NULL, 2, '2019-03-27 16:04:01', 1, '2019-04-13 08:52:53', NULL),
(52, 1, 585, 362, 2, 1, 'Hyderabad, Telangana, India', 'Vadodara, Gujarat, India', 7, '2019-04-01', '2019-04-02', 2, 'testing purpose', 1, 'Indigo', NULL, NULL, 3, NULL, 362, '2019-04-01 15:12:39', NULL, 585, '2019-04-01 15:10:17', 362, '2019-04-01 09:42:39', NULL),
(53, 1, 1, 192, 2, 1, 'Hyderabad, Telangana, India', 'Jaipur, Rajasthan, India', 6, '2019-04-05', '2019-04-05', 1, 'Lorem Ipsum is simply dummy text of the printing and typesetting industry. Lorem Ipsum has been the industry\'s standard dummy text ever since the 1500s, when an unknown printer took a galley of type and scrambled it to make a type specimen book.', 1, NULL, NULL, NULL, 0, NULL, 192, '2019-04-05 10:40:55', '1000', 1, '2019-04-05 10:38:48', 192, '2019-04-05 05:10:55', NULL),
(54, 1, 1, 192, 1, 1, 'Hyderabad, Telangana, India', 'Secunderabad, Telangana, India', 1, '2019-04-13', '2019-04-13', 1, 'fdsaf', 0, NULL, NULL, NULL, 0, NULL, NULL, NULL, NULL, 1, '2019-04-13 14:18:39', NULL, '2019-04-13 08:48:39', NULL),
(55, 1, 4, 308, 1, 1, 'Kukatpally, Hyderabad, Telangana, India', 'Lingampally, Hyderabad, Telangana, India', 2, '2019-04-12', '2019-04-12', 1, 'fas', 0, NULL, NULL, NULL, 0, NULL, NULL, NULL, NULL, 1, '2019-04-13 14:19:35', NULL, '2019-04-13 08:49:35', NULL),
(56, 1, 6, 1, 1, 1, 'Rameswaram, Tamil Nadu, India', 'Manchiryal, Telangana, India', 4, '2019-04-13', '2019-04-13', 1, 'fas', 1, NULL, NULL, NULL, 0, NULL, 1, '2019-04-13 14:22:35', NULL, 1, '2019-04-13 14:21:06', 1, '2019-04-13 08:52:35', NULL),
(57, 1, 1, 192, 2, 2, 'Ghatkesar, Telangana, India', 'Wichita, KS, USA', 5, '2021-11-26', '2021-11-26', 1, 'ok', 0, NULL, NULL, NULL, 0, NULL, NULL, NULL, NULL, 1, '2021-10-25 12:44:32', NULL, '2021-10-25 07:14:32', NULL),
(58, 1, 711, 698, 2, 2, 'Hyderabad', 'Chennai', 1, '2022-02-22', '2022-02-22', 1, 'bzbzbz', 3, NULL, NULL, NULL, NULL, NULL, 711, '2022-02-17 15:51:48', NULL, 711, '2022-02-17 15:49:50', 711, '2022-02-17 10:21:48', NULL),
(59, 1, 711, 698, 1, 1, 'Hyderabad', 'Chennai', 7, '2022-02-23', '2022-02-26', 4, 'hhhj', 3, NULL, NULL, NULL, NULL, NULL, 711, '2022-02-21 14:48:02', NULL, 711, '2022-02-21 14:46:26', 711, '2022-02-21 09:18:02', NULL),
(60, 1, 701, 12, 1, 1, 'Hyderabad', 'Kerala', 1, '2022-04-22', '2022-04-22', 1, 'test', 0, NULL, NULL, NULL, NULL, NULL, NULL, NULL, NULL, 701, '2022-04-22 12:35:02', NULL, '2022-04-22 07:05:02', NULL),
(61, 1, 1, 192, 1, 1, 'Hyderabad', 'Hyderabad', 1, '2022-04-28', '2022-04-28', 1, 's,de', 0, NULL, NULL, NULL, NULL, NULL, NULL, NULL, NULL, 1, '2022-04-26 16:35:48', NULL, '2022-04-26 11:05:48', NULL),
(62, 1, 684, 649, 1, 1, 'Hyderabad', 'Hyderabad', 1, '2022-07-29', '2022-07-29', 1, 'bsbsbs', 0, NULL, NULL, NULL, NULL, NULL, NULL, NULL, NULL, 684, '2022-07-19 17:34:35', NULL, '2022-07-19 12:04:35', NULL);

-- --------------------------------------------------------

--
-- Table structure for table `emp_usa_check_list_details`
--

CREATE TABLE IF NOT EXISTS `emp_usa_check_list_details` (
  `emp_id` int(10) UNSIGNED NOT NULL,
  `offer_letter` int(11) DEFAULT NULL,
  `sig_emp_agreement` int(11) DEFAULT NULL,
  `background_check` int(11) DEFAULT NULL,
  `fill_emp_app` int(11) DEFAULT NULL,
  `ack_forms` int(11) DEFAULT NULL,
  `payroll` int(11) DEFAULT NULL,
  `health_benefits` int(11) DEFAULT NULL,
  `emp_point_cont_form` int(11) DEFAULT NULL,
  `emp_infra_form` int(11) DEFAULT NULL,
  `portal_access` int(11) DEFAULT NULL,
  `emp_inf_sheet` int(11) DEFAULT NULL,
  `emp_off_tour` int(11) DEFAULT NULL,
  `lap_conf` int(11) DEFAULT NULL,
  `time_inf_badge` int(11) DEFAULT NULL,
  `usm_corp` int(11) DEFAULT NULL,
  `emp_link_prof` int(11) DEFAULT NULL,
  `send_out_sales` int(11) DEFAULT NULL,
  `created_by` int(10) UNSIGNED DEFAULT NULL,
  `created_at` datetime DEFAULT NULL,
  `updated_by` int(10) UNSIGNED DEFAULT NULL,
  `updated_at` timestamp NOT NULL DEFAULT CURRENT_TIMESTAMP ON UPDATE CURRENT_TIMESTAMP,
  PRIMARY KEY (`emp_id`)
) ENGINE=InnoDB DEFAULT CHARSET=utf8;

--
-- RELATIONSHIPS FOR TABLE `emp_usa_check_list_details`:
--

-- --------------------------------------------------------

--
-- Table structure for table `exit_type`
--

CREATE TABLE IF NOT EXISTS `exit_type` (
  `id` int(10) UNSIGNED NOT NULL AUTO_INCREMENT,
  `name` varchar(128) NOT NULL,
  `description` varchar(255) NOT NULL,
  `status` tinyint(1) NOT NULL DEFAULT '1',
  `created_by` int(10) UNSIGNED DEFAULT NULL,
  `created_at` datetime DEFAULT NULL,
  `updated_by` int(10) UNSIGNED DEFAULT NULL,
  `updated_at` timestamp NOT NULL DEFAULT CURRENT_TIMESTAMP ON UPDATE CURRENT_TIMESTAMP,
  PRIMARY KEY (`id`)
) ENGINE=InnoDB AUTO_INCREMENT=5 DEFAULT CHARSET=latin1;

--
-- RELATIONSHIPS FOR TABLE `exit_type`:
--

--
-- Dumping data for table `exit_type`
--

INSERT INTO `exit_type` (`id`, `name`, `description`, `status`, `created_by`, `created_at`, `updated_by`, `updated_at`) VALUES
(1, 'Resigned', 'Resigned for Services', 1, 1, '2018-01-05 08:18:02', NULL, '2018-01-05 16:18:02'),
(2, 'Absconded', 'Absent without any Informaiton', 1, 1, '2018-01-05 08:18:20', NULL, '2018-01-05 16:18:20'),
(3, 'Terminated', 'Terminated under disciplinary grounds', 1, 1, '2018-01-05 08:18:45', NULL, '2018-01-05 16:18:45'),
(4, 'gdfg', 'gdfg', 0, 2, '2019-04-05 15:57:02', 2, '2019-04-05 10:38:14');

-- --------------------------------------------------------

--
-- Table structure for table `expense_types`
--

CREATE TABLE IF NOT EXISTS `expense_types` (
  `id` int(10) UNSIGNED NOT NULL AUTO_INCREMENT,
  `company_id` int(10) UNSIGNED NOT NULL,
  `name` varchar(128) NOT NULL,
  `description` text,
  `status` tinyint(4) NOT NULL DEFAULT '1',
  `created_by` int(10) UNSIGNED DEFAULT NULL,
  `created_at` datetime DEFAULT NULL,
  `updated_by` int(10) UNSIGNED DEFAULT NULL,
  `updated_at` timestamp NOT NULL DEFAULT CURRENT_TIMESTAMP ON UPDATE CURRENT_TIMESTAMP,
  `deleted_by` int(10) UNSIGNED DEFAULT NULL,
  `deleted_at` timestamp NULL DEFAULT NULL,
  PRIMARY KEY (`id`)
) ENGINE=InnoDB AUTO_INCREMENT=15 DEFAULT CHARSET=latin1;

--
-- RELATIONSHIPS FOR TABLE `expense_types`:
--

--
-- Dumping data for table `expense_types`
--

INSERT INTO `expense_types` (`id`, `company_id`, `name`, `description`, `status`, `created_by`, `created_at`, `updated_by`, `updated_at`, `deleted_by`, `deleted_at`) VALUES
(1, 1, 'TRANSPORTATION', '', 1, 62, '2018-03-20 12:29:54', NULL, '2018-03-20 06:59:54', NULL, NULL),
(2, 1, 'LODGING & MEALS', '', 1, 62, '2018-03-20 12:30:08', NULL, '2018-03-20 07:00:08', NULL, NULL),
(3, 1, 'MISCELLANEOUS', '', 1, 62, '2018-03-20 12:30:52', NULL, '2018-03-20 07:00:52', NULL, NULL),
(4, 6, 'TRANSPORTATION', '', 1, 62, '2018-03-23 15:47:38', NULL, '2018-03-23 10:17:38', NULL, NULL),
(5, 6, 'LODGING & MEALS', '', 1, 62, '2018-03-23 15:47:59', NULL, '2018-03-23 10:17:59', NULL, NULL),
(6, 6, 'MISCELLANEOUS', '', 1, 62, '2018-03-23 15:48:09', NULL, '2018-03-23 10:18:09', NULL, NULL),
(7, 2, 'TRANSPORTATION', '', 1, 2, '2018-03-30 13:10:13', NULL, '2018-03-30 07:40:13', NULL, NULL),
(8, 2, 'LODGING & MEALS', '', 1, 2, '2018-03-30 13:10:31', NULL, '2018-03-30 07:40:31', NULL, NULL),
(9, 2, 'MISCELLANEOUS', '', 1, 2, '2018-03-30 13:10:42', NULL, '2018-03-30 07:40:42', NULL, NULL),
(10, 4, 'TRANSPORTATION', '', 1, 62, '2018-05-14 07:44:23', NULL, '2018-05-14 02:14:23', NULL, NULL),
(11, 4, 'LODGING & MEALS', '', 1, 62, '2018-05-14 07:44:33', NULL, '2018-05-14 02:14:33', NULL, NULL),
(12, 4, 'MISCELLANEOUS', 'test', 1, 62, '2018-05-14 07:44:40', 1, '2019-04-26 07:03:30', NULL, NULL),
(13, 1, 'Funding1', 'The Vision Statement focuses on the future; it is a source of inspiration and motivation. Often it describes not just the future of the organization but the future of the industry or society in which the organization hopes to effect change.', 0, 2, '2019-03-26 16:12:49', 2, '2019-03-26 10:44:28', NULL, NULL),
(14, 1, 'Accomodation', '', 0, 2, '2019-04-01 14:21:42', 2, '2019-04-01 08:53:26', NULL, NULL);

-- --------------------------------------------------------

--
-- Table structure for table `expense_type_items`
--

CREATE TABLE IF NOT EXISTS `expense_type_items` (
  `id` int(10) UNSIGNED NOT NULL AUTO_INCREMENT,
  `type_id` int(10) UNSIGNED NOT NULL,
  `name` varchar(128) NOT NULL,
  `description` text,
  `amount` float DEFAULT NULL,
  `currency` smallint(5) UNSIGNED DEFAULT NULL,
  `status` tinyint(4) NOT NULL DEFAULT '1',
  `created_by` int(10) UNSIGNED DEFAULT NULL,
  `created_at` timestamp NULL DEFAULT NULL,
  `updated_by` int(10) UNSIGNED DEFAULT NULL,
  `updated_at` timestamp NOT NULL DEFAULT CURRENT_TIMESTAMP ON UPDATE CURRENT_TIMESTAMP,
  `deleted_by` int(10) UNSIGNED DEFAULT NULL,
  `deleted_at` timestamp NULL DEFAULT NULL,
  PRIMARY KEY (`id`)
) ENGINE=InnoDB AUTO_INCREMENT=58 DEFAULT CHARSET=latin1;

--
-- RELATIONSHIPS FOR TABLE `expense_type_items`:
--

--
-- Dumping data for table `expense_type_items`
--

INSERT INTO `expense_type_items` (`id`, `type_id`, `name`, `description`, `amount`, `currency`, `status`, `created_by`, `created_at`, `updated_by`, `updated_at`, `deleted_by`, `deleted_at`) VALUES
(1, 1, 'Miles Driven', '$0.55 will be paid per mile.', 0.55, 1, 1, 62, '2018-03-20 07:03:12', 2, '2018-03-23 09:53:57', NULL, NULL),
(2, 1, 'Reimbursement', '', NULL, NULL, 1, 62, '2018-03-20 07:04:16', NULL, '2018-03-20 07:04:16', NULL, NULL),
(3, 1, 'Parking and Tolls', '', NULL, NULL, 1, 62, '2018-03-20 07:04:26', NULL, '2018-03-20 07:04:26', NULL, NULL),
(4, 1, 'Auto Rental & Fuel', '', NULL, NULL, 1, 62, '2018-03-20 07:04:36', NULL, '2018-03-20 07:04:36', NULL, NULL),
(5, 1, 'Taxi / Limo', '', NULL, NULL, 1, 62, '2018-03-20 07:04:48', NULL, '2018-03-20 07:04:48', NULL, NULL),
(6, 1, 'Airfare', '', NULL, NULL, 1, 62, '2018-03-20 07:05:04', NULL, '2018-03-20 07:05:04', NULL, NULL),
(7, 1, 'Other (Rail Or Bus)', '', NULL, NULL, 1, 62, '2018-03-20 07:05:16', NULL, '2018-03-20 07:05:16', NULL, NULL),
(8, 2, 'Lodging', '', NULL, NULL, 1, 62, '2018-03-20 07:05:28', NULL, '2018-03-20 07:05:28', NULL, NULL),
(9, 2, 'Breakfast', '', NULL, NULL, 1, 62, '2018-03-20 07:05:39', NULL, '2018-03-20 07:05:39', NULL, NULL),
(10, 2, 'Lunch', '', NULL, NULL, 1, 62, '2018-03-20 07:05:49', NULL, '2018-03-20 07:05:49', NULL, NULL),
(11, 2, 'Dinner', '', NULL, NULL, 1, 62, '2018-03-20 07:05:58', NULL, '2018-03-20 07:05:58', NULL, NULL),
(12, 3, 'Supplies / Equipment / Postage', '', NULL, NULL, 1, 62, '2018-03-20 07:06:15', NULL, '2018-03-20 07:06:15', NULL, NULL),
(13, 3, 'Phone, Fax', '', NULL, NULL, 1, 62, '2018-03-20 07:06:25', NULL, '2018-03-20 07:06:25', NULL, NULL),
(14, 3, 'Copy Expense', '', NULL, NULL, 1, 62, '2018-03-20 07:06:36', 2, '2019-04-01 09:36:54', NULL, NULL),
(15, 3, 'Others', '', NULL, NULL, 0, 62, '2018-03-20 07:06:46', 2, '2019-04-01 09:35:50', NULL, NULL),
(17, 4, 'Miles Driven', '$0.55 will be paid per mile', 0.55, 1, 1, 62, '2018-03-23 10:18:53', NULL, '2018-03-23 10:18:53', NULL, NULL),
(18, 4, 'Reimbursement', '', NULL, NULL, 1, 62, '2018-03-23 10:19:13', NULL, '2018-03-23 10:19:13', NULL, NULL),
(19, 4, 'Parking and Tolls', '', NULL, NULL, 1, 62, '2018-03-23 10:19:26', NULL, '2018-03-23 10:19:26', NULL, NULL),
(20, 4, 'Auto Rental & Fuel', '', NULL, NULL, 1, 62, '2018-03-23 10:19:40', NULL, '2018-03-23 10:19:40', NULL, NULL),
(21, 4, 'Taxi / Limo', '', NULL, NULL, 1, 62, '2018-03-23 10:20:06', NULL, '2018-03-23 10:20:06', NULL, NULL),
(22, 4, 'Airfare', '', NULL, NULL, 1, 62, '2018-03-23 10:20:37', NULL, '2018-03-23 10:20:37', NULL, NULL),
(23, 4, 'Other (Rail Or Bus)', '', NULL, NULL, 1, 62, '2018-03-23 10:20:47', NULL, '2018-03-23 10:20:47', NULL, NULL),
(24, 5, 'Lodging', '', NULL, NULL, 1, 62, '2018-03-23 10:20:59', NULL, '2018-03-23 10:20:59', NULL, NULL),
(25, 5, 'Breakfast', '', NULL, NULL, 1, 62, '2018-03-23 10:21:08', NULL, '2018-03-23 10:21:08', NULL, NULL),
(26, 5, 'Lunch', '', NULL, NULL, 1, 62, '2018-03-23 10:21:18', NULL, '2018-03-23 10:21:18', NULL, NULL),
(27, 5, 'Dinner', '', NULL, NULL, 1, 62, '2018-03-23 10:21:58', NULL, '2018-03-23 10:21:58', NULL, NULL),
(28, 6, 'Supplies / Equipment / Postage', '', NULL, NULL, 1, 62, '2018-03-23 10:22:10', NULL, '2018-03-23 10:22:10', NULL, NULL),
(29, 6, 'Phone, Fax', '', NULL, NULL, 1, 62, '2018-03-23 10:22:21', NULL, '2018-03-23 10:22:21', NULL, NULL),
(30, 6, 'Copy Expense', '', NULL, NULL, 1, 62, '2018-03-23 10:22:30', NULL, '2018-03-23 10:22:30', NULL, NULL),
(31, 6, 'Others', '', NULL, NULL, 1, 62, '2018-03-23 10:22:40', NULL, '2018-03-23 10:22:40', NULL, NULL),
(32, 7, 'Miles Driven', '$0.55 will be paid per Mile', 0.55, 1, 1, 2, '2018-03-30 07:41:22', NULL, '2018-03-30 07:41:22', NULL, NULL),
(33, 7, 'Reimbursement', '', NULL, NULL, 1, 2, '2018-03-30 07:41:32', NULL, '2018-03-30 07:41:32', NULL, NULL),
(34, 7, 'Parking and Tolls', '', NULL, NULL, 1, 2, '2018-03-30 07:41:44', NULL, '2018-03-30 07:41:44', NULL, NULL),
(35, 7, 'Auto Rental & Fuel', '', NULL, NULL, 1, 2, '2018-03-30 07:41:56', NULL, '2018-03-30 07:41:56', NULL, NULL),
(36, 7, 'Taxi / Limo', '', NULL, NULL, 1, 2, '2018-03-30 07:42:07', NULL, '2018-03-30 07:42:07', NULL, NULL),
(37, 7, 'Airfare', '', NULL, NULL, 1, 2, '2018-03-30 07:42:16', NULL, '2018-03-30 07:42:16', NULL, NULL),
(38, 7, 'Other (Rail Or Bus)', '', NULL, NULL, 1, 2, '2018-03-30 07:42:25', NULL, '2018-03-30 07:42:25', NULL, NULL),
(39, 8, 'Lodging', '', NULL, NULL, 1, 2, '2018-03-30 07:42:37', 2, '2018-03-30 07:42:58', NULL, NULL),
(40, 8, 'Breakfast', '', NULL, NULL, 1, 2, '2018-03-30 07:43:09', NULL, '2018-03-30 07:43:09', NULL, NULL),
(41, 8, 'Lunch', '', NULL, NULL, 1, 2, '2018-03-30 07:43:17', NULL, '2018-03-30 07:43:17', NULL, NULL),
(42, 8, 'Dinner', '', NULL, NULL, 1, 2, '2018-03-30 07:43:26', NULL, '2018-03-30 07:43:26', NULL, NULL),
(43, 9, 'Supplies / Equipment / Postage', '', NULL, NULL, 1, 2, '2018-03-30 07:43:47', NULL, '2018-03-30 07:43:47', NULL, NULL),
(44, 9, 'Phone, Fax', '', NULL, NULL, 1, 2, '2018-03-30 07:43:58', NULL, '2018-03-30 07:43:58', NULL, NULL),
(45, 9, 'Others', '', NULL, NULL, 1, 2, '2018-03-30 07:44:16', NULL, '2018-03-30 07:44:16', NULL, NULL),
(46, 10, 'Reimbursement', '', NULL, NULL, 1, 62, '2018-05-14 02:15:41', NULL, '2018-05-14 02:15:41', NULL, NULL),
(47, 10, 'Parking and Tolls', '', NULL, NULL, 1, 62, '2018-05-14 02:15:56', NULL, '2018-05-14 02:15:56', NULL, NULL),
(48, 10, 'Auto Rental & Fuel', '', NULL, NULL, 1, 62, '2018-05-14 02:16:10', NULL, '2018-05-14 02:16:10', NULL, NULL),
(49, 10, 'Taxi', '', NULL, NULL, 1, 62, '2018-05-14 02:16:27', NULL, '2018-05-14 02:16:27', NULL, NULL),
(50, 10, 'Other (Rail Or Bus)', '', NULL, NULL, 1, 62, '2018-05-14 02:16:54', NULL, '2018-05-14 02:16:54', NULL, NULL),
(51, 11, 'Lodging', '', NULL, NULL, 1, 62, '2018-05-14 02:17:08', NULL, '2018-05-14 02:17:08', NULL, NULL),
(52, 11, 'Breakfast', '', NULL, NULL, 1, 62, '2018-05-14 02:17:19', NULL, '2018-05-14 02:17:19', NULL, NULL),
(53, 11, 'Lunch', '', NULL, NULL, 1, 62, '2018-05-14 02:18:00', NULL, '2018-05-14 02:18:00', NULL, NULL),
(54, 11, 'Dinner', '', NULL, NULL, 1, 62, '2018-05-14 02:18:29', NULL, '2018-05-14 02:18:29', NULL, NULL),
(55, 2, 'Pizzas', 'testing', 5000, 1, 0, 2, '2019-03-26 10:45:27', 2, '2019-03-26 10:50:35', NULL, NULL),
(56, 1, 'Test', 'testing', 1000, 1, 0, 2, '2019-04-01 09:36:18', 2, '2019-04-01 09:36:48', NULL, NULL),
(57, 12, 'Closing balance', '', NULL, NULL, 1, 1, '2019-04-26 07:07:49', NULL, '2019-04-26 07:07:49', NULL, NULL);

-- --------------------------------------------------------

--
-- Table structure for table `feedback_points`
--

CREATE TABLE IF NOT EXISTS `feedback_points` (
  `point_id` int(11) NOT NULL AUTO_INCREMENT,
  `name` varchar(255) NOT NULL,
  `status` tinyint(4) NOT NULL DEFAULT '1',
  `created_by` int(10) UNSIGNED DEFAULT NULL,
  `created_at` datetime DEFAULT NULL,
  `updated_by` int(11) DEFAULT NULL,
  `updated_at` timestamp NOT NULL DEFAULT CURRENT_TIMESTAMP ON UPDATE CURRENT_TIMESTAMP,
  PRIMARY KEY (`point_id`)
) ENGINE=InnoDB AUTO_INCREMENT=11 DEFAULT CHARSET=latin1;

--
-- RELATIONSHIPS FOR TABLE `feedback_points`:
--

--
-- Dumping data for table `feedback_points`
--

INSERT INTO `feedback_points` (`point_id`, `name`, `status`, `created_by`, `created_at`, `updated_by`, `updated_at`) VALUES
(1, 'Communicates openly and honestly', 2, NULL, NULL, NULL, '2018-12-11 04:59:00'),
(2, 'Actively participates to achieve results', 1, NULL, NULL, NULL, '2019-01-29 05:23:34'),
(3, 'Creates a positive team environment', 1, NULL, NULL, NULL, '2017-12-12 07:30:28'),
(4, 'Respects and supports team members', 1, NULL, NULL, NULL, '2017-12-12 07:30:28'),
(5, 'Communicate decisions promptly', 2, NULL, NULL, NULL, '2018-12-11 04:59:04'),
(6, 'Involve others in planning actions', 2, NULL, NULL, NULL, '2018-12-11 04:59:08'),
(7, 'Use time constructively and efficiently', 1, NULL, NULL, NULL, '2017-12-28 13:04:15'),
(8, 'Encourage team to communicate their different opinions', 2, NULL, NULL, NULL, '2018-12-11 04:59:15'),
(9, 'Progressive towards important tasks', 2, NULL, NULL, NULL, '2018-12-11 04:59:17'),
(10, 'Overall rating', 1, NULL, NULL, NULL, '2019-01-29 05:23:47');

-- --------------------------------------------------------

--
-- Table structure for table `gender`
--

CREATE TABLE IF NOT EXISTS `gender` (
  `id` int(10) UNSIGNED NOT NULL AUTO_INCREMENT,
  `name` varchar(128) NOT NULL,
  `description` varchar(255) NOT NULL,
  `status` tinyint(1) NOT NULL DEFAULT '1',
  `created_by` int(10) UNSIGNED DEFAULT NULL,
  `created_at` datetime DEFAULT NULL,
  `updated_by` int(10) UNSIGNED DEFAULT NULL,
  `updated_at` timestamp NULL DEFAULT CURRENT_TIMESTAMP ON UPDATE CURRENT_TIMESTAMP,
  `color_class` varchar(45) DEFAULT NULL,
  `color` varchar(45) DEFAULT NULL,
  PRIMARY KEY (`id`)
) ENGINE=InnoDB AUTO_INCREMENT=4 DEFAULT CHARSET=latin1;

--
-- RELATIONSHIPS FOR TABLE `gender`:
--

--
-- Dumping data for table `gender`
--

INSERT INTO `gender` (`id`, `name`, `description`, `status`, `created_by`, `created_at`, `updated_by`, `updated_at`, `color_class`, `color`) VALUES
(1, 'Male', 'Male', 1, 1, '2017-12-19 21:24:04', NULL, '2017-12-20 07:55:38', 'pr-count', '#4caf50'),
(2, 'Female', 'Female', 1, 1, '2017-12-19 21:24:04', NULL, '2017-12-20 07:55:50', 'co-count', '#9d76e3'),
(3, 'Others', 'Others', 1, 1, '2017-12-19 21:25:05', NULL, '2017-12-20 07:55:23', 'ab-count', '#f44336');

-- --------------------------------------------------------

--
-- Table structure for table `holiday_calendar`
--

CREATE TABLE IF NOT EXISTS `holiday_calendar` (
  `holiday_id` int(10) UNSIGNED NOT NULL AUTO_INCREMENT,
  `company_id` int(10) UNSIGNED DEFAULT NULL,
  `branch_id` int(10) UNSIGNED DEFAULT NULL,
  `shifts` varchar(32) DEFAULT NULL,
  `holiday_name` varchar(255) NOT NULL,
  `holiday_date` date NOT NULL,
  `holiday_type` int(10) UNSIGNED DEFAULT NULL,
  `status` tinyint(1) NOT NULL DEFAULT '1',
  `created_by` int(10) UNSIGNED DEFAULT NULL,
  `created_at` datetime DEFAULT NULL,
  `updated_by` int(10) UNSIGNED DEFAULT NULL,
  `updated_at` timestamp NULL DEFAULT CURRENT_TIMESTAMP ON UPDATE CURRENT_TIMESTAMP,
  `deleted_by` int(10) UNSIGNED DEFAULT NULL,
  `deleted_at` timestamp NULL DEFAULT NULL,
  PRIMARY KEY (`holiday_id`),
  KEY `company_id` (`company_id`),
  KEY `branch_id` (`branch_id`),
  KEY `holiday_type` (`holiday_type`)
) ENGINE=InnoDB AUTO_INCREMENT=494 DEFAULT CHARSET=latin1 ROW_FORMAT=COMPACT;

--
-- RELATIONSHIPS FOR TABLE `holiday_calendar`:
--

--
-- Dumping data for table `holiday_calendar`
--

INSERT INTO `holiday_calendar` (`holiday_id`, `company_id`, `branch_id`, `shifts`, `holiday_name`, `holiday_date`, `holiday_type`, `status`, `created_by`, `created_at`, `updated_by`, `updated_at`, `deleted_by`, `deleted_at`) VALUES
(1, 1, 100, '1', 'New Year', '2018-01-01', 2, 1, 1, '2017-12-30 09:10:30', NULL, '2017-12-30 09:10:30', NULL, NULL),
(2, 1, 100, '2', 'New Year', '2018-01-01', 2, 1, 1, '2017-12-30 09:10:30', NULL, '2017-12-30 09:10:30', NULL, NULL),
(3, 1, 100, '4', 'New Year', '2018-01-01', 2, 1, 1, '2017-12-30 09:10:30', NULL, '2017-12-30 09:10:30', NULL, NULL),
(4, 1, 100, '5', 'New Year', '2018-01-01', 2, 1, 1, '2017-12-30 09:10:30', NULL, '2017-12-30 09:10:30', NULL, NULL),
(5, 1, 100, '1', 'Sankranthi', '2018-01-15', 1, 1, 1, '2017-12-30 09:11:07', 1, '2017-12-30 17:16:00', NULL, NULL),
(6, 1, 100, '2', 'Sankranthi', '2018-01-15', 1, 1, 1, '2017-12-30 09:11:07', 1, '2018-01-03 01:10:09', NULL, NULL),
(7, 1, 100, '4', 'Sankranthi', '2018-01-15', 1, 1, 1, '2017-12-30 09:11:07', 1, '2018-01-03 01:10:30', NULL, NULL),
(8, 1, 100, '5', 'Sankranthi', '2018-01-15', 1, 1, 1, '2017-12-30 09:11:07', 1, '2018-01-03 01:10:44', NULL, NULL),
(9, 1, 100, '1', 'Republic Day', '2018-01-26', 1, 1, 1, '2017-12-30 09:11:47', NULL, '2017-12-30 09:11:47', NULL, NULL),
(10, 1, 100, '2', 'Republic Day', '2018-01-26', 1, 1, 1, '2017-12-30 09:11:47', NULL, '2017-12-30 09:11:47', NULL, NULL),
(11, 1, 100, '4', 'Republic Day', '2018-01-26', 1, 1, 1, '2017-12-30 09:11:47', NULL, '2017-12-30 09:11:47', NULL, NULL),
(12, 1, 100, '5', 'Republic Day', '2018-01-26', 1, 1, 1, '2017-12-30 09:11:47', NULL, '2017-12-30 09:11:47', NULL, NULL),
(13, 1, 100, '1', 'Srirama Navami', '2018-03-26', 1, 1, 1, '2017-12-30 09:13:04', NULL, '2017-12-30 09:13:04', NULL, NULL),
(14, 1, 100, '2', 'Srirama Navami', '2018-03-26', 1, 1, 1, '2017-12-30 09:13:04', NULL, '2017-12-30 09:13:04', NULL, NULL),
(15, 1, 100, '4', 'Srirama Navami', '2018-03-26', 1, 1, 1, '2017-12-30 09:13:04', NULL, '2017-12-30 09:13:04', NULL, NULL),
(16, 1, 100, '5', 'Srirama Navami', '2018-03-26', 1, 1, 1, '2017-12-30 09:13:04', NULL, '2017-12-30 09:13:04', NULL, NULL),
(17, 1, 100, '1', 'Independence Day', '2018-08-15', 1, 1, 1, '2017-12-30 09:13:27', NULL, '2017-12-30 09:13:27', NULL, NULL),
(18, 1, 100, '2', 'Independence Day', '2018-08-15', 1, 1, 1, '2017-12-30 09:13:27', NULL, '2017-12-30 09:13:27', NULL, NULL),
(19, 1, 100, '4', 'Independence Day', '2018-08-15', 1, 1, 1, '2017-12-30 09:13:27', NULL, '2017-12-30 09:13:27', NULL, NULL),
(20, 1, 100, '5', 'Independence Day', '2018-08-15', 1, 1, 1, '2017-12-30 09:13:27', NULL, '2017-12-30 09:13:27', NULL, NULL),
(21, 1, 100, '1', 'Srikrishna Astami', '2018-09-03', 1, 1, 1, '2017-12-30 09:13:57', NULL, '2017-12-30 09:13:57', NULL, NULL),
(22, 1, 100, '2', 'Srikrishna Astami', '2018-09-03', 1, 1, 1, '2017-12-30 09:13:57', NULL, '2017-12-30 09:13:57', NULL, NULL),
(23, 1, 100, '4', 'Srikrishna Astami', '2018-09-03', 1, 1, 1, '2017-12-30 09:13:57', NULL, '2017-12-30 09:13:57', NULL, NULL),
(24, 1, 100, '5', 'Srikrishna Astami', '2018-09-03', 1, 1, 1, '2017-12-30 09:13:57', NULL, '2017-12-30 09:13:57', NULL, NULL),
(25, 1, 100, '1', 'Ganesh Chaturthi', '2018-09-13', 1, 1, 1, '2017-12-30 09:14:32', NULL, '2017-12-30 09:14:32', NULL, NULL),
(26, 1, 100, '2', 'Ganesh Chaturthi', '2018-09-13', 1, 1, 1, '2017-12-30 09:14:32', NULL, '2017-12-30 09:14:32', NULL, NULL),
(27, 1, 100, '4', 'Ganesh Chaturthi', '2018-09-13', 1, 1, 1, '2017-12-30 09:14:32', NULL, '2017-12-30 09:14:32', NULL, NULL),
(28, 1, 100, '5', 'Ganesh Chaturthi', '2018-09-13', 1, 1, 1, '2017-12-30 09:14:32', NULL, '2017-12-30 09:14:32', NULL, NULL),
(29, 1, 100, '1', 'Gandhi Jayanthi', '2018-10-02', 1, 1, 1, '2017-12-30 09:15:33', NULL, '2017-12-30 09:15:33', NULL, NULL),
(30, 1, 100, '2', 'Gandhi Jayanthi', '2018-10-02', 1, 1, 1, '2017-12-30 09:15:33', NULL, '2017-12-30 09:15:33', NULL, NULL),
(31, 1, 100, '4', 'Gandhi Jayanthi', '2018-10-02', 1, 1, 1, '2017-12-30 09:15:33', NULL, '2017-12-30 09:15:33', NULL, NULL),
(32, 1, 100, '5', 'Gandhi Jayanthi', '2018-10-02', 1, 1, 1, '2017-12-30 09:15:33', NULL, '2017-12-30 09:15:33', NULL, NULL),
(33, 1, 100, '1', 'Vijaya Dasami', '2018-10-18', 1, 1, 1, '2017-12-30 09:16:31', NULL, '2017-12-30 09:16:31', NULL, NULL),
(34, 1, 100, '2', 'Vijaya Dasami', '2018-10-18', 1, 1, 1, '2017-12-30 09:16:31', NULL, '2017-12-30 09:16:31', NULL, NULL),
(35, 1, 100, '4', 'Vijaya Dasami', '2018-10-18', 1, 1, 1, '2017-12-30 09:16:31', NULL, '2017-12-30 09:16:31', NULL, NULL),
(36, 1, 100, '5', 'Vijaya Dasami', '2018-10-18', 1, 1, 1, '2017-12-30 09:16:31', NULL, '2017-12-30 09:16:31', NULL, NULL),
(37, 1, 100, '1', 'Diwali', '2018-11-07', 1, 1, 1, '2017-12-30 09:18:51', NULL, '2017-12-30 09:18:52', NULL, NULL),
(38, 1, 100, '2', 'Diwali', '2018-11-07', 1, 1, 1, '2017-12-30 09:18:51', NULL, '2017-12-30 09:18:52', NULL, NULL),
(39, 1, 100, '4', 'Diwali', '2018-11-07', 1, 1, 1, '2017-12-30 09:18:51', NULL, '2017-12-30 09:18:52', NULL, NULL),
(40, 1, 100, '5', 'Diwali', '2018-11-07', 1, 1, 1, '2017-12-30 09:18:52', NULL, '2017-12-30 09:18:52', NULL, NULL),
(41, 1, 100, '1', 'Christmas Day', '2018-12-25', 1, 1, 1, '2017-12-30 09:19:23', NULL, '2017-12-30 09:19:23', NULL, NULL),
(42, 1, 100, '2', 'Christmas Day', '2018-12-25', 1, 1, 1, '2017-12-30 09:19:23', NULL, '2017-12-30 09:19:23', NULL, NULL),
(43, 1, 100, '4', 'Christmas Day', '2018-12-25', 1, 1, 1, '2017-12-30 09:19:23', NULL, '2017-12-30 09:19:23', NULL, NULL),
(44, 1, 100, '5', 'Christmas Day', '2018-12-25', 1, 1, 1, '2017-12-30 09:19:23', NULL, '2017-12-30 09:19:23', NULL, NULL),
(45, 1, 100, '1', 'Mahashiva Ratri', '2018-02-13', 2, 1, 1, '2017-12-30 09:20:59', NULL, '2017-12-30 09:20:59', NULL, NULL),
(46, 1, 100, '2', 'Mahashiva Ratri', '2018-02-13', 2, 1, 1, '2017-12-30 09:20:59', NULL, '2017-12-30 09:20:59', NULL, NULL),
(47, 1, 100, '4', 'Mahashiva Ratri', '2018-02-13', 2, 1, 1, '2017-12-30 09:20:59', NULL, '2017-12-30 09:20:59', NULL, NULL),
(48, 1, 100, '5', 'Mahashiva Ratri', '2018-02-13', 2, 1, 1, '2017-12-30 09:20:59', NULL, '2017-12-30 09:20:59', NULL, NULL),
(49, 1, 100, '1', 'Good Friday', '2018-03-30', 1, 0, 1, '2017-12-30 09:21:34', NULL, '2017-12-30 17:21:41', 1, '2017-12-30 17:21:41'),
(50, 1, 100, '1', 'Good Friday', '2018-03-30', 2, 1, 1, '2017-12-30 09:21:34', 1, '2017-12-30 17:55:30', NULL, NULL),
(51, 1, 100, '4', 'Good Friday', '2018-03-30', 2, 1, 1, '2017-12-30 09:21:34', 1, '2017-12-30 17:56:34', NULL, NULL),
(52, 1, 100, '5', 'Good Friday', '2018-03-30', 2, 1, 1, '2017-12-30 09:21:34', 1, '2017-12-30 17:56:58', NULL, NULL),
(53, 1, 100, '1', 'Eidulazha (Bakrid)', '2018-08-22', 2, 1, 1, '2017-12-30 09:23:36', NULL, '2017-12-30 09:23:36', NULL, NULL),
(54, 1, 100, '2', 'Eidulazha (Bakrid)', '2018-08-22', 2, 1, 1, '2017-12-30 09:23:36', NULL, '2017-12-30 09:23:36', NULL, NULL),
(55, 1, 100, '4', 'Eidulazha (Bakrid)', '2018-08-22', 2, 1, 1, '2017-12-30 09:23:36', NULL, '2017-12-30 09:23:36', NULL, NULL),
(56, 1, 100, '5', 'Eidulazha (Bakrid)', '2018-08-22', 2, 1, 1, '2017-12-30 09:23:36', NULL, '2017-12-30 09:23:36', NULL, NULL),
(57, 1, 100, '2', 'Good Friday', '2018-03-30', 2, 1, 1, '2017-12-30 09:57:20', NULL, '2017-12-30 09:57:20', NULL, NULL),
(58, 2, 100, '6', 'New Year', '2018-01-01', 2, 1, 1, '2017-12-30 10:35:31', NULL, '2017-12-30 10:35:31', NULL, NULL),
(59, 2, 100, '7', 'New Year', '2018-01-01', 2, 1, 1, '2017-12-30 10:35:31', NULL, '2017-12-30 10:35:31', NULL, NULL),
(60, 2, 100, '10', 'New Year', '2018-01-01', 2, 1, 1, '2017-12-30 10:35:31', NULL, '2017-12-30 10:35:31', NULL, NULL),
(61, 2, 100, '6', 'Mahashiva Ratri', '2018-02-13', 2, 1, 1, '2017-12-30 10:35:52', NULL, '2017-12-30 10:35:52', NULL, NULL),
(62, 2, 100, '7', 'Mahashiva Ratri', '2018-02-13', 2, 1, 1, '2017-12-30 10:35:52', NULL, '2017-12-30 10:35:52', NULL, NULL),
(63, 2, 100, '10', 'Mahashiva Ratri', '2018-02-13', 2, 1, 1, '2017-12-30 10:35:52', NULL, '2017-12-30 10:35:52', NULL, NULL),
(64, 2, 100, '6', 'Good Friday', '2018-03-30', 2, 1, 1, '2017-12-30 10:36:17', NULL, '2017-12-30 10:36:17', NULL, NULL),
(65, 2, 100, '7', 'Good Friday', '2018-03-30', 2, 1, 1, '2017-12-30 10:36:17', NULL, '2017-12-30 10:36:17', NULL, NULL),
(66, 2, 100, '10', 'Good Friday', '2018-03-30', 2, 1, 1, '2017-12-30 10:36:17', NULL, '2017-12-30 10:36:17', NULL, NULL),
(67, 2, 100, '6', 'Eidulazha (Bakrid)', '2018-08-22', 2, 1, 1, '2017-12-30 10:36:45', NULL, '2017-12-30 10:36:45', NULL, NULL),
(68, 2, 100, '7', 'Eidulazha (Bakrid)', '2018-08-22', 2, 1, 1, '2017-12-30 10:36:45', NULL, '2017-12-30 10:36:45', NULL, NULL),
(69, 2, 100, '10', 'Eidulazha (Bakrid)', '2018-08-22', 2, 1, 1, '2017-12-30 10:36:45', NULL, '2017-12-30 10:36:45', NULL, NULL),
(70, 2, 100, '6', 'Sankranthi', '2018-01-15', 1, 1, 1, '2017-12-30 10:37:04', NULL, '2017-12-30 10:37:04', NULL, NULL),
(71, 2, 100, '7', 'Sankranthi', '2018-01-15', 1, 1, 1, '2017-12-30 10:37:04', NULL, '2017-12-30 10:37:04', NULL, NULL),
(72, 2, 100, '10', 'Sankranthi', '2018-01-15', 1, 1, 1, '2017-12-30 10:37:04', NULL, '2017-12-30 10:37:04', NULL, NULL),
(73, 2, 100, '6', 'Republic Day', '2018-01-26', 1, 1, 1, '2017-12-30 10:37:29', NULL, '2017-12-30 10:37:29', NULL, NULL),
(74, 2, 100, '7', 'Republic Day', '2018-01-26', 1, 1, 1, '2017-12-30 10:37:29', NULL, '2017-12-30 10:37:29', NULL, NULL),
(75, 2, 100, '10', 'Republic Day', '2018-01-26', 1, 1, 1, '2017-12-30 10:37:29', NULL, '2017-12-30 10:37:29', NULL, NULL),
(76, 2, 100, '6', 'Srirama Navami', '2018-03-26', 1, 1, 1, '2017-12-30 10:37:52', NULL, '2017-12-30 10:37:52', NULL, NULL),
(77, 2, 100, '7', 'Srirama Navami', '2018-03-26', 1, 1, 1, '2017-12-30 10:37:52', NULL, '2017-12-30 10:37:52', NULL, NULL),
(78, 2, 100, '10', 'Srirama Navami', '2018-03-26', 1, 1, 1, '2017-12-30 10:37:52', NULL, '2017-12-30 10:37:52', NULL, NULL),
(79, 2, 100, '6', 'Independence Day', '2018-08-15', 1, 1, 1, '2017-12-30 10:38:10', NULL, '2017-12-30 10:38:10', NULL, NULL),
(80, 2, 100, '7', 'Independence Day', '2018-08-15', 1, 1, 1, '2017-12-30 10:38:10', NULL, '2017-12-30 10:38:10', NULL, NULL),
(81, 2, 100, '10', 'Independence Day', '2018-08-15', 1, 1, 1, '2017-12-30 10:38:10', NULL, '2017-12-30 10:38:10', NULL, NULL),
(82, 2, 100, '6', 'Srikrishna Astami', '2018-09-03', 1, 1, 1, '2017-12-30 10:38:33', NULL, '2017-12-30 10:38:33', NULL, NULL),
(83, 2, 100, '7', 'Srikrishna Astami', '2018-09-03', 1, 1, 1, '2017-12-30 10:38:33', NULL, '2017-12-30 10:38:33', NULL, NULL),
(84, 2, 100, '10', 'Srikrishna Astami', '2018-09-03', 1, 0, 1, '2017-12-30 10:38:33', NULL, '2018-10-03 01:28:48', 1, '2018-10-03 01:28:48'),
(85, 2, 100, '6', 'Ganesh Chaturthi', '2018-09-13', 1, 1, 1, '2017-12-30 10:38:54', NULL, '2017-12-30 10:38:54', NULL, NULL),
(86, 2, 100, '7', 'Ganesh Chaturthi', '2018-09-13', 1, 1, 1, '2017-12-30 10:38:54', NULL, '2017-12-30 10:38:54', NULL, NULL),
(87, 2, 100, '10', 'Ganesh Chaturthi', '2018-09-13', 1, 1, 1, '2017-12-30 10:38:54', NULL, '2017-12-30 10:38:54', NULL, NULL),
(88, 2, 100, '6', 'Gandhi Jayanthi', '2018-10-02', 1, 1, 1, '2017-12-30 10:39:16', NULL, '2017-12-30 10:39:16', NULL, NULL),
(89, 2, 100, '7', 'Gandhi Jayanthi', '2018-10-02', 1, 1, 1, '2017-12-30 10:39:16', NULL, '2017-12-30 10:39:16', NULL, NULL),
(90, 2, 100, '10', 'Gandhi Jayanthi', '2018-10-02', 1, 1, 1, '2017-12-30 10:39:16', NULL, '2017-12-30 10:39:16', NULL, NULL),
(91, 2, 100, '6', 'Vijaya Dasami', '2018-10-18', 1, 1, 1, '2017-12-30 10:39:36', NULL, '2017-12-30 10:39:36', NULL, NULL),
(92, 2, 100, '7', 'Vijaya Dasami', '2018-10-18', 1, 1, 1, '2017-12-30 10:39:36', NULL, '2017-12-30 10:39:36', NULL, NULL),
(93, 2, 100, '10', 'Vijaya Dasami', '2018-10-18', 1, 1, 1, '2017-12-30 10:39:36', NULL, '2017-12-30 10:39:36', NULL, NULL),
(94, 2, 100, '6', 'Diwali', '2018-11-07', 1, 1, 1, '2017-12-30 10:39:53', NULL, '2017-12-30 10:39:53', NULL, NULL),
(95, 2, 100, '7', 'Diwali', '2018-11-07', 1, 1, 1, '2017-12-30 10:39:53', NULL, '2017-12-30 10:39:53', NULL, NULL),
(96, 2, 100, '10', 'Diwali', '2018-11-07', 1, 1, 1, '2017-12-30 10:39:53', NULL, '2017-12-30 10:39:53', NULL, NULL),
(97, 2, 100, '6', 'Christmas Day', '2018-12-25', 1, 1, 1, '2017-12-30 10:40:15', NULL, '2017-12-30 10:40:15', NULL, NULL),
(98, 2, 100, '7', 'Christmas Day', '2018-12-25', 1, 1, 1, '2017-12-30 10:40:15', NULL, '2017-12-30 10:40:15', NULL, NULL),
(99, 2, 100, '10', 'Christmas Day', '2018-12-25', 1, 1, 1, '2017-12-30 10:40:15', NULL, '2017-12-30 10:40:15', NULL, NULL),
(100, 2, 100, '9', 'New Year', '2018-01-01', 1, 1, 1, '2017-12-30 10:43:39', NULL, '2017-12-30 10:43:39', NULL, NULL),
(101, 2, 100, '9', 'Memorial Day', '2018-05-28', 1, 1, 1, '2017-12-30 10:44:03', NULL, '2017-12-30 10:44:03', NULL, NULL),
(102, 2, 100, '9', 'Independence Day', '2018-07-04', 1, 1, 1, '2017-12-30 10:44:29', NULL, '2017-12-30 10:44:29', NULL, NULL),
(103, 2, 100, '9', 'Labour Day', '2018-09-03', 1, 1, 1, '2017-12-30 10:44:52', NULL, '2017-12-30 10:44:52', NULL, NULL),
(104, 2, 100, '9', 'Thanks Giving Day', '2018-11-22', 1, 1, 1, '2017-12-30 10:45:17', NULL, '2017-12-30 10:45:17', NULL, NULL),
(105, 2, 100, '9', 'Christmas Day', '2018-12-25', 1, 1, 1, '2017-12-30 10:45:42', NULL, '2017-12-30 10:45:42', NULL, NULL),
(106, 2, 100, '9', 'Good Friday', '2018-03-30', 2, 1, 1, '2017-12-30 10:46:13', NULL, '2017-12-30 10:46:13', NULL, NULL),
(107, 2, 100, '9', 'Eidulazha (Bakrid)', '2018-08-22', 2, 1, 1, '2017-12-30 10:46:43', NULL, '2017-12-30 10:46:44', NULL, NULL),
(108, 2, 100, '9', 'Vijaya Dasami', '2018-10-18', 2, 1, 1, '2017-12-30 10:47:18', NULL, '2017-12-30 10:47:18', NULL, NULL),
(109, 2, 100, '9', 'Diwali', '2018-11-07', 2, 1, 1, '2017-12-30 10:47:37', NULL, '2017-12-30 10:47:37', NULL, NULL),
(110, 1, 100, '3', 'New Year', '2018-01-01', 1, 1, 1, '2017-12-30 10:49:13', NULL, '2017-12-30 10:49:13', NULL, NULL),
(111, 1, 100, '3', 'Memorial Day', '2018-05-28', 1, 1, 1, '2017-12-30 10:49:28', NULL, '2017-12-30 10:49:28', NULL, NULL),
(112, 1, 100, '3', 'Independence Day', '2018-07-04', 1, 1, 1, '2017-12-30 10:49:50', 1, '2017-12-30 18:50:25', NULL, NULL),
(113, 1, 100, '3', 'Labour Day', '2018-09-03', 1, 1, 1, '2017-12-30 10:50:11', NULL, '2017-12-30 10:50:11', NULL, NULL),
(114, 1, 100, '3', 'Thanks Giving Day', '2018-11-22', 1, 1, 1, '2017-12-30 10:50:49', NULL, '2017-12-30 10:50:49', NULL, NULL),
(115, 1, 100, '3', 'Christmas Day', '2018-12-25', 1, 1, 1, '2017-12-30 10:51:05', NULL, '2017-12-30 10:51:05', NULL, NULL),
(116, 1, 100, '3', 'Good Friday', '2018-03-30', 2, 1, 1, '2017-12-30 10:51:37', NULL, '2017-12-30 10:51:37', NULL, NULL),
(117, 1, 100, '3', 'Eidulazha (Bakrid)', '2018-08-22', 2, 1, 1, '2017-12-30 10:51:56', NULL, '2017-12-30 10:51:56', NULL, NULL),
(118, 1, 100, '3', 'Vijaya Dasami', '2018-10-18', 2, 1, 1, '2017-12-30 10:52:10', NULL, '2017-12-30 10:52:10', NULL, NULL),
(119, 1, 100, '3', 'Diwali', '2018-11-07', 2, 1, 1, '2017-12-30 10:52:26', NULL, '2017-12-30 10:52:26', NULL, NULL),
(120, 2, 100, '11', 'New Year', '2018-01-01', 1, 1, 1, '2017-12-30 10:57:21', NULL, '2017-12-30 10:57:21', NULL, NULL),
(121, 2, 100, '12', 'New Year', '2018-01-01', 1, 1, 1, '2017-12-30 10:57:21', NULL, '2017-12-30 10:57:21', NULL, NULL),
(122, 2, 100, '11', 'Good Friday', '2018-03-30', 1, 1, 1, '2017-12-30 10:57:48', NULL, '2017-12-30 10:57:48', NULL, NULL),
(123, 2, 100, '11', 'Early May Bank Holiday', '2018-05-07', 1, 1, 1, '2017-12-30 10:58:30', NULL, '2017-12-30 10:58:30', NULL, NULL),
(124, 2, 100, '11', 'Spring Bank Holiday', '2018-05-28', 1, 1, 1, '2017-12-30 10:58:54', NULL, '2017-12-30 10:58:54', NULL, NULL),
(125, 2, 100, '11', 'Summer Bank Holiday', '2018-08-27', 1, 1, 1, '2017-12-30 10:59:18', NULL, '2017-12-30 10:59:18', NULL, NULL),
(126, 2, 100, '11', 'Christmas Day', '2018-12-25', 1, 1, 1, '2017-12-30 10:59:41', NULL, '2017-12-30 10:59:41', NULL, NULL),
(127, 2, 100, '11', 'Boxing Day', '2018-12-26', 1, 1, 1, '2017-12-30 11:00:21', NULL, '2017-12-30 11:00:21', NULL, NULL),
(128, 2, 100, '12', 'Boxing Day', '2018-12-26', 1, 0, 1, '2017-12-30 11:00:21', NULL, '2018-02-15 06:37:00', 1, '2018-02-15 06:37:00'),
(129, 2, 100, '11', 'Eidulazha (Bakrid)', '2018-08-22', 2, 1, 1, '2017-12-30 11:01:09', NULL, '2017-12-30 11:01:09', NULL, NULL),
(130, 2, 100, '11', 'Vijaya Dasami', '2018-10-18', 2, 1, 1, '2017-12-30 11:01:26', NULL, '2017-12-30 11:01:26', NULL, NULL),
(131, 2, 100, '11', 'Diwali', '2018-11-07', 2, 1, 1, '2017-12-30 11:01:50', NULL, '2017-12-30 11:01:50', NULL, NULL),
(132, 3, 100, '8', 'Sankranti', '2018-01-15', 1, 1, 1, '2017-12-30 11:05:33', NULL, '2017-12-30 11:05:33', NULL, NULL),
(133, 3, 100, '8', 'Republic Day', '2018-01-26', 1, 1, 1, '2017-12-30 11:05:47', NULL, '2017-12-30 11:05:47', NULL, NULL),
(134, 3, 100, '8', 'Srirama Navami', '2018-03-26', 1, 1, 1, '2017-12-30 11:06:05', NULL, '2017-12-30 11:06:05', NULL, NULL),
(135, 3, 100, '8', 'Independence day', '2018-08-15', 1, 1, 1, '2017-12-30 11:06:21', NULL, '2017-12-30 11:06:21', NULL, NULL),
(136, 3, 100, '8', 'Srikrishna Astami', '2018-09-03', 1, 1, 1, '2017-12-30 11:06:35', NULL, '2017-12-30 11:06:35', NULL, NULL),
(137, 3, 100, '8', 'Ganesh Chaturthi', '2018-09-13', 1, 1, 1, '2017-12-30 11:06:47', NULL, '2017-12-30 11:06:47', NULL, NULL),
(138, 3, 100, '8', 'Gandhi Jayanti', '2018-10-02', 1, 1, 1, '2017-12-30 11:07:03', NULL, '2017-12-30 11:07:04', NULL, NULL),
(139, 3, 100, '8', 'Vijaya Dasami', '2018-10-18', 1, 1, 1, '2017-12-30 11:07:24', NULL, '2017-12-30 11:07:24', NULL, NULL),
(140, 3, 100, '8', 'Diwali', '2018-11-07', 1, 1, 1, '2017-12-30 11:07:40', NULL, '2017-12-30 11:07:40', NULL, NULL),
(141, 3, 100, '8', 'Christmas Day', '2018-12-25', 1, 1, 1, '2017-12-30 11:07:53', NULL, '2017-12-30 11:07:53', NULL, NULL),
(142, 3, 100, '8', 'New Year', '2018-01-01', 2, 1, 1, '2017-12-30 11:08:08', NULL, '2017-12-30 11:08:08', NULL, NULL),
(143, 3, 100, '8', 'Maha Shivaratri', '2018-02-13', 2, 1, 1, '2017-12-30 11:08:25', NULL, '2017-12-30 11:08:25', NULL, NULL),
(144, 3, 100, '8', 'Good Friday', '2018-03-30', 2, 1, 1, '2017-12-30 11:08:42', NULL, '2017-12-30 11:08:42', NULL, NULL),
(145, 3, 100, '8', 'Eidulazha (Bakrid)', '2018-08-22', 2, 1, 1, '2017-12-30 11:09:03', NULL, '2017-12-30 11:09:03', NULL, NULL),
(146, 6, 100, '16', 'New Year Day', '2018-01-01', 1, 1, 327, '2018-01-04 19:00:51', NULL, '2018-01-04 19:00:51', NULL, NULL),
(147, 6, 100, '16', 'President\'s Day', '2018-02-19', 1, 1, 327, '2018-01-04 19:41:20', 327, '2018-01-05 03:41:35', NULL, NULL),
(148, 6, 100, '16', 'Memorial Day', '2018-05-28', 1, 1, 327, '2018-01-04 19:44:07', NULL, '2018-01-04 19:44:07', NULL, NULL),
(149, 6, 100, '16', 'Independence Day', '2018-07-04', 1, 1, 327, '2018-01-04 19:55:26', NULL, '2018-01-04 19:55:26', NULL, NULL),
(150, 6, 100, '16', 'Labor Day', '2018-09-03', 1, 1, 327, '2018-01-04 19:55:55', NULL, '2018-01-04 19:55:55', NULL, NULL),
(151, 6, 100, '16', 'Thanksgiving Day', '2018-11-22', 1, 1, 327, '2018-01-04 19:56:26', NULL, '2018-01-04 19:56:26', NULL, NULL),
(152, 6, 100, '16', 'Christmas Day', '2018-12-25', 1, 1, 327, '2018-01-04 19:56:56', NULL, '2018-01-04 19:56:56', NULL, NULL),
(153, 5, 100, '14', 'Sankranthi', '2018-01-15', 1, 1, 205, '2018-01-10 10:20:53', 486, '2019-01-03 02:20:26', 1, '2018-12-24 02:05:25'),
(154, 5, 100, '14', 'Republic Day', '2018-01-26', 1, 1, 205, '2018-01-10 10:21:43', 486, '2019-01-03 02:20:29', 1, '2018-12-24 02:05:29'),
(155, 5, 100, '14', 'Independence Day', '2018-08-15', 1, 1, 205, '2018-01-10 10:22:17', 486, '2019-01-03 02:20:32', 1, '2018-12-24 02:05:32'),
(156, 5, 100, '14', 'Ganesh Chathurthi', '2018-09-13', 1, 1, 205, '2018-01-10 10:23:00', 486, '2019-01-03 02:20:35', 1, '2018-12-24 02:05:35'),
(157, 5, 100, '14', 'Gandhi Jayanthi', '2018-10-02', 1, 1, 205, '2018-01-10 10:23:28', 486, '2019-01-03 02:20:37', 1, '2018-12-24 02:05:38'),
(158, 5, 100, '14', 'Vijaya Dasami', '2018-10-18', 1, 1, 205, '2018-01-10 10:23:55', 486, '2019-01-03 02:20:40', 1, '2018-12-24 02:05:41'),
(159, 4, 100, '13', 'Sankranti / Pongal', '2018-01-15', 1, 1, 191, '2018-01-10 10:24:38', 191, '2018-01-10 18:26:18', NULL, NULL),
(160, 5, 100, '14', 'Kannada Rajyotsava', '2018-11-01', 1, 1, 205, '2018-01-10 10:25:08', 486, '2019-01-03 02:20:42', 1, '2018-12-24 02:05:43'),
(161, 5, 100, '14', 'Diwali', '2018-11-07', 1, 1, 205, '2018-01-10 10:25:36', 486, '2019-01-03 02:20:46', 1, '2018-12-24 02:05:45'),
(162, 5, 100, '14', 'Christmas', '2018-12-25', 1, 1, 205, '2018-01-10 10:26:05', 486, '2019-01-03 02:18:44', NULL, NULL),
(163, 5, 100, '14', 'New Year', '2018-01-01', 2, 1, 205, '2018-01-10 10:26:49', 486, '2019-01-03 02:20:55', 1, '2018-12-24 02:05:13'),
(164, 5, 100, '14', 'Maha Shivaratri', '2018-02-13', 2, 1, 205, '2018-01-10 10:27:25', 486, '2019-01-03 02:20:58', 1, '2018-12-24 02:05:17'),
(165, 5, 100, '14', 'Good Friday', '2018-03-30', 2, 1, 205, '2018-01-10 10:27:57', 486, '2019-01-03 02:21:00', 1, '2018-12-24 02:05:19'),
(166, 5, 100, '14', 'Bakrid', '2018-08-22', 2, 1, 205, '2018-01-10 10:28:24', 486, '2019-01-03 02:21:04', 1, '2018-12-24 02:05:22'),
(167, 5, 100, '15', 'New Year', '2018-01-01', 1, 1, 205, '2018-01-10 10:28:50', NULL, '2018-01-10 10:28:50', NULL, NULL),
(168, 5, 100, '15', 'Memorial Day', '2018-05-28', 1, 1, 205, '2018-01-10 10:29:35', NULL, '2018-01-10 10:29:35', NULL, NULL),
(169, 5, 100, '15', 'Labor Day', '2018-09-03', 1, 1, 205, '2018-01-10 10:30:51', NULL, '2018-01-10 10:30:51', NULL, NULL),
(170, 5, 100, '15', 'Thanks Giving Day', '2018-11-22', 1, 1, 205, '2018-01-10 10:31:58', NULL, '2018-01-10 10:31:58', NULL, NULL),
(171, 5, 100, '15', 'Christmas Day', '2018-12-25', 1, 1, 205, '2018-01-10 10:32:27', NULL, '2018-01-10 10:32:27', NULL, NULL),
(172, 5, 100, '15', 'Good Friday', '2018-03-30', 2, 1, 205, '2018-01-10 10:32:57', NULL, '2018-01-10 10:32:57', NULL, NULL),
(173, 5, 100, '15', 'Bakrid', '2018-08-22', 2, 1, 205, '2018-01-10 10:33:27', NULL, '2018-01-10 10:33:27', NULL, NULL),
(174, 5, 100, '15', 'Vijaya Dasami', '2018-10-18', 2, 1, 205, '2018-01-10 10:33:50', NULL, '2018-01-10 10:33:50', NULL, NULL),
(175, 5, 100, '15', 'Diwali', '2018-11-07', 2, 1, 205, '2018-01-10 10:34:10', NULL, '2018-01-10 10:34:10', NULL, NULL),
(176, 5, 100, '15', 'Independence Day', '2018-08-15', 1, 1, 205, '2018-01-10 10:34:49', NULL, '2018-01-10 10:34:49', NULL, NULL),
(177, 4, 100, '13', 'Republic Day', '2018-01-26', 1, 1, 191, '2018-01-10 10:40:06', NULL, '2018-01-10 10:40:06', NULL, NULL),
(178, 4, 100, '13', 'Srirama Navami', '2018-03-26', 1, 1, 191, '2018-01-10 10:40:31', NULL, '2018-01-10 10:40:31', NULL, NULL),
(179, 4, 100, '13', 'Independence day', '2018-08-15', 1, 1, 191, '2018-01-10 10:40:55', NULL, '2018-01-10 10:40:55', NULL, NULL),
(180, 4, 100, '13', 'Srikrishna Astami', '2018-09-03', 1, 1, 191, '2018-01-10 10:41:15', NULL, '2018-01-10 10:41:15', NULL, NULL),
(181, 4, 100, '13', 'Ganesh Chaturthi', '2018-09-13', 1, 1, 191, '2018-01-10 10:41:43', NULL, '2018-01-10 10:41:43', NULL, NULL),
(182, 4, 100, '13', 'Mahatma Gandhi Jayanti', '2018-10-02', 1, 1, 191, '2018-01-10 10:42:04', NULL, '2018-01-10 10:42:04', NULL, NULL),
(183, 4, 100, '13', 'Vijaya Dasami', '2018-10-19', 1, 1, 191, '2018-01-10 10:42:39', 2, '2018-10-09 06:39:02', NULL, NULL),
(184, 4, 100, '13', 'Diwali', '2018-11-07', 1, 1, 191, '2018-01-10 10:43:04', NULL, '2018-01-10 10:43:04', NULL, NULL),
(185, 4, 100, '13', 'Christmas Day', '2018-12-25', 1, 1, 191, '2018-01-10 10:43:26', NULL, '2018-01-10 10:43:26', NULL, NULL),
(186, 4, 100, '13', 'New Year', '2018-01-01', 2, 1, 191, '2018-01-10 10:43:46', NULL, '2018-01-10 10:43:46', NULL, NULL),
(187, 4, 100, '13', 'Maha Shivaratri', '2018-02-13', 2, 1, 191, '2018-01-10 10:44:09', NULL, '2018-01-10 10:44:09', NULL, NULL),
(188, 4, 100, '13', 'Good Friday', '2018-03-30', 2, 1, 191, '2018-01-10 10:44:26', NULL, '2018-01-10 10:44:26', NULL, NULL),
(189, 4, 100, '13', 'Eidulazha (Bakrid)', '2018-08-22', 2, 1, 191, '2018-01-10 10:44:47', NULL, '2018-01-10 10:44:47', NULL, NULL),
(190, 5, 100, '14', 'Karnataka Bandh', '2018-01-25', 1, 1, 205, '2018-01-31 13:10:15', 486, '2019-01-03 02:20:48', 1, '2018-12-24 02:05:52'),
(191, 5, 100, '15', 'Karnataka Bandh', '2018-01-25', 1, 1, 205, '2018-01-31 13:10:15', NULL, '2018-01-31 13:10:15', NULL, NULL),
(192, 2, 100, '12', 'Australia Day', '2018-01-26', 1, 1, 2, '2018-02-15 12:06:45', NULL, '2018-02-15 12:06:45', NULL, NULL),
(193, 2, 100, '12', 'Good Friday', '2018-03-30', 1, 1, 2, '2018-02-15 12:07:24', NULL, '2018-02-15 12:07:24', NULL, NULL),
(194, 2, 100, '12', 'Easter Monday', '2018-04-02', 1, 1, 2, '2018-02-15 12:07:42', NULL, '2018-02-15 12:07:42', NULL, NULL),
(195, 2, 100, '12', 'Anzac Day', '2018-04-25', 1, 1, 2, '2018-02-15 12:08:02', NULL, '2018-02-15 12:08:02', NULL, NULL),
(196, 2, 100, '12', 'Queen\'s Day', '2018-06-11', 1, 1, 2, '2018-02-15 12:08:32', NULL, '2018-02-15 12:08:32', NULL, NULL),
(197, 2, 100, '12', 'Labour Day', '2018-10-01', 1, 1, 2, '2018-02-15 12:08:50', NULL, '2018-02-15 12:08:50', NULL, NULL),
(198, 2, 100, '12', 'Christmas Day', '2018-12-25', 1, 1, 2, '2018-02-15 12:09:05', NULL, '2018-02-15 12:09:05', NULL, NULL),
(199, 2, 100, '12', 'Boxing Day', '2018-12-26', 1, 1, 2, '2018-02-15 12:09:19', NULL, '2018-02-15 12:09:19', NULL, NULL),
(200, 5, 100, '14', 'Management Approved Holiday', '2018-02-02', 1, 1, 205, '2018-02-25 07:05:44', 486, '2019-01-03 02:20:51', 1, '2018-12-24 02:05:55'),
(201, 5, 100, '15', 'Management Approved Leave', '2018-02-02', 1, 1, 205, '2018-02-25 07:05:44', NULL, '2018-02-25 07:05:44', NULL, NULL),
(202, 4, 100, '13', 'Election Day', '2018-12-07', 1, 1, 191, '2018-12-05 10:29:39', NULL, '2018-12-05 10:29:39', NULL, NULL),
(203, 1, 100, '1', 'Election Day', '2018-12-07', 1, 1, 2, '2018-12-06 10:40:05', NULL, '2018-12-06 10:40:05', NULL, NULL),
(204, 1, 100, '2', 'Election Day', '2018-12-07', 1, 1, 2, '2018-12-06 10:40:05', NULL, '2018-12-06 10:40:05', NULL, NULL),
(205, 1, 100, '4', 'Election Day', '2018-12-07', 1, 1, 2, '2018-12-06 10:40:05', NULL, '2018-12-06 10:40:05', NULL, NULL),
(206, 1, 100, '5', 'Election Day', '2018-12-07', 1, 1, 2, '2018-12-06 10:40:05', NULL, '2018-12-06 10:40:05', NULL, NULL),
(207, 5, 100, '14', 'Sankranthi', '2019-01-15', 1, 1, 486, '2018-12-24 07:27:38', 486, '2018-12-25 23:48:20', NULL, NULL),
(208, 5, 100, '15', 'Sankranthi', '2019-01-15', 1, 1, 486, '2018-12-24 07:27:38', NULL, '2018-12-24 07:27:38', NULL, NULL),
(209, 5, 100, '14', 'Republic Day', '2019-01-26', 1, 1, 486, '2018-12-24 07:28:00', NULL, '2018-12-24 07:28:00', NULL, NULL),
(210, 5, 100, '15', 'Republic Day', '2019-01-26', 1, 1, 486, '2018-12-24 07:28:00', NULL, '2018-12-24 07:28:00', NULL, NULL),
(211, 5, 100, '14', 'Ram Navami', '2019-04-14', 1, 1, 486, '2018-12-24 07:28:21', NULL, '2018-12-24 07:28:21', NULL, NULL),
(212, 5, 100, '15', 'Ram Navami', '2019-04-14', 1, 1, 486, '2018-12-24 07:28:21', NULL, '2018-12-24 07:28:21', NULL, NULL),
(213, 5, 100, '14', 'Independence Day', '2019-08-15', 1, 1, 486, '2018-12-24 07:28:47', NULL, '2018-12-24 07:28:47', NULL, NULL),
(214, 5, 100, '15', 'Independence Day', '2019-08-15', 1, 1, 486, '2018-12-24 07:28:47', NULL, '2018-12-24 07:28:47', NULL, NULL),
(215, 5, 100, '14', 'Krishna Janmasthami', '2019-08-23', 1, 1, 486, '2018-12-24 07:29:18', NULL, '2018-12-24 07:29:18', NULL, NULL),
(216, 5, 100, '15', 'Krishna Janmasthami', '2019-08-23', 1, 1, 486, '2018-12-24 07:29:18', NULL, '2018-12-24 07:29:18', NULL, NULL),
(217, 5, 100, '14', 'Ganesh Chathurthi', '2019-09-02', 1, 1, 486, '2018-12-24 07:29:39', NULL, '2018-12-24 07:29:39', NULL, NULL),
(218, 5, 100, '15', 'Ganesh Chathurthi', '2019-09-02', 1, 1, 486, '2018-12-24 07:29:39', NULL, '2018-12-24 07:29:39', NULL, NULL),
(219, 5, 100, '14', 'Gandhi Jayanthi', '2019-10-02', 1, 1, 486, '2018-12-24 07:30:02', NULL, '2018-12-24 07:30:02', NULL, NULL),
(220, 5, 100, '15', 'Gandhi Jayanthi', '2019-10-02', 1, 1, 486, '2018-12-24 07:30:02', NULL, '2018-12-24 07:30:02', NULL, NULL),
(221, 5, 100, '14', 'Vijaya Dasami', '2019-10-08', 1, 1, 486, '2018-12-24 07:30:19', NULL, '2018-12-24 07:30:19', NULL, NULL),
(222, 5, 100, '15', 'Vijaya Dasami', '2019-10-08', 1, 1, 486, '2018-12-24 07:30:19', NULL, '2018-12-24 07:30:19', NULL, NULL),
(223, 5, 100, '14', 'Kannada Rajyotsava', '2019-11-01', 1, 1, 486, '2018-12-24 07:30:42', 486, '2018-12-24 02:07:00', 1, '2018-12-24 02:02:13'),
(224, 5, 100, '15', 'Kannada Rajyotsava', '2019-11-01', 1, 1, 486, '2018-12-24 07:30:42', NULL, '2018-12-24 07:30:42', NULL, NULL),
(225, 5, 100, '14', 'Diwali', '2019-10-29', 1, 1, 486, '2018-12-24 07:31:21', NULL, '2018-12-24 07:31:21', NULL, NULL),
(226, 5, 100, '15', 'Diwali', '2019-10-29', 1, 1, 486, '2018-12-24 07:31:21', NULL, '2018-12-24 07:31:21', NULL, NULL),
(227, 5, 100, '14', 'Christmas', '2019-12-25', 1, 1, 486, '2018-12-24 07:31:42', 486, '2018-12-24 02:07:02', 1, '2018-12-24 02:02:15'),
(228, 5, 100, '15', 'Christmas', '2019-12-25', 1, 1, 486, '2018-12-24 07:31:42', NULL, '2018-12-24 07:31:42', NULL, NULL),
(229, 5, 100, '14', 'New Year', '2019-01-01', 2, 1, 486, '2018-12-24 07:33:17', NULL, '2018-12-24 07:33:17', NULL, NULL),
(230, 5, 100, '15', 'New Year', '2019-01-01', 2, 1, 486, '2018-12-24 07:33:17', NULL, '2018-12-24 07:33:17', NULL, NULL),
(231, 5, 100, '14', 'Maha Shivaratri', '2019-03-04', 2, 1, 486, '2018-12-24 07:33:31', NULL, '2018-12-24 07:33:31', NULL, NULL),
(232, 5, 100, '15', 'Maha Shivaratri', '2019-03-04', 2, 1, 486, '2018-12-24 07:33:31', NULL, '2018-12-24 07:33:31', NULL, NULL),
(233, 5, 100, '14', 'Good Friday', '2019-04-19', 2, 1, 486, '2018-12-24 07:33:46', NULL, '2018-12-24 07:33:46', NULL, NULL),
(234, 5, 100, '15', 'Good Friday', '2019-04-19', 2, 1, 486, '2018-12-24 07:33:46', NULL, '2018-12-24 07:33:46', NULL, NULL),
(235, 5, 100, '14', 'Bakrid', '2019-08-12', 2, 1, 486, '2018-12-24 07:33:58', NULL, '2018-12-24 07:33:58', NULL, NULL),
(236, 5, 100, '15', 'Bakrid', '2019-08-12', 2, 1, 486, '2018-12-24 07:33:58', NULL, '2018-12-24 07:33:58', NULL, NULL),
(237, 4, 100, '13', 'New Year', '2019-01-01', 1, 1, 191, '2018-12-24 11:53:12', NULL, '2018-12-24 11:53:12', NULL, NULL),
(238, 4, 100, '13', 'Sankranti/Pongal', '2019-01-15', 1, 1, 191, '2018-12-24 11:54:14', NULL, '2018-12-24 11:54:14', NULL, NULL),
(239, 4, 100, '13', 'Republic Day', '2019-01-26', 1, 1, 191, '2018-12-24 11:54:38', NULL, '2018-12-24 11:54:38', NULL, NULL),
(240, 4, 100, '13', 'Maha Shivaratri', '2019-03-04', 1, 1, 191, '2018-12-24 11:54:59', NULL, '2018-12-24 11:54:59', NULL, NULL),
(241, 4, 100, '13', 'May Day', '2019-05-01', 1, 1, 191, '2018-12-24 11:55:19', NULL, '2018-12-24 11:55:19', NULL, NULL),
(242, 4, 100, '13', 'Ramzan', '2019-06-05', 1, 1, 191, '2018-12-24 11:55:40', NULL, '2018-12-24 11:55:40', NULL, NULL),
(243, 4, 100, '13', 'Independence day', '2019-08-15', 1, 1, 191, '2018-12-24 11:55:59', NULL, '2018-12-24 11:55:59', NULL, NULL),
(244, 4, 100, '13', 'Ganesh Chaturthi', '2019-09-02', 1, 1, 191, '2018-12-24 11:56:21', NULL, '2018-12-24 11:56:21', NULL, NULL),
(245, 4, 100, '13', 'Mahatma Gandhi Jayanti', '2019-10-02', 1, 1, 191, '2018-12-24 11:56:41', NULL, '2018-12-24 11:56:41', NULL, NULL),
(246, 4, 100, '13', 'Vijaya Dasami', '2019-10-08', 1, 1, 191, '2018-12-24 11:57:02', NULL, '2018-12-24 11:57:02', NULL, NULL),
(247, 4, 100, '13', 'Christmas Day', '2019-12-25', 1, 1, 191, '2018-12-24 11:57:22', NULL, '2018-12-24 11:57:22', NULL, NULL),
(248, 4, 100, '13', 'Holi', '2019-03-21', 2, 1, 191, '2018-12-24 11:58:41', NULL, '2018-12-24 11:58:41', NULL, NULL),
(249, 4, 100, '13', 'Good Friday', '2019-04-19', 2, 1, 191, '2018-12-24 11:59:02', NULL, '2018-12-24 11:59:02', NULL, NULL),
(250, 4, 100, '13', 'Eidulazha (Bakrid)', '2019-08-12', 2, 1, 191, '2018-12-24 11:59:22', NULL, '2018-12-24 11:59:22', NULL, NULL),
(251, 1, 100, '1', 'New Year', '2019-01-01', 1, 1, 2, '2018-12-24 12:01:05', 2, '2019-04-05 12:59:04', NULL, NULL),
(252, 1, 100, '2', 'New Year', '2019-01-01', 1, 1, 2, '2018-12-24 12:01:05', NULL, '2018-12-24 12:01:05', NULL, NULL),
(253, 1, 100, '3', 'New Year', '2019-01-01', 1, 1, 2, '2018-12-24 12:01:05', NULL, '2018-12-24 12:01:05', NULL, NULL),
(254, 1, 100, '4', 'New Year', '2019-01-01', 1, 1, 2, '2018-12-24 12:01:05', NULL, '2018-12-24 12:01:05', NULL, NULL),
(255, 1, 100, '5', 'New Year', '2019-01-01', 1, 1, 2, '2018-12-24 12:01:05', NULL, '2018-12-24 12:01:05', NULL, NULL),
(256, 1, 100, '1', 'Sankranti', '2019-01-15', 1, 1, 2, '2018-12-26 09:45:29', NULL, '2018-12-26 09:45:29', NULL, NULL),
(257, 1, 100, '2', 'Sankranti', '2019-01-15', 1, 1, 2, '2018-12-26 09:45:29', NULL, '2018-12-26 09:45:29', NULL, NULL),
(258, 1, 100, '4', 'Sankranti', '2019-01-15', 1, 1, 2, '2018-12-26 09:45:29', NULL, '2018-12-26 09:45:29', NULL, NULL),
(259, 1, 100, '5', 'Sankranti', '2019-01-15', 1, 1, 2, '2018-12-26 09:45:29', NULL, '2018-12-26 09:45:29', NULL, NULL),
(260, 1, 100, '1', 'Maha Shivaratri', '2019-03-04', 1, 1, 2, '2018-12-26 09:45:58', NULL, '2018-12-26 09:45:58', NULL, NULL),
(261, 1, 100, '2', 'Maha Shivaratri', '2019-03-04', 1, 1, 2, '2018-12-26 09:45:58', NULL, '2018-12-26 09:45:58', NULL, NULL),
(262, 1, 100, '4', 'Maha Shivaratri', '2019-03-04', 1, 1, 2, '2018-12-26 09:45:58', NULL, '2018-12-26 09:45:58', NULL, NULL),
(263, 1, 100, '5', 'Maha Shivaratri', '2019-03-04', 1, 1, 2, '2018-12-26 09:45:58', NULL, '2018-12-26 09:45:58', NULL, NULL),
(264, 1, 100, '1', 'May Day', '2019-05-01', 1, 1, 2, '2018-12-26 09:46:18', NULL, '2018-12-26 09:46:18', NULL, NULL),
(265, 1, 100, '2', 'May Day', '2019-05-01', 1, 1, 2, '2018-12-26 09:46:18', NULL, '2018-12-26 09:46:18', NULL, NULL),
(266, 1, 100, '4', 'May Day', '2019-05-01', 1, 1, 2, '2018-12-26 09:46:18', NULL, '2018-12-26 09:46:18', NULL, NULL),
(267, 1, 100, '5', 'May Day', '2019-05-01', 1, 1, 2, '2018-12-26 09:46:18', NULL, '2018-12-26 09:46:18', NULL, NULL),
(268, 1, 100, '1', 'Ramzan', '2019-06-05', 1, 1, 2, '2018-12-26 09:46:38', NULL, '2018-12-26 09:46:38', NULL, NULL),
(269, 1, 100, '2', 'Ramzan', '2019-06-05', 1, 1, 2, '2018-12-26 09:46:38', NULL, '2018-12-26 09:46:38', NULL, NULL),
(270, 1, 100, '4', 'Ramzan', '2019-06-05', 1, 1, 2, '2018-12-26 09:46:38', NULL, '2018-12-26 09:46:38', NULL, NULL),
(271, 1, 100, '5', 'Ramzan', '2019-06-05', 1, 1, 2, '2018-12-26 09:46:38', NULL, '2018-12-26 09:46:38', NULL, NULL),
(272, 1, 100, '1', 'Independence day', '2019-08-15', 1, 1, 2, '2018-12-26 09:46:55', NULL, '2018-12-26 09:46:55', NULL, NULL),
(273, 1, 100, '2', 'Independence day', '2019-08-15', 1, 1, 2, '2018-12-26 09:46:55', NULL, '2018-12-26 09:46:55', NULL, NULL),
(274, 1, 100, '4', 'Independence day', '2019-08-15', 1, 1, 2, '2018-12-26 09:46:55', NULL, '2018-12-26 09:46:55', NULL, NULL),
(275, 1, 100, '5', 'Independence day', '2019-08-15', 1, 1, 2, '2018-12-26 09:46:55', NULL, '2018-12-26 09:46:55', NULL, NULL),
(276, 1, 100, '1', 'Ganesh Chaturthi', '2019-09-02', 1, 1, 2, '2018-12-26 09:47:16', NULL, '2018-12-26 09:47:16', NULL, NULL),
(277, 1, 100, '2', 'Ganesh Chaturthi', '2019-09-02', 1, 1, 2, '2018-12-26 09:47:16', NULL, '2018-12-26 09:47:16', NULL, NULL),
(278, 1, 100, '4', 'Ganesh Chaturthi', '2019-09-02', 1, 1, 2, '2018-12-26 09:47:16', NULL, '2018-12-26 09:47:16', NULL, NULL),
(279, 1, 100, '5', 'Ganesh Chaturthi', '2019-09-02', 1, 1, 2, '2018-12-26 09:47:16', NULL, '2018-12-26 09:47:16', NULL, NULL),
(280, 1, 100, '1', 'Gandhi Jayanti', '2019-10-02', 1, 1, 2, '2018-12-26 09:47:37', NULL, '2018-12-26 09:47:37', NULL, NULL),
(281, 1, 100, '2', 'Gandhi Jayanti', '2019-10-02', 1, 1, 2, '2018-12-26 09:47:37', NULL, '2018-12-26 09:47:37', NULL, NULL),
(282, 1, 100, '4', 'Gandhi Jayanti', '2019-10-02', 1, 1, 2, '2018-12-26 09:47:37', NULL, '2018-12-26 09:47:37', NULL, NULL),
(283, 1, 100, '5', 'Gandhi Jayanti', '2019-10-02', 1, 1, 2, '2018-12-26 09:47:37', NULL, '2018-12-26 09:47:37', NULL, NULL),
(284, 1, 100, '1', 'Vijaya Dasami', '2019-10-08', 1, 1, 2, '2018-12-26 09:47:56', NULL, '2018-12-26 09:47:56', NULL, NULL),
(285, 1, 100, '2', 'Vijaya Dasami', '2019-10-08', 1, 1, 2, '2018-12-26 09:47:56', NULL, '2018-12-26 09:47:56', NULL, NULL),
(286, 1, 100, '4', 'Vijaya Dasami', '2019-10-08', 1, 1, 2, '2018-12-26 09:47:56', NULL, '2018-12-26 09:47:56', NULL, NULL),
(287, 1, 100, '5', 'Vijaya Dasami', '2019-10-08', 1, 1, 2, '2018-12-26 09:47:56', NULL, '2018-12-26 09:47:56', NULL, NULL),
(288, 1, 100, '1', 'Christmas Day', '2019-12-25', 1, 1, 2, '2018-12-26 09:48:18', NULL, '2018-12-26 09:48:18', NULL, NULL),
(289, 1, 100, '2', 'Christmas Day', '2019-12-25', 1, 1, 2, '2018-12-26 09:48:18', NULL, '2018-12-26 09:48:18', NULL, NULL),
(290, 1, 100, '4', 'Christmas Day', '2019-12-25', 1, 1, 2, '2018-12-26 09:48:18', NULL, '2018-12-26 09:48:18', NULL, NULL),
(291, 1, 100, '5', 'Christmas Day', '2019-12-25', 1, 1, 2, '2018-12-26 09:48:18', NULL, '2018-12-26 09:48:18', NULL, NULL),
(292, 1, 100, '1', 'Holi', '2019-03-21', 2, 1, 2, '2018-12-26 09:48:49', NULL, '2018-12-26 09:48:49', NULL, NULL),
(293, 1, 100, '2', 'Holi', '2019-03-21', 2, 1, 2, '2018-12-26 09:48:49', NULL, '2018-12-26 09:48:49', NULL, NULL),
(294, 1, 100, '4', 'Holi', '2019-03-21', 2, 1, 2, '2018-12-26 09:48:49', NULL, '2018-12-26 09:48:49', NULL, NULL),
(295, 1, 100, '5', 'Holi', '2019-03-21', 2, 1, 2, '2018-12-26 09:48:49', NULL, '2018-12-26 09:48:49', NULL, NULL),
(296, 1, 100, '1', 'Good Friday', '2019-04-19', 2, 1, 2, '2018-12-26 09:49:06', NULL, '2018-12-26 09:49:06', NULL, NULL),
(297, 1, 100, '2', 'Good Friday', '2019-04-19', 2, 1, 2, '2018-12-26 09:49:06', NULL, '2018-12-26 09:49:06', NULL, NULL),
(298, 1, 100, '4', 'Good Friday', '2019-04-19', 2, 1, 2, '2018-12-26 09:49:06', NULL, '2018-12-26 09:49:06', NULL, NULL),
(299, 1, 100, '5', 'Good Friday', '2019-04-19', 2, 1, 2, '2018-12-26 09:49:06', NULL, '2018-12-26 09:49:06', NULL, NULL),
(300, 1, 100, '1', 'Bakrid', '2019-08-12', 2, 1, 2, '2018-12-26 09:49:27', NULL, '2018-12-26 09:49:27', NULL, NULL),
(301, 1, 100, '2', 'Bakrid', '2019-08-12', 2, 1, 2, '2018-12-26 09:49:27', NULL, '2018-12-26 09:49:27', NULL, NULL),
(302, 1, 100, '4', 'Bakrid', '2019-08-12', 2, 1, 2, '2018-12-26 09:49:27', NULL, '2018-12-26 09:49:27', NULL, NULL),
(303, 1, 100, '5', 'Bakrid', '2019-08-12', 2, 1, 2, '2018-12-26 09:49:27', NULL, '2018-12-26 09:49:27', NULL, NULL),
(304, 1, 100, '3', 'Memorial Day', '2019-05-27', 1, 1, 2, '2018-12-26 09:51:07', NULL, '2018-12-26 09:51:07', NULL, NULL),
(305, 1, 100, '3', 'Independence Day', '2019-07-04', 1, 1, 2, '2018-12-26 09:51:26', NULL, '2018-12-26 09:51:26', NULL, NULL),
(306, 1, 100, '3', 'Labor Day', '2019-09-02', 1, 1, 2, '2018-12-26 09:51:42', NULL, '2018-12-26 09:51:42', NULL, NULL),
(307, 1, 100, '3', 'Thanksgiving Day', '2019-11-28', 1, 1, 2, '2018-12-26 09:51:59', NULL, '2018-12-26 09:51:59', NULL, NULL),
(308, 1, 100, '3', 'Next day of Thanksgiving', '2019-11-29', 1, 1, 2, '2018-12-26 09:52:16', NULL, '2018-12-26 09:52:16', NULL, NULL),
(309, 1, 100, '3', 'Christmas Day', '2019-12-25', 1, 1, 2, '2018-12-26 09:52:30', NULL, '2018-12-26 09:52:30', NULL, NULL),
(310, 1, 100, '3', 'Sankranti/Pongal', '2019-01-15', 2, 1, 2, '2018-12-26 09:53:27', 2, '2018-12-27 11:52:56', NULL, NULL),
(311, 1, 100, '3', 'Good Friday', '2019-04-19', 2, 1, 2, '2018-12-26 09:53:46', NULL, '2018-12-26 09:53:46', NULL, NULL),
(312, 1, 100, '3', 'Bakrid', '2019-08-12', 2, 1, 2, '2018-12-26 09:54:02', NULL, '2018-12-26 09:54:02', NULL, NULL),
(313, 1, 100, '3', 'Ramzan', '2019-06-05', 2, 1, 2, '2018-12-27 17:23:47', NULL, '2018-12-27 17:23:47', NULL, NULL),
(314, 1, 100, '3', 'Vijaya Dasami', '2019-10-08', 2, 1, 2, '2018-12-27 17:24:15', NULL, '2018-12-27 17:24:15', NULL, NULL),
(315, 6, 100, '16', 'New Year\'s Day', '2019-01-01', 1, 1, 355, '2019-01-08 17:56:37', NULL, '2019-01-08 17:56:37', NULL, NULL),
(316, 6, 100, '16', 'Memorial Day', '2019-05-27', 1, 1, 355, '2019-01-09 04:43:07', NULL, '2019-01-09 04:43:07', NULL, NULL),
(317, 6, 100, '16', 'Independence Day', '2019-07-04', 1, 1, 355, '2019-01-09 04:43:44', NULL, '2019-01-09 04:43:44', NULL, NULL),
(318, 6, 100, '16', 'Labor Day', '2019-09-02', 1, 1, 355, '2019-01-09 04:44:19', NULL, '2019-01-09 04:44:19', NULL, NULL),
(319, 6, 100, '16', 'Thanksgiving', '2019-11-22', 1, 0, 355, '2019-01-09 04:45:13', NULL, '2019-01-10 05:26:54', 1, '2019-01-10 05:26:54'),
(320, 6, 100, '16', 'Thanksgiving', '2019-11-28', 1, 1, 355, '2019-01-09 04:46:40', NULL, '2019-01-09 04:46:40', NULL, NULL),
(321, 6, 100, '16', 'Day After Thanksgiving', '2019-11-29', 1, 1, 355, '2019-01-09 04:47:35', NULL, '2019-01-09 04:47:35', NULL, NULL),
(322, 6, 100, '16', 'Christmas Day', '2019-12-25', 1, 1, 355, '2019-01-09 04:48:15', NULL, '2019-01-09 04:48:15', NULL, NULL),
(323, 3, 100, '8', 'New Year', '2019-01-01', 1, 1, 12, '2019-01-22 08:29:45', NULL, '2019-01-22 08:29:45', NULL, NULL),
(324, 3, 100, '8', 'Sankranti/Pongal', '2019-01-15', 1, 1, 12, '2019-01-22 08:32:10', NULL, '2019-01-22 08:32:10', NULL, NULL),
(325, 3, 100, '8', 'Maha Shivaratri', '2019-03-04', 1, 1, 12, '2019-01-22 08:32:31', NULL, '2019-01-22 08:32:31', NULL, NULL),
(326, 3, 100, '8', 'May Day', '2019-05-01', 1, 1, 12, '2019-01-22 08:32:58', NULL, '2019-01-22 08:32:58', NULL, NULL),
(327, 3, 100, '8', 'Ramzan', '2019-06-05', 1, 1, 12, '2019-01-22 08:33:18', NULL, '2019-01-22 08:33:18', NULL, NULL),
(328, 3, 100, '8', 'Independence day', '2019-08-15', 1, 1, 12, '2019-01-22 08:33:34', NULL, '2019-01-22 08:33:34', NULL, NULL),
(329, 3, 100, '8', 'Ganesh Chaturthi', '2019-09-02', 1, 1, 12, '2019-01-22 08:33:52', NULL, '2019-01-22 08:33:52', NULL, NULL),
(330, 3, 100, '8', 'Mahatma Gandhi Jayanti', '2019-10-02', 1, 1, 12, '2019-01-22 08:34:09', NULL, '2019-01-22 08:34:09', NULL, NULL),
(331, 3, 100, '8', 'Vijaya Dasami', '2019-10-08', 1, 1, 12, '2019-01-22 08:34:29', NULL, '2019-01-22 08:34:29', NULL, NULL),
(332, 3, 100, '8', 'Christmas Day', '2019-12-25', 1, 1, 12, '2019-01-22 08:34:46', NULL, '2019-01-22 08:34:46', NULL, NULL),
(333, 3, 100, '8', 'Holi', '2019-03-21', 2, 1, 12, '2019-01-22 08:35:06', NULL, '2019-01-22 08:35:06', NULL, NULL),
(334, 3, 100, '8', 'Good Friday', '2019-04-19', 2, 1, 12, '2019-01-22 08:35:22', NULL, '2019-01-22 08:35:22', NULL, NULL),
(335, 3, 100, '8', 'Eidulazha (Bakrid)', '2019-08-12', 2, 1, 12, '2019-01-22 08:35:41', NULL, '2019-01-22 08:35:41', NULL, NULL),
(336, 7, 100, '18', 'New Year', '2019-01-01', 1, 1, 2, '2018-12-24 12:01:05', NULL, '2018-12-24 06:31:05', NULL, NULL),
(337, 7, 100, '18', 'Sankranti', '2019-01-15', 1, 1, 2, '2018-12-26 09:45:29', NULL, '2018-12-26 04:15:29', NULL, NULL),
(338, 7, 100, '18', 'Maha Shivaratri', '2019-03-04', 1, 1, 2, '2018-12-26 09:45:58', NULL, '2018-12-26 04:15:58', NULL, NULL),
(339, 7, 100, '18', 'Holi', '2019-03-21', 2, 1, 2, '2018-12-26 09:48:49', NULL, '2018-12-26 04:18:49', NULL, NULL),
(340, 7, 100, '18', 'Good Friday', '2019-04-19', 2, 1, 2, '2018-12-26 09:49:06', NULL, '2018-12-26 04:19:06', NULL, NULL),
(341, 7, 100, '18', 'May Day', '2019-05-01', 1, 1, 2, '2018-12-26 09:46:18', NULL, '2018-12-26 04:16:18', NULL, NULL),
(342, 7, 100, '18', 'Ramzan', '2019-06-05', 1, 1, 2, '2018-12-26 09:46:38', NULL, '2018-12-26 04:16:38', NULL, NULL),
(343, 7, 100, '18', 'Bakrid', '2019-08-12', 2, 1, 2, '2018-12-26 09:49:27', NULL, '2018-12-26 04:19:27', NULL, NULL),
(344, 7, 100, '18', 'Independence day', '2019-08-15', 1, 1, 2, '2018-12-26 09:46:55', NULL, '2018-12-26 04:16:55', NULL, NULL),
(345, 7, 100, '18', 'Ganesh Chaturthi', '2019-09-02', 1, 1, 2, '2018-12-26 09:47:16', NULL, '2018-12-26 04:17:16', NULL, NULL),
(346, 7, 100, '18', 'Gandhi Jayanti', '2019-10-02', 1, 1, 2, '2018-12-26 09:47:37', NULL, '2018-12-26 04:17:37', NULL, NULL),
(347, 7, 100, '18', 'Vijaya Dasami', '2019-10-08', 1, 1, 2, '2018-12-26 09:47:56', NULL, '2018-12-26 04:17:56', NULL, NULL),
(348, 7, 100, '18', 'Christmas Day', '2019-12-25', 1, 1, 2, '2018-12-26 09:48:18', NULL, '2018-12-26 04:18:18', NULL, NULL),
(349, 7, 100, '19', 'New Year', '2019-01-01', 1, 1, 2, '2018-12-24 12:01:05', NULL, '2018-12-24 06:31:05', NULL, NULL),
(350, 7, 100, '19', 'Sankranti', '2019-01-15', 1, 1, 2, '2018-12-26 09:45:29', NULL, '2018-12-26 04:15:29', NULL, NULL),
(351, 7, 100, '19', 'Maha Shivaratri', '2019-03-04', 1, 1, 2, '2018-12-26 09:45:58', NULL, '2018-12-26 04:15:58', NULL, NULL),
(352, 7, 100, '19', 'Holi', '2019-03-21', 2, 1, 2, '2018-12-26 09:48:49', NULL, '2018-12-26 04:18:49', NULL, NULL),
(353, 7, 100, '19', 'Good Friday', '2019-04-19', 2, 1, 2, '2018-12-26 09:49:06', NULL, '2018-12-26 04:19:06', NULL, NULL),
(354, 7, 100, '19', 'May Day', '2019-05-01', 1, 1, 2, '2018-12-26 09:46:18', NULL, '2018-12-26 04:16:18', NULL, NULL),
(355, 7, 100, '19', 'Ramzan', '2019-06-05', 1, 1, 2, '2018-12-26 09:46:38', NULL, '2018-12-26 04:16:38', NULL, NULL),
(356, 7, 100, '19', 'Bakrid', '2019-08-12', 2, 1, 2, '2018-12-26 09:49:27', NULL, '2018-12-26 04:19:27', NULL, NULL),
(357, 7, 100, '19', 'Independence day', '2019-08-15', 1, 1, 2, '2018-12-26 09:46:55', NULL, '2018-12-26 04:16:55', NULL, NULL),
(358, 7, 100, '19', 'Ganesh Chaturthi', '2019-09-02', 1, 1, 2, '2018-12-26 09:47:16', NULL, '2018-12-26 04:17:16', NULL, NULL),
(359, 7, 100, '19', 'Gandhi Jayanti', '2019-10-02', 1, 1, 2, '2018-12-26 09:47:37', NULL, '2018-12-26 04:17:37', NULL, NULL),
(360, 7, 100, '19', 'Vijaya Dasami', '2019-10-08', 1, 1, 2, '2018-12-26 09:47:56', NULL, '2018-12-26 04:17:56', NULL, NULL),
(361, 7, 100, '19', 'Christmas Day', '2019-12-25', 1, 1, 2, '2018-12-26 09:48:18', NULL, '2018-12-26 04:18:18', NULL, NULL),
(362, 7, 100, '20', 'New Year', '2019-01-01', 1, 1, 2, '2018-12-24 12:01:05', NULL, '2018-12-24 06:31:05', NULL, NULL),
(363, 7, 100, '20', 'Sankranti/Pongal', '2019-01-15', 2, 1, 2, '2018-12-26 09:53:27', 2, '2018-12-27 06:22:56', NULL, NULL),
(364, 7, 100, '20', 'Good Friday', '2019-04-19', 2, 1, 2, '2018-12-26 09:53:46', NULL, '2018-12-26 04:23:46', NULL, NULL),
(365, 7, 100, '20', 'Memorial Day', '2019-05-27', 1, 1, 2, '2018-12-26 09:51:07', NULL, '2018-12-26 04:21:07', NULL, NULL),
(366, 7, 100, '20', 'Ramzan', '2019-06-05', 2, 1, 2, '2018-12-27 17:23:47', NULL, '2018-12-27 11:53:47', NULL, NULL),
(367, 7, 100, '20', 'Independence Day', '2019-07-04', 1, 1, 2, '2018-12-26 09:51:26', NULL, '2018-12-26 04:21:26', NULL, NULL),
(368, 7, 100, '20', 'Bakrid', '2019-08-12', 2, 1, 2, '2018-12-26 09:54:02', NULL, '2018-12-26 04:24:02', NULL, NULL),
(369, 7, 100, '20', 'Labor Day', '2019-09-02', 1, 1, 2, '2018-12-26 09:51:42', NULL, '2018-12-26 04:21:42', NULL, NULL),
(370, 7, 100, '20', 'Vijaya Dasami', '2019-10-08', 2, 1, 2, '2018-12-27 17:24:15', NULL, '2018-12-27 11:54:15', NULL, NULL),
(371, 7, 100, '20', 'Thanksgiving Day', '2019-11-28', 1, 1, 2, '2018-12-26 09:51:59', NULL, '2018-12-26 04:21:59', NULL, NULL),
(372, 7, 100, '20', 'Next day of Thanksgiving', '2019-11-29', 1, 1, 2, '2018-12-26 09:52:16', NULL, '2018-12-26 04:22:16', NULL, NULL),
(373, 7, 100, '20', 'Christmas Day', '2019-12-25', 1, 1, 2, '2018-12-26 09:52:30', NULL, '2018-12-26 04:22:30', NULL, NULL),
(374, 7, 100, '21', 'New Year', '2019-01-01', 1, 1, 2, '2018-12-24 12:01:05', NULL, '2018-12-24 06:31:05', NULL, NULL),
(375, 7, 100, '21', 'Sankranti', '2019-01-15', 1, 1, 2, '2018-12-26 09:45:29', NULL, '2018-12-26 04:15:29', NULL, NULL),
(376, 7, 100, '21', 'Maha Shivaratri', '2019-03-04', 1, 1, 2, '2018-12-26 09:45:58', NULL, '2018-12-26 04:15:58', NULL, NULL),
(377, 7, 100, '21', 'Holi', '2019-03-21', 2, 1, 2, '2018-12-26 09:48:49', NULL, '2018-12-26 04:18:49', NULL, NULL),
(378, 7, 100, '21', 'Good Friday', '2019-04-19', 2, 1, 2, '2018-12-26 09:49:06', NULL, '2018-12-26 04:19:06', NULL, NULL),
(379, 7, 100, '21', 'May Day', '2019-05-01', 1, 1, 2, '2018-12-26 09:46:18', NULL, '2018-12-26 04:16:18', NULL, NULL),
(380, 7, 100, '21', 'Ramzan', '2019-06-05', 1, 1, 2, '2018-12-26 09:46:38', NULL, '2018-12-26 04:16:38', NULL, NULL),
(381, 7, 100, '21', 'Bakrid', '2019-08-12', 2, 1, 2, '2018-12-26 09:49:27', NULL, '2018-12-26 04:19:27', NULL, NULL),
(382, 7, 100, '21', 'Independence day', '2019-08-15', 1, 1, 2, '2018-12-26 09:46:55', NULL, '2018-12-26 04:16:55', NULL, NULL),
(383, 7, 100, '21', 'Ganesh Chaturthi', '2019-09-02', 1, 1, 2, '2018-12-26 09:47:16', NULL, '2018-12-26 04:17:16', NULL, NULL),
(384, 7, 100, '21', 'Gandhi Jayanti', '2019-10-02', 1, 1, 2, '2018-12-26 09:47:37', NULL, '2018-12-26 04:17:37', NULL, NULL),
(385, 7, 100, '21', 'Vijaya Dasami', '2019-10-08', 1, 1, 2, '2018-12-26 09:47:56', NULL, '2018-12-26 04:17:56', NULL, NULL),
(386, 7, 100, '21', 'Christmas Day', '2019-12-25', 1, 1, 2, '2018-12-26 09:48:18', NULL, '2018-12-26 04:18:18', NULL, NULL),
(387, 7, 100, '22', 'New Year', '2019-01-01', 1, 1, 2, '2018-12-24 12:01:05', NULL, '2018-12-24 06:31:05', NULL, NULL),
(388, 7, 100, '22', 'Sankranti', '2019-01-15', 1, 1, 2, '2018-12-26 09:45:29', NULL, '2018-12-26 04:15:29', NULL, NULL),
(389, 7, 100, '22', 'Maha Shivaratri', '2019-03-04', 1, 1, 2, '2018-12-26 09:45:58', NULL, '2018-12-26 04:15:58', NULL, NULL),
(390, 7, 100, '22', 'Holi', '2019-03-21', 2, 1, 2, '2018-12-26 09:48:49', NULL, '2018-12-26 04:18:49', NULL, NULL),
(391, 7, 100, '22', 'Good Friday', '2019-04-19', 2, 1, 2, '2018-12-26 09:49:06', NULL, '2018-12-26 04:19:06', NULL, NULL),
(392, 7, 100, '22', 'May Day', '2019-05-01', 1, 1, 2, '2018-12-26 09:46:18', NULL, '2018-12-26 04:16:18', NULL, NULL),
(393, 7, 100, '22', 'Ramzan', '2019-06-05', 1, 1, 2, '2018-12-26 09:46:38', NULL, '2018-12-26 04:16:38', NULL, NULL),
(394, 7, 100, '22', 'Bakrid', '2019-08-12', 2, 1, 2, '2018-12-26 09:49:27', NULL, '2018-12-26 04:19:27', NULL, NULL),
(395, 7, 100, '22', 'Independence day', '2019-08-15', 1, 1, 2, '2018-12-26 09:46:55', NULL, '2018-12-26 04:16:55', NULL, NULL),
(396, 7, 100, '22', 'Ganesh Chaturthi', '2019-09-02', 1, 1, 2, '2018-12-26 09:47:16', NULL, '2018-12-26 04:17:16', NULL, NULL),
(397, 7, 100, '22', 'Gandhi Jayanti', '2019-10-02', 1, 1, 2, '2018-12-26 09:47:37', NULL, '2018-12-26 04:17:37', NULL, NULL),
(398, 7, 100, '22', 'Vijaya Dasami', '2019-10-08', 1, 1, 2, '2018-12-26 09:47:56', NULL, '2018-12-26 04:17:56', NULL, NULL),
(399, 7, 100, '22', 'Christmas Day', '2019-12-25', 1, 1, 2, '2018-12-26 09:48:18', NULL, '2018-12-26 04:18:18', NULL, NULL),
(400, 8, 100, '23', 'New Year\'s Day', '2019-01-01', 1, 1, 355, '2019-01-08 17:56:37', NULL, '2019-01-08 12:26:37', NULL, NULL),
(401, 8, 100, '23', 'Memorial Day', '2019-05-27', 1, 1, 355, '2019-01-09 04:43:07', NULL, '2019-01-08 23:13:07', NULL, NULL),
(402, 8, 100, '23', 'Independence Day', '2019-07-04', 1, 1, 355, '2019-01-09 04:43:44', NULL, '2019-01-08 23:13:44', NULL, NULL),
(403, 8, 100, '23', 'Labor Day', '2019-09-02', 1, 1, 355, '2019-01-09 04:44:19', NULL, '2019-01-08 23:14:19', NULL, NULL),
(404, 8, 100, '23', 'Thanksgiving', '2019-11-28', 1, 1, 355, '2019-01-09 04:46:40', NULL, '2019-01-08 23:16:40', NULL, NULL),
(405, 8, 100, '23', 'Day After Thanksgiving', '2019-11-29', 1, 1, 355, '2019-01-09 04:47:35', NULL, '2019-01-08 23:17:35', NULL, NULL);
INSERT INTO `holiday_calendar` (`holiday_id`, `company_id`, `branch_id`, `shifts`, `holiday_name`, `holiday_date`, `holiday_type`, `status`, `created_by`, `created_at`, `updated_by`, `updated_at`, `deleted_by`, `deleted_at`) VALUES
(406, 8, 100, '23', 'Christmas Day', '2019-12-25', 1, 1, 355, '2019-01-09 04:48:15', NULL, '2019-01-08 23:18:15', NULL, NULL),
(407, 1, 100, '1', 'Elections day', '2019-04-11', 3, 0, 2, '2019-04-04 15:14:55', 2, '2019-04-05 12:59:45', 1, '2019-04-05 12:59:45'),
(408, 1, 100, '1', 'ugadi', '2019-04-05', 1, 1, 2, '2019-04-04 15:43:49', 12, '2019-04-05 05:24:43', NULL, NULL),
(409, 1, 100, '2', 'ugadi new', '2019-04-05', 1, 1, 2, '2019-04-04 15:43:49', NULL, '2019-04-04 10:13:49', NULL, NULL),
(410, 1, 100, '3', 'ugadi new', '2019-04-05', 1, 1, 2, '2019-04-04 15:43:49', NULL, '2019-04-04 10:13:49', NULL, NULL),
(411, 1, 100, '4', 'ugadi new', '2019-04-05', 1, 1, 2, '2019-04-04 15:43:49', NULL, '2019-04-04 10:13:49', NULL, NULL),
(412, 1, 100, '5', 'ugadi new', '2019-04-05', 1, 1, 2, '2019-04-04 15:43:49', NULL, '2019-04-04 10:13:49', NULL, NULL),
(413, 1, 100, '24', 'ugadi new', '2019-04-05', 1, 1, 2, '2019-04-04 15:43:49', NULL, '2019-04-04 10:13:49', NULL, NULL),
(414, 1, 100, '1', 'test', '2019-04-11', 3, 0, 2, '2019-04-05 18:29:22', NULL, '2019-04-05 13:00:03', 1, '2019-04-05 13:00:03'),
(415, 1, 100, '1', 'Dasara', '2020-10-25', 1, 1, 2, '2020-09-09 12:57:04', 2, '2020-09-09 17:00:09', NULL, NULL),
(416, 1, 100, '1', 'ugadi', '2020-09-09', 1, 1, 2, '2020-09-09 12:58:48', 2, '2020-09-09 16:59:49', NULL, NULL),
(417, 1, 100, '2', 'test', '2020-09-09', 1, 1, 2, '2020-09-09 12:58:48', NULL, '2020-09-09 07:28:48', NULL, NULL),
(418, 1, 100, '3', 'test', '2020-09-09', 1, 1, 2, '2020-09-09 12:58:48', NULL, '2020-09-09 07:28:48', NULL, NULL),
(419, 1, 100, '4', 'test', '2020-09-09', 1, 1, 2, '2020-09-09 12:58:48', NULL, '2020-09-09 07:28:48', NULL, NULL),
(420, 1, 100, '5', 'test', '2020-09-09', 1, 1, 2, '2020-09-09 12:58:48', NULL, '2020-09-09 07:28:48', NULL, NULL),
(421, 1, 100, '24', 'test', '2020-09-09', 1, 1, 2, '2020-09-09 12:58:48', NULL, '2020-09-09 07:28:48', NULL, NULL),
(422, 1, 100, '1', 'Diwali', '2020-10-28', 1, 1, 1, '2020-09-09 13:24:45', NULL, '2020-09-09 07:54:45', NULL, NULL),
(423, 1, 100, '2', 'Diwali', '2020-10-28', 1, 1, 1, '2020-09-09 13:24:45', NULL, '2020-09-09 07:54:45', NULL, NULL),
(424, 1, 100, '3', 'Diwali', '2020-10-28', 1, 1, 1, '2020-09-09 13:24:45', NULL, '2020-09-09 07:54:45', NULL, NULL),
(425, 1, 100, '4', 'Diwali', '2020-10-28', 1, 1, 1, '2020-09-09 13:24:45', NULL, '2020-09-09 07:54:45', NULL, NULL),
(426, 1, 100, '5', 'Diwali', '2020-10-28', 1, 1, 1, '2020-09-09 13:24:45', NULL, '2020-09-09 07:54:45', NULL, NULL),
(427, 1, 100, '24', 'Diwali', '2020-10-28', 1, 1, 1, '2020-09-09 13:24:45', NULL, '2020-09-09 07:54:45', NULL, NULL),
(428, 4, 100, '13', 'dasara', '2020-09-16', 1, 1, 1, '2020-09-09 15:31:03', NULL, '2020-09-09 10:01:03', NULL, NULL),
(429, 1, 100, '1', 'vinayaaka', '2020-09-30', 2, 1, 1, '2020-09-09 16:03:49', NULL, '2020-09-09 10:33:49', NULL, NULL),
(430, 1, 100, '2', 'vinayaaka', '2020-09-30', 2, 1, 1, '2020-09-09 16:03:49', NULL, '2020-09-09 10:33:49', NULL, NULL),
(431, 1, 100, '3', 'vinayaaka', '2020-09-30', 2, 1, 1, '2020-09-09 16:03:49', NULL, '2020-09-09 10:33:49', NULL, NULL),
(432, 1, 100, '4', 'vinayaaka', '2020-09-30', 2, 1, 1, '2020-09-09 16:03:49', NULL, '2020-09-09 10:33:49', NULL, NULL),
(433, 1, 100, '5', 'vinayaaka', '2020-09-30', 2, 1, 1, '2020-09-09 16:03:49', NULL, '2020-09-09 10:33:49', NULL, NULL),
(434, 1, 100, '24', 'vinayaaka', '2020-09-30', 2, 1, 1, '2020-09-09 16:03:49', NULL, '2020-09-09 10:33:49', NULL, NULL),
(435, 1, 100, '1', 'dasara', '2021-10-15', 1, 1, 1, '2021-10-11 18:08:49', NULL, '2021-10-11 12:38:49', NULL, NULL),
(436, 1, 100, '1', 'new year', '2022-02-19', 1, 1, 1, '2022-02-17 13:02:55', NULL, '2022-02-17 07:32:55', NULL, NULL),
(437, 1, 100, '2', 'new year', '2022-02-19', 1, 1, 1, '2022-02-17 13:02:55', NULL, '2022-02-17 07:32:55', NULL, NULL),
(438, 1, 100, '3', 'new year', '2022-02-19', 1, 1, 1, '2022-02-17 13:02:55', NULL, '2022-02-17 07:32:55', NULL, NULL),
(439, 1, 100, '4', 'new year', '2022-02-19', 1, 1, 1, '2022-02-17 13:02:55', NULL, '2022-02-17 07:32:55', NULL, NULL),
(440, 1, 100, '5', 'new year', '2022-02-19', 1, 1, 1, '2022-02-17 13:02:55', NULL, '2022-02-17 07:32:55', NULL, NULL),
(441, 1, 100, '24', 'new year', '2022-02-19', 1, 1, 1, '2022-02-17 13:02:55', NULL, '2022-02-17 07:32:55', NULL, NULL),
(442, 1, 100, '1', 'ugadhi', '2022-03-03', 2, 1, 1, '2022-02-17 13:03:27', NULL, '2022-02-17 07:33:27', NULL, NULL),
(443, 1, 100, '2', 'ugadhi', '2022-03-03', 2, 1, 1, '2022-02-17 13:03:27', NULL, '2022-02-17 07:33:27', NULL, NULL),
(444, 1, 100, '3', 'ugadhi', '2022-03-03', 2, 1, 1, '2022-02-17 13:03:27', NULL, '2022-02-17 07:33:27', NULL, NULL),
(445, 1, 100, '4', 'ugadhi', '2022-03-03', 2, 1, 1, '2022-02-17 13:03:27', NULL, '2022-02-17 07:33:27', NULL, NULL),
(446, 1, 100, '5', 'ugadhi', '2022-03-03', 2, 1, 1, '2022-02-17 13:03:27', NULL, '2022-02-17 07:33:27', NULL, NULL),
(447, 1, 100, '24', 'ugadhi', '2022-03-03', 2, 1, 1, '2022-02-17 13:03:27', NULL, '2022-02-17 07:33:27', NULL, NULL),
(448, 1, 100, '1', 'diwali', '2022-02-18', 2, 1, 1, '2022-02-17 13:04:02', NULL, '2022-02-17 07:34:02', NULL, NULL),
(449, 1, 100, '2', 'diwali', '2022-02-18', 2, 1, 1, '2022-02-17 13:04:02', NULL, '2022-02-17 07:34:02', NULL, NULL),
(450, 1, 100, '3', 'diwali', '2022-02-18', 2, 1, 1, '2022-02-17 13:04:02', NULL, '2022-02-17 07:34:02', NULL, NULL),
(451, 1, 100, '4', 'diwali', '2022-02-18', 2, 1, 1, '2022-02-17 13:04:02', NULL, '2022-02-17 07:34:02', NULL, NULL),
(452, 1, 100, '5', 'diwali', '2022-02-18', 2, 1, 1, '2022-02-17 13:04:02', NULL, '2022-02-17 07:34:02', NULL, NULL),
(453, 1, 100, '24', 'diwali', '2022-02-18', 2, 1, 1, '2022-02-17 13:04:02', NULL, '2022-02-17 07:34:02', NULL, NULL),
(454, 1, 100, '1', 'holiday', '2022-02-28', 2, 1, 1, '2022-02-17 13:29:21', NULL, '2022-02-17 07:59:21', NULL, NULL),
(455, 1, 100, '2', 'holiday', '2022-02-28', 2, 1, 1, '2022-02-17 13:29:21', NULL, '2022-02-17 07:59:21', NULL, NULL),
(456, 1, 100, '3', 'holiday', '2022-02-28', 2, 1, 1, '2022-02-17 13:29:21', NULL, '2022-02-17 07:59:21', NULL, NULL),
(457, 1, 100, '4', 'holiday', '2022-02-28', 2, 1, 1, '2022-02-17 13:29:21', NULL, '2022-02-17 07:59:21', NULL, NULL),
(458, 1, 100, '5', 'holiday', '2022-02-28', 2, 1, 1, '2022-02-17 13:29:21', NULL, '2022-02-17 07:59:21', NULL, NULL),
(459, 1, 100, '24', 'holiday', '2022-02-28', 2, 1, 1, '2022-02-17 13:29:21', NULL, '2022-02-17 07:59:21', NULL, NULL),
(460, 1, 100, '1', 'Holiday', '2022-03-12', 1, 1, 1, '2022-02-21 12:48:41', NULL, '2022-02-21 07:18:41', NULL, NULL),
(461, 1, 100, '2', 'Holiday', '2022-03-12', 1, 1, 1, '2022-02-21 12:48:41', NULL, '2022-02-21 07:18:41', NULL, NULL),
(462, 1, 100, '1', 'telugu new year', '2022-02-26', 2, 1, 1, '2022-02-21 12:53:29', NULL, '2022-02-21 07:23:29', NULL, NULL),
(463, 1, 100, '2', 'telugu new year', '2022-02-26', 2, 1, 1, '2022-02-21 12:53:29', NULL, '2022-02-21 07:23:29', NULL, NULL),
(464, 1, 100, '1', 'Cornaa holidays', '2022-03-10', 4, 0, 1, '2022-02-21 13:08:54', NULL, '2022-02-21 07:39:15', 1, '2022-02-21 07:39:15'),
(465, 1, 100, '2', 'Cornaa holidays', '2022-03-10', 4, 1, 1, '2022-02-21 13:08:54', NULL, '2022-02-21 07:38:54', NULL, NULL),
(466, 1, 100, '3', 'Cornaa holidays', '2022-03-10', 4, 1, 1, '2022-02-21 13:08:54', NULL, '2022-02-21 07:38:54', NULL, NULL),
(467, 1, 100, '4', 'Cornaa holidays', '2022-03-10', 4, 1, 1, '2022-02-21 13:08:54', NULL, '2022-02-21 07:38:54', NULL, NULL),
(468, 1, 100, '5', 'Cornaa holidays', '2022-03-10', 4, 1, 1, '2022-02-21 13:08:54', NULL, '2022-02-21 07:38:54', NULL, NULL),
(469, 1, 100, '24', 'Cornaa holidays', '2022-03-10', 4, 1, 1, '2022-02-21 13:08:54', NULL, '2022-02-21 07:38:54', NULL, NULL),
(470, 1, 100, '1', 'nitish', '2022-04-30', 2, 1, 1, '2022-04-25 11:37:38', NULL, '2022-04-25 06:07:38', NULL, NULL),
(471, 1, 100, '2', 'nitish', '2022-04-30', 2, 1, 1, '2022-04-25 11:37:38', NULL, '2022-04-25 06:07:38', NULL, NULL),
(472, 1, 100, '3', 'nitish', '2022-04-30', 2, 1, 1, '2022-04-25 11:37:38', NULL, '2022-04-25 06:07:38', NULL, NULL),
(473, 1, 100, '4', 'nitish', '2022-04-30', 2, 1, 1, '2022-04-25 11:37:38', NULL, '2022-04-25 06:07:38', NULL, NULL),
(474, 1, 100, '5', 'nitish', '2022-04-30', 2, 1, 1, '2022-04-25 11:37:38', NULL, '2022-04-25 06:07:38', NULL, NULL),
(475, 1, 100, '24', 'nitish', '2022-04-30', 2, 1, 1, '2022-04-25 11:37:38', NULL, '2022-04-25 06:07:38', NULL, NULL),
(476, 1, 100, '1', 'sai', '2022-05-07', 2, 1, 1, '2022-04-25 11:38:59', NULL, '2022-04-25 06:08:59', NULL, NULL),
(477, 1, 100, '2', 'sai', '2022-05-07', 2, 1, 1, '2022-04-25 11:38:59', NULL, '2022-04-25 06:08:59', NULL, NULL),
(478, 1, 100, '3', 'sai', '2022-05-07', 2, 1, 1, '2022-04-25 11:38:59', NULL, '2022-04-25 06:08:59', NULL, NULL),
(479, 1, 100, '4', 'sai', '2022-05-07', 2, 1, 1, '2022-04-25 11:38:59', NULL, '2022-04-25 06:08:59', NULL, NULL),
(480, 1, 100, '5', 'sai', '2022-05-07', 2, 1, 1, '2022-04-25 11:38:59', NULL, '2022-04-25 06:08:59', NULL, NULL),
(481, 1, 100, '24', 'sai', '2022-05-07', 2, 1, 1, '2022-04-25 11:38:59', NULL, '2022-04-25 06:08:59', NULL, NULL),
(482, 1, 100, '1', 'holidays', '2022-04-24', 2, 1, 1, '2022-04-25 11:39:31', NULL, '2022-04-25 06:09:31', NULL, NULL),
(483, 1, 100, '2', 'holidays', '2022-04-24', 2, 1, 1, '2022-04-25 11:39:31', NULL, '2022-04-25 06:09:31', NULL, NULL),
(484, 1, 100, '3', 'holidays', '2022-04-24', 2, 1, 1, '2022-04-25 11:39:31', NULL, '2022-04-25 06:09:31', NULL, NULL),
(485, 1, 100, '4', 'holidays', '2022-04-24', 2, 1, 1, '2022-04-25 11:39:31', NULL, '2022-04-25 06:09:31', NULL, NULL),
(486, 1, 100, '5', 'holidays', '2022-04-24', 2, 1, 1, '2022-04-25 11:39:31', NULL, '2022-04-25 06:09:31', NULL, NULL),
(487, 1, 100, '24', 'holidays', '2022-04-24', 2, 1, 1, '2022-04-25 11:39:31', NULL, '2022-04-25 06:09:31', NULL, NULL),
(488, 1, 100, '1', 'ramzan', '2022-05-03', 1, 1, 1, '2022-05-02 16:09:01', NULL, '2022-05-02 10:39:01', NULL, NULL),
(489, 1, 100, '2', 'ramzan', '2022-05-03', 1, 1, 1, '2022-05-02 16:09:01', NULL, '2022-05-02 10:39:01', NULL, NULL),
(490, 1, 100, '3', 'ramzan', '2022-05-03', 1, 1, 1, '2022-05-02 16:09:01', NULL, '2022-05-02 10:39:01', NULL, NULL),
(491, 1, 100, '4', 'ramzan', '2022-05-03', 1, 1, 1, '2022-05-02 16:09:01', NULL, '2022-05-02 10:39:01', NULL, NULL),
(492, 1, 100, '5', 'ramzan', '2022-05-03', 1, 1, 1, '2022-05-02 16:09:01', NULL, '2022-05-02 10:39:01', NULL, NULL),
(493, 1, 100, '24', 'ramzan', '2022-05-03', 1, 1, 1, '2022-05-02 16:09:01', NULL, '2022-05-02 10:39:01', NULL, NULL);

-- --------------------------------------------------------

--
-- Table structure for table `holiday_type`
--

CREATE TABLE IF NOT EXISTS `holiday_type` (
  `id` int(10) UNSIGNED NOT NULL AUTO_INCREMENT,
  `name` varchar(128) NOT NULL,
  `code` varchar(16) NOT NULL,
  `description` varchar(255) NOT NULL,
  `status` tinyint(1) NOT NULL DEFAULT '1',
  `created_by` int(10) UNSIGNED DEFAULT NULL,
  `created_at` datetime DEFAULT NULL,
  `updated_by` int(10) UNSIGNED DEFAULT NULL,
  `updated_at` timestamp NOT NULL DEFAULT CURRENT_TIMESTAMP ON UPDATE CURRENT_TIMESTAMP,
  `deleted_at` datetime DEFAULT NULL,
  `deleted_by` int(10) DEFAULT NULL,
  PRIMARY KEY (`id`)
) ENGINE=InnoDB AUTO_INCREMENT=5 DEFAULT CHARSET=latin1;

--
-- RELATIONSHIPS FOR TABLE `holiday_type`:
--

--
-- Dumping data for table `holiday_type`
--

INSERT INTO `holiday_type` (`id`, `name`, `code`, `description`, `status`, `created_by`, `created_at`, `updated_by`, `updated_at`, `deleted_at`, `deleted_by`) VALUES
(1, 'Fixed', 'PH', '', 1, 2, '2017-12-27 11:03:05', NULL, '2017-12-27 11:03:05', NULL, NULL),
(2, 'Optional', 'OH', '', 1, 2, '2017-12-27 11:03:18', NULL, '2017-12-27 11:03:18', NULL, NULL),
(3, 'Unexpected Holiday', 'UH', 'Testing purpose', 1, 2, '2019-03-26 16:38:57', 2, '2019-03-26 11:10:07', NULL, NULL),
(4, 'cornaa Holiday', 'HH', 'Holiay for corna', 0, 1, '2022-02-21 13:08:24', NULL, '2022-02-21 07:39:30', '2022-02-21 13:09:30', 1);

-- --------------------------------------------------------

--
-- Table structure for table `hotlist_upload_history`
--

CREATE TABLE IF NOT EXISTS `hotlist_upload_history` (
  `id` int(10) UNSIGNED NOT NULL AUTO_INCREMENT,
  `count` smallint(6) DEFAULT NULL,
  `document` varchar(255) COLLATE utf8mb4_unicode_ci DEFAULT NULL,
  `created_by` bigint(20) UNSIGNED NOT NULL,
  `created_at` timestamp NOT NULL DEFAULT CURRENT_TIMESTAMP,
  PRIMARY KEY (`id`)
) ENGINE=MyISAM AUTO_INCREMENT=34 DEFAULT CHARSET=utf8mb4 COLLATE=utf8mb4_unicode_ci;

--
-- RELATIONSHIPS FOR TABLE `hotlist_upload_history`:
--

--
-- Dumping data for table `hotlist_upload_history`
--

INSERT INTO `hotlist_upload_history` (`id`, `count`, `document`, `created_by`, `created_at`) VALUES
(1, 38, 'hot_list_sample.xlsx', 2, '2019-02-13 15:54:40'),
(2, 38, 'Copy of hot_list_sample.xlsx', 42, '2019-02-13 16:15:19'),
(3, 38, 'Copy of hot_list_sample.xlsx', 42, '2019-02-13 17:39:38'),
(4, 38, 'Copy of hot_list_sample.xlsx', 42, '2019-02-14 14:29:14'),
(5, 43, 'Copy of hot_list_sample 1.xlsx', 42, '2019-02-19 14:53:47'),
(6, 42, 'Copy of hot_list_sample 1.xlsx', 42, '2019-02-19 23:03:31'),
(7, 42, 'Copy of hot_list_sample 1.xlsx', 42, '2019-02-20 14:55:49'),
(8, 43, 'Copy of hot_list_sample 1.xlsx', 42, '2019-02-21 14:45:23'),
(9, 45, 'Copy of hot_list_sample 1.xlsx', 42, '2019-02-22 14:17:12'),
(10, 45, 'Copy of hot_list_sample 1.xlsx', 42, '2019-02-25 14:22:57'),
(11, 45, 'Copy of hot_list_sample 1.xlsx', 42, '2019-02-26 14:58:06'),
(12, 45, 'Copy of hot_list_sample 1.xlsx', 42, '2019-02-26 15:06:03'),
(13, 48, 'Copy of hot_list_sample 1.xlsx', 42, '2019-02-28 18:06:21'),
(14, 50, 'Copy of hot_list_sample 1.xlsx', 42, '2019-03-01 22:52:14'),
(15, 54, 'Copy of hot_list_sample 1.xlsx', 42, '2019-03-05 16:48:25'),
(16, 62, 'Copy of hot_list_sample 1.xlsx', 42, '2019-03-06 14:25:15'),
(17, 62, 'Copy of hot_list_sample 1.xlsx', 42, '2019-03-06 14:33:26'),
(18, 63, 'Copy of hot_list_sample 1.xlsx', 42, '2019-03-06 17:22:44'),
(19, 64, 'Copy of hot_list_sample 1.xlsx', 42, '2019-03-07 15:43:49'),
(20, 67, 'Copy of hot_list_sample 1.xlsx', 42, '2019-03-08 14:23:51'),
(21, 67, 'Copy of hot_list_sample 1.xlsx', 42, '2019-03-08 14:24:08'),
(22, 67, 'Copy of hot_list_sample 1.xlsx', 42, '2019-03-08 14:24:29'),
(23, 67, 'Copy of hot_list_sample 1.xlsx', 42, '2019-03-11 13:54:32'),
(24, 67, 'Copy of hot_list_sample 1.xlsx', 42, '2019-03-12 14:18:54'),
(25, 67, 'Copy of hot_list_sample 1.xlsx', 42, '2019-03-13 18:00:04'),
(26, 68, 'Copy of hot_list_sample 1.xlsx', 42, '2019-03-14 18:14:02'),
(27, 68, 'Copy of hot_list_sample 1.xlsx', 42, '2019-03-18 21:23:57'),
(28, 68, 'Copy of hot_list_sample 1.xlsx', 42, '2019-03-18 21:25:00'),
(29, 71, 'Copy of hot_list_sample 1.xlsx', 42, '2019-03-20 14:06:29'),
(30, 71, 'Copy of hot_list_sample 1.xlsx', 42, '2019-03-20 14:06:41'),
(31, 75, 'Copy of hot_list_sample 1.xlsx', 42, '2019-03-20 18:45:36'),
(32, 33, 'hot_list_sample.xlsx', 2, '2019-04-04 07:06:12'),
(33, 33, 'hot_list_sample.xlsx', 2, '2019-04-04 07:07:02');

-- --------------------------------------------------------

--
-- Table structure for table `hot_list`
--

CREATE TABLE IF NOT EXISTS `hot_list` (
  `id` bigint(20) UNSIGNED NOT NULL AUTO_INCREMENT,
  `sales_incharge` varchar(255) COLLATE utf8mb4_unicode_ci DEFAULT NULL,
  `consultant` varchar(255) COLLATE utf8mb4_unicode_ci DEFAULT NULL,
  `sales_manager` varchar(255) COLLATE utf8mb4_unicode_ci DEFAULT NULL,
  `job_title` varchar(255) COLLATE utf8mb4_unicode_ci DEFAULT NULL,
  `skills` varchar(512) COLLATE utf8mb4_unicode_ci DEFAULT NULL,
  `current_location` varchar(255) COLLATE utf8mb4_unicode_ci DEFAULT NULL,
  `relocation` tinyint(4) DEFAULT NULL COMMENT '1=Y; 2=N',
  `phone` varchar(45) COLLATE utf8mb4_unicode_ci DEFAULT NULL,
  `email` varchar(128) COLLATE utf8mb4_unicode_ci DEFAULT NULL,
  `immigration_status` varchar(255) COLLATE utf8mb4_unicode_ci DEFAULT NULL,
  `group` varchar(255) COLLATE utf8mb4_unicode_ci DEFAULT NULL,
  `hotlist_status` tinyint(4) DEFAULT NULL COMMENT '1=Active; 2=Inactive',
  `recruiter` varchar(255) COLLATE utf8mb4_unicode_ci DEFAULT NULL,
  `hotlist_date` varchar(255) COLLATE utf8mb4_unicode_ci DEFAULT NULL,
  `days_in_market` smallint(6) NOT NULL,
  `all_submissions` smallint(6) NOT NULL,
  `client_submissions` smallint(6) NOT NULL,
  `interviews` smallint(6) NOT NULL,
  `completed_interviews` smallint(6) NOT NULL,
  `missed_interviews` smallint(6) NOT NULL,
  `division_name` varchar(255) COLLATE utf8mb4_unicode_ci DEFAULT NULL,
  `availability` varchar(100) COLLATE utf8mb4_unicode_ci DEFAULT NULL,
  `profile_id` varchar(45) COLLATE utf8mb4_unicode_ci DEFAULT NULL,
  `created_by` bigint(20) UNSIGNED DEFAULT NULL,
  `created_at` timestamp NULL DEFAULT CURRENT_TIMESTAMP,
  `updated_by` bigint(20) UNSIGNED DEFAULT NULL,
  `updated_at` timestamp NULL DEFAULT NULL ON UPDATE CURRENT_TIMESTAMP,
  PRIMARY KEY (`id`),
  UNIQUE KEY `unique_email` (`email`),
  UNIQUE KEY `unique_profile_id` (`profile_id`)
) ENGINE=MyISAM AUTO_INCREMENT=96 DEFAULT CHARSET=utf8mb4 COLLATE=utf8mb4_unicode_ci;

--
-- RELATIONSHIPS FOR TABLE `hot_list`:
--

--
-- Dumping data for table `hot_list`
--

INSERT INTO `hot_list` (`id`, `sales_incharge`, `consultant`, `sales_manager`, `job_title`, `skills`, `current_location`, `relocation`, `phone`, `email`, `immigration_status`, `group`, `hotlist_status`, `recruiter`, `hotlist_date`, `days_in_market`, `all_submissions`, `client_submissions`, `interviews`, `completed_interviews`, `missed_interviews`, `division_name`, `availability`, `profile_id`, `created_by`, `created_at`, `updated_by`, `updated_at`) VALUES
(1, 'Killari Sai krishna', 'Raghu Shankeshi', 'Ravi Shanker Boosa', 'Sr. Oracle DBA', 'Oracle 11g/10g/9i , Oracle 10g and 11g Real Application Cluster', 'Phoenix, AZ', 1, '(740) 953-1482[C]', 'raghumurthy.dba@gmail.com', 'H1-Visa', 'W2 - USM', 2, 'Sudhir Pragada', '2019-02-12', 36, 95, 88, 10, 0, 9, 'USM - USA', 'Immediate', '257895632', 42, '2019-02-13 10:24:40', 42, '2019-04-04 07:07:02'),
(2, 'Naga Mallika Pulletikurthy', 'Sivanagaraju Gadiparthi', 'Raman Reddy  Kristapati', 'Tableau Developer', 'Tableau Developer', 'Newjercy', 1, '(469)-785-0666[W]', 'gadiparthi.raju@gmail.com', 'H1-Visa', 'W2 - USM', 2, 'Raman Reddy  Kristapati', '2019-02-11', 11, 104, 98, 10, 0, 7, 'USM - USA', 'Immediate', '333459290', 42, '2019-02-13 10:24:40', 42, '2019-04-04 07:07:02'),
(3, 'Killari Sai krishna', 'Upendra Srikakulapu', 'Ravi Shanker Boosa', 'Business  Analyst', 'SQL Unix', 'Richmond VA', 2, '330-261-2976[W]', 'usrikakulapu@gmail.com', 'H1-Visa', 'W2 - USM', 2, 'Killari Sai krishna', '2019-02-08', 40, 24, 16, 3, 0, 2, 'USM - USA', 'Immediate', '247111456', 42, '2019-02-13 10:24:40', 42, '2019-04-04 07:07:02'),
(4, 'Mallikarjun Rao P', 'Divya Duddu', 'Raman Reddy  Kristapati', 'SQL Developer', 'Sql Bi developer', 'Chicago Northwest,IL,USA,60193', 2, '(262)448-6848[C]', 'divyaduddu06@gmail.com', 'F1/OPT', 'W2 - Prospect', 2, 'Raman Reddy  Kristapati', '2019-02-06', 42, 0, 0, 0, 0, 0, 'USM - USA', 'Immediate', '479976738', 42, '2019-02-13 10:24:40', 42, '2019-04-04 07:07:02'),
(5, 'Annu Sripal Reddy', 'Santhosh Sankepally', 'Ravi Shanker Boosa', 'Sr. Oracle DBA', 'Oracle DBA', 'Columbus, OH', 2, '732 491-7814[C]', 'reddy7855@gmail.com', 'OPT EAD', 'C2C - Existing', 2, 'Venu Polineni', '2019-02-05', 43, 13, 12, 4, 0, 4, 'USM - USA', 'Immediate', '328536626', 42, '2019-02-13 10:24:40', 42, '2019-04-04 07:07:02'),
(6, 'Surendar Reddy  G', 'Sunil Kumar Annumula', 'Shweta Sakhala', 'UI/UX developer', 'HTML5, CSS3, JavaScript, HTML4, JSON, CSS2, AJAX. Frameworks/ LibrariesOracle JET, Ionic Framework, jQuery, Angular, and Bootstrap.', 'Reston VA', 2, '720) 5193360[C]', 'sunil.ui@outlook.co', 'OPT EAD', 'W2 - Prospect', 2, 'Veera Satya Chowdary Gadde', '2019-02-04', 44, 30, 30, 2, 0, 2, 'USM - USA', 'Immediate', '509854809', 42, '2019-02-13 10:24:40', 42, '2019-04-04 07:07:02'),
(7, 'Venkatesh Petrum', 'Gireesh Tumati', 'Shweta Sakhala', 'AWS DevOps Engineer/Architect', 'Amazon Web Services (AWS), GCP, MS Azure XML, HTML5, CSS3, JavaScript, jQuery, Bootstrap ANT, MAVEN, JENKINS, BAMBOO, CHEF, ANSIBLE, DOCKER, Gitlab Runner, Circle CI', 'Irvine CA', 2, '956-290-2922[C]', 'info.gireesh@gmail.com', 'OPT EAD', 'W2 - Prospect', 2, 'Veera Satya Chowdary Gadde', '2019-02-04', 15, 2, 2, 1, 0, 1, 'USM - USA', 'Immediate', '509855005', 42, '2019-02-13 10:24:40', 42, '2019-04-04 07:07:02'),
(8, 'Team Lead name', 'Consultant Name', 'BDM Name', 'Python Developer', 'Python developer', NULL, 2, '(646) 883 0718[C]', 'dv.reddy1093@gmail.com', 'OPT EAD', 'W2 - Prospect', 1, 'Raman Reddy  Kristapati', '2019-02-02', 3, 0, 0, 0, 0, 0, 'USM - USA', 'Immediate', '508280247', 2, '2019-02-13 10:24:40', 2, '2019-04-04 07:06:12'),
(9, 'Team Lead name', 'Consultant Name', 'BDM Name', NULL, 'SME', 'Dallas, TX', 2, '(512) 329-8542[C]', 'pravin.acrh@gmail.com', 'Green Card', 'W2 - Prospect', 2, 'Rakesh Thakur', '2019-02-02', 3, 4, 4, 0, 0, 0, 'USM - USA', 'Immediate', '508324597', 2, '2019-02-13 10:24:40', 2, '2019-04-04 07:06:12'),
(10, 'Team Lead name', 'Consultant Name', 'BDM Name', 'Sr.Salesforce CRM Testing Consultant/Functional QA', 'Salesforce', 'Windsor,CT,Uni,06095', 2, '(860) 3720308[W]', 'vamsi.sfdccrm@gmail.com', 'H1-Visa', 'H1 -Transfer Prospect', 1, 'Shaik  Ali', '2019-02-02', 3, 1, 1, 0, 0, 0, 'USM - USA', '4 Week Notice', '482299563', 2, '2019-02-13 10:24:40', 2, '2019-04-04 07:06:12'),
(11, 'Team Lead name', 'Consultant Name', 'BDM Name', NULL, 'ETL', NULL, 2, '860 938 7786[C]', 'shreram@gmail.com', 'H1-transfer prospect', 'H1 -Transfer Prospect', 1, 'Sourcer1', '2019-01-31', 4, 0, 0, 0, 0, 0, 'USM - India', NULL, '253822871', 2, '2019-02-13 10:24:40', 2, '2019-04-04 07:06:12'),
(12, 'Team Lead name', 'Consultant Name', 'BDM Name', 'Sr. Consultant', 'Salesforce', NULL, 2, '720 770 0662[C]', 'nramusfdc45@gmail.com', 'OPT EAD', 'W2 - Prospect', 1, 'Vijay Kumar Maregouni', '2019-01-31', 4, 2, 1, 0, 0, 0, 'USM - India', 'Immediate', '506075313', 2, '2019-02-13 10:24:40', 2, '2019-04-04 07:06:12'),
(13, 'Team Lead name', 'Consultant Name', 'BDM Name', NULL, 'Ab Initio', 'Deerfield, IL', 1, '(510) 918-8475[C]', 'vinodaptcorp@gmail.com', 'OPT EAD', 'W2 - Prospect', 1, 'Sudhir Pragada', '2019-01-30', 5, 2, 2, 0, 0, 0, 'USM - USA', 'Immediate', '507095762', 2, '2019-02-13 10:24:40', 2, '2019-04-04 07:06:12'),
(14, 'Team Lead name', 'Consultant Name', 'BDM Name', 'Python Developer', 'PythonDeveloper', 'Morrisville,NC', 2, '(972) 560-9442[C]', 's.konakanchi93@gmail.com', 'OPT', 'W2 - Prospect', 1, 'Veera Satya Chowdary Gadde', '2019-01-30', 5, 6, 6, 0, 0, 0, 'USM - USA', '1 Week Notice', '506985777', 2, '2019-02-13 10:24:40', 2, '2019-04-04 07:06:12'),
(15, 'Team Lead name', 'Consultant Name', 'BDM Name', 'UI/ Front End developer', 'UI Developer', 'Nashua, NH,', 2, '9494915957 [C]', 'uidevelopergonepalli@gmail.com', 'OPT', 'W2 - Prospect', 2, 'Veera Satya Chowdary Gadde', '2019-01-30', 5, 2, 2, 0, 0, 0, 'USM - USA', 'Immediate', '507087805', 2, '2019-02-13 10:24:40', 2, '2019-04-04 07:06:12'),
(16, 'Team Lead name', 'Consultant Name', 'BDM Name', 'SENIOR BI ANALYST / TABLEAU DEVELOPER', 'BI Developer', 'Atlanta GA', 2, '404.725.3389 [C]', 'ejagan.tableau@gmail.com', 'H1-transfer prospect', 'H1 -Transfer Prospect', 2, 'Shaik  Ali', '2019-01-28', 7, 0, 0, 0, 0, 0, 'USM - USA', 'Immediate', '505568981', 2, '2019-02-13 10:24:40', 2, '2019-04-04 07:06:12'),
(17, 'Team Lead name', 'Consultant Name', 'BDM Name', 'VMware/ Windows Enigneer', 'Windows Azure IaaS Virtual Networks, Virtual Machines, Cloud Services, Resource Groups, Express Route, Traffic Manager, VPN, Load Balancing, Application Gateways, Auto-Scaling.', 'Dallas Tx', 2, '(650) 242-5943[C]', 'karthikravi.ms@gmail.com', 'OPT', 'W2 - Prospect', 2, 'Veera Satya Chowdary Gadde', '2019-01-25', 10, 1, 1, 0, 0, 0, 'USM - USA', '2 Week Notice', '505174630', 2, '2019-02-13 10:24:40', 2, '2019-04-04 07:06:12'),
(18, 'Team Lead name', 'Consultant Name', 'BDM Name', 'SharePoint Team lead', 'SharePoint Online, SharePoint 2013, SharePoint Server 2010, MOSS 2007, WSS 3.0/2.0', 'Alpharetta, GA', 2, '(762) 436-1142[C]', 'ramaprasad.palanichamyu@gmail.com', 'H1-transfer prospect', 'H1 -Transfer Prospect', 2, 'Mohammed Noorul Ameen', '2019-01-24', 11, 2, 2, 0, 0, 0, 'USM - USA', 'Immediate', '505007823', 2, '2019-02-13 10:24:40', 2, '2019-04-04 07:06:12'),
(19, 'Team Lead name', 'Consultant Name', 'BDM Name', 'Salesforce Developer', 'Salesforce', 'Colorado', 1, '(651) 460-9686[C]', 'sagar.lakk@gmail.com', 'F1', 'W2 - Prospect', 2, 'Satish Gubbala', '2019-01-24', 11, 2, 2, 0, 0, 0, 'USM - India', NULL, '503485206', 2, '2019-02-13 10:24:40', 2, '2019-04-04 07:06:12'),
(20, 'Team Lead name', 'Consultant Name', 'BDM Name', 'QA Manager', 'QA Lead/QA Manager, Automation, Mobile Application, Selemium', 'Parsippany,NJ,Uni,07054', 1, '973-723-2131[C]', 'sunil.maharana@gmail.com', 'H1-Visa', 'H1 -Transfer Prospect', 2, 'Mohammed Noorul Ameen', '2019-01-23', 12, 1, 1, 0, 0, 0, 'USM - India', NULL, '482271296', 2, '2019-02-13 10:24:40', 2, '2019-04-04 07:06:12'),
(21, 'Team Lead name', 'Consultant Name', 'BDM Name', NULL, 'Amazon Web Services (AWS)', NULL, 2, '631-464-0396[C]', 'bharathbabyreddy08@gmail.com', 'H4 - EAD', 'W2 - Prospect', 2, 'Rakesh Thakur', '2019-01-23', 12, 6, 6, 0, 0, 0, 'USM - USA', 'Immediate', '504234265', 2, '2019-02-13 10:24:40', 2, '2019-04-04 07:06:12'),
(94, 'Team Lead name', 'Consultant Name', 'BDM Name', 'ORACLE EBS FUNCTIONAL', 'Oracle R12, ADF, AP, AR, GL, INV, PO, OM, SQL, PL/SQL, Toad, BI Publisher and Discoverer reports', 'Delaware', 2, '(302) 283-9395[C]', 'navya.idks160@gmail.com', 'H1-Visa', 'W2 - USM', 1, 'Killari Sai krishna', '2019-01-03', 32, 85, 82, 11, 0, 10, 'USM - USA', 'Immediate', '293599158', 2, '2019-04-04 07:06:12', 2, '2019-04-04 07:06:12'),
(22, 'Team Lead name', 'Consultant Name', 'BDM Name', 'Project Lead', 'Healthcare BA', 'Guilderland,NY,Uni,12084', 2, '(518) 5964833[W]', 'arijitroy21@gmail.com', 'H1-Visa', 'H1 -Transfer Prospect', 2, 'Mohammed Noorul Ameen', '2019-01-23', 12, 2, 2, 0, 0, 0, 'USM - India', '2 Week Notice', '502468977', 2, '2019-02-13 10:24:40', 2, '2019-04-04 07:06:12'),
(23, 'Team Lead name', 'Consultant Name', 'BDM Name', 'Big Data Engineer/Hadoop Engineer', 'Big Data EcosystemHDFS, Pig, Map Reduce, Hive, Sqoop ,Spark ,Kafka', 'Irving, TX', 2, '224-415-6880[C]', 'raghavendra.bigdata@gmail.co', 'H1-Visa', 'H1 -Transfer Prospect', 1, 'Veera Satya Chowdary Gadde', '2019-01-23', 12, 12, 12, 5, 0, 4, 'USM - USA', 'Immediate', '504894217', 2, '2019-02-13 10:24:40', 2, '2019-04-04 07:06:12'),
(24, 'Team Lead name', 'Consultant Name', 'BDM Name', 'Devops Engineer', 'Build and Release', 'IN', 2, '872-203-5406[H]', 'irfansiddiqui1003@gmail.com', 'H1-Visa', 'W2 - USM', 1, 'Praveen Kumar Ravuru', '2019-01-22', 13, 745, 740, 17, 0, 15, 'USM - USA', NULL, '246998536', 2, '2019-02-13 10:24:40', 2, '2019-04-04 07:06:12'),
(25, 'Team Lead name', 'Consultant Name', 'BDM Name', 'Sr. Java/J2EE Developer', 'Web Services, Full Stack', 'Richmond, VA', 2, '972-971-7319[W]', 'rahulbeck@hotmail.com', 'H1-Visa', 'W2 - USM', 1, 'Shaik Vaseem Akram', '2019-01-18', 17, 150, 104, 13, 0, 5, 'USM - USA', '2 Week Notice', '280959568', 2, '2019-02-13 10:24:40', 2, '2019-04-04 07:06:12'),
(26, 'Team Lead name', 'Consultant Name', 'BDM Name', 'Application/Production Support', 'Application/Production Support', 'Brandon, FL', 1, '(848) 238-6319[C]', 'hadiraheel@gmail.com', 'H1-transfer prospect', 'H1 -Transfer Prospect', 1, 'Sarath Babu Mohan babu', '2019-01-17', 18, 6, 6, 0, 0, 0, 'USM - USA', 'Immediate', '502046850', 2, '2019-02-13 10:24:40', 2, '2019-04-04 07:06:12'),
(27, 'Team Lead name', 'Consultant Name', 'BDM Name', 'Full Stack Developer', 'Java, C,python, C++, SQL, PL/SQL.J2EE, Servlets, Web Services, EJB, JSP, JMS', 'Oakland/East Bay,CA,USA,94542', 1, '(510) 274-7235[W], (510) 274-7235[C]', 'swathinatural@gmail.com', 'F1/OPT', 'H1 -Transfer Prospect', 1, 'Mallikarjun Rao P', '2019-01-16', 19, 51, 51, 17, 0, 14, 'USM - USA', 'Immediate', '347343464', 2, '2019-02-13 10:24:40', 2, '2019-04-04 07:06:12'),
(28, 'Team Lead name', 'Consultant Name', 'BDM Name', 'storage archtect/cloud', 'SAN Admin', 'NJ', 1, '(267) 475-8415[C]', 'polu.raghunadh@gmail.com', 'H1-Visa', 'W2 - USM', 1, 'Raman Reddy  Kristapati', '2019-01-10', 25, 12, 11, 0, 0, 0, 'USM - India', NULL, '211526277', 2, '2019-02-13 10:24:40', 2, '2019-04-04 07:06:12'),
(29, 'Team Lead name', 'Consultant Name', 'BDM Name', 'SCHEDULING/Build and Release Engineer', 'TFS', 'Chantilly VA', 2, '708-465-8389[C]', 'rahul.pinninti@gmail.com', 'H1-Visa', 'W2 - USM', 1, 'Ravi Shanker Boosa', '2019-01-10', 25, 328, 325, 6, 0, 5, 'USM - USA', NULL, '211526306', 2, '2019-02-13 10:24:40', 2, '2019-04-04 07:06:12'),
(30, 'Team Lead name', 'Consultant Name', 'BDM Name', 'Data scientist: SAS, R, Python, Tableau, NLP and Machine Learning', 'Machine Learning: classification, regression, clustering, Data mining and Text mining. NLP: Machine Translation, Speech Recognition and Sentiment Analysis. Statistical Methods: Time series, regression', 'Columbus IN', 1, '812 581 5225[C]', 'vaibhava.shrivastava2016@gmail.com', 'H1-transfer prospect', 'H1 -Transfer Prospect', 1, 'Praneeth Kundavaram', '2019-01-10', 25, 25, 25, 1, 0, 1, 'USM - USA', 'Immediate', '298901109', 2, '2019-02-13 10:24:40', 2, '2019-04-04 07:06:12'),
(31, 'Team Lead name', 'Consultant Name', 'BDM Name', 'Sr.net developer', '.Net Developer', 'Miami FL', 2, '720-419-4923[C]', 'thiru.sudhakaran@gmail.com', 'H1-Visa', 'H1 -Transfer Prospect', 1, 'Ramprasad Vemula', '2019-01-08', 27, 30, 30, 3, 0, 3, 'USM - USA', '2 Week Notice', '455381031', 2, '2019-02-13 10:24:40', 2, '2019-04-04 07:06:12'),
(32, 'Team Lead name', 'Consultant Name', 'BDM Name', 'Ruby on Rails Developer', 'Ruby on Rails, JQuery, AngularJS, JavaScript, HTML, CSS,', 'Ann Arbor, MI', 1, '224-520--1905[C]', 'mayank221189@gmail.com', 'H1-Visa', 'W2 - USM', 1, 'Mohammad Wajid Ahmed', '2018-12-26', 40, 136, 134, 15, 0, 13, 'USM - India', 'Immediate', '252190451', 2, '2019-02-13 10:24:40', 2, '2019-04-04 07:06:12'),
(33, 'Team Lead name', 'Consultant Name', 'BDM Name', 'Audio Video Engineer', 'Software Engineer', 'Colorado Springs,CO,USA,80921', 1, '563-357-9458[C], 563-357-9458[H]', 'aymansaber@gmail.com', 'Citizen', 'W2 - Prospect', 1, 'Shravya  Koripally', '2018-12-10', 56, 17, 17, 2, 0, 1, 'USM India Internal', NULL, '397035454', 2, '2019-02-13 10:24:40', 2, '2019-04-04 07:06:12'),
(34, 'Team Lead name', 'Consultant Name', 'BDM Name', 'SQL BI', 'SQL Server BI Development Studio (BIDS), Power BI ,MS Visual Studio 2014/2008/2005,', 'Cleveland,OHIO', 2, '+1(484)-294-8736[C]', 'dhirendra.sit@gmail.com', 'H1-transfer prospect', 'H1 -Transfer Prospect', 1, 'Praneeth Kundavaram', '2018-11-29', 67, 2, 1, 0, 0, 0, 'USM - USA', 'Immediate', '488844110', 2, '2019-02-13 10:24:40', 2, '2019-04-04 07:06:12'),
(35, 'Team Lead name', 'Consultant Name', 'BDM Name', 'Business Analyst/Project Coordinator', 'Project Coordinator, Business Analysis', 'NJ', 1, '908 736-5984[W], 347-337-7261[C]', 'rajsekhar2104@gmail.com', 'H1-Visa', 'W2 - USM', 1, 'Shaik  Ali', '2018-11-19', 77, 56, 53, 8, 0, 8, 'USM - India', 'Immediate', '420451765', 2, '2019-02-13 10:24:40', 2, '2019-04-04 07:06:12'),
(36, 'Team Lead name', 'Consultant Name', 'BDM Name', 'Java Solution Architect/ Technical Lead Application Development', 'Java-J2EE, Web Services (REST & SOAP), SOA architecture, XML, JDBC, JSP, Servlets, JavaScript and HTML.', 'Atlanta GA', 2, '443 240 6010[C]', 'subodh.pal127@gmail.com', 'H1-Visa', 'W2 - Prospect', 1, 'Shweta Sakhala', '2018-11-12', 84, 11, 11, 5, 0, 5, 'USM - USA', '2 Week Notice', '483216475', 2, '2019-02-13 10:24:40', 2, '2019-04-04 07:06:12'),
(37, 'Team Lead name', 'Consultant Name', 'BDM Name', 'Production Support Technology Lead', 'Production/Application support', 'Bayonne,NJ,Uni,07002', 2, '(161) 2231093[W]', 'thirumg@gmail.com', 'Follow-up later', 'H1 -Transfer Prospect', 1, 'Sarath Babu Mohan babu', '2018-10-25', 102, 39, 31, 4, 0, 4, 'USM - India', '2 Week Notice', '475061045', 2, '2019-02-13 10:24:40', 2, '2019-04-04 07:06:12'),
(38, 'Team Lead name', 'Consultant Name', 'BDM Name', 'Production Support Analyst', 'Production/Application support', NULL, 2, '201-736-1309[C]', 'pooniasanjeev@gmail.com', 'H1-Visa', 'H1 -Transfer Prospect', 1, 'Sarath Babu Mohan babu', '2018-10-22', 105, 14, 8, 0, 0, 0, 'USM - USA', '2 Week Notice', '476039080', 2, '2019-02-13 10:24:40', 2, '2019-04-04 07:06:12'),
(58, 'Mallikarjun Rao P', 'deepthi', 'Raman Reddy  Kristapati', 'ETL/ Analytics Developer', 'ETL', 'Charlotte, NC', 2, '614-532-9470[C]', 'deepthi.informatica12@gmail.com', 'H4 - EAD', 'W2 - Prospect', 2, 'Raman Reddy  Kristapati', '2019-02-27', 21, 1, 1, 0, 0, 0, 'USM - USA', 'Immediate', '225004529251', 42, '2019-02-28 12:36:21', 42, '2019-04-04 07:07:02'),
(39, 'Mohammed Yaseen', 'Anantha Ananthanarayanan', 'Sarath Babu Mohan babu', 'Sr. Big Data Engineer', 'Sr. Big Data Engineer Spark Scala Hive Spring-Boot Oozie Sqoop Kafka Storm Tableau Python Machine Learning', 'Bentonville,AR,USA,72712', 2, '(479) 3199629[W]', 'anantharaghu1@gmail.com', 'H1-transfer prospect', 'H1 -Transfer Prospect', 2, 'Mohammed Imran', '2019-02-15', 11, 2, 2, 0, 0, 0, 'USM - USA', NULL, '357328622', 42, '2019-02-15 17:27:51', 42, '2019-04-04 07:07:02'),
(40, 'Mohammed Yaseen', 'SATISH  UDAKHE', 'Sarath Babu Mohan babu', 'Business Intelligence Consultant (Tableau and MSBI)', 'Informatica ETL, Power Designer as Data Modeling tool, Control-m Databases: SQL Server, Oracle, DB2.', 'Atlanta GA', 2, '(470) 767-1020[C]', 'satish.udakhe1@gmail.com', 'H1-Visa', 'H1 -Transfer Prospect', 2, 'Shaik  Ali', '2019-02-15', 33, 7, 7, 0, 0, 0, 'USM - USA', 'Immediate', '225000937304', 42, '2019-02-15 17:27:51', 42, '2019-04-04 07:07:02'),
(41, 'Ramoji Gollapudi', 'Senthilvedhan Jayaraman', 'Sarath Babu Mohan babu', 'Devops Engineer', 'Jenkins, uDeploy, Nexus, SonarQube, HPE Fortify, Black Duck, jUnit, Jacoco', 'Frisco,TX,Uni,75034', 2, '(203) 5246397[W]', 'senthilvedhan.j@gmail.com', 'H1-Visa', 'H1 -Transfer Prospect', 2, 'Shaik  Ali', '2019-02-15', 33, 3, 3, 0, 0, 0, 'USM - USA', '3 Week Notice', '429844599', 42, '2019-02-19 09:23:47', 42, '2019-04-04 07:07:02'),
(42, 'Vijay Kumar P', 'Naga Harsha Vardhan  Marreddy', 'Sudhir Pragada', 'Full Stack Java Developer', 'Java Developer', 'Plano Texas', 1, '(929) 262-0786[H]', 'mharsha830@gmail.com', 'H1-Visa', 'W2 - USM', 2, 'Venu Polineni', '2019-02-15', 27, 90, 86, 22, 0, 19, 'USM - USA', NULL, '285028444', 42, '2019-02-19 09:23:47', 42, '2019-04-04 07:07:02'),
(43, 'Ramprasad Vemula', 'Srinivas  Kasanna', 'Shweta Sakhala', 'IOS developer', 'Objective-C and Xcode experience with Instruments, Cocoa Touch and XCTesting.', 'Dallas Tx', 2, '682-597-1981[C]', 'srinivas.kasanna@gmail.co', 'H1-Visa', 'H1 -Transfer Prospect', 2, 'Veera Satya Chowdary Gadde', '2019-02-11', 37, 2, 2, 0, 0, 0, 'USM - USA', '3 Week Notice', '225000937466', 42, '2019-02-19 09:23:47', 42, '2019-04-04 07:07:02'),
(44, 'Killari Sai krishna', 'Navya Roopa Boga', 'Sudhir Pragada', 'Sr. Java Developer', 'Java Developer', 'MD', 2, '614-607-0156[C]', 'navya0311@gmail.com', 'H1-Visa', 'W2 - USM', 2, 'Killari Sai krishna', '2019-03-11', 9, 8, 3, 2, 0, 1, 'USM - USA', NULL, '195573680', 42, '2019-02-19 17:33:31', 42, '2019-04-04 07:07:02'),
(45, 'Venkatesh Petrum', 'Nitin  Chauhan', 'Shweta Sakhala', 'Project Manager -DevOps', 'DevOps', 'Dallas Tx', 2, '701-781-0194[C]', 'nc08chauhan@gmail.com', 'H1-Visa', 'W2 - Prospect', 2, 'Veera Satya Chowdary Gadde', '2019-02-21', 27, 14, 14, 0, 0, 0, 'USM - USA', 'Immediate', '225002728739', 42, '2019-02-21 09:15:23', 42, '2019-04-04 07:07:02'),
(46, 'Annu Sripal Reddy', 'Kumar Manoharan', 'Ravi Shanker Boosa', 'Mainframe & Datastage Developer and Support', 'Datastage Developer', 'Chicago,IL,USA,28211', 1, '(980) 226 7535[C]', 'kumarskasc@gmail.com', 'H1-Visa', 'H1 -Transfer Prospect', 2, 'Suresh  Tammineni', '2019-02-21', 27, 1, 1, 0, 0, 0, 'USM - USA', 'Immediate', '506845135', 42, '2019-02-22 08:47:12', 42, '2019-04-04 07:07:02'),
(47, 'Vijay Kumar P', 'Nagarjuna Reddy Kottam', 'Ravi Shanker Boosa', 'Lead Software Developer', '.Net Developer', 'Farmington Hills, MI', 1, '(203) 892 4270[C]', 'nag12.reddy@gmail.com', 'H1-Visa', 'H1 -Transfer Prospect', 2, 'Vijay Kumar Maregouni', '2019-02-21', 27, 5, 4, 0, 0, 0, 'USM - USA', 'Immediate', '503496649', 42, '2019-02-22 08:47:12', 42, '2019-04-04 07:07:02'),
(48, 'Annu Sripal Reddy', 'Sureshkumar Yettula', 'Sudhir Pragada', 'Splunk Developer/Admin', 'Splunk Developer', 'Boston, MA', 2, '434 406 0566[C]', 'sureshsplunk12@gmail.com', 'H1-Visa', 'W2 - USM', 2, 'Killari Sai krishna', '2019-02-22', 26, 26, 25, 1, 0, 1, 'USM - USA', 'Immediate', '438269984', 42, '2019-02-25 08:52:57', 42, '2019-04-04 07:07:02'),
(49, 'Mallikarjun Rao P', 'Asokan Krishnasamy', 'Raman Reddy  Kristapati', 'Senior Data Modeler, PL/SQL Developer and Oracle Application DBA', 'Data Modelling, Oracle PL-SQL Development and Oracle Application', 'Edison,NJ,Uni,08820', 1, '(848) 2479538[W], (848) 247-9538[C]', 'krishnaasok@gmail.com', 'F1', 'H1 -Transfer Prospect', 2, 'Gaurav Tiwari', '2019-02-26', 22, 4, 3, 0, 0, 0, 'USM - USA', 'Immediate', '427342838', 42, '2019-02-26 09:28:06', 42, '2019-04-04 07:07:02'),
(50, 'Mallikarjun Rao P', 'KRISHNA RANGAVAJJALA', 'Raman Reddy  Kristapati', 'Senior Project Manager', 'Project development', 'NJ,08069', 1, '856-656-0555[W], 201.615.5281[C], 856-656-055', 'rvnkrish@gmail.com', 'Citizen', 'W2 - Prospect', 2, 'Raman Reddy  Kristapati', '2019-02-26', 22, 13, 13, 0, 0, 0, 'USM - USA', 'Immediate', '250726615', 42, '2019-02-26 09:28:06', 42, '2019-04-04 07:07:02'),
(51, 'Venkatesh Petrum', 'Chandrasekhar Reddy Moolay', 'Shweta Sakhala', '.net developer', '&#149;ASP, C#, JavaScript, Ajax, HTML, JQuery, JSON, XSL, XML, MySQL, Oracle &#149;Asp.Net, Web Services, WCF, Web API, SignalR, Angular 5, Entity Framework, NUnit &#149;VS 2005, VS 2008, VS 2010, VS 2013, VS 2015', 'Pennington, NJ', 2, '(609) 455 â€¿ 9034 [C]', 'reddy.moolay@gmail.co', 'H1-Visa', 'H1 -Transfer Prospect', 2, 'Veera Satya Chowdary Gadde', '2019-02-25', 23, 26, 26, 6, 0, 6, 'USM - USA', '3 Week Notice', '225003791318', 42, '2019-02-26 09:28:06', 42, '2019-04-04 07:07:02'),
(52, 'Vijay Kumar P', 'Amrinder Singh', 'Ravi Shanker Boosa', 'DevOps, Build/Release Engineer', 'DevOps', 'VA', 1, '631-428-2845[C]', 'amrinder1145@gmail.com', 'H1-Visa', 'H1 -Transfer Prospect', 2, 'Venu Polineni', '2019-02-25', 23, 94, 89, 4, 0, 4, 'USM - USA', NULL, '211526336', 42, '2019-02-26 09:28:06', 42, '2019-04-04 07:07:02'),
(53, 'Mohammed Yaseen', 'Nirmala Munuswamy', 'Sarath Babu Mohan babu', 'Manual Tester', 'Manual Tester, Automation, SQL, UNIX', NULL, 2, '860-759-3376[C]', 'nirmala.govindammal@gmail.com', 'H1-Visa', 'H1 -Transfer Prospect', 2, 'Sarath Babu Mohan babu', '2019-02-28', 20, 0, 0, 0, 0, 0, 'USM - USA', '2 Week Notice', '225005034497', 42, '2019-02-28 12:36:21', 42, '2019-04-04 07:07:02'),
(54, 'Ramoji Gollapudi', 'BALA Moulika Moulika Singareddy', 'Sarath Babu Mohan babu', 'Mulesoft dev', 'Mulesoft, Java', NULL, 2, '361-355-3456[C]', 'moulikareddy1602@gmail.com', 'F1/OPT', 'H1 -Transfer Prospect', 2, 'Sarath Babu Mohan babu', '2019-02-28', 20, 5, 2, 1, 0, 1, 'USM - USA', '2 Week Notice', '509572414', 42, '2019-02-28 12:36:21', 42, '2019-04-04 07:07:02'),
(55, 'Shyamala  Kishore Reddy', 'Madhavi Pulusu', 'Ravi Shanker Boosa', 'madhaviresume.docx', 'DevOps', 'Reston,VA,USA,20190', 1, '571-665-9908[C]', 'madhavi.reddy296@gmail.com', 'H1-Visa', 'H1 -Transfer Prospect', 2, 'Suresh  Tammineni', '2019-02-28', 20, 10, 10, 0, 0, 0, 'USM - USA', 'Immediate', '225004369650', 42, '2019-02-28 12:36:21', 42, '2019-04-04 07:07:02'),
(56, 'Mallikarjun Rao P', 'SIVAKUMAR KARUPPIAH', 'Raman Reddy  Kristapati', 'QA Manager', 'QA LEAD', 'Birmingham,AL,USA,35244', 1, '+1 (415) 991-9445[W]', 'krsiva2001@gmail.com', 'H1-Visa', 'H1 -Transfer Prospect', 2, 'Mallikarjun Rao P', '2019-02-27', 21, 1, 1, 1, 0, 1, 'USM - USA', '2 Week Notice', '357702071', 42, '2019-02-28 12:36:21', 42, '2019-04-04 07:07:02'),
(57, 'Mallikarjun Rao P', 'Sridevi Akula', 'Raman Reddy  Kristapati', 'Android Developer', 'ANDROID SDK,ANDROID STUDIO,APACHE,APACHE CORDOVA', 'Holtsville,NY', 1, '408-634-2913[C]', 'srimarch5@gmail.com', 'H1-Visa', 'C2C - Prospect', 2, 'Raman Reddy  Kristapati', '2019-02-27', 21, 1, 1, 0, 0, 0, 'USM - USA', 'Immediate', '362110196', 42, '2019-02-28 12:36:21', 42, '2019-04-04 07:07:02'),
(59, 'Mallikarjun Rao P', 'Nikhil Nikhil Myana', 'Raman Reddy  Kristapati', 'AEM Developer', 'AEM JAVA Developer', 'Malvern, PA', 1, '412-213-5948[C]', 'm.nikhil0393@gmail.com', 'OPT EAD', 'W2 - Prospect', 2, 'Raman Reddy  Kristapati', '2019-03-01', 19, 6, 6, 0, 0, 0, 'USM - USA', 'Immediate', '225001960101', 42, '2019-03-01 17:22:14', 42, '2019-04-04 07:07:02'),
(60, 'Ramprasad Vemula', 'Vyshnavi Velma', 'Shweta Sakhala', 'Java Developer/ Full stack developer', 'a Backend Java developer including Java, Spring, Restful web services, Junit, MongoTemplate, Confluence, Zipkin, Graphana, Kafka, Kotlin.', 'Saint Louis MO', 2, '816-282-4667[C]', 'vxv72553@gmail.co', 'H1-Visa', 'H1 -Transfer Prospect', 2, 'Veera Satya Chowdary Gadde', '2019-02-28', 20, 11, 11, 2, 0, 2, 'USM - USA', '2 Week Notice', '225005133179', 42, '2019-03-01 17:22:14', 42, '2019-04-04 07:07:02'),
(61, 'Mallikarjun Rao P', 'Abdullah Malik', 'Raman Reddy  Kristapati', 'AWS DevOps Engineer', 'Amazon Web Services (AWS)', 'New York', 1, '(917)410-0164[C]', 'ebbiemalik@gmail.com', 'Green Card', 'C2C - Prospect', 2, 'Harshita  Khanna', '2019-03-05', 3, 2, 0, 0, 0, 0, 'USM - USA', 'Immediate', '511844187', 42, '2019-03-05 11:18:25', 42, '2019-04-04 07:07:02'),
(62, 'Mallikarjun Rao P', 'Phanindra Goud Battu', 'Raman Reddy  Kristapati', 'Sr. DevOps', 'DevOps', 'Charotte, NC', 1, '+1 (954) 289-3992[W], 954-289-3992[C]', 'phani.dev99@gmail.com', 'Green Card', 'C2C - Prospect', 2, 'Harshita  Khanna', '2019-03-05', 15, 5, 5, 0, 0, 0, 'USM - USA', 'Immediate', '487665054', 42, '2019-03-05 11:18:25', 42, '2019-04-04 07:07:02'),
(63, 'Mallikarjun Rao P', 'Shaik Subhani', 'Raman Reddy  Kristapati', 'Build and Release Engineer Devops', 'DevOps', 'Charlotte, NC', 1, '(760) 853-1623[W], 1 (760)-853-1623[C]', 'karimunshaik1234@gmail.com', 'Green Card', 'C2C - Prospect', 2, 'Mallikarjun Rao P', '2019-03-05', 15, 2, 1, 1, 0, 1, 'USM - USA', '2 Week Notice', '418300650', 42, '2019-03-05 11:18:25', 42, '2019-04-04 07:07:02'),
(64, 'Ramoji Gollapudi', 'Srinivasa Rao Madala', 'Sarath Babu Mohan babu', 'SharePoint dev', 'SharePoint, .Net', 'Revere, MA', 2, '347-439-8685[C]', 'sri1302.m@gmail.com', 'H1-Visa', 'H1 -Transfer Prospect', 2, 'Sarath Babu Mohan babu', '2019-03-15', 5, 5, 5, 1, 0, 1, 'USM - USA', '2 Week Notice', '225006090335', 42, '2019-03-05 11:18:25', 42, '2019-04-04 07:07:02'),
(81, 'Mallikarjun Rao P', 'Khuddus Basha M MOHAMMED', 'Raman Reddy  Kristapati', 'Khuddus Basha Mohammed1.docx', 'scrum master/Business Analyst', 'Charlotte, NC', 2, '980-248-9757[W]', 'khuddus.ba@gmail.com', 'H1-Visa', 'H1 -Transfer Prospect', 2, 'Raman Reddy  Kristapati', '2019-03-14', 6, 10, 10, 2, 0, 2, 'USM - USA', 'Immediate', '453532327', 42, '2019-03-14 12:44:02', 42, '2019-04-04 07:07:02'),
(65, 'Surendar Reddy  G', 'HimaBindu  Pappala', 'Shweta Sakhala', 'Scrum Master', 'Scrum Certified', 'Dallas Tx', 2, '269-601-2120[C]', 'himabadan@gmail.com', 'GC EAD', 'W2 - Prospect', 2, 'Veera Satya Chowdary Gadde', '2019-03-06', 14, 4, 4, 0, 0, 0, 'USM - USA', '1 Week Notice', '225006509044', 42, '2019-03-06 08:55:15', 42, '2019-04-04 07:07:02'),
(66, 'Killari Sai krishna', 'Sujatha Gudiguntla', 'Ravi Shanker Boosa', 'Informatica ETL Developer', 'ETL', 'Englewood,CO,Uni,80112', 1, '(860) 9706211[W], +1 860-970-6211[C]', 'sujathaguduguntla@gmail.com', 'H1-Visa', 'H1 -Transfer Prospect', 2, 'Vijay Kumar Maregouni', '2019-03-05', 15, 4, 4, 0, 0, 0, 'USM - USA', 'Immediate', '503921504', 42, '2019-03-06 08:55:15', 42, '2019-04-04 07:07:02'),
(67, 'Mallikarjun Rao P', 'Ragini B', 'Raman Reddy  Kristapati', 'ServiceNow Developer/Admin', 'ServiceNow Admin', 'Dallas, TexasÂ ', 1, '410 429-0649[W]', 'ragini.b999@gmail.com', 'Citizen', 'W2 - Prospect', 2, 'Harshita  Khanna', '2019-03-05', 15, 1, 0, 0, 0, 0, 'USM - USA', NULL, '404361170', 42, '2019-03-06 08:55:15', 42, '2019-04-04 07:07:02'),
(68, 'Mallikarjun Rao P', 'Saleemuddin Mohammed', 'Raman Reddy  Kristapati', 'Systems Engineer', 'System Analyst', 'Long Island,NY,USA,11714', 1, '(978) 844-6127[C]', 'saleemd.unix@gmail.com', 'H1-Visa', 'C2C - Prospect', 2, 'Harshita Khanna', '2019-03-05', 15, 2, 1, 0, 0, 0, 'USM - USA', 'Immediate', '502888528', 42, '2019-03-06 08:55:15', 42, '2019-04-04 07:07:02'),
(69, 'Mallikarjun Rao P', 'VARUN GAUR', 'Raman Reddy  Kristapati', 'Business Analyst', 'Business Analyst', 'Menomonee Falls, WI', 1, '+1-779-333-0702[C]', 'gaur.varun1984@gmail.com', 'Green Card', 'W2 - Prospect', 2, 'Harshita  Khanna', '2019-03-05', 7, 1, 0, 0, 0, 0, 'USM - USA', 'Immediate', '512954068', 42, '2019-03-06 08:55:15', 42, '2019-04-04 07:07:02'),
(70, 'Ramprasad Vemula', 'Shaifee Setia', 'Shweta Sakhala', 'Sr. Java Developer', 'using Core Java concepts, Spring Core, Spring MVC, Spring Beans, JSF, JPA, JDBC, Junit, XML, JSON, Restful API services, ORM tools like Hibernate, JSP, Servlet, Struts.', 'Plano Tx', 2, '404-980-5376 [C]', 'shaifeesetia@gmail.co', 'H1-Visa', 'H1 -Transfer Prospect', 2, 'Abdullah Hussain', '2019-03-05', 15, 0, 0, 0, 0, 0, 'USM - USA', 'Immediate', '225006261678', 42, '2019-03-06 08:55:15', 42, '2019-04-04 07:07:02'),
(71, 'Shyamala  Kishore Reddy', 'Rohan Gopal Veeramalla', 'Ravi Shanker Boosa', 'Devops/Release Engineer', 'Buid Release, AWS, Cloud', 'Richmond, VA', 1, '402-512-4717[C]', 'rohanvgopal@yahoo.com', 'H1-Visa', 'W2 - USM', 2, 'Venu Polineni', '2019-03-05', 9, 302, 300, 26, 0, 9, 'USM - USA', 'Immediate', '253485126', 42, '2019-03-06 08:55:15', 42, '2019-04-04 07:07:02'),
(72, 'Vijay Kumar P', 'ANISH VIKAS', 'Ravi Shanker Boosa', 'Firewall Network Engineer/Admin', 'Network Engineer', 'TX', 2, '+1(626)-348-9419[W]', 'anivks1417@gmail.com', 'H1-Visa', 'W2 - USM', 2, 'Venu Polineni', '2019-03-05', 15, 7, 6, 2, 0, 2, 'USM - USA', 'Immediate', '370824097', 42, '2019-03-06 08:55:15', 42, '2019-04-04 07:07:02'),
(73, 'Mallikarjun Rao P', 'Swetha  Ankati', 'Raman Reddy  Kristapati', 'Programmer Analyst JAVA/J2EE', 'Java', 'Baltomore, MD', 2, '443-846-7855[C]', 'ankati.swetha@hotmail.com', 'H4 - EAD', 'W2 - Prospect', 2, 'Mallikarjun Rao P', '2019-03-06', 14, 0, 0, 0, 0, 0, 'USM - USA', '1 Week Notice', '225006348979', 42, '2019-03-06 11:52:44', 42, '2019-04-04 07:07:02'),
(74, 'Killari Sai krishna', 'Varun Kumar Keshri', 'Ravi Shanker Boosa', 'Lead System Architect', 'Pega Developer', 'Richmond,VA,Uni,23224', 1, '(954) 7065999[W], 954-706-5990[C]', 'varun3v@gmail.com', 'H1-transfer prospect', 'H1 -Transfer Prospect', 2, 'Vijay Kumar Maregouni', '2019-03-06', 14, 2, 1, 1, 0, 1, 'USM - USA', 'Immediate', '471457482', 42, '2019-03-07 10:13:48', 42, '2019-04-04 07:07:02'),
(75, 'Praveen Kumar Ravuru', 'Elishama  K', 'Shweta Sakhala', 'Build/Configuration Engineer', 'configuration management', 'Reston VA', 2, '240-450-2425[C]', 'elisha0810@hotmail.com', 'H1-Visa', 'W2 - USM', 2, 'Aqeel Mehdi Syed', '2019-03-07', 13, 33, 29, 5, 0, 5, 'USM - USA', NULL, '211525957', 42, '2019-03-08 08:53:51', 42, '2019-04-04 07:07:02'),
(76, 'Ramprasad Vemula', 'Venkata Jaganathan', 'Shweta Sakhala', 'Sr Cognos/ Tableau developer', 'tools Cognos Impromptu V7.x, 6.0, Impromptu Web Reports (IWR), Cognos Power Play Transformer V7.x, 6.6, PowerPlay Web, Impromptu Web Reports (IWR), Cognos Upfront, Access manager, Cognos Power Prompts,', 'Rockvile MD', 2, '573-639-0780[C]', 'venky.krish@gmail.com', 'H1-Visa', 'H1 -Transfer Prospect', 2, 'Shweta Sakhala', '2019-03-06', 14, 1, 1, 0, 0, 0, 'USM - USA', '3 Week Notice', '225007080883', 42, '2019-03-08 08:53:51', 42, '2019-04-04 07:07:02'),
(77, 'Venkatesh Petrum', 'Ramesh Ravi', 'Shweta Sakhala', 'Sr. Informatica Developer', 'ETL Tools: Informatica Power Center 9x  Operating System: Unix  Database: Oracle,Netzza,SQL Server, Teradata  Scripting: Unix Shell Script', 'Hardford CT', 2, '(860) 461-3251[C]', 'ramesh.ravi@live.com', 'H1-Visa', 'H1 -Transfer Prospect', 2, 'Venkatesh Petrum', '2019-03-04', 16, 4, 4, 0, 0, 0, 'USM - USA', 'Immediate', '225007081283', 42, '2019-03-08 08:53:51', 42, '2019-04-04 07:07:02'),
(78, 'Shyamala  Kishore Reddy', 'AVINASH REDDY', 'Ravi Shanker Boosa', 'Sr. Informatica ETL Developer/Analyst', 'ETL- Informatica', 'Columbus, OH', 1, '816-716-4026[C]', 'avin.412@gmail.com', 'GC EAD', 'C2C - Existing', 2, 'Venu Polineni', '2019-03-08', 12, 13, 12, 2, 0, 2, 'USM - USA', 'Immediate', '329551789', 42, '2019-03-11 08:24:32', 42, '2019-04-04 07:07:02'),
(79, 'Vijay Kumar P', 'Krutarth Panchal', 'Ravi Shanker Boosa', 'Servicenow Developer', 'ServiceNow Admin', 'Cincinnati, OH', 1, '774-316-3414[C]', 'krutarthpanchal23@gmail.com', 'GC EAD', 'C2C - Existing', 2, 'Vijay Kumar Maregouni', '2019-03-08', 12, 6, 5, 2, 0, 2, 'USM - USA', 'Immediate', '476905012', 42, '2019-03-11 08:24:32', 42, '2019-04-04 07:07:02'),
(80, 'Venu Polineni', 'Lavanya Veligandla', 'Ravi Shanker Boosa', 'BI Developer', 'BI Developer', 'IL', 2, '724-877-7232[C]', 'lavanyav847@gmail.com', 'Green Card', 'W2 - Prospect', 2, 'Sudhir Pragada', '2019-03-12', 8, 0, 0, 0, 0, 0, 'USM - USA', 'Immediate', '225008636627', 42, '2019-03-13 12:30:04', 42, '2019-04-04 07:07:02'),
(83, 'Mallikarjun Rao P', 'RAJESH ANNAJI', 'Raman Reddy  Kristapati', 'Software Developer JAVA', 'Java', 'Boston MA', 1, '781-658-0352[C]', 'annajirajesh495@gmail.com', 'H1-Visa', 'H1 -Transfer Prospect', 2, 'Harshita  Khanna', '2019-03-15', 5, 0, 0, 0, 0, 0, 'USM - USA', 'Immediate', '225009628761', 42, '2019-03-18 15:53:57', 42, '2019-04-04 07:07:02'),
(82, 'Rakesh Thakur', 'Himanshu  Khurana', 'Sudhir Pragada', 'AWS DevOps Engineer', 'AWS DevOps Engineer', 'Milwaukee, WI', 2, '(414) 208-4865[C]', 'himanshu.krn134@gmail.com', 'F1/OPT', 'C2C - Prospect', 2, 'Rakesh Thakur', '2018-09-12', 183, 2, 1, 1, 0, 0, 'USM - USA', 'Immediate', '458043881', 42, '2019-03-14 12:44:02', 42, '2019-04-04 07:07:02'),
(84, 'Ramoji Gollapudi', 'PRASANTHA KUMAR KUMAR SARVADEVABATLA', 'Sarath Babu Mohan babu', 'Sr .Net Sql developer', '.Net, SQL', 'Fort Mill, SC', 2, '913-952-8283[C]', 'prasantha.etl.sqldeveloper@gmail.com', 'H1-Visa', 'H1 -Transfer Prospect', 2, 'Sarath Babu Mohan babu', '2019-03-15', 5, 0, 0, 0, 0, 0, 'USM - USA', '2 Week Notice', '225009762433', 42, '2019-03-18 15:53:57', 42, '2019-04-04 07:07:02'),
(85, 'Ramoji Gollapudi', 'Srinivas Palli', 'Sarath Babu Mohan babu', 'DataStage Lead', 'DataStage', 'Pleasanton,CA', 2, '925-577-7755[C]', 'srinivas.palli1985@hotmail.com', 'H1-Visa', 'H1 -Transfer Prospect', 2, 'Shaik  Ali', '2019-03-15', 5, 0, 0, 0, 0, 0, 'USM - USA', '2 Week Notice', '449278329', 42, '2019-03-18 15:53:57', 42, '2019-04-04 07:07:02'),
(86, 'Mallikarjun Rao P', 'Surekha Madival', 'Raman Reddy  Kristapati', 'QA Manager', 'QA LEAD', 'Vernon, CT', 2, '919 348 1468[C], (919) 348-1468[H]', 'surekha.gm@gmail.com', 'H4 - EAD', 'C2C - Prospect', 2, 'Harshita  Khanna', '2019-03-14', 6, 2, 2, 0, 0, 0, 'USM - USA', 'Immediate', '225009477997', 42, '2019-03-18 15:53:57', 42, '2019-04-04 07:07:02'),
(87, 'Ramoji Gollapudi', 'Kalyan Suraram', 'Sarath Babu Mohan babu', 'Java developer', 'Java', 'Atlanta, GA', 1, '+1 678-431-0418[C]', 'kalyansuraram2901@gmail.com', 'H1-Visa', 'H1 -Transfer Prospect', 2, 'Sarath Babu Mohan babu', '2019-03-19', 1, 0, 0, 0, 0, 0, 'USM - USA', '2 Week Notice', '225010411332', 42, '2019-03-20 08:36:29', 42, '2019-04-04 07:07:02'),
(88, 'Surendar Reddy  G', 'Rajib Kumar  Mekap', 'Shweta Sakhala', 'Sr.QA Automation/Manual', 'Selenium, Ranorex, SOAP UI Test Director, HP ALM, JIRA, JAMA ClearQuest, FogBugz, HP ALM Internet Explorer, Mozilla Firefox, Google Chrome, Safari Maven', 'NJ', 2, '781 333 1474 [C]', 'rajibmekap@gmail.com', 'H1-Visa', 'H1 -Transfer Prospect', 2, 'Ramprasad Vemula', '2019-03-19', 1, 0, 0, 0, 0, 0, 'USM - USA', '2 Week Notice', '225010790572', 42, '2019-03-20 08:36:29', 42, '2019-04-04 07:07:02'),
(89, 'Venkatesh Petrum', 'Hari Prasad Borra', 'Shweta Sakhala', 'Sr. ETL Developer', 'IBM Infosphere Data Stage v8.7,v9.1,v11.5 and UNIX Shell Scripting. Extremely proficient in SQL, Oracle,PL/SQL, DB2, Teradata, Data warehousing concepts', 'Irving texas', 2, '704-206-0201[C]', 'borrahariprasad@gmail.com', 'H1-Visa', 'H1 -Transfer Prospect', 2, 'Ramprasad Vemula', '2019-03-19', 1, 0, 0, 0, 0, 0, 'USM - USA', 'Immediate', '225010790238', 42, '2019-03-20 08:36:29', 42, '2019-04-04 07:07:02'),
(90, 'Ramoji Gollapudi', 'Krishna Kant Singh Kunal', 'Sarath Babu Mohan babu', 'Lead, Senior Developer, Designer', 'Java', 'Lafayette, LA', 2, '+1 (229)-299-3670[C]', 'kunal.gnit@gmail.com', 'H1-Visa', 'H1 -Transfer Prospect', 2, 'Sarath Babu Mohan babu', '2019-03-20', 0, 0, 0, 0, 0, 0, 'USM - USA', '2 Week Notice', '225011029448', 42, '2019-03-20 13:15:35', 42, '2019-04-04 07:07:02'),
(91, 'Ramoji Gollapudi', 'Prafull Ghatole', 'Sarath Babu Mohan babu', 'Lead SharePoint dev', 'SharePoint', 'Fishers, IN', 2, '(469) 9209425[W]', 'prafull.ghatole@gmail.com', 'H1-Visa', 'H1 -Transfer Prospect', 2, 'Sarath Babu Mohan babu', '2019-03-20', 0, 0, 0, 0, 0, 0, 'USM - USA', '2 Week Notice', '373276720', 42, '2019-03-20 13:15:35', 42, '2019-04-04 07:07:02'),
(92, 'Ramoji Gollapudi', 'Rohit Sharma', 'Sarath Babu Mohan babu', 'SalesForce developer', 'SalesForce', 'Milford, CT', 2, '+1 248-679-6938[C]', 'sharma.force@gmail.com', 'H1-Visa', 'H1 -Transfer Prospect', 2, 'Sarath Babu Mohan babu', '2019-03-20', 0, 0, 0, 0, 0, 0, 'USM - USA', '3 Week Notice', '225011053455', 42, '2019-03-20 13:15:35', 42, '2019-04-04 07:07:02'),
(93, 'Venu Polineni', 'Rohith Reddy KomatiReddy', 'Sudhir Pragada', 'Oracle WebLogic SOA Administrator', 'Weblogic/SOA Administrator', 'Minnesota', 2, '567-280-0230[C]', 'rohit.wls@gmail.com', 'H1-Visa', 'W2 - USM', 2, 'Venu Polineni', '2019-03-20', 0, 113, 106, 6, 0, 4, 'USM - USA', 'Immediate', '262410966', 42, '2019-03-20 13:15:35', 42, '2019-04-04 07:07:02'),
(95, 'Team Lead name', 'Consultant Name', 'BDM Name', 'MicroStrategy Architect', 'MicroStrategy 7x,8x,9x,10x Administration, Narrowcast   Server, MicroStrategy web, Intelligence Server and Web Universal, Report Services, MicroStrategy Office, Metadata Auditing)', 'Charlotte NC', 2, '609-903-7377[C]', 'narendermila.mstr@gmail.co', 'H1-Visa', 'W2 - Prospect', 1, 'Shweta Sakhala', '2018-12-11', 55, 13, 13, 0, 0, 0, 'USM - USA', 'Immediate', '491616140', 2, '2019-04-04 07:06:12', 2, '2019-04-04 07:06:12');

-- --------------------------------------------------------

--
-- Table structure for table `interview_status`
--

CREATE TABLE IF NOT EXISTS `interview_status` (
  `id` int(10) UNSIGNED NOT NULL AUTO_INCREMENT,
  `name` varchar(128) NOT NULL,
  `description` varchar(255) DEFAULT NULL,
  `color` varchar(32) DEFAULT NULL,
  `status` tinyint(1) NOT NULL DEFAULT '1',
  `created_by` int(10) UNSIGNED DEFAULT NULL,
  `created_at` datetime DEFAULT NULL,
  `updated_by` int(10) UNSIGNED DEFAULT NULL,
  `updated_at` timestamp NOT NULL DEFAULT CURRENT_TIMESTAMP ON UPDATE CURRENT_TIMESTAMP,
  `deleted_by` int(10) UNSIGNED DEFAULT NULL,
  `deleted_at` timestamp NULL DEFAULT NULL,
  PRIMARY KEY (`id`),
  KEY `created_by` (`created_by`),
  KEY `status` (`status`)
) ENGINE=InnoDB AUTO_INCREMENT=9 DEFAULT CHARSET=latin1;

--
-- RELATIONSHIPS FOR TABLE `interview_status`:
--

--
-- Dumping data for table `interview_status`
--

INSERT INTO `interview_status` (`id`, `name`, `description`, `color`, `status`, `created_by`, `created_at`, `updated_by`, `updated_at`, `deleted_by`, `deleted_at`) VALUES
(1, 'In-Process', 'Inprocess', 'badge-pending', 1, 1, '2019-01-11 14:03:10', NULL, '2019-01-11 11:37:10', NULL, NULL),
(2, 'Selected', 'selected', 'badge-approved', 1, 1, '2019-01-11 14:03:10', NULL, '2019-01-11 11:37:10', NULL, NULL),
(3, 'Offer Released', 'Offer released', 'badge-manager', 1, 1, '2019-01-11 14:03:10', NULL, '2019-01-11 11:37:10', NULL, NULL),
(4, 'Offer Rejected', 'Offer Rejected', 'badge-rejected', 1, 1, '2019-01-11 14:03:10', NULL, '2019-01-11 11:37:10', NULL, NULL),
(5, 'Hired', 'Hired', 'badge-marketing', 1, 1, '2019-01-11 14:03:10', NULL, '2019-01-11 11:37:10', NULL, NULL),
(6, 'Rejected', 'Rejected', 'badge-rejected', 1, 1, '2019-01-11 14:03:10', NULL, '2019-01-11 11:37:10', NULL, NULL),
(7, 'Shortlisted', 'resume shortlisted', 'badge-marketing', 1, 1, '2019-01-11 14:03:10', NULL, '2019-01-11 11:37:10', NULL, NULL),
(8, 'On Board', 'On Board', 'badge-onboard', 1, 1, '2019-02-09 06:00:08', NULL, '2019-03-19 05:06:44', NULL, NULL);

-- --------------------------------------------------------

--
-- Table structure for table `interview_types`
--

CREATE TABLE IF NOT EXISTS `interview_types` (
  `id` int(10) UNSIGNED NOT NULL AUTO_INCREMENT,
  `name` varchar(128) NOT NULL,
  `description` varchar(255) DEFAULT NULL,
  `status` tinyint(1) NOT NULL DEFAULT '1',
  `color_code` varchar(16) DEFAULT NULL,
  `color_cls` varchar(16) DEFAULT NULL,
  `created_by` int(10) UNSIGNED DEFAULT NULL,
  `created_at` datetime DEFAULT NULL,
  PRIMARY KEY (`id`),
  KEY `created_by` (`created_by`),
  KEY `status` (`status`)
) ENGINE=InnoDB AUTO_INCREMENT=7 DEFAULT CHARSET=latin1;

--
-- RELATIONSHIPS FOR TABLE `interview_types`:
--

--
-- Dumping data for table `interview_types`
--

INSERT INTO `interview_types` (`id`, `name`, `description`, `status`, `color_code`, `color_cls`, `created_by`, `created_at`) VALUES
(1, 'F2F Round', 'face to face', 1, '#009d6b', 'hd-count', 1, NULL),
(2, 'Telephonic Round', 'Telephonic', 1, '#ef4438', 'lop-count', 1, NULL),
(3, 'Skype Round', 'skype', 1, '#4caf50', 'pr-count', 1, NULL),
(4, 'Technical Round', 'Technical round', 1, '#9e9e9e', 'wfh-count', 1, NULL),
(5, 'Manager Round', 'Manager Round', 1, '#38a4dd', 'pl-count', 1, NULL),
(6, 'HR Round', 'HR round', 1, '#8e76b6', 'co-count', 1, NULL);

-- --------------------------------------------------------

--
-- Table structure for table `inventory_add_quantity`
--

CREATE TABLE IF NOT EXISTS `inventory_add_quantity` (
  `id` int(11) NOT NULL AUTO_INCREMENT,
  `product_id` int(11) DEFAULT NULL,
  `quantity` int(11) DEFAULT NULL,
  `status` tinyint(4) NOT NULL DEFAULT '1',
  `created_by` int(11) DEFAULT NULL,
  `created_at` datetime DEFAULT NULL,
  `updated_at` timestamp NOT NULL DEFAULT CURRENT_TIMESTAMP ON UPDATE CURRENT_TIMESTAMP,
  PRIMARY KEY (`id`)
) ENGINE=InnoDB AUTO_INCREMENT=8 DEFAULT CHARSET=utf8;

--
-- RELATIONSHIPS FOR TABLE `inventory_add_quantity`:
--

--
-- Dumping data for table `inventory_add_quantity`
--

INSERT INTO `inventory_add_quantity` (`id`, `product_id`, `quantity`, `status`, `created_by`, `created_at`, `updated_at`) VALUES
(1, 1, 15, 1, 1, '2022-10-14 13:27:12', '2022-10-14 07:57:12'),
(2, 2, 50, 1, 1, '2022-10-17 19:38:07', '2022-10-17 14:08:07'),
(3, 2, 30, 1, 1, '2022-10-17 19:39:06', '2022-10-17 14:09:06'),
(4, 3, 30, 1, 1, '2022-10-17 19:44:40', '2022-10-17 14:14:40'),
(5, 1, 5, 1, 1, '2022-10-17 19:45:31', '2022-10-17 14:15:31'),
(6, 1, 5, 1, 1, '2022-10-17 19:45:31', '2022-10-17 14:15:31'),
(7, 4, 50, 1, 1, '2022-10-17 19:49:51', '2022-10-17 14:19:51');

-- --------------------------------------------------------

--
-- Table structure for table `inventory_category`
--

CREATE TABLE IF NOT EXISTS `inventory_category` (
  `id` int(11) NOT NULL AUTO_INCREMENT,
  `name` varchar(200) DEFAULT NULL,
  `company_id` int(11) DEFAULT NULL,
  `status` tinyint(4) NOT NULL DEFAULT '1',
  `created_by` int(11) DEFAULT NULL,
  `created_at` datetime DEFAULT NULL,
  `updated_at` timestamp NOT NULL DEFAULT CURRENT_TIMESTAMP ON UPDATE CURRENT_TIMESTAMP,
  `updated_by` int(11) DEFAULT NULL,
  PRIMARY KEY (`id`)
) ENGINE=InnoDB AUTO_INCREMENT=4 DEFAULT CHARSET=utf8;

--
-- RELATIONSHIPS FOR TABLE `inventory_category`:
--

--
-- Dumping data for table `inventory_category`
--

INSERT INTO `inventory_category` (`id`, `name`, `company_id`, `status`, `created_by`, `created_at`, `updated_at`, `updated_by`) VALUES
(1, 'Washroom', 1, 1, 1, '2022-10-14 13:26:52', '2022-10-14 07:56:52', NULL),
(2, 'kitchen', 1, 1, 1, '2022-10-17 19:37:20', '2022-10-17 14:07:20', NULL),
(3, 'stationary', 1, 1, 1, '2022-10-17 19:46:27', '2022-10-17 14:19:29', 1);

-- --------------------------------------------------------

--
-- Table structure for table `inventory_products`
--

CREATE TABLE IF NOT EXISTS `inventory_products` (
  `id` int(11) NOT NULL AUTO_INCREMENT,
  `name` varchar(200) DEFAULT NULL,
  `category` int(11) DEFAULT NULL,
  `quantity` int(11) DEFAULT NULL,
  `status` tinyint(4) NOT NULL DEFAULT '1',
  `company_id` int(11) DEFAULT NULL,
  `created_by` int(11) DEFAULT NULL,
  `created_at` datetime DEFAULT NULL,
  `updated_at` timestamp NOT NULL DEFAULT CURRENT_TIMESTAMP ON UPDATE CURRENT_TIMESTAMP,
  `updated_by` int(11) DEFAULT NULL,
  PRIMARY KEY (`id`)
) ENGINE=InnoDB AUTO_INCREMENT=5 DEFAULT CHARSET=utf8;

--
-- RELATIONSHIPS FOR TABLE `inventory_products`:
--

--
-- Dumping data for table `inventory_products`
--

INSERT INTO `inventory_products` (`id`, `name`, `category`, `quantity`, `status`, `company_id`, `created_by`, `created_at`, `updated_at`, `updated_by`) VALUES
(1, 'Lizol', 1, 18, 1, 1, 1, '2022-10-14 13:27:12', '2022-10-17 14:15:31', NULL),
(2, 'coffee bru', 2, 40, 1, 1, 1, '2022-10-17 19:38:07', '2022-10-17 14:15:16', NULL),
(3, 'salt', 2, 20, 2, 1, 1, '2022-10-17 19:44:40', '2022-10-17 14:27:01', 1),
(4, 'note pads', 3, 20, 1, 1, 1, '2022-10-17 19:49:51', '2022-10-17 14:21:59', NULL);

-- --------------------------------------------------------

--
-- Table structure for table `inventory_usage`
--

CREATE TABLE IF NOT EXISTS `inventory_usage` (
  `id` int(11) NOT NULL AUTO_INCREMENT,
  `product_id` int(11) DEFAULT NULL,
  `quantity` int(11) DEFAULT NULL,
  `status` tinyint(4) NOT NULL DEFAULT '1',
  `created_by` int(11) DEFAULT NULL,
  `created_at` datetime DEFAULT NULL,
  `updated_at` timestamp NOT NULL DEFAULT CURRENT_TIMESTAMP ON UPDATE CURRENT_TIMESTAMP,
  PRIMARY KEY (`id`)
) ENGINE=InnoDB AUTO_INCREMENT=6 DEFAULT CHARSET=utf8;

--
-- RELATIONSHIPS FOR TABLE `inventory_usage`:
--

--
-- Dumping data for table `inventory_usage`
--

INSERT INTO `inventory_usage` (`id`, `product_id`, `quantity`, `status`, `created_by`, `created_at`, `updated_at`) VALUES
(1, 1, 7, 1, 1, '2022-10-14 13:27:42', '2022-10-14 07:57:42'),
(2, 2, 10, 1, 1, '2022-10-17 19:38:47', '2022-10-17 14:08:47'),
(3, 3, 10, 1, 1, '2022-10-17 19:44:58', '2022-10-17 14:14:58'),
(4, 2, 30, 1, 1, '2022-10-17 19:45:16', '2022-10-17 14:15:16'),
(5, 4, 30, 1, 1, '2022-10-17 19:51:59', '2022-10-17 14:21:59');

-- --------------------------------------------------------

--
-- Table structure for table `job_approvals_history`
--

CREATE TABLE IF NOT EXISTS `job_approvals_history` (
  `id` int(11) UNSIGNED NOT NULL AUTO_INCREMENT,
  `job_id` int(11) UNSIGNED DEFAULT NULL,
  `old_status` tinyint(3) UNSIGNED DEFAULT NULL,
  `new_status` tinyint(3) UNSIGNED DEFAULT NULL,
  `action_date` datetime DEFAULT NULL,
  `created_by` tinyint(3) UNSIGNED DEFAULT NULL,
  `created_at` datetime DEFAULT NULL,
  PRIMARY KEY (`id`),
  KEY `created_by` (`created_by`),
  KEY `job_id` (`job_id`)
) ENGINE=InnoDB AUTO_INCREMENT=41 DEFAULT CHARSET=utf8mb4 COLLATE=utf8mb4_unicode_520_ci;

--
-- RELATIONSHIPS FOR TABLE `job_approvals_history`:
--

--
-- Dumping data for table `job_approvals_history`
--

INSERT INTO `job_approvals_history` (`id`, `job_id`, `old_status`, `new_status`, `action_date`, `created_by`, `created_at`) VALUES
(1, 1, 0, 1, '2019-03-19 10:44:53', 255, '2019-03-19 10:44:53'),
(2, 2, 0, 1, '2019-03-19 10:45:17', 35, '2019-03-19 10:45:17'),
(3, 3, 0, 1, '2019-03-19 10:47:16', 34, '2019-03-19 10:47:16'),
(4, 4, 0, 1, '2019-03-19 10:52:26', 255, '2019-03-19 10:52:26'),
(5, 5, 0, 1, '2019-03-19 11:07:22', 19, '2019-03-19 11:07:22'),
(6, 6, 0, 1, '2019-03-25 12:41:30', 1, '2019-03-25 12:41:30'),
(7, 6, 1, 2, '2019-03-25 12:47:47', 192, '2019-03-25 12:47:47'),
(8, 7, 0, 1, '2019-03-26 10:08:50', 1, '2019-03-26 10:08:50'),
(9, 7, 1, 2, '2019-03-26 10:43:28', 192, '2019-03-26 10:43:28'),
(10, 8, 0, 1, '2019-04-01 17:33:45', 199, '2019-04-01 17:33:45'),
(11, 8, 1, 2, '2019-04-01 17:51:28', 255, '2019-04-01 17:51:28'),
(12, 9, 0, 1, '2019-04-01 17:53:52', 199, '2019-04-01 17:53:52'),
(13, 9, 1, 2, '2019-04-01 17:54:06', 255, '2019-04-01 17:54:06'),
(14, 10, 0, 1, '2019-04-02 11:01:49', 199, '2019-04-02 11:01:49'),
(15, 10, 1, 2, '2019-04-02 11:03:39', 192, '2019-04-02 11:03:39'),
(16, 11, 0, 1, '2019-04-02 16:18:57', 255, '2019-04-02 16:18:57'),
(17, 11, 1, 2, '2019-04-02 16:20:14', 255, '2019-04-02 16:20:14'),
(18, 12, 0, 1, '2019-04-02 17:44:42', 199, '2019-04-02 17:44:42'),
(19, 12, 1, 3, '2019-04-03 15:10:24', 255, '2019-04-03 15:10:24'),
(20, 13, 0, 1, '2019-04-03 18:01:09', 2, '2019-04-03 18:01:09'),
(21, 13, 1, 2, '2019-04-03 18:03:17', 1, '2019-04-03 18:03:17'),
(22, 15, 0, 1, '2019-04-04 16:28:18', 2, '2019-04-04 16:28:18'),
(23, 15, 1, 2, '2019-04-04 16:29:28', 1, '2019-04-04 16:29:28'),
(24, 15, 2, 4, '2019-04-04 17:09:42', 2, '2019-04-04 17:09:42'),
(25, 15, 4, 1, '2019-04-04 17:14:12', 2, '2019-04-04 17:14:12'),
(26, 15, 1, 2, '2019-04-04 17:14:41', 1, '2019-04-04 17:14:41'),
(27, 16, 0, 1, '2019-04-04 17:25:49', 1, '2019-04-04 17:25:49'),
(28, 16, 1, 2, '2019-04-04 17:30:32', 1, '2019-04-04 17:30:32'),
(29, 5, 1, 2, '2019-04-04 18:37:16', 203, '2019-04-04 18:37:16'),
(30, 17, 0, 1, '2021-10-11 16:38:45', 1, '2021-10-11 16:38:45'),
(31, 17, 1, 2, '2021-10-11 16:40:56', 192, '2021-10-11 16:40:56'),
(32, 18, 0, 1, '2021-10-11 17:49:11', 1, '2021-10-11 17:49:11'),
(33, 18, 1, 2, '2021-10-11 17:51:00', 192, '2021-10-11 17:51:00'),
(34, 19, 0, 1, '2021-10-12 10:39:53', 1, '2021-10-12 10:39:53'),
(35, 19, 1, 2, '2021-10-12 11:00:44', 192, '2021-10-12 11:00:44'),
(36, 20, 0, 1, '2021-10-12 11:13:47', 1, '2021-10-12 11:13:47'),
(37, 20, 1, 2, '2021-10-12 11:15:37', 192, '2021-10-12 11:15:37'),
(38, 21, 0, 1, '2021-10-22 12:40:43', 1, '2021-10-22 12:40:43'),
(39, 22, 0, 1, '2021-10-25 13:02:42', 1, '2021-10-25 13:02:42'),
(40, 23, 0, 1, '2023-04-03 19:05:56', 1, '2023-04-03 19:05:56');

-- --------------------------------------------------------

--
-- Table structure for table `job_assgn_users`
--

CREATE TABLE IF NOT EXISTS `job_assgn_users` (
  `id` int(11) NOT NULL AUTO_INCREMENT,
  `job_id` int(10) UNSIGNED NOT NULL,
  `user_id` int(11) UNSIGNED NOT NULL,
  `created_by` int(11) UNSIGNED DEFAULT NULL,
  `created_at` datetime DEFAULT NULL,
  `updated_by` int(11) UNSIGNED DEFAULT NULL,
  `updated_at` datetime DEFAULT NULL,
  PRIMARY KEY (`id`),
  KEY `job_id` (`job_id`),
  KEY `user_id` (`user_id`),
  KEY `created_by` (`created_by`),
  KEY `updated_by` (`updated_by`)
) ENGINE=InnoDB AUTO_INCREMENT=16 DEFAULT CHARSET=utf8mb4 COLLATE=utf8mb4_unicode_520_ci;

--
-- RELATIONSHIPS FOR TABLE `job_assgn_users`:
--

--
-- Dumping data for table `job_assgn_users`
--

INSERT INTO `job_assgn_users` (`id`, `job_id`, `user_id`, `created_by`, `created_at`, `updated_by`, `updated_at`) VALUES
(1, 7, 19, 1, '2019-03-26 11:27:55', NULL, NULL),
(2, 7, 35, 1, '2019-03-26 11:27:55', NULL, NULL),
(3, 7, 559, 1, '2019-04-01 16:53:27', NULL, NULL),
(4, 10, 19, 2, '2019-04-02 11:24:17', NULL, NULL),
(5, 10, 560, 2, '2019-04-02 11:24:18', NULL, NULL),
(6, 15, 19, 2, '2019-04-04 16:32:27', NULL, NULL),
(7, 15, 34, 2, '2019-04-04 16:32:43', NULL, NULL),
(8, 9, 19, 1, '2021-10-25 15:41:24', NULL, NULL),
(9, 9, 559, 1, '2021-10-25 15:41:28', NULL, NULL),
(12, 20, 35, 1, '2021-10-25 15:42:13', NULL, NULL),
(15, 20, 559, 1, '2021-10-25 15:45:26', NULL, NULL);

-- --------------------------------------------------------

--
-- Table structure for table `job_posting`
--

CREATE TABLE IF NOT EXISTS `job_posting` (
  `id` int(10) UNSIGNED NOT NULL AUTO_INCREMENT,
  `job_id` varchar(20) COLLATE utf8mb4_unicode_520_ci NOT NULL,
  `company_id` int(10) UNSIGNED DEFAULT NULL,
  `is_for` tinyint(1) UNSIGNED DEFAULT NULL,
  `empid` int(11) DEFAULT NULL,
  `requistion_type` tinyint(3) UNSIGNED NOT NULL COMMENT '1-New, 2-Replacement',
  `desg_id` int(10) UNSIGNED NOT NULL,
  `no_of_requirements` tinyint(3) UNSIGNED NOT NULL,
  `emp_type` tinyint(3) UNSIGNED NOT NULL COMMENT '1-Contract, 2-Permanent',
  `rel_exp_min` tinyint(3) UNSIGNED DEFAULT NULL,
  `rel_exp_max` tinyint(3) UNSIGNED DEFAULT NULL,
  `location_type` int(10) UNSIGNED NOT NULL,
  `anticipated_date` datetime NOT NULL,
  `qualification` varchar(64) COLLATE utf8mb4_unicode_520_ci DEFAULT NULL,
  `job_desc` text COLLATE utf8mb4_unicode_520_ci,
  `comments` text COLLATE utf8mb4_unicode_520_ci,
  `job_status` tinyint(1) NOT NULL DEFAULT '1',
  `is_open` tinyint(1) DEFAULT NULL,
  `status` tinyint(1) NOT NULL DEFAULT '2',
  `action_date` datetime DEFAULT NULL,
  `is_current_open` tinyint(1) DEFAULT '0',
  `created_by` int(10) UNSIGNED DEFAULT NULL,
  `is_requested_for` int(10) UNSIGNED NOT NULL,
  `job_owner` int(10) UNSIGNED DEFAULT NULL,
  `created_at` datetime DEFAULT NULL,
  `updated_by` int(10) UNSIGNED DEFAULT NULL,
  `updated_at` timestamp NOT NULL DEFAULT CURRENT_TIMESTAMP ON UPDATE CURRENT_TIMESTAMP,
  PRIMARY KEY (`id`),
  KEY `empid` (`empid`),
  KEY `requistion_type` (`requistion_type`),
  KEY `desg_id` (`desg_id`),
  KEY `rel_exp_min` (`rel_exp_min`),
  KEY `rel_exp_max` (`rel_exp_max`),
  KEY `location_type` (`location_type`),
  KEY `job_status` (`job_status`),
  KEY `is_open` (`is_open`),
  KEY `status` (`status`),
  KEY `is_current_open` (`is_current_open`),
  KEY `created_by` (`created_by`),
  KEY `is_requested_for` (`is_requested_for`),
  KEY `job_owner` (`job_owner`)
) ENGINE=InnoDB AUTO_INCREMENT=24 DEFAULT CHARSET=utf8mb4 COLLATE=utf8mb4_unicode_520_ci;

--
-- RELATIONSHIPS FOR TABLE `job_posting`:
--

--
-- Dumping data for table `job_posting`
--

INSERT INTO `job_posting` (`id`, `job_id`, `company_id`, `is_for`, `empid`, `requistion_type`, `desg_id`, `no_of_requirements`, `emp_type`, `rel_exp_min`, `rel_exp_max`, `location_type`, `anticipated_date`, `qualification`, `job_desc`, `comments`, `job_status`, `is_open`, `status`, `action_date`, `is_current_open`, `created_by`, `is_requested_for`, `job_owner`, `created_at`, `updated_by`, `updated_at`) VALUES
(1, 'NHYD19031901', NULL, 1, 560, 1, 10, 2, 2, 1, 5, 5, '2019-04-01 00:00:00', NULL, 'Should have strong experience as Technical Recruiter in US IT Recruitment.\r\nEnd to End of recruitment experience.\r\nExcellent knowledge of sourcing candidates from different sources like Job Boards, Social Media, Networking, Head Hunting etc. \r\nWell versed with US Job Portals like Dice, Indeed, Monster, CareerBuilder etc.,\r\nKnowledge of US Contracting - 1099, Corp to Corp, W2 (Hourly/Annual), W2 with Per-Diem.\r\nShould be comfortable to work with US Citizens and Green Card holders.\r\nIdentifying the right candidate with the right skills for the right position.\r\nSound knowledge on IT Skills and latest Technologies.\r\nNeed target oriented candidates with a history of achieving target.\r\nVery Strong communication and inter personal skills.\r\nShould be proactive in identifying right segments for various requirements.', NULL, 1, NULL, 1, '2019-03-19 10:44:53', 2, 560, 203, 1, '2019-03-19 10:44:53', NULL, '2019-03-19 05:14:53'),
(2, 'NHYD19031902', NULL, 1, 35, 1, 16, 3, 2, 1, 3, 5, '2019-04-02 00:00:00', NULL, '•	A minimum of three years of full life-cycle recruitment experience conducting extensive interviews with US Citizen Technical candidates\r\n•	In depth understanding of technical roles and requirements within IT job descriptions\r\n•	Experience identifying qualified candidates with impeccable attention to detail to ensure skills within resumes meet the required skills in job description\r\n•	Ability to clearly articulate requirements to candidates\r\n•	Strong sourcing, networking, and interpersonal skills, including professional phone manner \r\n•	Proven history of working with Direct Clients\r\n•	Demonstrated success in negotiating salaries and hourly pay rates\r\n•	Experience working with US Citizens, Green Card holders, and H-1B Candidates\r\n•	Fluent in English, oral and written communication\r\n•	Experience developing and maintaining a pipeline of strategic technical area experts\r\n•	Familiarity with US employment terminology, i.e. W2, 1099, C2C, etc.', NULL, 1, NULL, 1, '2019-03-19 10:45:17', 2, 35, 203, 1, '2019-03-19 10:45:17', NULL, '2019-03-19 05:15:17'),
(3, 'NHYD19031903', NULL, 1, 34, 1, 175, 1, 2, 0, 1, 5, '2019-04-02 00:00:00', 'Any graduate', 'A candidate has Good communication skills with basic knowledge of recruitment who has ready to do work in night shift .', NULL, 1, NULL, 1, '2019-03-19 10:47:16', 2, 34, 203, 1, '2019-03-19 10:47:16', 34, '2019-03-19 05:17:16'),
(4, 'NHYD19031904', NULL, 1, 559, 1, 25, 5, 2, 2, 5, 5, '2019-04-01 00:00:00', NULL, 'Job Description:\r\n•	Should have 1-5 Years of strong experience as Technical Recruiter in US IT Recruitment.\r\n•	End to End of recruitment experience.\r\n•	Excellent knowledge of sourcing candidates from different sources like Job Boards, Social Media, Networking, Head Hunting etc.\r\n•	Well versed with US Job Portals like Dice, Indeed, Monster, CareerBuilder etc.,\r\n•	Knowledge of US Contracting - 1099, Corp to Corp, W2 (Hourly/Annual), W2 with Per-Diem,H1B Transfers \r\n•	Should be comfortable to work with US Citizens and Green Card holders.\r\n•	Identifying the right candidate with the right skills for the right position.\r\n•	Sound knowledge on IT Skills and latest Technologies.\r\n•	Need target oriented candidates with a history of achieving target.\r\n•	Very Strong communication and inter personal skills.\r\n•	Should be proactive in identifying right segments for various requirements.', NULL, 1, NULL, 1, '2019-03-19 10:52:26', 2, 559, 203, 1, '2019-03-19 10:52:26', NULL, '2019-03-19 05:22:26'),
(5, 'NHYD19031905', NULL, 1, 19, 1, 19, 3, 2, 2, 5, 5, '2019-04-02 00:00:00', NULL, 'Should have 2-5 Years of strong experience as Technical Recruiter in US IT Recruitment.\r\n.End to End of recruitment experience.\r\n.Excellent knowledge of sourcing candidates from different sources like Job Boards, Social Media, Networking, Head Hunting etc.\r\n.Well versed with US Job Portals like Dice, Indeed, Monster, CareerBuilder etc.,\r\n.Knowledge of US Contracting - 1099, Corp to Corp, W2 (Hourly/Annual) .\r\n.Should be comfortable to work with US Citizens and Green Card holders.\r\n.Identifying the right candidate with the right skills for the right position.\r\n.Sound knowledge on IT Skills and latest Technologies.\r\n.Very Strong communication and inter personal skills.\r\n.Should be proactive in identifying right segments for various requirements.', '', 1, NULL, 2, '2019-04-04 18:37:16', 2, 19, 203, 1, '2019-03-19 11:07:22', 203, '2019-04-04 13:07:16'),
(6, 'NHYD25031906', NULL, 1, 1, 1, 55, 1, 2, 1, 2, 7, '2019-03-25 00:00:00', 'PG', 'FDSAFAS DFAS', '', 1, NULL, 2, '2019-03-25 12:47:47', 2, 1, 192, 0, '2019-03-25 12:41:30', 192, '2019-03-25 07:17:47'),
(7, 'NPUN26031907', NULL, 1, 1, 1, 148, 1, 1, 2, 4, 4, '2019-04-10 00:00:00', 'Btech', 'Have good knowledge on mobility', '', 1, NULL, 2, '2019-03-26 10:43:28', 2, 1, 192, 1, '2019-03-26 10:08:50', 2, '2019-04-02 11:44:56'),
(8, 'NHYD01041908', NULL, 1, 199, 1, 173, 1, 1, 2, 5, 8, '2019-04-01 00:00:00', 'Any graduate', 'testing', '', 1, NULL, 2, '2019-04-01 17:51:28', 1, 199, 362, 0, '2019-04-01 17:33:45', 2, '2019-04-02 11:44:50'),
(9, 'NVIJ01041909', NULL, 1, 199, 1, 148, 2, 1, 5, 5, 9, '2019-04-01 00:00:00', 'test', 'testing', '', 1, NULL, 2, '2019-04-01 17:54:06', 1, 199, 362, 362, '2019-04-01 17:53:52', 2, '2019-04-02 11:44:40'),
(10, 'NBEN02041910', NULL, 2, 362, 1, 140, 1, 2, 5, 7, 26, '2019-04-03 00:00:00', 'B Tech', 'A Java developer is responsible for many duties throughout the development life cycle of applications, from concept and design right through to testing. Here are some other responsibilities they may have: Design, implement and maintain java application phases. ... Develop, test, implement and maintain application software.', '', 1, NULL, 2, '2019-04-02 11:03:39', 1, 199, 192, 362, '2019-04-02 11:01:49', 2, '2019-04-02 05:47:55'),
(11, 'NDAL02041911', NULL, 1, 620, 1, 3, 3, 1, 4, 7, 13, '2019-04-02 00:00:00', 'B Tech', 'testing', '', 1, NULL, 2, '2019-04-02 16:20:14', 1, 620, 303, 620, '2019-04-02 16:18:57', 620, '2019-04-02 11:39:08'),
(12, 'NBEN02041912', NULL, 1, 199, 1, 1, 1, 1, 11, 11, 26, '2019-04-02 00:00:00', 'Any Graduate', 'testing', 'testing', 3, NULL, 3, '2019-04-03 15:10:24', 2, 199, 362, 362, '2019-04-02 17:44:42', 362, '2019-04-03 09:40:24'),
(13, 'NBAR03041913', NULL, 1, 2, 1, 81, 1, 1, 6, 11, 1, '2019-04-03 00:00:00', 'Any Graduate', 'Lorem ipsum is placeholder text commonly used in the graphic, print, and publishing industries for previewing layouts and visual mockups.', '', 1, NULL, 2, '2019-04-03 18:03:17', 2, 2, 1, 1, '2019-04-03 18:01:09', 1, '2019-04-08 09:29:45'),
(14, 'NHYD040419162631', NULL, 2, 64, 1, 69, 2, 1, 1, 4, 5, '2019-04-04 00:00:00', NULL, 'orem Ipsum is simply dummy text of the printing and typesetting industry. Lorem Ipsum has been the industry\'s standard dummy text ever since the 1500s, when an unknown printer took a galley of type and scrambled it to make a type specimen book.', NULL, 1, NULL, 0, '2019-04-04 16:26:31', 2, 2, 1, 1, '2019-04-04 16:26:31', NULL, '2019-04-04 10:56:31'),
(15, 'NPUN04041914', NULL, 1, 2, 1, 173, 2, 2, 2, 5, 4, '2019-04-04 00:00:00', 'btech', 'orem Ipsum is simply dummy text of the printing and typesetting industry. Lorem Ipsum has been the industry\'s standard dummy text ever since the 1500s, when an unknown printer took a galley of type and scrambled it to make a type specimen book.', '', 1, NULL, 2, '2019-04-04 17:14:41', 1, 2, 1, 1, '2019-04-04 17:14:12', 1, '2019-04-04 11:47:42'),
(16, 'NBAN04041915', NULL, 2, 184, 1, 148, 1, 2, 0, 2, 18, '2019-04-04 00:00:00', 'MBBS', 'TEST JOB', 'TEST', 3, NULL, 2, '2019-04-04 17:30:32', 1, 1, 1, 0, '2019-04-04 17:25:49', 1, '2019-04-05 11:59:29'),
(17, 'NBAR11102116', NULL, 1, 1, 1, 3, 3, 2, 2, 4, 1, '2021-10-11 00:00:00', NULL, 'loreum lipsum', '', 1, NULL, 2, '2021-10-11 16:40:56', 2, 1, 192, 1, '2021-10-11 16:38:45', 192, '2021-10-11 11:10:56'),
(18, 'NHYD11102117', NULL, 1, 1, 1, 54, 2, 2, 2, 3, 5, '2021-10-20 00:00:00', 'Mtech', 'manual testing for web and mobile', '', 1, NULL, 2, '2021-10-11 17:51:00', 2, 1, 192, 1, '2021-10-11 17:49:11', 192, '2021-10-11 12:21:00'),
(19, 'NHYD12102118', NULL, 1, 1, 1, 135, 3, 2, 0, 8, 5, '2021-10-30 00:00:00', 'B.E', 'fresher test engineer', '', 1, NULL, 2, '2021-10-12 11:00:44', 2, 1, 192, 1, '2021-10-12 10:39:53', 192, '2021-10-12 05:30:44'),
(20, 'NHYD12102119', NULL, 1, 1, 1, 54, 2, 2, 2, 3, 5, '2021-10-18 00:00:00', NULL, 'selenium', '', 1, NULL, 2, '2021-10-12 11:15:37', 2, 1, 192, 1, '2021-10-12 11:13:47', 192, '2021-10-12 05:45:37'),
(21, 'RHYD22102101', NULL, 1, 1, 2, 47, 20, 1, 10, 11, 7, '2021-10-23 00:00:00', 'Btech', 'need good', NULL, 1, NULL, 1, '2021-10-22 12:40:42', 2, 1, 192, 0, '2021-10-22 12:40:42', NULL, '2021-10-22 07:10:42'),
(22, 'NHYD25102120', NULL, 1, 1, 1, 148, 1, 2, 0, 11, 5, '2021-10-31 00:00:00', NULL, 'android developer', NULL, 1, NULL, 1, '2021-10-25 13:02:42', 2, 1, 192, 1, '2021-10-25 13:02:42', NULL, '2021-10-25 07:32:42'),
(23, 'NHYD03042321', 1, 2, 2, 1, 148, 10, 1, 2, 5, 5, '2023-04-03 00:00:00', NULL, 'test jhhdf sdugfs dgsudgf sdifgs dfs', NULL, 1, NULL, 1, '2023-04-03 19:05:56', 2, 1, 1, 1, '2023-04-03 19:05:56', NULL, '2023-04-04 02:05:56');

-- --------------------------------------------------------

--
-- Table structure for table `job_profiles`
--

CREATE TABLE IF NOT EXISTS `job_profiles` (
  `profile_id` int(10) UNSIGNED NOT NULL AUTO_INCREMENT,
  `job_id` int(10) UNSIGNED NOT NULL,
  `first_name` varchar(128) COLLATE utf8mb4_unicode_520_ci NOT NULL,
  `last_name` varchar(128) COLLATE utf8mb4_unicode_520_ci NOT NULL,
  `email` varchar(255) COLLATE utf8mb4_unicode_520_ci NOT NULL,
  `mobile` varchar(16) COLLATE utf8mb4_unicode_520_ci NOT NULL,
  `experience` decimal(3,1) UNSIGNED DEFAULT NULL,
  `owner_id` int(10) UNSIGNED DEFAULT NULL,
  `created_by` int(10) UNSIGNED NOT NULL,
  `created_at` datetime NOT NULL,
  `updated_by` int(10) UNSIGNED DEFAULT NULL,
  `updated_at` timestamp NOT NULL DEFAULT CURRENT_TIMESTAMP,
  `interview_status` tinyint(3) UNSIGNED NOT NULL,
  `description` text COLLATE utf8mb4_unicode_520_ci,
  `resume` varchar(255) COLLATE utf8mb4_unicode_520_ci DEFAULT NULL,
  `source` tinyint(3) DEFAULT NULL,
  `referred_by` int(10) UNSIGNED DEFAULT NULL,
  PRIMARY KEY (`profile_id`),
  KEY `job_id` (`job_id`),
  KEY `owner_id` (`owner_id`),
  KEY `created_by` (`created_by`),
  KEY `interview_status` (`interview_status`),
  KEY `referred_by` (`referred_by`)
) ENGINE=InnoDB AUTO_INCREMENT=13 DEFAULT CHARSET=utf8mb4 COLLATE=utf8mb4_unicode_520_ci;

--
-- RELATIONSHIPS FOR TABLE `job_profiles`:
--

--
-- Dumping data for table `job_profiles`
--

INSERT INTO `job_profiles` (`profile_id`, `job_id`, `first_name`, `last_name`, `email`, `mobile`, `experience`, `owner_id`, `created_by`, `created_at`, `updated_by`, `updated_at`, `interview_status`, `description`, `resume`, `source`, `referred_by`) VALUES
(1, 7, 'Mahesh', 'babu', 'babu@gmail.com', '7845129630', '5.0', 1, 1, '2019-03-26 11:27:16', NULL, '2019-03-26 07:24:10', 7, NULL, 'uploads/resumes/260319112716_210119125801_Contracts.docx', 2, 0),
(2, 7, 'vijay', 'devarakonda', 'vijay@gmail.com', '8886476477', '6.0', 1, 1, '2019-03-26 12:24:57', 1, '2021-10-25 10:20:43', 2, NULL, 'uploads/resumes/260319122457_bugs hrms.docx', 1, 1),
(3, 10, 'Krishna', 'Mohan', 'mohan9948484681@gmail.com', '8897495739', '5.0', 2, 199, '2019-04-02 11:18:58', 2, '2019-04-02 06:29:13', 5, NULL, 'uploads/resumes/020419111858_745.docx', 1, 199),
(4, 10, 'ROCK', 'THE', 'krishnamohan9948484681@gmail.com', '7893941641', '5.0', 19, 19, '2019-04-02 11:52:33', NULL, '2019-04-03 12:18:19', 8, NULL, 'uploads/resumes/020419115233_745.docx', 7, 0),
(5, 13, 'sai sharan', 'mkil', 'marasharanya2@gmail.com', '7412589632', '2.0', 2, 2, '2019-04-04 10:59:13', NULL, '2019-04-04 05:29:13', 1, NULL, 'uploads/resumes/040419105913_10 Qualities that Can Make You a Good Tester — Software Testing Help.pdf', 5, 0),
(6, 8, 'priya', 'k', 'h.@com', '1234567895', '2.0', 0, 470, '2019-04-04 15:19:46', NULL, '2019-04-04 09:49:46', 1, NULL, 'uploads/resumes/040419151946_10 Qualities that Can Make You a Good Tester — Software Testing Help.pdf', 1, 470),
(7, 15, 'sumanth', 'amar', 'sumanth4@gmaul.com', '7412365899', '2.0', 2, 2, '2019-04-04 16:34:13', NULL, '2019-04-04 11:15:45', 2, NULL, 'uploads/resumes/040419163413_sample.pdf', 6, 0),
(8, 15, 'zarorr', 'm', 'zarror3@linkedin.com', '5412366956', '2.0', 1, 2, '2019-04-04 17:07:47', 1, '2021-10-25 07:24:21', 2, NULL, 'uploads/resumes/040419170747_sample.pdf', 1, 2),
(9, 5, 'Brock', 'Lesnar', 'mohan9948484681@gmail.com', '8897495739', '5.0', 19, 19, '2019-04-04 18:39:36', NULL, '2021-11-30 10:06:34', 2, NULL, 'uploads/resumes/040419183936_745.docx', 2, 0),
(10, 16, 'ramulu', 'duvvada', 'ramulu@gmail.com2', '0100112101', '70.0', 1, 1, '2019-04-05 12:45:56', NULL, '2019-04-05 09:47:48', 8, NULL, 'uploads/resumes/050419124556_040419183936_745.docx', 2, 0),
(11, 11, 'raghava', 'sai', 'nandurinitish@gmail.com', '7989383180', '2.5', 1, 685, '2021-10-22 17:22:12', 1, '2021-10-25 07:24:34', 2, NULL, 'uploads/resumes/221021172212_35.pdf', 4, 685),
(12, 11, 'nitish', 'nitish', 'nitish@gmail.com', '7989383108', '2.5', 1, 701, '2021-10-25 12:35:40', 1, '2021-10-25 07:07:45', 8, NULL, 'uploads/resumes/251021123540_CanteenMenu2.pdf', 1, 701);

-- --------------------------------------------------------

--
-- Table structure for table `job_skills`
--

CREATE TABLE IF NOT EXISTS `job_skills` (
  `job_id` int(10) UNSIGNED NOT NULL,
  `skill_id` int(10) UNSIGNED NOT NULL,
  KEY `skill_id` (`skill_id`),
  KEY `job_id` (`job_id`)
) ENGINE=InnoDB DEFAULT CHARSET=utf8mb4 COLLATE=utf8mb4_unicode_520_ci;

--
-- RELATIONSHIPS FOR TABLE `job_skills`:
--

--
-- Dumping data for table `job_skills`
--

INSERT INTO `job_skills` (`job_id`, `skill_id`) VALUES
(6, 1),
(6, 3),
(6, 4),
(7, 10),
(7, 14),
(8, 1),
(8, 2),
(8, 3),
(8, 4),
(8, 5),
(8, 6),
(8, 12),
(9, 5),
(9, 7),
(9, 8),
(10, 1),
(10, 3),
(10, 6),
(10, 7),
(10, 8),
(10, 9),
(11, 4),
(11, 8),
(11, 12),
(11, 13),
(11, 14),
(11, 15),
(12, 13),
(12, 14),
(12, 15),
(13, 12),
(13, 14),
(13, 15),
(14, 3),
(14, 4),
(14, 5),
(15, 4),
(15, 5),
(15, 6),
(16, 1),
(16, 2),
(16, 3),
(16, 4),
(17, 2),
(17, 3),
(17, 13),
(18, 8),
(18, 13),
(18, 14),
(18, 15),
(19, 1),
(19, 2),
(19, 3),
(21, 1),
(21, 2),
(21, 3),
(21, 4),
(21, 5),
(21, 6),
(21, 7),
(21, 8),
(21, 9),
(21, 10),
(21, 11),
(21, 12),
(21, 13),
(21, 14),
(21, 15);

-- --------------------------------------------------------

--
-- Table structure for table `job_status_history`
--

CREATE TABLE IF NOT EXISTS `job_status_history` (
  `id` int(10) UNSIGNED NOT NULL AUTO_INCREMENT,
  `job_id` int(10) UNSIGNED DEFAULT NULL,
  `old_status` tinyint(4) UNSIGNED DEFAULT NULL,
  `new_status` tinyint(4) UNSIGNED DEFAULT NULL,
  `comments` varchar(255) COLLATE utf8mb4_unicode_520_ci DEFAULT NULL,
  `created_by` int(10) UNSIGNED DEFAULT NULL,
  `created_at` datetime DEFAULT NULL,
  PRIMARY KEY (`id`),
  KEY `created_by` (`created_by`),
  KEY `job_id` (`job_id`)
) ENGINE=InnoDB AUTO_INCREMENT=5 DEFAULT CHARSET=utf8mb4 COLLATE=utf8mb4_unicode_520_ci;

--
-- RELATIONSHIPS FOR TABLE `job_status_history`:
--

--
-- Dumping data for table `job_status_history`
--

INSERT INTO `job_status_history` (`id`, `job_id`, `old_status`, `new_status`, `comments`, `created_by`, `created_at`) VALUES
(1, 12, 1, 3, NULL, 362, '2019-04-03 15:10:24'),
(2, 15, 1, 2, 'orem Ipsum is simply dummy text of the printing and typesetting industry. Lorem Ipsum has been the industry\'s standard dummy text ever since the 1500s, when an unknown printer took a galley of type and scrambled it to make a type specimen book.', 2, '2019-04-04 17:09:42'),
(3, 15, 2, 1, NULL, 2, '2019-04-04 17:14:12'),
(4, 16, 1, 3, 'test comment', 1, '2019-04-05 17:29:29');

-- --------------------------------------------------------

--
-- Table structure for table `joinees_contact_details`
--

CREATE TABLE IF NOT EXISTS `joinees_contact_details` (
  `id` int(10) UNSIGNED NOT NULL AUTO_INCREMENT,
  `jid` int(10) UNSIGNED NOT NULL,
  `p_addr_line1` varchar(128) NOT NULL,
  `p_addr_line2` varchar(128) DEFAULT NULL,
  `p_city` varchar(128) NOT NULL,
  `p_district` int(10) UNSIGNED NOT NULL,
  `p_state` int(10) UNSIGNED NOT NULL,
  `p_country` int(10) UNSIGNED NOT NULL,
  `p_pincode` int(6) UNSIGNED NOT NULL,
  `c_addr_line1` varchar(128) NOT NULL,
  `c_addr_line2` varchar(128) DEFAULT NULL,
  `c_city` varchar(128) NOT NULL,
  `c_district` int(10) UNSIGNED NOT NULL,
  `c_state` int(10) UNSIGNED NOT NULL,
  `c_country` int(10) UNSIGNED NOT NULL,
  `c_pincode` int(6) UNSIGNED NOT NULL,
  `emer_contact_name` varchar(128) NOT NULL,
  `emer_contact_relation` tinyint(3) UNSIGNED NOT NULL,
  `emer_contact_phone` varchar(16) NOT NULL,
  `emer_contact_address` varchar(255) NOT NULL,
  PRIMARY KEY (`id`),
  KEY `jid` (`jid`)
) ENGINE=InnoDB AUTO_INCREMENT=5 DEFAULT CHARSET=utf8;

--
-- RELATIONSHIPS FOR TABLE `joinees_contact_details`:
--

--
-- Dumping data for table `joinees_contact_details`
--

INSERT INTO `joinees_contact_details` (`id`, `jid`, `p_addr_line1`, `p_addr_line2`, `p_city`, `p_district`, `p_state`, `p_country`, `p_pincode`, `c_addr_line1`, `c_addr_line2`, `c_city`, `c_district`, `c_state`, `c_country`, `c_pincode`, `emer_contact_name`, `emer_contact_relation`, `emer_contact_phone`, `emer_contact_address`) VALUES
(1, 2, 'dfgsdfg', 'Jeet Avenue', 'Phase 3, Plot 09', 4456, 36, 101, 500073, '8-2-293/k/9, Flat No 301', 'Jeet Avenue', 'Phase 3, Plot 09', 4448, 36, 101, 500073, 'sfasdgasdg', 7, '06305669818', '8-2-293/k/9, Flat No 301\r\nJeet Avenue'),
(2, 1, 'Road No 10, Jubliee Hills, Hyderabad', 'Opp to Vivahabojanambu Resturant', 'HYDERABAD', 1220, 14, 101, 500033, 'Road No 10, Jubliee Hills, Hyderabad', 'Opp to Vivahabojanambu Resturant', 'HYDERABAD', 1220, 14, 101, 500033, 'hffhf', 9, '06305669818', '8-2-293/k/9, Flat No 301\r\nJeet Avenue'),
(3, 5, 'Hyderabad', '', 'Hyderabad', 4460, 36, 101, 500083, 'Hyderabad', '', 'Hyderabad', 4460, 36, 101, 500083, 'Sahar', 7, '8978458785', 'Hi hello test message'),
(4, 6, 'Borabanda', '', 'Hyderabad', 1221, 14, 101, 505187, 'Borabanda', '', 'Hyderabad', 1221, 14, 101, 505187, 'Kavitha', 5, '3214569870', 'ADSASD');

-- --------------------------------------------------------

--
-- Table structure for table `joinees_experience_details`
--

CREATE TABLE IF NOT EXISTS `joinees_experience_details` (
  `id` int(10) UNSIGNED NOT NULL AUTO_INCREMENT,
  `jid` int(10) UNSIGNED NOT NULL,
  `company_name` varchar(128) NOT NULL,
  `join_date` date NOT NULL,
  `left_date` date NOT NULL,
  `designation` varchar(128) NOT NULL,
  `location` varchar(128) NOT NULL,
  `hr_email` varchar(128) DEFAULT NULL,
  `company_contact` varchar(128) NOT NULL,
  `experience` varchar(128) NOT NULL,
  PRIMARY KEY (`id`),
  KEY `jid` (`jid`)
) ENGINE=InnoDB AUTO_INCREMENT=4 DEFAULT CHARSET=utf8;

--
-- RELATIONSHIPS FOR TABLE `joinees_experience_details`:
--

--
-- Dumping data for table `joinees_experience_details`
--

INSERT INTO `joinees_experience_details` (`id`, `jid`, `company_name`, `join_date`, `left_date`, `designation`, `location`, `hr_email`, `company_contact`, `experience`) VALUES
(1, 1, 'Rhsefhdf', '2019-01-29', '2019-07-09', 'dsfgsfdg', 'sdfg', NULL, '', ''),
(2, 5, 'USM', '2021-11-30', '2021-11-30', 'Engineer', 'Hyderabad', NULL, '', ''),
(3, 6, 'USM', '2020-01-01', '2022-09-05', 'PHP Developer', 'Hyderabad', 'test123@gmail.com', '8956587478', 'Experienced');

-- --------------------------------------------------------

--
-- Table structure for table `joinees_family_details`
--

CREATE TABLE IF NOT EXISTS `joinees_family_details` (
  `id` int(10) UNSIGNED NOT NULL AUTO_INCREMENT,
  `jid` int(10) UNSIGNED NOT NULL,
  `name` varchar(128) NOT NULL,
  `rel_type` tinyint(3) UNSIGNED NOT NULL,
  `contact_no` varchar(16) DEFAULT NULL,
  `inc_covered` tinyint(3) UNSIGNED NOT NULL,
  `dob` date DEFAULT NULL,
  PRIMARY KEY (`id`),
  KEY `jid` (`jid`)
) ENGINE=InnoDB AUTO_INCREMENT=5 DEFAULT CHARSET=utf8;

--
-- RELATIONSHIPS FOR TABLE `joinees_family_details`:
--

--
-- Dumping data for table `joinees_family_details`
--

INSERT INTO `joinees_family_details` (`id`, `jid`, `name`, `rel_type`, `contact_no`, `inc_covered`, `dob`) VALUES
(1, 2, 'sgasdga', 7, '06305669818', 1, NULL),
(2, 1, 'Jgfvjfhjfj', 5, '06305669818', 1, '1975-07-18'),
(3, 5, 'Sagar', 7, '', 1, '2021-11-30'),
(4, 6, 'SDASDAS', 5, '', 1, '2022-09-12');

-- --------------------------------------------------------

--
-- Table structure for table `joinees_personal_details`
--

CREATE TABLE IF NOT EXISTS `joinees_personal_details` (
  `id` int(10) UNSIGNED NOT NULL AUTO_INCREMENT,
  `jid` int(10) UNSIGNED NOT NULL,
  `fname` varchar(128) NOT NULL,
  `mname` varchar(64) DEFAULT NULL,
  `lname` varchar(128) NOT NULL,
  `rel_person_name` varchar(128) NOT NULL,
  `rel_type` varchar(16) NOT NULL,
  `gender` tinyint(3) UNSIGNED NOT NULL,
  `marital_status` tinyint(3) UNSIGNED NOT NULL,
  `email` varchar(128) NOT NULL,
  `mobile` varchar(16) NOT NULL,
  `dob` date NOT NULL,
  `profile_pic` varchar(128) NOT NULL,
  `pan_no` varchar(16) NOT NULL,
  `pan_doc` varchar(128) NOT NULL,
  `aadhar_no` varchar(16) DEFAULT NULL,
  `aadhar_doc` varchar(128) DEFAULT NULL,
  `passport_no` varchar(64) DEFAULT NULL,
  `passport_exp_date` date DEFAULT NULL,
  `driving_license_no` varchar(32) DEFAULT NULL,
  `blood_group` tinyint(3) UNSIGNED DEFAULT NULL,
  `religion` tinyint(3) UNSIGNED DEFAULT NULL,
  `nationality` smallint(5) UNSIGNED DEFAULT NULL,
  `tech_skills` longtext NOT NULL,
  `hike_letter` text,
  `offer_letter` text,
  `created_at` datetime NOT NULL,
  PRIMARY KEY (`id`),
  KEY `jid` (`jid`),
  KEY `nationality` (`nationality`)
) ENGINE=InnoDB AUTO_INCREMENT=5 DEFAULT CHARSET=utf8;

--
-- RELATIONSHIPS FOR TABLE `joinees_personal_details`:
--

--
-- Dumping data for table `joinees_personal_details`
--

INSERT INTO `joinees_personal_details` (`id`, `jid`, `fname`, `mname`, `lname`, `rel_person_name`, `rel_type`, `gender`, `marital_status`, `email`, `mobile`, `dob`, `profile_pic`, `pan_no`, `pan_doc`, `aadhar_no`, `aadhar_doc`, `passport_no`, `passport_exp_date`, `driving_license_no`, `blood_group`, `religion`, `nationality`, `tech_skills`, `hike_letter`, `offer_letter`, `created_at`) VALUES
(1, 2, 'adf', 'ads', 'adsf', 'asdf', 'Father', 1, 2, 'saikishore.hrd@gmail.com', '8888888888', '1979-01-30', 'uploads/profile_pic/2_20190704171334_Capture001.png', 'gfcvf1223r', 'uploads/emp_docs/2_20190704171334_Capture001.png', '123412341234', 'uploads/emp_docs/2_20190704171334_Capture001.png', NULL, NULL, NULL, 4, 3, 14, '', NULL, NULL, '2019-07-04 17:13:34'),
(2, 1, 'Fjhsdgh', 'Sdfhsdh', 'Omk', 'Sdfhdsfh', 'Father', 1, 2, 'venky.para@gmail.com', '5544444444', '1975-11-19', 'uploads/profile_pic/1_20190710162456_SAIKISHORE K.jpg', 'SFSDG23434', 'uploads/emp_docs/1_20190710162456_Birthday Invitation.jpg', '333333333333', 'uploads/emp_docs/1_20190710162456_SAI PAN.jpg', '', NULL, '', 4, 1, 15, '', NULL, NULL, '2019-07-10 16:24:56'),
(3, 5, 'Tharun', '', 'Bhaskar', 'Test', 'Father', 1, 2, 'sagarhimic@gmail.com', '1236547890', '2021-11-30', 'uploads/profile_pic/5_20211130160002_Capture_leave.PNG', 'BGEPC0744G', '', '123654789524', '', '', NULL, '', 3, 1, 86, 'PHP,JAVA,HTML', NULL, NULL, '2021-11-30 16:00:02'),
(4, 6, 'Lekha', '', 'Para', 'Raju', 'Father', 2, 1, 'lekha@gmail.com', '2136547895', '2022-09-13', 'uploads/profile_pic/6_20220920192459_timesheets_reminder_mail_attach.png', 'BGEPC0788Y', '', '123587895821', '', '3214569875', '2022-09-20', '', 2, 1, 86, 'Test', NULL, NULL, '2022-09-20 19:24:59');

-- --------------------------------------------------------

--
-- Table structure for table `joinees_qualification_details`
--

CREATE TABLE IF NOT EXISTS `joinees_qualification_details` (
  `id` int(10) UNSIGNED NOT NULL AUTO_INCREMENT,
  `jid` int(10) UNSIGNED NOT NULL,
  `qualification` varchar(128) NOT NULL,
  `year_pass` year(4) NOT NULL,
  `collage` varchar(128) NOT NULL,
  `university` varchar(128) DEFAULT NULL,
  `marks_perc` varchar(12) NOT NULL,
  PRIMARY KEY (`id`),
  KEY `jid` (`jid`)
) ENGINE=InnoDB AUTO_INCREMENT=5 DEFAULT CHARSET=utf8;

--
-- RELATIONSHIPS FOR TABLE `joinees_qualification_details`:
--

--
-- Dumping data for table `joinees_qualification_details`
--

INSERT INTO `joinees_qualification_details` (`id`, `jid`, `qualification`, `year_pass`, `collage`, `university`, `marks_perc`) VALUES
(1, 2, 'sdfa', 2009, 'dsfasdgasdg', 'asdgasdga', '80'),
(2, 1, 'gwert', 2014, 'Wretwerter', 'Fgdhfgfgj', '45'),
(3, 5, 'MCA', 2019, 'College', 'OU', '75'),
(4, 6, 'SSADASD', 2020, 'ASDAS', 'ASDASD', '89');

-- --------------------------------------------------------

--
-- Table structure for table `joinees_upcoming_details`
--

CREATE TABLE IF NOT EXISTS `joinees_upcoming_details` (
  `id` int(10) UNSIGNED NOT NULL AUTO_INCREMENT,
  `emp_id` int(10) UNSIGNED DEFAULT NULL,
  `company_id` smallint(5) UNSIGNED DEFAULT NULL,
  `recruiter_id` int(10) UNSIGNED DEFAULT NULL,
  `first_name` varchar(128) NOT NULL,
  `last_name` varchar(128) NOT NULL,
  `email` varchar(128) NOT NULL,
  `mobile` varchar(16) NOT NULL,
  `dept_id` smallint(5) UNSIGNED DEFAULT NULL,
  `desg_id` smallint(5) UNSIGNED DEFAULT NULL,
  `location_id` smallint(5) UNSIGNED DEFAULT NULL,
  `joining_date` date NOT NULL,
  `joining_status` tinyint(3) UNSIGNED NOT NULL COMMENT '1-Yet to Join, 2-Joined, 3-Drop Off',
  `status` tinyint(3) UNSIGNED NOT NULL DEFAULT '1' COMMENT '1-Active, 2-Deleted',
  `comment` varchar(255) DEFAULT NULL,
  `salary_ctc` decimal(11,2) UNSIGNED DEFAULT NULL,
  `email_count` tinyint(3) UNSIGNED DEFAULT '0',
  `shift_id` int(10) UNSIGNED NOT NULL,
  `created_by` int(10) UNSIGNED NOT NULL,
  `created_at` datetime NOT NULL,
  `updated_by` int(10) UNSIGNED DEFAULT NULL,
  `updated_at` timestamp NULL DEFAULT NULL,
  `offer_letter` text,
  PRIMARY KEY (`id`),
  KEY `company_id` (`company_id`),
  KEY `dept_id` (`dept_id`),
  KEY `desg_id` (`desg_id`),
  KEY `joining_status` (`joining_status`),
  KEY `status` (`status`),
  KEY `joining_date` (`joining_date`),
  KEY `created_by` (`created_by`),
  KEY `updated_by` (`updated_by`),
  KEY `email` (`email`)
) ENGINE=InnoDB AUTO_INCREMENT=8 DEFAULT CHARSET=utf8;

--
-- RELATIONSHIPS FOR TABLE `joinees_upcoming_details`:
--

--
-- Dumping data for table `joinees_upcoming_details`
--

INSERT INTO `joinees_upcoming_details` (`id`, `emp_id`, `company_id`, `recruiter_id`, `first_name`, `last_name`, `email`, `mobile`, `dept_id`, `desg_id`, `location_id`, `joining_date`, `joining_status`, `status`, `comment`, `salary_ctc`, `email_count`, `shift_id`, `created_by`, `created_at`, `updated_by`, `updated_at`, `offer_letter`) VALUES
(1, 690, 1, NULL, 'Fjhsdgh', 'Omk', 'venky.para@gmail.com', '8686658995', 60, 154, NULL, '2019-07-30', 2, 1, NULL, NULL, 2, 0, 1, '2019-07-01 16:11:19', 1, '2019-07-10 20:26:21', NULL),
(2, 689, 1, 19, 'kishore', 'p', 'saikishore.hrd@gmail.com', '06305669818', 6, 60, NULL, '2019-07-29', 2, 1, NULL, NULL, 1, 0, 1, '2019-07-04 17:07:38', 1, '2019-07-04 21:21:02', NULL),
(3, NULL, 1, 683, 'Gh', 'Hgf', 'tedt56@gmail.com', '021452556475', 12, 3, NULL, '2021-10-11', 2, 1, 'ok', NULL, 0, 0, 1, '2021-10-11 16:43:48', 1, '2021-10-25 07:06:33', NULL),
(4, NULL, 1, 683, 'Sagar', 'Ch', 'sagarc@usmsystems.com', '8106176863', 4, 18, NULL, '2021-12-01', 1, 1, NULL, NULL, 1, 0, 1, '2021-11-30 15:40:52', 1, '2021-11-30 10:12:13', NULL),
(5, NULL, 1, 683, 'Tharun', 'Pawan', 'sagarhimic@gmail.com', '8106176863', 12, 6, NULL, '2021-11-30', 1, 1, NULL, NULL, 1, 0, 1, '2021-11-30 15:46:00', 1, '2021-11-30 10:24:17', NULL),
(6, NULL, 1, 683, 'Lekha', 'Papa', 'lekha@gmail.com', '9654789587', 11, 182, 5, '2022-09-20', 1, 1, NULL, '2200000.00', 0, 0, 1, '2022-09-20 18:02:10', NULL, '2022-09-20 12:32:10', 'uploads/offer-letter/2022/09/6_20220920180210.pdf'),
(7, NULL, 3, 683, 'NITISH', 'Nanduri', 'nitish@gmail.com', '79893831025', 22, 164, 4, '2022-09-01', 1, 1, NULL, '3.60', 1, 0, 1, '2022-09-20 18:14:01', 1, '2022-09-20 12:44:51', 'uploads/offer-letter/2022/09/7_20220920181401.pdf');

-- --------------------------------------------------------

--
-- Table structure for table `leave_types`
--

CREATE TABLE IF NOT EXISTS `leave_types` (
  `type_id` int(10) UNSIGNED NOT NULL AUTO_INCREMENT,
  `company_id` int(10) DEFAULT NULL,
  `branch_id` int(10) UNSIGNED DEFAULT NULL,
  `leave_type` varchar(128) NOT NULL,
  `code` varchar(32) NOT NULL,
  `leaves_per_year` tinyint(2) NOT NULL,
  `present_count` float DEFAULT '0',
  `description` text NOT NULL,
  `status` tinyint(1) NOT NULL DEFAULT '1',
  `color_class` varchar(45) DEFAULT NULL,
  `created_by` int(10) UNSIGNED DEFAULT NULL,
  `created_at` datetime DEFAULT NULL,
  `updated_by` int(10) UNSIGNED DEFAULT NULL,
  `updated_at` timestamp NULL DEFAULT CURRENT_TIMESTAMP ON UPDATE CURRENT_TIMESTAMP,
  `deleted_by` int(10) UNSIGNED DEFAULT NULL,
  `deleted_at` timestamp NULL DEFAULT NULL,
  PRIMARY KEY (`type_id`),
  KEY `company_id` (`company_id`),
  KEY `branch_id` (`branch_id`)
) ENGINE=InnoDB AUTO_INCREMENT=10 DEFAULT CHARSET=latin1;

--
-- RELATIONSHIPS FOR TABLE `leave_types`:
--

--
-- Dumping data for table `leave_types`
--

INSERT INTO `leave_types` (`type_id`, `company_id`, `branch_id`, `leave_type`, `code`, `leaves_per_year`, `present_count`, `description`, `status`, `color_class`, `created_by`, `created_at`, `updated_by`, `updated_at`, `deleted_by`, `deleted_at`) VALUES
(1, 1, 1, 'Privilege Leave', 'PL', 12, 1, 'Privilege Leaves', 1, 'leave', 1, NULL, 2, '2019-04-04 10:51:05', NULL, NULL),
(2, 1, 1, 'Time Off / Annual Leave', 'AL', 8, 1, 'Annual Leaves', 1, 'leave', 1, NULL, 1, '2019-01-29 12:03:55', NULL, NULL),
(3, 1, 1, 'Sick Leave', 'SL', 6, 1, 'Sick Leaves', 1, 'leave', 1, NULL, 1, '2019-01-25 05:17:29', NULL, NULL),
(4, 1, 1, 'Comp Off', 'CO', 0, 1, 'Comp Off', 1, 'compoff', 1, NULL, NULL, '2019-01-29 12:57:54', NULL, NULL),
(5, 1, 1, 'Leave Without Pay', 'LWP', 0, 0, 'Leave Without Pay', 1, 'lop', 1, NULL, NULL, '2019-01-17 07:02:30', NULL, NULL),
(6, 1, 1, 'Work From Home', 'WFH', 0, 1, 'Work From Home', 1, 'wfh', 1, NULL, NULL, NULL, NULL, NULL),
(7, 1, 1, 'Optional Holiday', 'OH', 2, 1, 'Optional Holiday', 1, 'opt-holiday', 1, NULL, 1, '2019-01-25 05:24:59', NULL, NULL),
(8, 1, 1, 'Privilege / Leave Without Pay', 'PL/LWP', 0, 0.5, 'Half Day Privilege and Half Day Loss Of Pay', 0, 'leave-lop', 1, NULL, NULL, '2019-01-19 00:49:00', NULL, NULL),
(9, 1, 1, 'Privilege / Absent', 'PL/AB', 0, 0.5, '', 0, 'leave-lop', NULL, NULL, NULL, '2019-01-17 07:01:41', NULL, NULL);

-- --------------------------------------------------------

--
-- Table structure for table `marital_status`
--

CREATE TABLE IF NOT EXISTS `marital_status` (
  `id` int(10) UNSIGNED NOT NULL AUTO_INCREMENT,
  `name` varchar(128) NOT NULL,
  `description` varchar(255) DEFAULT NULL,
  `status` tinyint(1) NOT NULL DEFAULT '1',
  `created_by` int(10) UNSIGNED DEFAULT NULL,
  `created_at` datetime DEFAULT NULL,
  `updated_by` int(10) UNSIGNED DEFAULT NULL,
  `updated_at` timestamp NOT NULL DEFAULT CURRENT_TIMESTAMP ON UPDATE CURRENT_TIMESTAMP,
  `deleted_at` datetime DEFAULT NULL,
  `deleted_by` int(10) DEFAULT NULL,
  PRIMARY KEY (`id`)
) ENGINE=InnoDB AUTO_INCREMENT=7 DEFAULT CHARSET=latin1;

--
-- RELATIONSHIPS FOR TABLE `marital_status`:
--

--
-- Dumping data for table `marital_status`
--

INSERT INTO `marital_status` (`id`, `name`, `description`, `status`, `created_by`, `created_at`, `updated_by`, `updated_at`, `deleted_at`, `deleted_by`) VALUES
(1, 'Single', 'Single', 1, 1, '2017-12-19 21:33:09', NULL, '2017-12-20 05:33:09', NULL, NULL),
(2, 'Married', 'Married', 1, 1, '2017-12-19 21:33:09', NULL, '2017-12-20 05:33:09', NULL, NULL),
(3, 'Divorced', 'Divorced', 1, 1, '2017-12-19 21:42:36', NULL, '2017-12-20 05:42:36', NULL, NULL),
(4, 'Widowed', 'Widowed', 1, 1, '2017-12-19 21:42:36', NULL, '2017-12-20 05:42:36', NULL, NULL),
(5, 'In Relationship', 'In Relationship', 0, 1, '2017-12-19 21:42:36', NULL, '2017-12-28 09:06:25', NULL, NULL),
(6, 'Unspecified', 'Unspecified', 1, 1, '2017-12-19 21:42:36', NULL, '2017-12-20 05:42:36', NULL, NULL);

-- --------------------------------------------------------

--
-- Table structure for table `masters`
--

CREATE TABLE IF NOT EXISTS `masters` (
  `id` smallint(5) UNSIGNED NOT NULL AUTO_INCREMENT,
  `group_id` tinyint(3) UNSIGNED NOT NULL,
  `name` varchar(255) NOT NULL,
  `is_default` tinyint(4) DEFAULT NULL,
  `is_active` tinyint(3) UNSIGNED NOT NULL DEFAULT '1',
  `status_type` tinyint(3) UNSIGNED NOT NULL DEFAULT '0' COMMENT '0-None, 1-Open, 2-Closed',
  `color_code` varchar(8) DEFAULT NULL,
  `item_order` tinyint(3) UNSIGNED DEFAULT NULL,
  `created_by` int(10) UNSIGNED DEFAULT NULL,
  `created_at` datetime DEFAULT NULL,
  `updated_by` int(11) DEFAULT NULL,
  `updated_at` timestamp NOT NULL DEFAULT CURRENT_TIMESTAMP ON UPDATE CURRENT_TIMESTAMP,
  PRIMARY KEY (`id`),
  KEY `group_id` (`group_id`),
  KEY `is_active` (`is_active`),
  KEY `status_type` (`status_type`),
  KEY `name_index` (`name`)
) ENGINE=InnoDB AUTO_INCREMENT=31 DEFAULT CHARSET=utf8;

--
-- RELATIONSHIPS FOR TABLE `masters`:
--

--
-- Dumping data for table `masters`
--

INSERT INTO `masters` (`id`, `group_id`, `name`, `is_default`, `is_active`, `status_type`, `color_code`, `item_order`, `created_by`, `created_at`, `updated_by`, `updated_at`) VALUES
(1, 1, 'Payroll', 0, 1, 1, '#000000', NULL, NULL, NULL, NULL, '2022-09-01 11:02:24'),
(2, 1, 'Gratuity', 0, 1, 1, '#000000', NULL, NULL, NULL, NULL, '2022-09-01 11:02:24'),
(3, 1, 'Attendence Bonus', 0, 1, 1, '#000000', NULL, NULL, NULL, NULL, '2022-09-01 11:02:24'),
(4, 1, 'Incentives & Commissions', 0, 1, 1, '#000000', NULL, NULL, NULL, NULL, '2022-09-01 11:02:24'),
(5, 2, 'AC purchase', 0, 1, 1, '#000000', NULL, NULL, NULL, NULL, '2022-09-01 11:02:24'),
(6, 2, 'TV Purchase', 0, 1, 1, '#000000', NULL, NULL, NULL, NULL, '2022-09-01 11:02:24'),
(7, 2, 'Others', 0, 1, 1, '#000000', NULL, NULL, NULL, NULL, '2022-09-01 11:02:24'),
(8, 3, 'AC AMC', 0, 1, 1, '#000000', NULL, NULL, NULL, NULL, '2022-09-01 11:02:24'),
(9, 3, 'Lift AMC', 0, 1, 1, '#000000', NULL, NULL, NULL, NULL, '2022-09-01 11:02:24'),
(10, 3, 'Office Maintenance', 0, 1, 1, '#000000', NULL, NULL, NULL, NULL, '2022-09-01 11:02:24'),
(11, 3, 'Repairs', 0, 1, 1, '#000000', NULL, NULL, NULL, NULL, '2022-09-01 11:02:24'),
(12, 4, 'loan_emis', 0, 1, 1, '#000000', NULL, NULL, NULL, NULL, '2022-09-01 11:02:24'),
(13, 4, 'Filmnagar', 0, 1, 1, '#000000', NULL, NULL, NULL, NULL, '2022-09-01 11:02:24'),
(14, 4, 'Kamareddy', 0, 1, 1, '#000000', NULL, NULL, NULL, NULL, '2022-09-01 11:02:24'),
(15, 4, 'Villa', 0, 1, 1, '#000000', NULL, NULL, NULL, NULL, '2022-09-01 11:02:24'),
(16, 4, 'PE', 0, 1, 1, '#000000', NULL, NULL, NULL, NULL, '2022-09-01 11:02:24'),
(17, 4, 'Vargal', 0, 1, 1, '#000000', NULL, NULL, NULL, NULL, '2022-09-01 11:02:24'),
(18, 5, 'Tr to OD Account', 0, 1, 1, '#000000', NULL, NULL, NULL, NULL, '2022-09-01 11:02:24'),
(19, 5, 'Tr to CA Account', 0, 1, 1, '#000000', NULL, NULL, NULL, NULL, '2022-09-01 11:02:24'),
(20, 5, 'Tr to Hyena', 0, 1, 1, '#000000', NULL, NULL, NULL, NULL, '2022-09-01 11:02:24'),
(21, 5, 'Tr to Krinotek', 0, 1, 1, '#000000', NULL, NULL, NULL, NULL, '2022-09-01 11:02:24'),
(22, 5, 'Tr to Fugenx', 0, 1, 1, '#000000', NULL, NULL, NULL, NULL, '2022-09-01 11:02:24'),
(30, 2, 'Computers', NULL, 1, 0, NULL, NULL, 1, '2022-10-17 14:23:23', NULL, '2022-10-17 08:53:23');

-- --------------------------------------------------------

--
-- Table structure for table `master_group`
--

CREATE TABLE IF NOT EXISTS `master_group` (
  `id` tinyint(3) UNSIGNED NOT NULL AUTO_INCREMENT,
  `name` varchar(128) NOT NULL,
  `status` tinyint(3) UNSIGNED NOT NULL DEFAULT '1',
  `created_by` int(10) UNSIGNED DEFAULT NULL,
  `created_at` datetime DEFAULT NULL,
  `updated_by` int(10) UNSIGNED DEFAULT NULL,
  `updated_at` timestamp NOT NULL DEFAULT CURRENT_TIMESTAMP ON UPDATE CURRENT_TIMESTAMP,
  PRIMARY KEY (`id`),
  KEY `is_edit` (`status`)
) ENGINE=InnoDB AUTO_INCREMENT=6 DEFAULT CHARSET=utf8;

--
-- RELATIONSHIPS FOR TABLE `master_group`:
--

--
-- Dumping data for table `master_group`
--

INSERT INTO `master_group` (`id`, `name`, `status`, `created_by`, `created_at`, `updated_by`, `updated_at`) VALUES
(1, 'Employee Benefit Expenses', 1, NULL, NULL, NULL, '2022-08-30 14:37:33'),
(2, 'Fixed Asset Purchase', 1, NULL, NULL, NULL, '2022-08-30 14:37:33'),
(3, 'Repairs and Maintenance', 1, NULL, NULL, NULL, '2022-08-30 14:37:33'),
(4, 'Other payment', 1, NULL, NULL, NULL, '2022-08-30 14:37:33'),
(5, 'Inter bank transfers', 1, NULL, NULL, NULL, '2022-08-30 14:37:33');

-- --------------------------------------------------------

--
-- Table structure for table `migrations`
--

CREATE TABLE IF NOT EXISTS `migrations` (
  `id` int(10) UNSIGNED NOT NULL AUTO_INCREMENT,
  `migration` varchar(191) COLLATE utf8mb4_unicode_ci NOT NULL,
  `batch` int(11) NOT NULL,
  PRIMARY KEY (`id`)
) ENGINE=InnoDB DEFAULT CHARSET=utf8mb4 COLLATE=utf8mb4_unicode_ci;

--
-- RELATIONSHIPS FOR TABLE `migrations`:
--

-- --------------------------------------------------------

--
-- Table structure for table `months`
--

CREATE TABLE IF NOT EXISTS `months` (
  `id` tinyint(3) UNSIGNED NOT NULL AUTO_INCREMENT,
  `name` varchar(32) NOT NULL,
  `month_no` varchar(8) NOT NULL,
  PRIMARY KEY (`id`)
) ENGINE=InnoDB AUTO_INCREMENT=13 DEFAULT CHARSET=utf8;

--
-- RELATIONSHIPS FOR TABLE `months`:
--

--
-- Dumping data for table `months`
--

INSERT INTO `months` (`id`, `name`, `month_no`) VALUES
(1, 'January', '01'),
(2, 'February', '02'),
(3, 'March', '03'),
(4, 'April', '04'),
(5, 'May', '05'),
(6, 'June', '06'),
(7, 'July', '07'),
(8, 'August', '08'),
(9, 'September', '09'),
(10, 'October', '10'),
(11, 'November', '11'),
(12, 'December', '12');

-- --------------------------------------------------------

--
-- Table structure for table `nationality`
--

CREATE TABLE IF NOT EXISTS `nationality` (
  `id` int(10) UNSIGNED NOT NULL AUTO_INCREMENT,
  `name` varchar(128) NOT NULL,
  `description` varchar(255) NOT NULL,
  `status` tinyint(1) NOT NULL DEFAULT '1',
  `created_by` int(10) UNSIGNED DEFAULT NULL,
  `created_at` datetime DEFAULT NULL,
  `updated_by` int(10) UNSIGNED DEFAULT NULL,
  `updated_at` timestamp NOT NULL DEFAULT CURRENT_TIMESTAMP ON UPDATE CURRENT_TIMESTAMP,
  `deleted_by` int(10) UNSIGNED DEFAULT NULL,
  `deleted_at` timestamp NULL DEFAULT NULL,
  PRIMARY KEY (`id`)
) ENGINE=InnoDB AUTO_INCREMENT=204 DEFAULT CHARSET=latin1;

--
-- RELATIONSHIPS FOR TABLE `nationality`:
--

--
-- Dumping data for table `nationality`
--

INSERT INTO `nationality` (`id`, `name`, `description`, `status`, `created_by`, `created_at`, `updated_by`, `updated_at`, `deleted_by`, `deleted_at`) VALUES
(1, 'Afghan', '', 2, NULL, NULL, 1, '2017-12-14 16:01:32', NULL, NULL),
(2, 'Albanian', '', 1, NULL, NULL, NULL, '2017-11-20 22:55:56', NULL, NULL),
(3, 'Algerian', '', 1, NULL, NULL, NULL, '2017-11-20 22:55:56', NULL, NULL),
(4, 'American', '', 1, NULL, NULL, 1, '2017-12-16 07:42:34', NULL, NULL),
(5, 'Andorran', '', 1, NULL, NULL, 1, '2017-12-16 07:42:52', NULL, NULL),
(6, 'Angolan', '', 1, NULL, NULL, NULL, '2017-11-20 22:55:56', NULL, NULL),
(7, 'Antiguans', '', 1, NULL, NULL, NULL, '2017-11-20 22:55:56', NULL, NULL),
(8, 'Argentinean', '', 1, NULL, NULL, 1, '2017-12-16 07:41:52', NULL, NULL),
(9, 'Armenian', '', 1, NULL, NULL, NULL, '2017-11-20 22:55:56', NULL, NULL),
(10, 'Australian', '', 1, NULL, NULL, 1, '2017-12-16 07:42:21', NULL, NULL),
(11, 'Austrian', '', 1, NULL, NULL, NULL, '2017-11-20 22:55:56', NULL, NULL),
(12, 'Azerbaijani', '', 1, NULL, NULL, NULL, '2017-11-20 22:55:56', NULL, NULL),
(13, 'Bahamian', '', 1, NULL, NULL, NULL, '2017-11-20 22:55:56', NULL, NULL),
(14, 'Bahraini', '', 1, NULL, NULL, NULL, '2017-11-20 22:55:56', NULL, NULL),
(15, 'Bangladeshi', '', 1, NULL, NULL, NULL, '2017-11-20 22:55:56', NULL, NULL),
(16, 'Barbadian', '', 1, NULL, NULL, NULL, '2017-11-20 22:55:56', NULL, NULL),
(17, 'Barbudans', '', 1, NULL, NULL, NULL, '2017-11-20 22:55:56', NULL, NULL),
(18, 'Batswana', '', 1, NULL, NULL, NULL, '2017-11-20 22:55:56', NULL, NULL),
(19, 'Belarusian', '', 1, NULL, NULL, NULL, '2017-11-20 22:55:56', NULL, NULL),
(20, 'Belgian', '', 1, NULL, NULL, NULL, '2017-11-20 22:55:56', NULL, NULL),
(21, 'Belizean', '', 1, NULL, NULL, NULL, '2017-11-20 22:55:56', NULL, NULL),
(22, 'Beninese', '', 1, NULL, NULL, NULL, '2017-11-20 22:55:56', NULL, NULL),
(23, 'Bhutanese', '', 1, NULL, NULL, NULL, '2017-11-20 22:55:56', NULL, NULL),
(24, 'Bolivian', '', 1, NULL, NULL, NULL, '2017-11-20 22:55:56', NULL, NULL),
(25, 'Bosnian', '', 1, NULL, NULL, NULL, '2017-11-20 22:55:56', NULL, NULL),
(26, 'Brazilian', '', 1, NULL, NULL, NULL, '2017-11-20 22:55:56', NULL, NULL),
(27, 'British', '', 1, NULL, NULL, NULL, '2017-11-20 22:55:56', NULL, NULL),
(28, 'Bruneian', '', 1, NULL, NULL, NULL, '2017-11-20 22:55:56', NULL, NULL),
(29, 'Bulgarian', '', 1, NULL, NULL, NULL, '2017-11-20 22:55:56', NULL, NULL),
(30, 'Burkinabe', '', 1, NULL, NULL, NULL, '2017-11-20 22:55:56', NULL, NULL),
(31, 'Burmese', '', 1, NULL, NULL, 1, '2017-12-14 16:01:09', NULL, NULL),
(32, 'Burundian', '', 1, NULL, NULL, 1, '2017-12-14 16:01:06', NULL, NULL),
(33, 'Cambodian', '', 1, NULL, NULL, NULL, '2017-11-20 22:55:56', NULL, NULL),
(34, 'Cameroonian', '', 1, NULL, NULL, NULL, '2017-11-20 22:55:56', NULL, NULL),
(35, 'Canadian', '', 1, NULL, NULL, NULL, '2017-11-20 22:55:56', NULL, NULL),
(36, 'Cape Verdean', '', 1, NULL, NULL, NULL, '2017-11-20 22:55:56', NULL, NULL),
(37, 'Central African', '', 1, NULL, NULL, NULL, '2017-11-20 22:55:56', NULL, NULL),
(38, 'Chadian', '', 1, NULL, NULL, NULL, '2017-11-20 22:55:56', NULL, NULL),
(39, 'Chilean', '', 1, NULL, NULL, NULL, '2017-11-20 22:55:56', NULL, NULL),
(40, 'Chinese', '', 1, NULL, NULL, NULL, '2017-11-20 22:55:56', NULL, NULL),
(41, 'Colombian', '', 1, NULL, NULL, NULL, '2017-11-20 22:55:56', NULL, NULL),
(42, 'Comoran', '', 1, NULL, NULL, NULL, '2017-11-20 22:55:56', NULL, NULL),
(43, 'Congolese', '', 1, NULL, NULL, NULL, '2017-11-20 22:55:56', NULL, NULL),
(44, 'Congolese', '', 1, NULL, NULL, NULL, '2017-11-20 22:55:56', NULL, NULL),
(45, 'Costa Rican', '', 1, NULL, NULL, NULL, '2017-11-20 22:55:56', NULL, NULL),
(46, 'Croatian', '', 1, NULL, NULL, NULL, '2017-11-20 22:55:56', NULL, NULL),
(47, 'Cuban', '', 1, NULL, NULL, NULL, '2017-11-20 22:55:56', NULL, NULL),
(48, 'Cypriot', '', 1, NULL, NULL, NULL, '2017-11-20 22:55:56', NULL, NULL),
(49, 'Czech', '', 1, NULL, NULL, NULL, '2017-11-20 22:55:56', NULL, NULL),
(50, 'Danish', '', 1, NULL, NULL, NULL, '2017-11-20 22:55:56', NULL, NULL),
(51, 'Djibouti', '', 1, NULL, NULL, NULL, '2017-11-20 22:55:56', NULL, NULL),
(52, 'Dominican', '', 1, NULL, NULL, NULL, '2017-11-20 22:55:56', NULL, NULL),
(53, 'Dominican', '', 1, NULL, NULL, NULL, '2017-11-20 22:55:56', NULL, NULL),
(54, 'Dutch', '', 1, NULL, NULL, NULL, '2017-11-20 22:55:56', NULL, NULL),
(55, 'Dutchman', '', 1, NULL, NULL, NULL, '2017-11-20 22:55:56', NULL, NULL),
(56, 'Dutchwoman', '', 1, NULL, NULL, NULL, '2017-11-20 22:55:56', NULL, NULL),
(57, 'East Timorese', '', 1, NULL, NULL, NULL, '2017-11-20 22:55:56', NULL, NULL),
(58, 'Ecuadorean', '', 1, NULL, NULL, NULL, '2017-11-20 22:55:56', NULL, NULL),
(59, 'Egyptian', '', 1, NULL, NULL, NULL, '2017-11-20 22:55:56', NULL, NULL),
(60, 'Emirian', '', 1, NULL, NULL, NULL, '2017-11-20 22:55:56', NULL, NULL),
(61, 'Equatorial Guinean', '', 1, NULL, NULL, NULL, '2017-11-20 22:55:56', NULL, NULL),
(62, 'Eritrean', '', 1, NULL, NULL, NULL, '2017-11-20 22:55:56', NULL, NULL),
(63, 'Estonian', '', 1, NULL, NULL, NULL, '2017-11-20 22:55:56', NULL, NULL),
(64, 'Ethiopian', '', 1, NULL, NULL, NULL, '2017-11-20 22:55:56', NULL, NULL),
(65, 'Fijian', '', 1, NULL, NULL, NULL, '2017-11-20 22:55:56', NULL, NULL),
(66, 'Filipino', '', 1, NULL, NULL, NULL, '2017-11-20 22:55:56', NULL, NULL),
(67, 'Finnish', '', 1, NULL, NULL, NULL, '2017-11-20 22:55:56', NULL, NULL),
(68, 'French', '', 1, NULL, NULL, NULL, '2017-11-20 22:55:56', NULL, NULL),
(69, 'Gabonese', '', 1, NULL, NULL, NULL, '2017-11-20 22:55:56', NULL, NULL),
(70, 'Gambian', '', 1, NULL, NULL, NULL, '2017-11-20 22:55:56', NULL, NULL),
(71, 'Georgian', '', 1, NULL, NULL, NULL, '2017-11-20 22:55:56', NULL, NULL),
(72, 'German', '', 1, NULL, NULL, NULL, '2017-11-20 22:55:56', NULL, NULL),
(73, 'Ghanaian', '', 1, NULL, NULL, NULL, '2017-11-20 22:55:56', NULL, NULL),
(74, 'Greek', '', 1, NULL, NULL, NULL, '2017-11-20 22:55:56', NULL, NULL),
(75, 'Grenadian', '', 1, NULL, NULL, NULL, '2017-11-20 22:55:56', NULL, NULL),
(76, 'Guatemalan', '', 1, NULL, NULL, NULL, '2017-11-20 22:55:56', NULL, NULL),
(77, 'Guinea-Bissauan', '', 1, NULL, NULL, NULL, '2017-11-20 22:55:56', NULL, NULL),
(78, 'Guinean', '', 1, NULL, NULL, NULL, '2017-11-20 22:55:56', NULL, NULL),
(79, 'Guyanese', '', 1, NULL, NULL, NULL, '2017-11-20 22:55:56', NULL, NULL),
(80, 'Haitian', '', 1, NULL, NULL, NULL, '2017-11-20 22:55:56', NULL, NULL),
(81, 'Herzegovinian', '', 1, NULL, NULL, NULL, '2017-11-20 22:55:56', NULL, NULL),
(82, 'Honduran', '', 1, NULL, NULL, NULL, '2017-11-20 22:55:56', NULL, NULL),
(83, 'Hungarian', '', 1, NULL, NULL, NULL, '2017-11-20 22:55:56', NULL, NULL),
(84, 'I-Kiribati', '', 1, NULL, NULL, NULL, '2017-11-20 22:55:56', NULL, NULL),
(85, 'Icelander', '', 1, NULL, NULL, NULL, '2017-11-20 22:55:56', NULL, NULL),
(86, 'Indian', '', 1, NULL, NULL, NULL, '2017-11-20 22:55:56', NULL, NULL),
(87, 'Indonesian', '', 1, NULL, NULL, NULL, '2017-11-20 22:55:56', NULL, NULL),
(88, 'Iranian', '', 1, NULL, NULL, NULL, '2017-11-20 22:55:56', NULL, NULL),
(89, 'Iraqi', '', 1, NULL, NULL, NULL, '2017-11-20 22:55:56', NULL, NULL),
(90, 'Irish', '', 1, NULL, NULL, NULL, '2017-11-20 22:55:56', NULL, NULL),
(91, 'Irish', '', 1, NULL, NULL, NULL, '2017-11-20 22:55:56', NULL, NULL),
(92, 'Israeli', '', 1, NULL, NULL, NULL, '2017-11-20 22:55:56', NULL, NULL),
(93, 'Italian', '', 1, NULL, NULL, NULL, '2017-11-20 22:55:56', NULL, NULL),
(94, 'Ivorian', '', 1, NULL, NULL, NULL, '2017-11-20 22:55:56', NULL, NULL),
(95, 'Jamaican', '', 1, NULL, NULL, NULL, '2017-11-20 22:55:56', NULL, NULL),
(96, 'Japanese', '', 1, NULL, NULL, NULL, '2017-11-20 22:55:56', NULL, NULL),
(97, 'Jordanian', '', 1, NULL, NULL, NULL, '2017-11-20 22:55:56', NULL, NULL),
(98, 'Kazakhstani', '', 1, NULL, NULL, NULL, '2017-11-20 22:55:56', NULL, NULL),
(99, 'Kenyan', '', 1, NULL, NULL, NULL, '2017-11-20 22:55:56', NULL, NULL),
(100, 'Kittian and Nevisian', '', 1, NULL, NULL, NULL, '2017-11-20 22:55:56', NULL, NULL),
(101, 'Kuwaiti', '', 1, NULL, NULL, NULL, '2017-11-20 22:55:56', NULL, NULL),
(102, 'Kyrgyz', '', 1, NULL, NULL, NULL, '2017-11-20 22:55:56', NULL, NULL),
(103, 'Laotian', '', 1, NULL, NULL, NULL, '2017-11-20 22:55:56', NULL, NULL),
(104, 'Latvian', '', 1, NULL, NULL, NULL, '2017-11-20 22:55:56', NULL, NULL),
(105, 'Lebanese', '', 1, NULL, NULL, NULL, '2017-11-20 22:55:56', NULL, NULL),
(106, 'Liberian', '', 1, NULL, NULL, NULL, '2017-11-20 22:55:56', NULL, NULL),
(107, 'Libyan', '', 1, NULL, NULL, NULL, '2017-11-20 22:55:56', NULL, NULL),
(108, 'Liechtensteiner', '', 1, NULL, NULL, NULL, '2017-11-20 22:55:56', NULL, NULL),
(109, 'Lithuanian', '', 1, NULL, NULL, NULL, '2017-11-20 22:55:56', NULL, NULL),
(110, 'Luxembourger', '', 1, NULL, NULL, NULL, '2017-11-20 22:55:56', NULL, NULL),
(111, 'Macedonian', '', 1, NULL, NULL, NULL, '2017-11-20 22:55:56', NULL, NULL),
(112, 'Malagasy', '', 1, NULL, NULL, NULL, '2017-11-20 22:55:56', NULL, NULL),
(113, 'Malawian', '', 1, NULL, NULL, NULL, '2017-11-20 22:55:56', NULL, NULL),
(114, 'Malaysian', '', 1, NULL, NULL, NULL, '2017-11-20 22:55:56', NULL, NULL),
(115, 'Maldivan', '', 1, NULL, NULL, NULL, '2017-11-20 22:55:56', NULL, NULL),
(116, 'Malian', '', 1, NULL, NULL, NULL, '2017-11-20 22:55:56', NULL, NULL),
(117, 'Maltese', '', 1, NULL, NULL, NULL, '2017-11-20 22:55:56', NULL, NULL),
(118, 'Marshallese', '', 1, NULL, NULL, NULL, '2017-11-20 22:55:56', NULL, NULL),
(119, 'Mauritanian', '', 1, NULL, NULL, NULL, '2017-11-20 22:55:56', NULL, NULL),
(120, 'Mauritian', '', 1, NULL, NULL, NULL, '2017-11-20 22:55:56', NULL, NULL),
(121, 'Mexican', '', 1, NULL, NULL, NULL, '2017-11-20 22:55:56', NULL, NULL),
(122, 'Micronesian', '', 1, NULL, NULL, NULL, '2017-11-20 22:55:56', NULL, NULL),
(123, 'Moldovan', '', 1, NULL, NULL, NULL, '2017-11-20 22:55:56', NULL, NULL),
(124, 'Monacan', '', 1, NULL, NULL, NULL, '2017-11-20 22:55:56', NULL, NULL),
(125, 'Mongolian', '', 1, NULL, NULL, NULL, '2017-11-20 22:55:56', NULL, NULL),
(126, 'Moroccan', '', 1, NULL, NULL, NULL, '2017-11-20 22:55:56', NULL, NULL),
(127, 'Mosotho', '', 1, NULL, NULL, NULL, '2017-11-20 22:55:56', NULL, NULL),
(128, 'Motswana', '', 1, NULL, NULL, NULL, '2017-11-20 22:55:56', NULL, NULL),
(129, 'Mozambican', '', 1, NULL, NULL, NULL, '2017-11-20 22:55:56', NULL, NULL),
(130, 'Namibian', '', 1, NULL, NULL, NULL, '2017-11-20 22:55:56', NULL, NULL),
(131, 'Nauruan', '', 1, NULL, NULL, NULL, '2017-11-20 22:55:56', NULL, NULL),
(132, 'Nepalese', '', 1, NULL, NULL, NULL, '2017-11-20 22:55:56', NULL, NULL),
(133, 'Netherlander', '', 1, NULL, NULL, NULL, '2017-11-20 22:55:56', NULL, NULL),
(134, 'New Zealander', '', 1, NULL, NULL, NULL, '2017-11-20 22:55:56', NULL, NULL),
(135, 'Ni-Vanuatu', '', 1, NULL, NULL, NULL, '2017-11-20 22:55:56', NULL, NULL),
(136, 'Nicaraguan', '', 1, NULL, NULL, NULL, '2017-11-20 22:55:56', NULL, NULL),
(137, 'Nigerian', '', 1, NULL, NULL, NULL, '2017-11-20 22:55:56', NULL, NULL),
(138, 'Nigerien', '', 1, NULL, NULL, NULL, '2017-11-20 22:55:56', NULL, NULL),
(139, 'North Korean', '', 1, NULL, NULL, NULL, '2017-11-20 22:55:56', NULL, NULL),
(140, 'Northern Irish', '', 1, NULL, NULL, NULL, '2017-11-20 22:55:56', NULL, NULL),
(141, 'Norwegian', '', 1, NULL, NULL, NULL, '2017-11-20 22:55:56', NULL, NULL),
(142, 'Omani', '', 1, NULL, NULL, NULL, '2017-11-20 22:55:56', NULL, NULL),
(143, 'Pakistani', '', 1, NULL, NULL, NULL, '2017-11-20 22:55:56', NULL, NULL),
(144, 'Palauan', '', 1, NULL, NULL, NULL, '2017-11-20 22:55:56', NULL, NULL),
(145, 'Panamanian', '', 1, NULL, NULL, NULL, '2017-11-20 22:55:56', NULL, NULL),
(146, 'Papua New Guinean', '', 1, NULL, NULL, NULL, '2017-11-20 22:55:56', NULL, NULL),
(147, 'Paraguayan', '', 1, NULL, NULL, NULL, '2017-11-20 22:55:56', NULL, NULL),
(148, 'Peruvian', '', 1, NULL, NULL, NULL, '2017-11-20 22:55:56', NULL, NULL),
(149, 'Polish', '', 1, NULL, NULL, NULL, '2017-11-20 22:55:56', NULL, NULL),
(150, 'Portuguese', '', 1, NULL, NULL, NULL, '2017-11-20 22:55:56', NULL, NULL),
(151, 'Qatari', '', 1, NULL, NULL, NULL, '2017-11-20 22:55:56', NULL, NULL),
(152, 'Romanian', '', 1, NULL, NULL, NULL, '2017-11-20 22:55:56', NULL, NULL),
(153, 'Russian', '', 1, NULL, NULL, NULL, '2017-11-20 22:55:56', NULL, NULL),
(154, 'Rwandan', '', 1, NULL, NULL, NULL, '2017-11-20 22:55:56', NULL, NULL),
(155, 'Saint Lucian', '', 1, NULL, NULL, NULL, '2017-11-20 22:55:56', NULL, NULL),
(156, 'Salvadoran', '', 1, NULL, NULL, NULL, '2017-11-20 22:55:56', NULL, NULL),
(157, 'Samoan', '', 1, NULL, NULL, NULL, '2017-11-20 22:55:56', NULL, NULL),
(158, 'San Marinese', '', 1, NULL, NULL, NULL, '2017-11-20 22:55:56', NULL, NULL),
(159, 'Sao Tomean', '', 1, NULL, NULL, NULL, '2017-11-20 22:55:56', NULL, NULL),
(160, 'Saudi', '', 1, NULL, NULL, NULL, '2017-11-20 22:55:56', NULL, NULL),
(161, 'Scottish', '', 1, NULL, NULL, NULL, '2017-11-20 22:55:56', NULL, NULL),
(162, 'Senegalese', '', 1, NULL, NULL, NULL, '2017-11-20 22:55:56', NULL, NULL),
(163, 'Serbian', '', 1, NULL, NULL, NULL, '2017-11-20 22:55:56', NULL, NULL),
(164, 'Seychellois', '', 1, NULL, NULL, NULL, '2017-11-20 22:55:56', NULL, NULL),
(165, 'Sierra Leonean', '', 1, NULL, NULL, NULL, '2017-11-20 22:55:56', NULL, NULL),
(166, 'Singaporean', '', 1, NULL, NULL, NULL, '2017-11-20 22:55:56', NULL, NULL),
(167, 'Slovakian', '', 1, NULL, NULL, NULL, '2017-11-20 22:55:56', NULL, NULL),
(168, 'Slovenian', '', 1, NULL, NULL, NULL, '2017-11-20 22:55:56', NULL, NULL),
(169, 'Solomon Islander', '', 1, NULL, NULL, NULL, '2017-11-20 22:55:56', NULL, NULL),
(170, 'Somali', '', 1, NULL, NULL, NULL, '2017-11-20 22:55:56', NULL, NULL),
(171, 'South African', '', 1, NULL, NULL, NULL, '2017-11-20 22:55:56', NULL, NULL),
(172, 'South Korean', '', 1, NULL, NULL, NULL, '2017-11-20 22:55:56', NULL, NULL),
(173, 'Spanish', '', 1, NULL, NULL, NULL, '2017-11-20 22:55:56', NULL, NULL),
(174, 'Sri Lankan', '', 1, NULL, NULL, NULL, '2017-11-20 22:55:56', NULL, NULL),
(175, 'Sudanese', '', 1, NULL, NULL, NULL, '2017-11-20 22:55:56', NULL, NULL),
(176, 'Surinamer', '', 1, NULL, NULL, NULL, '2017-11-20 22:55:56', NULL, NULL),
(177, 'Swazi', '', 1, NULL, NULL, NULL, '2017-11-20 22:55:56', NULL, NULL),
(178, 'Swedish', '', 1, NULL, NULL, NULL, '2017-11-20 22:55:56', NULL, NULL),
(179, 'Swiss', '', 1, NULL, NULL, NULL, '2017-11-20 22:55:56', NULL, NULL),
(180, 'Syrian', '', 1, NULL, NULL, NULL, '2017-11-20 22:55:56', NULL, NULL),
(181, 'Taiwanese', '', 1, NULL, NULL, NULL, '2017-11-20 22:55:56', NULL, NULL),
(182, 'Tajik', '', 1, NULL, NULL, NULL, '2017-11-20 22:55:56', NULL, NULL),
(183, 'Tanzanian', '', 1, NULL, NULL, NULL, '2017-11-20 22:55:56', NULL, NULL),
(184, 'Thai', '', 1, NULL, NULL, NULL, '2017-11-20 22:55:56', NULL, NULL),
(185, 'Togolese', '', 1, NULL, NULL, NULL, '2017-11-20 22:55:56', NULL, NULL),
(186, 'Tongan', '', 1, NULL, NULL, NULL, '2017-11-20 22:55:56', NULL, NULL),
(187, 'Trinidadian or Tobagonian', '', 1, NULL, NULL, NULL, '2017-11-20 22:55:56', NULL, NULL),
(188, 'Tunisian', '', 1, NULL, NULL, NULL, '2017-11-20 22:55:56', NULL, NULL),
(189, 'Turkish', '', 1, NULL, NULL, NULL, '2017-11-20 22:55:56', NULL, NULL),
(190, 'Tuvaluan', '', 1, NULL, NULL, NULL, '2017-11-20 22:55:56', NULL, NULL),
(191, 'Ugandan', '', 1, NULL, NULL, NULL, '2017-11-20 22:55:56', NULL, NULL),
(192, 'Ukrainian', '', 1, NULL, NULL, NULL, '2017-11-20 22:55:56', NULL, NULL),
(193, 'Uruguayan', '', 1, NULL, NULL, NULL, '2017-11-20 22:55:56', NULL, NULL),
(194, 'Uzbekistani', '', 1, NULL, NULL, NULL, '2017-11-20 22:55:56', NULL, NULL),
(195, 'Venezuelan', '', 1, NULL, NULL, NULL, '2017-11-20 22:55:56', NULL, NULL),
(196, 'Vietnamese', '', 1, NULL, NULL, NULL, '2017-11-20 22:55:56', NULL, NULL),
(197, 'Welsh', '', 1, NULL, NULL, NULL, '2017-11-20 22:55:56', NULL, NULL),
(198, 'Welsh', '', 1, NULL, NULL, NULL, '2017-11-20 22:55:56', NULL, NULL),
(199, 'Yemenite', '', 1, NULL, NULL, NULL, '2017-11-20 22:55:56', NULL, NULL),
(200, 'Zambian', '', 1, NULL, NULL, NULL, '2017-11-20 22:55:56', NULL, NULL),
(201, 'Zimbabwean', '', 1, NULL, NULL, NULL, '2017-11-20 22:55:56', NULL, NULL),
(202, 'qq', 'ww11', 0, 1, '2017-12-14 12:17:15', 1, '2017-12-14 14:48:14', 1, '2017-12-14 14:48:14'),
(203, 'qq', '', 1, 1, '2017-12-16 12:04:10', NULL, '2017-12-16 14:34:10', NULL, NULL);

-- --------------------------------------------------------

--
-- Table structure for table `news`
--

CREATE TABLE IF NOT EXISTS `news` (
  `id` int(10) UNSIGNED NOT NULL AUTO_INCREMENT,
  `company_id` int(10) UNSIGNED DEFAULT NULL,
  `title` varchar(255) NOT NULL,
  `description` text NOT NULL,
  `start_date` date NOT NULL,
  `end_date` date DEFAULT NULL,
  `status` tinyint(4) NOT NULL DEFAULT '1',
  `type` tinyint(4) DEFAULT NULL,
  `all_users` tinyint(4) UNSIGNED DEFAULT NULL COMMENT '1 = ''all users''',
  `created_by` int(10) UNSIGNED DEFAULT NULL,
  `created_at` datetime DEFAULT NULL,
  `updated_by` int(10) UNSIGNED DEFAULT NULL,
  `updated_at` timestamp NOT NULL DEFAULT CURRENT_TIMESTAMP ON UPDATE CURRENT_TIMESTAMP,
  `deleted_by` int(10) UNSIGNED DEFAULT NULL,
  `deleted_at` timestamp NULL DEFAULT NULL,
  PRIMARY KEY (`id`)
) ENGINE=InnoDB AUTO_INCREMENT=28 DEFAULT CHARSET=utf8;

--
-- RELATIONSHIPS FOR TABLE `news`:
--

--
-- Dumping data for table `news`
--

INSERT INTO `news` (`id`, `company_id`, `title`, `description`, `start_date`, `end_date`, `status`, `type`, `all_users`, `created_by`, `created_at`, `updated_by`, `updated_at`, `deleted_by`, `deleted_at`) VALUES
(1, 1, 'Ethnic Wear', 'Dear Employees Should come to Ethinc wear to Office.', '2022-01-13', '2022-01-13', 1, NULL, NULL, 1, '2022-01-13 15:19:05', NULL, '2022-01-13 09:49:05', NULL, NULL),
(2, 1, 'Ethnic Wear', 'Please come to All employees to Ethinc Wear', '2022-01-13', '2022-01-17', 1, 1, 3, 1, '2022-01-13 15:22:56', NULL, '2022-01-17 13:48:21', NULL, NULL),
(3, 1, 'WFH Survey', 'Question & Answers', '2022-01-13', '2022-01-17', 2, 2, 3, 1, '2022-01-13 15:24:56', 1, '2022-01-18 10:44:30', NULL, NULL),
(4, 1, 'Holidays Feedback', 'Question & Answers', '2022-01-13', '2022-01-17', 1, 2, 3, 1, '2022-01-13 16:15:00', NULL, '2022-01-17 13:47:08', NULL, NULL),
(5, 1, 'Survey', 'Question & Answers', '2022-01-18', '2022-01-18', 1, 2, 3, 1, '2022-01-18 12:08:43', NULL, '2022-01-18 06:38:43', NULL, NULL),
(6, 1, 'test87l', 'Question & Answers', '2022-01-18', '2022-01-20', 0, 2, 3, 1, '2022-01-18 12:18:01', NULL, '2022-01-18 10:44:22', 1, '2022-01-18 10:44:22'),
(7, 1, 'test survey for covid', 'Question & Answers', '2022-01-18', '2022-01-18', 1, 2, 3, 1, '2022-01-18 12:24:48', NULL, '2022-01-18 06:54:48', NULL, NULL),
(8, 1, 'Testng', 'Question & Answers', '2022-01-18', '2022-01-22', 1, 2, 3, 1, '2022-01-18 12:24:52', NULL, '2022-01-18 06:54:52', NULL, NULL),
(9, 1, 'title', 'Question & Answers', '2022-01-12', '2022-01-22', 1, 2, 1, 1, '2022-01-18 12:36:19', NULL, '2022-01-18 07:06:19', NULL, NULL),
(10, 1, 'test', 'Question & Answers', '2022-01-18', '2022-01-18', 0, 2, 2, 1, '2022-01-18 12:39:11', 1, '2022-01-18 10:36:50', 1, '2022-01-18 10:36:50'),
(11, 1, 'test', 'Question & Answers', '2022-01-18', '2022-01-18', 2, 2, 2, 1, '2022-01-18 12:39:12', 1, '2022-01-18 10:11:33', NULL, NULL),
(12, 1, 'test', 'Question & Answers', '2022-01-18', '2022-01-18', 0, 2, 2, 1, '2022-01-18 12:39:12', 1, '2022-01-18 10:20:41', 1, '2022-01-18 10:20:41'),
(13, 1, 'ravik', 'Question & Answers', '2022-01-12', '2022-01-19', 1, 2, 1, 1, '2022-01-18 12:40:15', NULL, '2022-01-18 07:10:15', NULL, NULL),
(14, 1, 'adding survey without questions', 'Question & Answers', '2022-01-12', '2022-01-20', 2, 2, 3, 1, '2022-01-18 12:41:12', 1, '2022-01-18 10:11:40', NULL, NULL),
(15, 1, 'quest', 'Question & Answers', '2022-01-11', '2022-01-22', 0, 2, 1, 1, '2022-01-18 12:41:17', 1, '2022-01-18 10:20:22', 1, '2022-01-18 10:20:22'),
(16, 1, 'question1234', 'Question & Answers', '2022-01-11', '2022-01-14', 0, 2, 1, 1, '2022-01-18 12:42:28', 1, '2022-01-18 10:21:36', 1, '2022-01-18 10:21:36'),
(17, 1, 'question', 'Question & Answers', '2022-01-18', '2022-01-21', 1, 2, 1, 1, '2022-01-18 12:46:20', NULL, '2022-01-18 07:16:20', NULL, NULL),
(18, 1, 'department', 'Question & Answers', '2022-01-11', '2022-01-19', 2, 2, 2, 1, '2022-01-18 12:47:55', 1, '2022-01-18 10:06:10', NULL, NULL),
(19, 1, 'question', 'Question & Answers', '2022-01-11', '2022-01-22', 2, 2, 1, 1, '2022-01-18 12:52:50', 1, '2022-01-18 10:06:05', NULL, NULL),
(20, 1, 'Moblility', 'Question & Answers', '2022-01-18', '2022-01-22', 0, 2, 1, 1, '2022-01-18 12:58:15', 1, '2022-01-18 10:22:34', 1, '2022-01-18 10:22:34'),
(21, 1, 'without selecting managers', 'Question & Answers', '2022-01-11', '2022-01-19', 2, 2, 1, 1, '2022-01-18 13:00:28', 1, '2022-01-18 09:58:44', NULL, NULL),
(22, 1, 'survey for the feedback', 'Question & Answers', '2022-01-19', '2022-01-21', 2, 2, 3, 684, '2022-01-18 15:45:33', 1, '2022-01-18 10:21:58', NULL, NULL),
(23, 1, 'feedback on new PM', 'Question & Answers', '2022-01-11', '2022-01-22', 1, 2, 3, 1, '2022-01-18 15:50:16', NULL, '2022-01-18 10:20:16', NULL, NULL),
(24, 1, 'surevy on new systems', 'Question & Answers', '2022-01-21', '2022-02-03', 1, 2, 3, 1, '2022-01-18 15:53:30', NULL, '2022-01-18 10:23:30', NULL, NULL),
(25, 1, 'survey on covid', 'Question & Answers', '2022-01-10', '2022-01-22', 1, 2, 3, 1, '2022-01-18 16:11:32', 1, '2022-01-18 10:42:29', NULL, NULL),
(26, 1, 'test', 'Question & Answers', '2022-01-18', '2022-01-18', 1, 2, 1, 1, '2022-01-18 16:19:48', NULL, '2022-01-18 10:49:48', NULL, NULL),
(27, 1, 'Political Survey', 'Question & Answers', '2022-01-18', '2022-01-18', 1, 2, 1, 1, '2022-01-18 17:59:13', NULL, '2022-01-18 12:29:13', NULL, NULL);

-- --------------------------------------------------------

--
-- Table structure for table `news_dept`
--

CREATE TABLE IF NOT EXISTS `news_dept` (
  `news_id` bigint(20) UNSIGNED DEFAULT NULL,
  `dept_id` bigint(20) UNSIGNED DEFAULT NULL
) ENGINE=InnoDB DEFAULT CHARSET=utf8;

--
-- RELATIONSHIPS FOR TABLE `news_dept`:
--

--
-- Dumping data for table `news_dept`
--

INSERT INTO `news_dept` (`news_id`, `dept_id`) VALUES
(11, 3),
(11, 4),
(11, 12),
(11, 53),
(11, 2),
(11, 1),
(11, 5),
(11, 6),
(11, 7),
(11, 8),
(11, 63),
(11, 9),
(11, 106),
(11, 11),
(11, 60),
(11, 10),
(11, 15),
(11, 16),
(11, 61),
(11, 66),
(11, 14),
(18, 3),
(18, 4),
(18, 12),
(18, 53),
(18, 2),
(18, 1),
(18, 5),
(18, 6),
(18, 7),
(18, 8),
(18, 63),
(18, 9),
(18, 106),
(18, 11),
(18, 60),
(18, 10),
(18, 15),
(18, 16),
(18, 61),
(18, 66),
(18, 14);

-- --------------------------------------------------------

--
-- Table structure for table `news_letters`
--

CREATE TABLE IF NOT EXISTS `news_letters` (
  `id` int(11) NOT NULL AUTO_INCREMENT,
  `news_letter_file` varchar(200) COLLATE utf8mb4_unicode_ci DEFAULT NULL,
  `created_by` int(11) DEFAULT NULL,
  `created_at` datetime DEFAULT NULL,
  `updated_at` timestamp NOT NULL DEFAULT CURRENT_TIMESTAMP ON UPDATE CURRENT_TIMESTAMP,
  `updated_by` int(11) DEFAULT NULL,
  `status_id` int(11) DEFAULT NULL,
  `approved_by` int(11) DEFAULT NULL,
  `approved_date` date DEFAULT NULL,
  PRIMARY KEY (`id`)
) ENGINE=MyISAM DEFAULT CHARSET=utf8mb4 COLLATE=utf8mb4_unicode_ci;

--
-- RELATIONSHIPS FOR TABLE `news_letters`:
--

-- --------------------------------------------------------

--
-- Table structure for table `news_rm`
--

CREATE TABLE IF NOT EXISTS `news_rm` (
  `user_id` bigint(20) UNSIGNED DEFAULT NULL,
  `news_id` bigint(20) UNSIGNED DEFAULT NULL
) ENGINE=InnoDB DEFAULT CHARSET=utf8;

--
-- RELATIONSHIPS FOR TABLE `news_rm`:
--

--
-- Dumping data for table `news_rm`
--

INSERT INTO `news_rm` (`user_id`, `news_id`) VALUES
(692, 13),
(684, 17),
(6, 19),
(684, 27);

-- --------------------------------------------------------

--
-- Table structure for table `notice_period`
--

CREATE TABLE IF NOT EXISTS `notice_period` (
  `id` int(10) UNSIGNED NOT NULL AUTO_INCREMENT,
  `name` varchar(128) NOT NULL,
  `description` varchar(255) NOT NULL,
  `status` tinyint(1) NOT NULL DEFAULT '1',
  `created_by` int(10) UNSIGNED DEFAULT NULL,
  `created_at` datetime DEFAULT NULL,
  `updated_by` int(10) UNSIGNED DEFAULT NULL,
  `updated_at` timestamp NOT NULL DEFAULT CURRENT_TIMESTAMP ON UPDATE CURRENT_TIMESTAMP,
  `deleted_at` datetime DEFAULT NULL,
  `deleted_by` int(10) DEFAULT NULL,
  PRIMARY KEY (`id`)
) ENGINE=InnoDB AUTO_INCREMENT=8 DEFAULT CHARSET=latin1;

--
-- RELATIONSHIPS FOR TABLE `notice_period`:
--

--
-- Dumping data for table `notice_period`
--

INSERT INTO `notice_period` (`id`, `name`, `description`, `status`, `created_by`, `created_at`, `updated_by`, `updated_at`, `deleted_at`, `deleted_by`) VALUES
(1, '45 days', '', 1, 191, '2018-01-02 12:03:52', NULL, '2018-01-02 12:03:52', NULL, NULL),
(2, '30 days', '', 1, 191, '2018-01-02 12:04:08', NULL, '2018-01-02 12:04:08', NULL, NULL),
(3, 'Not Applicable', 'Not Applicable', 1, 1, '2018-01-05 08:17:03', NULL, '2018-01-05 08:17:03', NULL, NULL),
(4, 'One Week', '7 Day Notice pay', 1, 2, '2018-07-02 18:57:22', NULL, '2018-07-02 18:57:22', NULL, NULL),
(5, 'Two Weeks', '14 days notice pay', 1, 2, '2018-07-02 18:57:44', 1, '2019-04-08 09:43:52', NULL, NULL),
(6, '15 Days.', 'Testing Purpose. tester', 0, 2, '2019-03-26 16:40:37', 2, '2019-03-26 11:11:34', '2019-03-26 16:41:34', 2),
(7, '15 Days.', 'Testing Purpose.', 0, 2, '2019-03-26 16:42:38', 2, '2019-03-26 11:12:59', '2019-03-26 16:42:59', 2);

-- --------------------------------------------------------

--
-- Table structure for table `notifications`
--

CREATE TABLE IF NOT EXISTS `notifications` (
  `id` int(10) UNSIGNED NOT NULL AUTO_INCREMENT,
  `notifications_type_id` int(10) UNSIGNED NOT NULL,
  `emp_id` int(10) NOT NULL,
  `company_id` int(11) DEFAULT NULL,
  `title` varchar(128) NOT NULL,
  `message` text NOT NULL,
  `post_id` int(11) DEFAULT NULL,
  `fcm_token` varchar(255) DEFAULT NULL,
  `link` varchar(255) DEFAULT NULL,
  `image` varchar(255) DEFAULT NULL,
  `status` tinyint(1) NOT NULL DEFAULT '1',
  `created_by` int(10) UNSIGNED DEFAULT NULL,
  `created_at` datetime DEFAULT NULL,
  `updated_by` int(10) UNSIGNED DEFAULT NULL,
  `updated_at` timestamp NOT NULL DEFAULT CURRENT_TIMESTAMP ON UPDATE CURRENT_TIMESTAMP,
  PRIMARY KEY (`id`)
) ENGINE=InnoDB AUTO_INCREMENT=37270 DEFAULT CHARSET=latin1;

--
-- RELATIONSHIPS FOR TABLE `notifications`:
--

--
-- Dumping data for table `notifications`
--

INSERT INTO `notifications` (`id`, `notifications_type_id`, `emp_id`, `company_id`, `title`, `message`, `post_id`, `fcm_token`, `link`, `image`, `status`, `created_by`, `created_at`, `updated_by`, `updated_at`) VALUES
(1, 3, 362, NULL, 'Leave Request', 'Leave request from Kaladhar Rapelly', NULL, '', '/leaves/pending', NULL, 3, 470, '2018-07-09 06:24:43', NULL, '2019-03-21 00:20:38'),
(2, 3, 362, NULL, 'Leave Request', 'Leave request from Suneetha Ankala', NULL, '', '/leaves/pending', NULL, 3, 440, '2018-07-09 07:54:23', NULL, '2019-03-21 00:20:38'),
(3, 3, 440, NULL, 'Leave Request', 'Leave request approved for 09 Jul 2018', NULL, '', '/leaves', NULL, 3, 362, '2018-07-09 08:24:11', NULL, '2019-02-01 00:06:54'),
(4, 3, 209, NULL, 'Leave Request', 'Leave request approved for 11 Jul 2018', NULL, '', '/leaves', NULL, 2, 362, '2018-07-09 08:25:36', NULL, '2018-07-09 02:55:36'),
(5, 3, 248, NULL, 'Leave Request', 'Leave request approved for 09 Jul 2018', NULL, '', '/leaves', NULL, 2, 193, '2018-07-09 09:05:03', NULL, '2018-07-09 03:35:03'),
(6, 3, 163, NULL, 'Leave Request', 'Leave request from Tanil Kumar P', NULL, '', '/leaves/pending', NULL, 3, 400, '2018-07-09 09:13:47', NULL, '2018-07-10 04:25:29'),
(7, 3, 137, NULL, 'Leave Request', 'Leave request approved for 05 Jul 2018', NULL, '', '/leaves', NULL, 2, 126, '2018-07-09 10:21:48', NULL, '2018-07-09 04:51:48'),
(8, 3, 172, NULL, 'Leave Request', 'Leave request approved for 09 Jul 2018', NULL, '', '/leaves', NULL, 3, 126, '2018-07-09 10:21:55', NULL, '2018-07-12 02:02:46'),
(9, 3, 2, NULL, 'Leave Request', 'Leave request from Radhika Manoj', NULL, '', '/leaves/pending', NULL, 3, 12, '2018-07-09 10:55:24', NULL, '2019-04-04 07:53:52'),
(10, 3, 12, NULL, 'Leave Request', 'Leave request approved for 11 Jul 2018', NULL, '', '/leaves', NULL, 3, 2, '2018-07-09 11:14:39', NULL, '2019-03-26 05:20:29'),
(11, 6, 203, NULL, 'New Employee Hired', 'New Employee Hired - Anita Angadi', NULL, '', NULL, NULL, 2, 486, '2018-07-09 12:13:44', NULL, '2018-07-09 06:43:48'),
(12, 6, 205, NULL, 'New Employee Hired', 'New Employee Hired - Anita Angadi', NULL, '', NULL, NULL, 3, 486, '2018-07-09 12:13:44', NULL, '2018-12-17 05:54:52'),
(13, 6, 216, NULL, 'New Employee Hired', 'New Employee Hired - Anita Angadi', NULL, '', NULL, NULL, 3, 486, '2018-07-09 12:13:44', NULL, '2019-03-19 12:39:01'),
(14, 6, 224, NULL, 'New Employee Hired', 'New Employee Hired - Anita Angadi', NULL, '', NULL, NULL, 2, 486, '2018-07-09 12:13:44', NULL, '2018-07-09 06:43:47'),
(15, 6, 228, NULL, 'New Employee Hired', 'New Employee Hired - Anita Angadi', NULL, '', NULL, NULL, 2, 486, '2018-07-09 12:13:44', NULL, '2018-07-09 06:43:47'),
(16, 6, 235, NULL, 'New Employee Hired', 'New Employee Hired - Anita Angadi', NULL, '', NULL, NULL, 3, 486, '2018-07-09 12:13:44', NULL, '2018-07-09 22:46:21'),
(17, 6, 240, NULL, 'New Employee Hired', 'New Employee Hired - Anita Angadi', NULL, '', NULL, NULL, 2, 486, '2018-07-09 12:13:44', NULL, '2018-07-09 06:43:47'),
(18, 6, 245, NULL, 'New Employee Hired', 'New Employee Hired - Anita Angadi', NULL, '', NULL, NULL, 3, 486, '2018-07-09 12:13:44', NULL, '2019-03-20 23:19:56'),
(19, 6, 252, NULL, 'New Employee Hired', 'New Employee Hired - Anita Angadi', NULL, '', NULL, NULL, 2, 486, '2018-07-09 12:13:44', NULL, '2018-07-09 06:43:47'),
(20, 6, 254, NULL, 'New Employee Hired', 'New Employee Hired - Anita Angadi', NULL, '', NULL, NULL, 2, 486, '2018-07-09 12:13:44', NULL, '2018-07-09 06:43:47'),
(21, 6, 256, NULL, 'New Employee Hired', 'New Employee Hired - Anita Angadi', NULL, '', NULL, NULL, 2, 486, '2018-07-09 12:13:44', NULL, '2018-07-09 06:43:47'),
(22, 6, 257, NULL, 'New Employee Hired', 'New Employee Hired - Anita Angadi', NULL, '', NULL, NULL, 3, 486, '2018-07-09 12:13:44', NULL, '2018-12-27 03:10:49'),
(23, 6, 259, NULL, 'New Employee Hired', 'New Employee Hired - Anita Angadi', NULL, '', NULL, NULL, 2, 486, '2018-07-09 12:13:44', NULL, '2018-07-09 06:43:47'),
(24, 6, 260, NULL, 'New Employee Hired', 'New Employee Hired - Anita Angadi', NULL, '', NULL, NULL, 3, 486, '2018-07-09 12:13:44', NULL, '2018-07-12 03:26:40'),
(25, 6, 262, NULL, 'New Employee Hired', 'New Employee Hired - Anita Angadi', NULL, '', NULL, NULL, 3, 486, '2018-07-09 12:13:44', NULL, '2018-11-12 02:56:54'),
(26, 6, 263, NULL, 'New Employee Hired', 'New Employee Hired - Anita Angadi', NULL, '', NULL, NULL, 2, 486, '2018-07-09 12:13:44', NULL, '2018-07-09 06:43:47'),
(27, 6, 266, NULL, 'New Employee Hired', 'New Employee Hired - Anita Angadi', NULL, '', NULL, NULL, 3, 486, '2018-07-09 12:13:44', NULL, '2018-11-26 06:55:07'),
(28, 6, 267, NULL, 'New Employee Hired', 'New Employee Hired - Anita Angadi', NULL, '', NULL, NULL, 3, 486, '2018-07-09 12:13:44', NULL, '2019-01-06 22:36:51'),
(29, 6, 274, NULL, 'New Employee Hired', 'New Employee Hired - Anita Angadi', NULL, '', NULL, NULL, 2, 486, '2018-07-09 12:13:44', NULL, '2018-07-09 06:43:46'),
(30, 6, 275, NULL, 'New Employee Hired', 'New Employee Hired - Anita Angadi', NULL, '', NULL, NULL, 2, 486, '2018-07-09 12:13:44', NULL, '2018-07-09 06:43:46'),
(31, 6, 276, NULL, 'New Employee Hired', 'New Employee Hired - Anita Angadi', NULL, '', NULL, NULL, 3, 486, '2018-07-09 12:13:44', NULL, '2018-07-11 04:27:49'),
(32, 6, 277, NULL, 'New Employee Hired', 'New Employee Hired - Anita Angadi', NULL, '', NULL, NULL, 3, 486, '2018-07-09 12:13:44', NULL, '2019-03-06 23:40:42'),
(33, 6, 282, NULL, 'New Employee Hired', 'New Employee Hired - Anita Angadi', NULL, '', NULL, NULL, 3, 486, '2018-07-09 12:13:44', NULL, '2019-02-19 01:46:40'),
(34, 6, 283, NULL, 'New Employee Hired', 'New Employee Hired - Anita Angadi', NULL, '', NULL, NULL, 3, 486, '2018-07-09 12:13:44', NULL, '2019-02-18 00:30:33'),
(35, 6, 285, NULL, 'New Employee Hired', 'New Employee Hired - Anita Angadi', NULL, '', NULL, NULL, 3, 486, '2018-07-09 12:13:44', NULL, '2018-11-26 01:05:28'),
(36, 6, 286, NULL, 'New Employee Hired', 'New Employee Hired - Anita Angadi', NULL, '', NULL, NULL, 2, 486, '2018-07-09 12:13:44', NULL, '2018-07-09 06:43:46'),
(37, 6, 287, NULL, 'New Employee Hired', 'New Employee Hired - Anita Angadi', NULL, '', NULL, NULL, 3, 486, '2018-07-09 12:13:44', NULL, '2019-02-11 04:06:01'),
(38, 6, 292, NULL, 'New Employee Hired', 'New Employee Hired - Anita Angadi', NULL, '', NULL, NULL, 3, 486, '2018-07-09 12:13:44', NULL, '2018-12-26 23:13:01'),
(39, 6, 297, NULL, 'New Employee Hired', 'New Employee Hired - Anita Angadi', NULL, '', NULL, NULL, 2, 486, '2018-07-09 12:13:44', NULL, '2018-07-09 06:43:46'),
(40, 6, 305, NULL, 'New Employee Hired', 'New Employee Hired - Anita Angadi', NULL, '', NULL, NULL, 2, 486, '2018-07-09 12:13:44', NULL, '2018-07-09 06:43:46'),
(41, 6, 337, NULL, 'New Employee Hired', 'New Employee Hired - Anita Angadi', NULL, '', NULL, NULL, 2, 486, '2018-07-09 12:13:44', NULL, '2018-07-09 06:43:46'),
(42, 6, 338, NULL, 'New Employee Hired', 'New Employee Hired - Anita Angadi', NULL, '', NULL, NULL, 2, 486, '2018-07-09 12:13:44', NULL, '2018-07-09 06:43:46'),
(43, 6, 351, NULL, 'New Employee Hired', 'New Employee Hired - Anita Angadi', NULL, '', NULL, NULL, 3, 486, '2018-07-09 12:13:44', NULL, '2018-07-10 00:42:04'),
(44, 6, 352, NULL, 'New Employee Hired', 'New Employee Hired - Anita Angadi', NULL, '', NULL, NULL, 2, 486, '2018-07-09 12:13:44', NULL, '2018-07-09 06:43:45'),
(45, 6, 363, NULL, 'New Employee Hired', 'New Employee Hired - Anita Angadi', NULL, '', NULL, NULL, 2, 486, '2018-07-09 12:13:44', NULL, '2018-07-09 06:43:45'),
(46, 6, 366, NULL, 'New Employee Hired', 'New Employee Hired - Anita Angadi', NULL, '', NULL, NULL, 2, 486, '2018-07-09 12:13:44', NULL, '2018-07-09 06:43:45'),
(47, 6, 367, NULL, 'New Employee Hired', 'New Employee Hired - Anita Angadi', NULL, '', NULL, NULL, 2, 486, '2018-07-09 12:13:44', NULL, '2018-07-09 06:43:45'),
(48, 6, 369, NULL, 'New Employee Hired', 'New Employee Hired - Anita Angadi', NULL, '', NULL, NULL, 2, 486, '2018-07-09 12:13:44', NULL, '2018-07-09 06:43:45'),
(49, 6, 378, NULL, 'New Employee Hired', 'New Employee Hired - Anita Angadi', NULL, '', NULL, NULL, 2, 486, '2018-07-09 12:13:44', NULL, '2018-07-09 06:43:45'),
(50, 6, 383, NULL, 'New Employee Hired', 'New Employee Hired - Anita Angadi', NULL, '', NULL, NULL, 3, 486, '2018-07-09 12:13:44', NULL, '2018-07-10 03:57:41'),
(51, 6, 384, NULL, 'New Employee Hired', 'New Employee Hired - Anita Angadi', NULL, '', NULL, NULL, 3, 486, '2018-07-09 12:13:44', NULL, '2019-03-07 02:08:07'),
(52, 6, 388, NULL, 'New Employee Hired', 'New Employee Hired - Anita Angadi', NULL, '', NULL, NULL, 3, 486, '2018-07-09 12:13:44', NULL, '2019-02-11 00:40:34'),
(53, 6, 393, NULL, 'New Employee Hired', 'New Employee Hired - Anita Angadi', NULL, '', NULL, NULL, 3, 486, '2018-07-09 12:13:44', NULL, '2018-07-10 05:06:27'),
(54, 6, 401, NULL, 'New Employee Hired', 'New Employee Hired - Anita Angadi', NULL, '', NULL, NULL, 3, 486, '2018-07-09 12:13:44', NULL, '2018-11-22 03:09:50'),
(55, 6, 421, NULL, 'New Employee Hired', 'New Employee Hired - Anita Angadi', NULL, '', NULL, NULL, 3, 486, '2018-07-09 12:13:44', NULL, '2018-07-13 06:58:46'),
(56, 6, 424, NULL, 'New Employee Hired', 'New Employee Hired - Anita Angadi', NULL, '', NULL, NULL, 3, 486, '2018-07-09 12:13:44', NULL, '2018-11-27 03:52:57'),
(57, 6, 425, NULL, 'New Employee Hired', 'New Employee Hired - Anita Angadi', NULL, '', NULL, NULL, 3, 486, '2018-07-09 12:13:44', NULL, '2019-01-11 06:46:13'),
(58, 6, 426, NULL, 'New Employee Hired', 'New Employee Hired - Anita Angadi', NULL, '', NULL, NULL, 3, 486, '2018-07-09 12:13:44', NULL, '2019-02-01 00:48:20'),
(59, 6, 427, NULL, 'New Employee Hired', 'New Employee Hired - Anita Angadi', NULL, '', NULL, NULL, 2, 486, '2018-07-09 12:13:44', NULL, '2018-07-09 06:43:44'),
(60, 6, 428, NULL, 'New Employee Hired', 'New Employee Hired - Anita Angadi', NULL, '', NULL, NULL, 3, 486, '2018-07-09 12:13:44', NULL, '2018-07-09 06:59:15'),
(61, 6, 443, NULL, 'New Employee Hired', 'New Employee Hired - Anita Angadi', NULL, '', NULL, NULL, 3, 486, '2018-07-09 12:13:44', NULL, '2019-02-01 04:34:04'),
(62, 6, 461, NULL, 'New Employee Hired', 'New Employee Hired - Anita Angadi', NULL, '', NULL, NULL, 3, 486, '2018-07-09 12:13:44', NULL, '2019-03-19 07:18:27'),
(63, 6, 467, NULL, 'New Employee Hired', 'New Employee Hired - Anita Angadi', NULL, '', NULL, NULL, 3, 486, '2018-07-09 12:13:44', NULL, '2019-01-25 06:58:47'),
(64, 6, 486, NULL, 'New Employee Hired', 'New Employee Hired - Anita Angadi', NULL, '', NULL, NULL, 3, 486, '2018-07-09 12:13:44', NULL, '2019-03-20 03:22:39'),
(65, 6, 488, NULL, 'New Employee Hired', 'New Employee Hired - Anita Angadi', NULL, '', NULL, NULL, 3, 486, '2018-07-09 12:13:44', NULL, '2018-12-04 06:58:17'),
(66, 6, 489, NULL, 'New Employee Hired', 'New Employee Hired - Anita Angadi', NULL, '', NULL, NULL, 2, 486, '2018-07-09 12:13:44', NULL, '2018-07-09 06:43:44'),
(67, 6, 490, NULL, 'New Employee Hired', 'New Employee Hired - Anita Angadi', NULL, '', NULL, NULL, 2, 486, '2018-07-09 12:13:44', NULL, '2018-07-09 06:43:44'),
(68, 6, 203, NULL, 'New Employee Hired', 'New Employee Hired - Nagashri Naik', NULL, '', NULL, NULL, 2, 486, '2018-07-09 12:18:07', NULL, '2018-07-09 06:48:12'),
(69, 6, 205, NULL, 'New Employee Hired', 'New Employee Hired - Nagashri Naik', NULL, '', NULL, NULL, 3, 486, '2018-07-09 12:18:07', NULL, '2018-12-17 05:54:52'),
(70, 6, 216, NULL, 'New Employee Hired', 'New Employee Hired - Nagashri Naik', NULL, '', NULL, NULL, 3, 486, '2018-07-09 12:18:07', NULL, '2019-03-19 12:39:01'),
(71, 6, 224, NULL, 'New Employee Hired', 'New Employee Hired - Nagashri Naik', NULL, '', NULL, NULL, 2, 486, '2018-07-09 12:18:07', NULL, '2018-07-09 06:48:11'),
(72, 6, 228, NULL, 'New Employee Hired', 'New Employee Hired - Nagashri Naik', NULL, '', NULL, NULL, 2, 486, '2018-07-09 12:18:07', NULL, '2018-07-09 06:48:11'),
(73, 6, 235, NULL, 'New Employee Hired', 'New Employee Hired - Nagashri Naik', NULL, '', NULL, NULL, 3, 486, '2018-07-09 12:18:07', NULL, '2018-07-09 22:46:25'),
(74, 6, 240, NULL, 'New Employee Hired', 'New Employee Hired - Nagashri Naik', NULL, '', NULL, NULL, 2, 486, '2018-07-09 12:18:07', NULL, '2018-07-09 06:48:11'),
(75, 6, 245, NULL, 'New Employee Hired', 'New Employee Hired - Nagashri Naik', NULL, '', NULL, NULL, 3, 486, '2018-07-09 12:18:07', NULL, '2019-03-20 23:19:56'),
(76, 6, 252, NULL, 'New Employee Hired', 'New Employee Hired - Nagashri Naik', NULL, '', NULL, NULL, 2, 486, '2018-07-09 12:18:07', NULL, '2018-07-09 06:48:11'),
(77, 6, 254, NULL, 'New Employee Hired', 'New Employee Hired - Nagashri Naik', NULL, '', NULL, NULL, 2, 486, '2018-07-09 12:18:07', NULL, '2018-07-09 06:48:11'),
(78, 6, 256, NULL, 'New Employee Hired', 'New Employee Hired - Nagashri Naik', NULL, '', NULL, NULL, 2, 486, '2018-07-09 12:18:07', NULL, '2018-07-09 06:48:11'),
(79, 6, 257, NULL, 'New Employee Hired', 'New Employee Hired - Nagashri Naik', NULL, '', NULL, NULL, 3, 486, '2018-07-09 12:18:07', NULL, '2018-12-27 03:10:49'),
(80, 6, 259, NULL, 'New Employee Hired', 'New Employee Hired - Nagashri Naik', NULL, '', NULL, NULL, 2, 486, '2018-07-09 12:18:07', NULL, '2018-07-09 06:48:11'),
(81, 6, 260, NULL, 'New Employee Hired', 'New Employee Hired - Nagashri Naik', NULL, '', NULL, NULL, 3, 486, '2018-07-09 12:18:07', NULL, '2018-07-12 03:26:35'),
(82, 6, 262, NULL, 'New Employee Hired', 'New Employee Hired - Nagashri Naik', NULL, '', NULL, NULL, 3, 486, '2018-07-09 12:18:07', NULL, '2018-11-12 02:56:54'),
(83, 6, 263, NULL, 'New Employee Hired', 'New Employee Hired - Nagashri Naik', NULL, '', NULL, NULL, 2, 486, '2018-07-09 12:18:07', NULL, '2018-07-09 06:48:10'),
(84, 6, 266, NULL, 'New Employee Hired', 'New Employee Hired - Nagashri Naik', NULL, '', NULL, NULL, 3, 486, '2018-07-09 12:18:07', NULL, '2018-11-26 06:55:07'),
(85, 6, 267, NULL, 'New Employee Hired', 'New Employee Hired - Nagashri Naik', NULL, '', NULL, NULL, 3, 486, '2018-07-09 12:18:07', NULL, '2019-01-06 22:36:51'),
(86, 6, 274, NULL, 'New Employee Hired', 'New Employee Hired - Nagashri Naik', NULL, '', NULL, NULL, 2, 486, '2018-07-09 12:18:07', NULL, '2018-07-09 06:48:10'),
(87, 6, 275, NULL, 'New Employee Hired', 'New Employee Hired - Nagashri Naik', NULL, '', NULL, NULL, 2, 486, '2018-07-09 12:18:07', NULL, '2018-07-09 06:48:10'),
(88, 6, 276, NULL, 'New Employee Hired', 'New Employee Hired - Nagashri Naik', NULL, '', NULL, NULL, 3, 486, '2018-07-09 12:18:07', NULL, '2018-07-11 04:27:44'),
(89, 6, 277, NULL, 'New Employee Hired', 'New Employee Hired - Nagashri Naik', NULL, '', NULL, NULL, 3, 486, '2018-07-09 12:18:07', NULL, '2019-03-06 23:40:42'),
(90, 6, 282, NULL, 'New Employee Hired', 'New Employee Hired - Nagashri Naik', NULL, '', NULL, NULL, 3, 486, '2018-07-09 12:18:07', NULL, '2019-02-19 01:46:40'),
(91, 6, 283, NULL, 'New Employee Hired', 'New Employee Hired - Nagashri Naik', NULL, '', NULL, NULL, 3, 486, '2018-07-09 12:18:07', NULL, '2019-02-18 00:30:33'),
(92, 6, 285, NULL, 'New Employee Hired', 'New Employee Hired - Nagashri Naik', NULL, '', NULL, NULL, 3, 486, '2018-07-09 12:18:07', NULL, '2018-11-26 01:05:28'),
(93, 6, 286, NULL, 'New Employee Hired', 'New Employee Hired - Nagashri Naik', NULL, '', NULL, NULL, 2, 486, '2018-07-09 12:18:07', NULL, '2018-07-09 06:48:10'),
(94, 6, 287, NULL, 'New Employee Hired', 'New Employee Hired - Nagashri Naik', NULL, '', NULL, NULL, 3, 486, '2018-07-09 12:18:07', NULL, '2019-02-11 04:06:01'),
(95, 6, 292, NULL, 'New Employee Hired', 'New Employee Hired - Nagashri Naik', NULL, '', NULL, NULL, 3, 486, '2018-07-09 12:18:07', NULL, '2018-12-26 23:13:01'),
(96, 6, 297, NULL, 'New Employee Hired', 'New Employee Hired - Nagashri Naik', NULL, '', NULL, NULL, 2, 486, '2018-07-09 12:18:07', NULL, '2018-07-09 06:48:10'),
(97, 6, 305, NULL, 'New Employee Hired', 'New Employee Hired - Nagashri Naik', NULL, '', NULL, NULL, 2, 486, '2018-07-09 12:18:07', NULL, '2018-07-09 06:48:09'),
(98, 6, 337, NULL, 'New Employee Hired', 'New Employee Hired - Nagashri Naik', NULL, '', NULL, NULL, 2, 486, '2018-07-09 12:18:07', NULL, '2018-07-09 06:48:09'),
(99, 6, 338, NULL, 'New Employee Hired', 'New Employee Hired - Nagashri Naik', NULL, '', NULL, NULL, 2, 486, '2018-07-09 12:18:07', NULL, '2018-07-09 06:48:09'),
(100, 6, 351, NULL, 'New Employee Hired', 'New Employee Hired - Nagashri Naik', NULL, '', NULL, NULL, 3, 486, '2018-07-09 12:18:07', NULL, '2018-07-10 00:41:09'),
(101, 6, 352, NULL, 'New Employee Hired', 'New Employee Hired - Nagashri Naik', NULL, '', NULL, NULL, 2, 486, '2018-07-09 12:18:07', NULL, '2018-07-09 06:48:09'),
(102, 6, 363, NULL, 'New Employee Hired', 'New Employee Hired - Nagashri Naik', NULL, '', NULL, NULL, 2, 486, '2018-07-09 12:18:07', NULL, '2018-07-09 06:48:09'),
(103, 6, 366, NULL, 'New Employee Hired', 'New Employee Hired - Nagashri Naik', NULL, '', NULL, NULL, 2, 486, '2018-07-09 12:18:07', NULL, '2018-07-09 06:48:09'),
(104, 6, 367, NULL, 'New Employee Hired', 'New Employee Hired - Nagashri Naik', NULL, '', NULL, NULL, 2, 486, '2018-07-09 12:18:07', NULL, '2018-07-09 06:48:09'),
(105, 6, 369, NULL, 'New Employee Hired', 'New Employee Hired - Nagashri Naik', NULL, '', NULL, NULL, 2, 486, '2018-07-09 12:18:07', NULL, '2018-07-09 06:48:09'),
(106, 6, 378, NULL, 'New Employee Hired', 'New Employee Hired - Nagashri Naik', NULL, '', NULL, NULL, 2, 486, '2018-07-09 12:18:07', NULL, '2018-07-09 06:48:09'),
(107, 6, 383, NULL, 'New Employee Hired', 'New Employee Hired - Nagashri Naik', NULL, '', NULL, NULL, 2, 486, '2018-07-09 12:18:07', NULL, '2018-07-09 06:48:09'),
(108, 6, 384, NULL, 'New Employee Hired', 'New Employee Hired - Nagashri Naik', NULL, '', NULL, NULL, 3, 486, '2018-07-09 12:18:07', NULL, '2019-03-07 02:08:07'),
(109, 6, 388, NULL, 'New Employee Hired', 'New Employee Hired - Nagashri Naik', NULL, '', NULL, NULL, 3, 486, '2018-07-09 12:18:07', NULL, '2019-02-11 00:40:34'),
(110, 6, 393, NULL, 'New Employee Hired', 'New Employee Hired - Nagashri Naik', NULL, '', NULL, NULL, 3, 486, '2018-07-09 12:18:07', NULL, '2018-07-10 05:06:24'),
(111, 6, 401, NULL, 'New Employee Hired', 'New Employee Hired - Nagashri Naik', NULL, '', NULL, NULL, 3, 486, '2018-07-09 12:18:07', NULL, '2018-11-22 03:09:50'),
(112, 6, 421, NULL, 'New Employee Hired', 'New Employee Hired - Nagashri Naik', NULL, '', NULL, NULL, 3, 486, '2018-07-09 12:18:07', NULL, '2018-07-13 06:58:44'),
(113, 6, 424, NULL, 'New Employee Hired', 'New Employee Hired - Nagashri Naik', NULL, '', NULL, NULL, 3, 486, '2018-07-09 12:18:07', NULL, '2018-11-27 03:52:57'),
(114, 6, 425, NULL, 'New Employee Hired', 'New Employee Hired - Nagashri Naik', NULL, '', NULL, NULL, 3, 486, '2018-07-09 12:18:07', NULL, '2019-01-11 06:46:13'),
(115, 6, 426, NULL, 'New Employee Hired', 'New Employee Hired - Nagashri Naik', NULL, '', NULL, NULL, 3, 486, '2018-07-09 12:18:07', NULL, '2019-02-01 00:48:20'),
(116, 6, 427, NULL, 'New Employee Hired', 'New Employee Hired - Nagashri Naik', NULL, '', NULL, NULL, 3, 486, '2018-07-09 12:18:07', NULL, '2018-07-10 00:34:20'),
(117, 6, 428, NULL, 'New Employee Hired', 'New Employee Hired - Nagashri Naik', NULL, '', NULL, NULL, 3, 486, '2018-07-09 12:18:07', NULL, '2018-07-09 06:57:51'),
(118, 6, 443, NULL, 'New Employee Hired', 'New Employee Hired - Nagashri Naik', NULL, '', NULL, NULL, 3, 486, '2018-07-09 12:18:07', NULL, '2019-02-01 04:34:04'),
(119, 6, 461, NULL, 'New Employee Hired', 'New Employee Hired - Nagashri Naik', NULL, '', NULL, NULL, 3, 486, '2018-07-09 12:18:07', NULL, '2019-03-19 07:18:27'),
(120, 6, 467, NULL, 'New Employee Hired', 'New Employee Hired - Nagashri Naik', NULL, '', NULL, NULL, 3, 486, '2018-07-09 12:18:07', NULL, '2019-01-25 06:58:47'),
(121, 6, 486, NULL, 'New Employee Hired', 'New Employee Hired - Nagashri Naik', NULL, '', NULL, NULL, 3, 486, '2018-07-09 12:18:07', NULL, '2019-03-20 03:22:39'),
(122, 6, 488, NULL, 'New Employee Hired', 'New Employee Hired - Nagashri Naik', NULL, '', NULL, NULL, 3, 486, '2018-07-09 12:18:07', NULL, '2018-12-04 06:58:17'),
(123, 6, 489, NULL, 'New Employee Hired', 'New Employee Hired - Nagashri Naik', NULL, '', NULL, NULL, 2, 486, '2018-07-09 12:18:07', NULL, '2018-07-09 06:48:08'),
(124, 6, 490, NULL, 'New Employee Hired', 'New Employee Hired - Nagashri Naik', NULL, '', NULL, NULL, 2, 486, '2018-07-09 12:18:07', NULL, '2018-07-09 06:48:08'),
(125, 6, 491, NULL, 'New Employee Hired', 'New Employee Hired - Nagashri Naik', NULL, '', NULL, NULL, 2, 486, '2018-07-09 12:18:07', NULL, '2018-07-09 06:48:07'),
(126, 6, 203, NULL, 'New Employee Hired', 'New Employee Hired - Komal Kushwaha', NULL, '', NULL, NULL, 2, 486, '2018-07-09 12:24:23', NULL, '2018-07-09 06:54:27'),
(127, 6, 205, NULL, 'New Employee Hired', 'New Employee Hired - Komal Kushwaha', NULL, '', NULL, NULL, 3, 486, '2018-07-09 12:24:23', NULL, '2018-12-17 05:54:52'),
(128, 6, 216, NULL, 'New Employee Hired', 'New Employee Hired - Komal Kushwaha', NULL, '', NULL, NULL, 3, 486, '2018-07-09 12:24:23', NULL, '2019-03-19 12:39:01'),
(129, 6, 224, NULL, 'New Employee Hired', 'New Employee Hired - Komal Kushwaha', NULL, '', NULL, NULL, 2, 486, '2018-07-09 12:24:23', NULL, '2018-07-09 06:54:26'),
(130, 6, 228, NULL, 'New Employee Hired', 'New Employee Hired - Komal Kushwaha', NULL, '', NULL, NULL, 2, 486, '2018-07-09 12:24:23', NULL, '2018-07-09 06:54:26'),
(131, 6, 235, NULL, 'New Employee Hired', 'New Employee Hired - Komal Kushwaha', NULL, '', NULL, NULL, 3, 486, '2018-07-09 12:24:23', NULL, '2018-07-09 22:46:27'),
(132, 6, 240, NULL, 'New Employee Hired', 'New Employee Hired - Komal Kushwaha', NULL, '', NULL, NULL, 2, 486, '2018-07-09 12:24:23', NULL, '2018-07-09 06:54:26'),
(133, 6, 245, NULL, 'New Employee Hired', 'New Employee Hired - Komal Kushwaha', NULL, '', NULL, NULL, 3, 486, '2018-07-09 12:24:23', NULL, '2019-03-20 23:19:56'),
(134, 6, 252, NULL, 'New Employee Hired', 'New Employee Hired - Komal Kushwaha', NULL, '', NULL, NULL, 2, 486, '2018-07-09 12:24:23', NULL, '2018-07-09 06:54:26'),
(135, 6, 254, NULL, 'New Employee Hired', 'New Employee Hired - Komal Kushwaha', NULL, '', NULL, NULL, 2, 486, '2018-07-09 12:24:23', NULL, '2018-07-09 06:54:26'),
(136, 6, 256, NULL, 'New Employee Hired', 'New Employee Hired - Komal Kushwaha', NULL, '', NULL, NULL, 2, 486, '2018-07-09 12:24:23', NULL, '2018-07-09 06:54:26'),
(137, 6, 257, NULL, 'New Employee Hired', 'New Employee Hired - Komal Kushwaha', NULL, '', NULL, NULL, 3, 486, '2018-07-09 12:24:23', NULL, '2018-12-27 03:10:49'),
(138, 6, 259, NULL, 'New Employee Hired', 'New Employee Hired - Komal Kushwaha', NULL, '', NULL, NULL, 2, 486, '2018-07-09 12:24:23', NULL, '2018-07-09 06:54:26'),
(139, 6, 260, NULL, 'New Employee Hired', 'New Employee Hired - Komal Kushwaha', NULL, '', NULL, NULL, 3, 486, '2018-07-09 12:24:23', NULL, '2018-07-12 03:26:30'),
(140, 6, 262, NULL, 'New Employee Hired', 'New Employee Hired - Komal Kushwaha', NULL, '', NULL, NULL, 3, 486, '2018-07-09 12:24:23', NULL, '2018-11-12 02:56:54'),
(141, 6, 263, NULL, 'New Employee Hired', 'New Employee Hired - Komal Kushwaha', NULL, '', NULL, NULL, 2, 486, '2018-07-09 12:24:23', NULL, '2018-07-09 06:54:26'),
(142, 6, 266, NULL, 'New Employee Hired', 'New Employee Hired - Komal Kushwaha', NULL, '', NULL, NULL, 3, 486, '2018-07-09 12:24:23', NULL, '2018-11-26 06:55:07'),
(143, 6, 267, NULL, 'New Employee Hired', 'New Employee Hired - Komal Kushwaha', NULL, '', NULL, NULL, 3, 486, '2018-07-09 12:24:23', NULL, '2019-01-06 22:36:51'),
(144, 6, 274, NULL, 'New Employee Hired', 'New Employee Hired - Komal Kushwaha', NULL, '', NULL, NULL, 2, 486, '2018-07-09 12:24:23', NULL, '2018-07-09 06:54:25'),
(145, 6, 275, NULL, 'New Employee Hired', 'New Employee Hired - Komal Kushwaha', NULL, '', NULL, NULL, 2, 486, '2018-07-09 12:24:23', NULL, '2018-07-09 06:54:25'),
(146, 6, 276, NULL, 'New Employee Hired', 'New Employee Hired - Komal Kushwaha', NULL, '', NULL, NULL, 3, 486, '2018-07-09 12:24:23', NULL, '2018-07-11 04:27:44'),
(147, 6, 277, NULL, 'New Employee Hired', 'New Employee Hired - Komal Kushwaha', NULL, '', NULL, NULL, 3, 486, '2018-07-09 12:24:23', NULL, '2019-03-06 23:40:42'),
(148, 6, 282, NULL, 'New Employee Hired', 'New Employee Hired - Komal Kushwaha', NULL, '', NULL, NULL, 3, 486, '2018-07-09 12:24:23', NULL, '2019-02-19 01:46:40'),
(149, 6, 283, NULL, 'New Employee Hired', 'New Employee Hired - Komal Kushwaha', NULL, '', NULL, NULL, 3, 486, '2018-07-09 12:24:23', NULL, '2019-02-18 00:30:33'),
(150, 6, 285, NULL, 'New Employee Hired', 'New Employee Hired - Komal Kushwaha', NULL, '', NULL, NULL, 3, 486, '2018-07-09 12:24:23', NULL, '2018-11-26 01:05:28'),
(151, 6, 286, NULL, 'New Employee Hired', 'New Employee Hired - Komal Kushwaha', NULL, '', NULL, NULL, 2, 486, '2018-07-09 12:24:23', NULL, '2018-07-09 06:54:25'),
(152, 6, 287, NULL, 'New Employee Hired', 'New Employee Hired - Komal Kushwaha', NULL, '', NULL, NULL, 3, 486, '2018-07-09 12:24:23', NULL, '2019-02-11 04:06:01'),
(153, 6, 292, NULL, 'New Employee Hired', 'New Employee Hired - Komal Kushwaha', NULL, '', NULL, NULL, 3, 486, '2018-07-09 12:24:23', NULL, '2018-12-26 23:13:01'),
(154, 6, 297, NULL, 'New Employee Hired', 'New Employee Hired - Komal Kushwaha', NULL, '', NULL, NULL, 2, 486, '2018-07-09 12:24:23', NULL, '2018-07-09 06:54:25'),
(155, 6, 305, NULL, 'New Employee Hired', 'New Employee Hired - Komal Kushwaha', NULL, '', NULL, NULL, 2, 486, '2018-07-09 12:24:23', NULL, '2018-07-09 06:54:25'),
(156, 6, 337, NULL, 'New Employee Hired', 'New Employee Hired - Komal Kushwaha', NULL, '', NULL, NULL, 2, 486, '2018-07-09 12:24:23', NULL, '2018-07-09 06:54:25'),
(157, 6, 338, NULL, 'New Employee Hired', 'New Employee Hired - Komal Kushwaha', NULL, '', NULL, NULL, 2, 486, '2018-07-09 12:24:23', NULL, '2018-07-09 06:54:25'),
(158, 6, 351, NULL, 'New Employee Hired', 'New Employee Hired - Komal Kushwaha', NULL, '', NULL, NULL, 3, 486, '2018-07-09 12:24:23', NULL, '2018-07-10 00:41:08'),
(159, 6, 352, NULL, 'New Employee Hired', 'New Employee Hired - Komal Kushwaha', NULL, '', NULL, NULL, 2, 486, '2018-07-09 12:24:23', NULL, '2018-07-09 06:54:24'),
(160, 6, 363, NULL, 'New Employee Hired', 'New Employee Hired - Komal Kushwaha', NULL, '', NULL, NULL, 2, 486, '2018-07-09 12:24:23', NULL, '2018-07-09 06:54:24'),
(161, 6, 366, NULL, 'New Employee Hired', 'New Employee Hired - Komal Kushwaha', NULL, '', NULL, NULL, 2, 486, '2018-07-09 12:24:23', NULL, '2018-07-09 06:54:24'),
(162, 6, 367, NULL, 'New Employee Hired', 'New Employee Hired - Komal Kushwaha', NULL, '', NULL, NULL, 2, 486, '2018-07-09 12:24:23', NULL, '2018-07-09 06:54:24'),
(163, 6, 369, NULL, 'New Employee Hired', 'New Employee Hired - Komal Kushwaha', NULL, '', NULL, NULL, 2, 486, '2018-07-09 12:24:23', NULL, '2018-07-09 06:54:24'),
(164, 6, 378, NULL, 'New Employee Hired', 'New Employee Hired - Komal Kushwaha', NULL, '', NULL, NULL, 3, 486, '2018-07-09 12:24:23', NULL, '2018-07-11 07:20:21'),
(165, 6, 383, NULL, 'New Employee Hired', 'New Employee Hired - Komal Kushwaha', NULL, '', NULL, NULL, 2, 486, '2018-07-09 12:24:23', NULL, '2018-07-09 06:54:24'),
(166, 6, 384, NULL, 'New Employee Hired', 'New Employee Hired - Komal Kushwaha', NULL, '', NULL, NULL, 3, 486, '2018-07-09 12:24:23', NULL, '2019-03-07 02:08:07'),
(167, 6, 388, NULL, 'New Employee Hired', 'New Employee Hired - Komal Kushwaha', NULL, '', NULL, NULL, 3, 486, '2018-07-09 12:24:23', NULL, '2019-02-11 00:40:34'),
(168, 6, 393, NULL, 'New Employee Hired', 'New Employee Hired - Komal Kushwaha', NULL, '', NULL, NULL, 3, 486, '2018-07-09 12:24:23', NULL, '2018-07-10 05:06:26'),
(169, 6, 401, NULL, 'New Employee Hired', 'New Employee Hired - Komal Kushwaha', NULL, '', NULL, NULL, 3, 486, '2018-07-09 12:24:23', NULL, '2018-11-22 03:09:50'),
(170, 6, 421, NULL, 'New Employee Hired', 'New Employee Hired - Komal Kushwaha', NULL, '', NULL, NULL, 3, 486, '2018-07-09 12:24:23', NULL, '2018-07-15 12:29:42'),
(171, 6, 424, NULL, 'New Employee Hired', 'New Employee Hired - Komal Kushwaha', NULL, '', NULL, NULL, 3, 486, '2018-07-09 12:24:23', NULL, '2018-11-27 03:52:57'),
(172, 6, 425, NULL, 'New Employee Hired', 'New Employee Hired - Komal Kushwaha', NULL, '', NULL, NULL, 3, 486, '2018-07-09 12:24:23', NULL, '2019-01-11 06:46:13'),
(173, 6, 426, NULL, 'New Employee Hired', 'New Employee Hired - Komal Kushwaha', NULL, '', NULL, NULL, 3, 486, '2018-07-09 12:24:23', NULL, '2019-02-01 00:48:20'),
(174, 6, 427, NULL, 'New Employee Hired', 'New Employee Hired - Komal Kushwaha', NULL, '', NULL, NULL, 2, 486, '2018-07-09 12:24:23', NULL, '2018-07-09 06:54:23'),
(175, 6, 428, NULL, 'New Employee Hired', 'New Employee Hired - Komal Kushwaha', NULL, '', NULL, NULL, 3, 486, '2018-07-09 12:24:23', NULL, '2018-07-09 06:57:24'),
(176, 6, 443, NULL, 'New Employee Hired', 'New Employee Hired - Komal Kushwaha', NULL, '', NULL, NULL, 3, 486, '2018-07-09 12:24:23', NULL, '2019-02-01 04:34:04'),
(177, 6, 461, NULL, 'New Employee Hired', 'New Employee Hired - Komal Kushwaha', NULL, '', NULL, NULL, 3, 486, '2018-07-09 12:24:23', NULL, '2019-03-19 07:18:27'),
(178, 6, 467, NULL, 'New Employee Hired', 'New Employee Hired - Komal Kushwaha', NULL, '', NULL, NULL, 3, 486, '2018-07-09 12:24:23', NULL, '2019-01-25 06:58:47'),
(179, 6, 486, NULL, 'New Employee Hired', 'New Employee Hired - Komal Kushwaha', NULL, '', NULL, NULL, 3, 486, '2018-07-09 12:24:23', NULL, '2019-03-20 03:22:39'),
(180, 6, 488, NULL, 'New Employee Hired', 'New Employee Hired - Komal Kushwaha', NULL, '', NULL, NULL, 3, 486, '2018-07-09 12:24:23', NULL, '2018-12-04 06:58:17'),
(181, 6, 489, NULL, 'New Employee Hired', 'New Employee Hired - Komal Kushwaha', NULL, '', NULL, NULL, 2, 486, '2018-07-09 12:24:23', NULL, '2018-07-09 06:54:23'),
(182, 6, 490, NULL, 'New Employee Hired', 'New Employee Hired - Komal Kushwaha', NULL, '', NULL, NULL, 2, 486, '2018-07-09 12:24:23', NULL, '2018-07-09 06:54:23'),
(183, 6, 491, NULL, 'New Employee Hired', 'New Employee Hired - Komal Kushwaha', NULL, '', NULL, NULL, 2, 486, '2018-07-09 12:24:23', NULL, '2018-07-09 06:54:23'),
(184, 6, 492, NULL, 'New Employee Hired', 'New Employee Hired - Komal Kushwaha', NULL, '', NULL, NULL, 2, 486, '2018-07-09 12:24:23', NULL, '2018-07-09 06:54:23'),
(185, 6, 203, NULL, 'New Employee Hired', 'New Employee Hired - Prachi Pradhan', NULL, '', NULL, NULL, 2, 486, '2018-07-09 12:28:35', NULL, '2018-07-09 06:58:39'),
(186, 6, 205, NULL, 'New Employee Hired', 'New Employee Hired - Prachi Pradhan', NULL, '', NULL, NULL, 3, 486, '2018-07-09 12:28:35', NULL, '2018-12-17 05:54:52'),
(187, 6, 216, NULL, 'New Employee Hired', 'New Employee Hired - Prachi Pradhan', NULL, '', NULL, NULL, 3, 486, '2018-07-09 12:28:35', NULL, '2019-03-19 12:39:01'),
(188, 6, 224, NULL, 'New Employee Hired', 'New Employee Hired - Prachi Pradhan', NULL, '', NULL, NULL, 2, 486, '2018-07-09 12:28:35', NULL, '2018-07-09 06:58:38'),
(189, 6, 228, NULL, 'New Employee Hired', 'New Employee Hired - Prachi Pradhan', NULL, '', NULL, NULL, 2, 486, '2018-07-09 12:28:35', NULL, '2018-07-09 06:58:38'),
(190, 6, 235, NULL, 'New Employee Hired', 'New Employee Hired - Prachi Pradhan', NULL, '', NULL, NULL, 3, 486, '2018-07-09 12:28:35', NULL, '2018-07-09 22:46:29'),
(191, 6, 240, NULL, 'New Employee Hired', 'New Employee Hired - Prachi Pradhan', NULL, '', NULL, NULL, 2, 486, '2018-07-09 12:28:35', NULL, '2018-07-09 06:58:38'),
(192, 6, 245, NULL, 'New Employee Hired', 'New Employee Hired - Prachi Pradhan', NULL, '', NULL, NULL, 3, 486, '2018-07-09 12:28:35', NULL, '2019-03-20 23:19:56'),
(193, 6, 252, NULL, 'New Employee Hired', 'New Employee Hired - Prachi Pradhan', NULL, '', NULL, NULL, 2, 486, '2018-07-09 12:28:35', NULL, '2018-07-09 06:58:38'),
(194, 6, 254, NULL, 'New Employee Hired', 'New Employee Hired - Prachi Pradhan', NULL, '', NULL, NULL, 2, 486, '2018-07-09 12:28:35', NULL, '2018-07-09 06:58:38'),
(195, 6, 256, NULL, 'New Employee Hired', 'New Employee Hired - Prachi Pradhan', NULL, '', NULL, NULL, 2, 486, '2018-07-09 12:28:35', NULL, '2018-07-09 06:58:38'),
(196, 6, 257, NULL, 'New Employee Hired', 'New Employee Hired - Prachi Pradhan', NULL, '', NULL, NULL, 3, 486, '2018-07-09 12:28:35', NULL, '2018-12-27 03:10:49'),
(197, 6, 259, NULL, 'New Employee Hired', 'New Employee Hired - Prachi Pradhan', NULL, '', NULL, NULL, 2, 486, '2018-07-09 12:28:35', NULL, '2018-07-09 06:58:38'),
(198, 6, 260, NULL, 'New Employee Hired', 'New Employee Hired - Prachi Pradhan', NULL, '', NULL, NULL, 3, 486, '2018-07-09 12:28:35', NULL, '2018-07-12 03:26:30'),
(199, 6, 262, NULL, 'New Employee Hired', 'New Employee Hired - Prachi Pradhan', NULL, '', NULL, NULL, 3, 486, '2018-07-09 12:28:35', NULL, '2018-11-12 02:56:54'),
(200, 6, 263, NULL, 'New Employee Hired', 'New Employee Hired - Prachi Pradhan', NULL, '', NULL, NULL, 2, 486, '2018-07-09 12:28:35', NULL, '2018-07-09 06:58:38'),
(201, 6, 266, NULL, 'New Employee Hired', 'New Employee Hired - Prachi Pradhan', NULL, '', NULL, NULL, 3, 486, '2018-07-09 12:28:35', NULL, '2018-11-26 06:55:07'),
(202, 6, 267, NULL, 'New Employee Hired', 'New Employee Hired - Prachi Pradhan', NULL, '', NULL, NULL, 3, 486, '2018-07-09 12:28:35', NULL, '2019-01-06 22:36:51'),
(203, 6, 274, NULL, 'New Employee Hired', 'New Employee Hired - Prachi Pradhan', NULL, '', NULL, NULL, 2, 486, '2018-07-09 12:28:35', NULL, '2018-07-09 06:58:37'),
(204, 6, 275, NULL, 'New Employee Hired', 'New Employee Hired - Prachi Pradhan', NULL, '', NULL, NULL, 2, 486, '2018-07-09 12:28:35', NULL, '2018-07-09 06:58:37'),
(205, 6, 276, NULL, 'New Employee Hired', 'New Employee Hired - Prachi Pradhan', NULL, '', NULL, NULL, 3, 486, '2018-07-09 12:28:35', NULL, '2018-07-11 04:27:43'),
(206, 6, 277, NULL, 'New Employee Hired', 'New Employee Hired - Prachi Pradhan', NULL, '', NULL, NULL, 3, 486, '2018-07-09 12:28:35', NULL, '2019-03-06 23:40:42'),
(207, 6, 282, NULL, 'New Employee Hired', 'New Employee Hired - Prachi Pradhan', NULL, '', NULL, NULL, 3, 486, '2018-07-09 12:28:35', NULL, '2019-02-19 01:46:40'),
(208, 6, 283, NULL, 'New Employee Hired', 'New Employee Hired - Prachi Pradhan', NULL, '', NULL, NULL, 3, 486, '2018-07-09 12:28:35', NULL, '2019-02-18 00:30:33'),
(209, 6, 285, NULL, 'New Employee Hired', 'New Employee Hired - Prachi Pradhan', NULL, '', NULL, NULL, 3, 486, '2018-07-09 12:28:35', NULL, '2018-11-26 01:05:28'),
(210, 6, 286, NULL, 'New Employee Hired', 'New Employee Hired - Prachi Pradhan', NULL, '', NULL, NULL, 2, 486, '2018-07-09 12:28:35', NULL, '2018-07-09 06:58:37'),
(211, 6, 287, NULL, 'New Employee Hired', 'New Employee Hired - Prachi Pradhan', NULL, '', NULL, NULL, 3, 486, '2018-07-09 12:28:35', NULL, '2019-02-11 04:06:01'),
(212, 6, 292, NULL, 'New Employee Hired', 'New Employee Hired - Prachi Pradhan', NULL, '', NULL, NULL, 3, 486, '2018-07-09 12:28:35', NULL, '2018-12-26 23:13:01'),
(213, 6, 297, NULL, 'New Employee Hired', 'New Employee Hired - Prachi Pradhan', NULL, '', NULL, NULL, 2, 486, '2018-07-09 12:28:35', NULL, '2018-07-09 06:58:37'),
(214, 6, 305, NULL, 'New Employee Hired', 'New Employee Hired - Prachi Pradhan', NULL, '', NULL, NULL, 2, 486, '2018-07-09 12:28:35', NULL, '2018-07-09 06:58:37'),
(215, 6, 337, NULL, 'New Employee Hired', 'New Employee Hired - Prachi Pradhan', NULL, '', NULL, NULL, 2, 486, '2018-07-09 12:28:35', NULL, '2018-07-09 06:58:37'),
(216, 6, 338, NULL, 'New Employee Hired', 'New Employee Hired - Prachi Pradhan', NULL, '', NULL, NULL, 2, 486, '2018-07-09 12:28:35', NULL, '2018-07-09 06:58:37'),
(217, 6, 351, NULL, 'New Employee Hired', 'New Employee Hired - Prachi Pradhan', NULL, '', NULL, NULL, 3, 486, '2018-07-09 12:28:35', NULL, '2018-07-10 00:41:07'),
(218, 6, 352, NULL, 'New Employee Hired', 'New Employee Hired - Prachi Pradhan', NULL, '', NULL, NULL, 2, 486, '2018-07-09 12:28:35', NULL, '2018-07-09 06:58:36'),
(219, 6, 363, NULL, 'New Employee Hired', 'New Employee Hired - Prachi Pradhan', NULL, '', NULL, NULL, 2, 486, '2018-07-09 12:28:35', NULL, '2018-07-09 06:58:36'),
(220, 6, 366, NULL, 'New Employee Hired', 'New Employee Hired - Prachi Pradhan', NULL, '', NULL, NULL, 2, 486, '2018-07-09 12:28:35', NULL, '2018-07-09 06:58:36'),
(221, 6, 367, NULL, 'New Employee Hired', 'New Employee Hired - Prachi Pradhan', NULL, '', NULL, NULL, 2, 486, '2018-07-09 12:28:35', NULL, '2018-07-09 06:58:36'),
(222, 6, 369, NULL, 'New Employee Hired', 'New Employee Hired - Prachi Pradhan', NULL, '', NULL, NULL, 2, 486, '2018-07-09 12:28:35', NULL, '2018-07-09 06:58:36'),
(223, 6, 378, NULL, 'New Employee Hired', 'New Employee Hired - Prachi Pradhan', NULL, '', NULL, NULL, 3, 486, '2018-07-09 12:28:35', NULL, '2018-07-11 07:20:21'),
(224, 6, 383, NULL, 'New Employee Hired', 'New Employee Hired - Prachi Pradhan', NULL, '', NULL, NULL, 2, 486, '2018-07-09 12:28:35', NULL, '2018-07-09 06:58:36'),
(225, 6, 384, NULL, 'New Employee Hired', 'New Employee Hired - Prachi Pradhan', NULL, '', NULL, NULL, 3, 486, '2018-07-09 12:28:35', NULL, '2019-03-07 02:08:07'),
(226, 6, 388, NULL, 'New Employee Hired', 'New Employee Hired - Prachi Pradhan', NULL, '', NULL, NULL, 3, 486, '2018-07-09 12:28:35', NULL, '2019-02-11 00:40:34'),
(227, 6, 393, NULL, 'New Employee Hired', 'New Employee Hired - Prachi Pradhan', NULL, '', NULL, NULL, 3, 486, '2018-07-09 12:28:35', NULL, '2018-07-10 05:06:23'),
(228, 6, 401, NULL, 'New Employee Hired', 'New Employee Hired - Prachi Pradhan', NULL, '', NULL, NULL, 3, 486, '2018-07-09 12:28:35', NULL, '2018-11-22 03:09:50'),
(229, 6, 421, NULL, 'New Employee Hired', 'New Employee Hired - Prachi Pradhan', NULL, '', NULL, NULL, 3, 486, '2018-07-09 12:28:35', NULL, '2018-07-15 12:29:37'),
(230, 6, 424, NULL, 'New Employee Hired', 'New Employee Hired - Prachi Pradhan', NULL, '', NULL, NULL, 3, 486, '2018-07-09 12:28:35', NULL, '2018-11-27 03:52:57'),
(231, 6, 425, NULL, 'New Employee Hired', 'New Employee Hired - Prachi Pradhan', NULL, '', NULL, NULL, 3, 486, '2018-07-09 12:28:35', NULL, '2019-01-11 06:46:13'),
(232, 6, 426, NULL, 'New Employee Hired', 'New Employee Hired - Prachi Pradhan', NULL, '', NULL, NULL, 3, 486, '2018-07-09 12:28:35', NULL, '2019-02-01 00:48:20'),
(233, 6, 427, NULL, 'New Employee Hired', 'New Employee Hired - Prachi Pradhan', NULL, '', NULL, NULL, 3, 486, '2018-07-09 12:28:35', NULL, '2018-07-09 07:42:31'),
(234, 6, 428, NULL, 'New Employee Hired', 'New Employee Hired - Prachi Pradhan', NULL, '', NULL, NULL, 3, 486, '2018-07-09 12:28:35', NULL, '2018-07-09 06:59:43'),
(235, 6, 443, NULL, 'New Employee Hired', 'New Employee Hired - Prachi Pradhan', NULL, '', NULL, NULL, 3, 486, '2018-07-09 12:28:35', NULL, '2019-02-01 04:34:04'),
(236, 6, 461, NULL, 'New Employee Hired', 'New Employee Hired - Prachi Pradhan', NULL, '', NULL, NULL, 3, 486, '2018-07-09 12:28:35', NULL, '2019-03-19 07:18:27'),
(237, 6, 467, NULL, 'New Employee Hired', 'New Employee Hired - Prachi Pradhan', NULL, '', NULL, NULL, 3, 486, '2018-07-09 12:28:35', NULL, '2019-01-25 06:58:47'),
(238, 6, 486, NULL, 'New Employee Hired', 'New Employee Hired - Prachi Pradhan', NULL, '', NULL, NULL, 3, 486, '2018-07-09 12:28:35', NULL, '2019-03-20 03:22:39'),
(239, 6, 488, NULL, 'New Employee Hired', 'New Employee Hired - Prachi Pradhan', NULL, '', NULL, NULL, 3, 486, '2018-07-09 12:28:35', NULL, '2018-12-04 06:58:17'),
(240, 6, 489, NULL, 'New Employee Hired', 'New Employee Hired - Prachi Pradhan', NULL, '', NULL, NULL, 2, 486, '2018-07-09 12:28:35', NULL, '2018-07-09 06:58:35'),
(241, 6, 490, NULL, 'New Employee Hired', 'New Employee Hired - Prachi Pradhan', NULL, '', NULL, NULL, 2, 486, '2018-07-09 12:28:35', NULL, '2018-07-09 06:58:35'),
(242, 6, 491, NULL, 'New Employee Hired', 'New Employee Hired - Prachi Pradhan', NULL, '', NULL, NULL, 2, 486, '2018-07-09 12:28:35', NULL, '2018-07-09 06:58:35'),
(243, 6, 492, NULL, 'New Employee Hired', 'New Employee Hired - Prachi Pradhan', NULL, '', NULL, NULL, 2, 486, '2018-07-09 12:28:35', NULL, '2018-07-09 06:58:35'),
(244, 6, 493, NULL, 'New Employee Hired', 'New Employee Hired - Prachi Pradhan', NULL, '', NULL, NULL, 2, 486, '2018-07-09 12:28:35', NULL, '2018-07-09 06:58:35'),
(245, 6, 203, NULL, 'New Employee Hired', 'New Employee Hired - Madhu shree', NULL, '', NULL, NULL, 2, 486, '2018-07-09 12:32:14', NULL, '2018-07-09 07:02:18'),
(246, 6, 205, NULL, 'New Employee Hired', 'New Employee Hired - Madhu shree', NULL, '', NULL, NULL, 3, 486, '2018-07-09 12:32:14', NULL, '2018-12-17 05:54:52'),
(247, 6, 216, NULL, 'New Employee Hired', 'New Employee Hired - Madhu shree', NULL, '', NULL, NULL, 3, 486, '2018-07-09 12:32:14', NULL, '2019-03-19 12:39:01'),
(248, 6, 224, NULL, 'New Employee Hired', 'New Employee Hired - Madhu shree', NULL, '', NULL, NULL, 2, 486, '2018-07-09 12:32:14', NULL, '2018-07-09 07:02:18'),
(249, 6, 228, NULL, 'New Employee Hired', 'New Employee Hired - Madhu shree', NULL, '', NULL, NULL, 2, 486, '2018-07-09 12:32:14', NULL, '2018-07-09 07:02:18'),
(250, 6, 235, NULL, 'New Employee Hired', 'New Employee Hired - Madhu shree', NULL, '', NULL, NULL, 3, 486, '2018-07-09 12:32:14', NULL, '2018-07-09 22:46:32'),
(251, 6, 240, NULL, 'New Employee Hired', 'New Employee Hired - Madhu shree', NULL, '', NULL, NULL, 2, 486, '2018-07-09 12:32:14', NULL, '2018-07-09 07:02:18'),
(252, 6, 245, NULL, 'New Employee Hired', 'New Employee Hired - Madhu shree', NULL, '', NULL, NULL, 3, 486, '2018-07-09 12:32:14', NULL, '2019-03-20 23:19:56'),
(253, 6, 252, NULL, 'New Employee Hired', 'New Employee Hired - Madhu shree', NULL, '', NULL, NULL, 2, 486, '2018-07-09 12:32:14', NULL, '2018-07-09 07:02:18'),
(254, 6, 254, NULL, 'New Employee Hired', 'New Employee Hired - Madhu shree', NULL, '', NULL, NULL, 2, 486, '2018-07-09 12:32:14', NULL, '2018-07-09 07:02:17'),
(255, 6, 256, NULL, 'New Employee Hired', 'New Employee Hired - Madhu shree', NULL, '', NULL, NULL, 2, 486, '2018-07-09 12:32:14', NULL, '2018-07-09 07:02:17'),
(256, 6, 257, NULL, 'New Employee Hired', 'New Employee Hired - Madhu shree', NULL, '', NULL, NULL, 3, 486, '2018-07-09 12:32:14', NULL, '2018-12-27 03:10:49'),
(257, 6, 259, NULL, 'New Employee Hired', 'New Employee Hired - Madhu shree', NULL, '', NULL, NULL, 2, 486, '2018-07-09 12:32:14', NULL, '2018-07-09 07:02:17'),
(258, 6, 260, NULL, 'New Employee Hired', 'New Employee Hired - Madhu shree', NULL, '', NULL, NULL, 3, 486, '2018-07-09 12:32:14', NULL, '2018-07-12 03:26:29'),
(259, 6, 262, NULL, 'New Employee Hired', 'New Employee Hired - Madhu shree', NULL, '', NULL, NULL, 3, 486, '2018-07-09 12:32:14', NULL, '2018-11-12 02:56:54'),
(260, 6, 263, NULL, 'New Employee Hired', 'New Employee Hired - Madhu shree', NULL, '', NULL, NULL, 2, 486, '2018-07-09 12:32:14', NULL, '2018-07-09 07:02:17'),
(261, 6, 266, NULL, 'New Employee Hired', 'New Employee Hired - Madhu shree', NULL, '', NULL, NULL, 3, 486, '2018-07-09 12:32:14', NULL, '2018-11-26 06:55:07'),
(262, 6, 267, NULL, 'New Employee Hired', 'New Employee Hired - Madhu shree', NULL, '', NULL, NULL, 3, 486, '2018-07-09 12:32:14', NULL, '2019-01-06 22:36:51'),
(263, 6, 274, NULL, 'New Employee Hired', 'New Employee Hired - Madhu shree', NULL, '', NULL, NULL, 2, 486, '2018-07-09 12:32:14', NULL, '2018-07-09 07:02:17'),
(264, 6, 275, NULL, 'New Employee Hired', 'New Employee Hired - Madhu shree', NULL, '', NULL, NULL, 2, 486, '2018-07-09 12:32:14', NULL, '2018-07-09 07:02:17'),
(265, 6, 276, NULL, 'New Employee Hired', 'New Employee Hired - Madhu shree', NULL, '', NULL, NULL, 3, 486, '2018-07-09 12:32:14', NULL, '2018-07-11 04:27:42'),
(266, 6, 277, NULL, 'New Employee Hired', 'New Employee Hired - Madhu shree', NULL, '', NULL, NULL, 3, 486, '2018-07-09 12:32:14', NULL, '2019-03-06 23:40:42'),
(267, 6, 282, NULL, 'New Employee Hired', 'New Employee Hired - Madhu shree', NULL, '', NULL, NULL, 3, 486, '2018-07-09 12:32:14', NULL, '2019-02-19 01:46:40'),
(268, 6, 283, NULL, 'New Employee Hired', 'New Employee Hired - Madhu shree', NULL, '', NULL, NULL, 3, 486, '2018-07-09 12:32:14', NULL, '2019-02-18 00:30:33'),
(269, 6, 285, NULL, 'New Employee Hired', 'New Employee Hired - Madhu shree', NULL, '', NULL, NULL, 3, 486, '2018-07-09 12:32:14', NULL, '2018-11-26 01:05:28'),
(270, 6, 286, NULL, 'New Employee Hired', 'New Employee Hired - Madhu shree', NULL, '', NULL, NULL, 2, 486, '2018-07-09 12:32:14', NULL, '2018-07-09 07:02:16'),
(271, 6, 287, NULL, 'New Employee Hired', 'New Employee Hired - Madhu shree', NULL, '', NULL, NULL, 3, 486, '2018-07-09 12:32:14', NULL, '2019-02-11 04:06:01'),
(272, 6, 292, NULL, 'New Employee Hired', 'New Employee Hired - Madhu shree', NULL, '', NULL, NULL, 3, 486, '2018-07-09 12:32:14', NULL, '2018-12-26 23:13:01'),
(273, 6, 297, NULL, 'New Employee Hired', 'New Employee Hired - Madhu shree', NULL, '', NULL, NULL, 2, 486, '2018-07-09 12:32:14', NULL, '2018-07-09 07:02:16'),
(274, 6, 305, NULL, 'New Employee Hired', 'New Employee Hired - Madhu shree', NULL, '', NULL, NULL, 2, 486, '2018-07-09 12:32:14', NULL, '2018-07-09 07:02:16'),
(275, 6, 337, NULL, 'New Employee Hired', 'New Employee Hired - Madhu shree', NULL, '', NULL, NULL, 2, 486, '2018-07-09 12:32:14', NULL, '2018-07-09 07:02:16'),
(276, 6, 338, NULL, 'New Employee Hired', 'New Employee Hired - Madhu shree', NULL, '', NULL, NULL, 2, 486, '2018-07-09 12:32:14', NULL, '2018-07-09 07:02:16'),
(277, 6, 351, NULL, 'New Employee Hired', 'New Employee Hired - Madhu shree', NULL, '', NULL, NULL, 3, 486, '2018-07-09 12:32:14', NULL, '2018-07-10 00:41:06'),
(278, 6, 352, NULL, 'New Employee Hired', 'New Employee Hired - Madhu shree', NULL, '', NULL, NULL, 2, 486, '2018-07-09 12:32:14', NULL, '2018-07-09 07:02:16'),
(279, 6, 363, NULL, 'New Employee Hired', 'New Employee Hired - Madhu shree', NULL, '', NULL, NULL, 2, 486, '2018-07-09 12:32:14', NULL, '2018-07-09 07:02:16'),
(280, 6, 366, NULL, 'New Employee Hired', 'New Employee Hired - Madhu shree', NULL, '', NULL, NULL, 2, 486, '2018-07-09 12:32:14', NULL, '2018-07-09 07:02:16'),
(281, 6, 367, NULL, 'New Employee Hired', 'New Employee Hired - Madhu shree', NULL, '', NULL, NULL, 2, 486, '2018-07-09 12:32:14', NULL, '2018-07-09 07:02:16'),
(282, 6, 369, NULL, 'New Employee Hired', 'New Employee Hired - Madhu shree', NULL, '', NULL, NULL, 2, 486, '2018-07-09 12:32:14', NULL, '2018-07-09 07:02:16'),
(283, 6, 378, NULL, 'New Employee Hired', 'New Employee Hired - Madhu shree', NULL, '', NULL, NULL, 3, 486, '2018-07-09 12:32:14', NULL, '2018-07-11 07:20:20'),
(284, 6, 383, NULL, 'New Employee Hired', 'New Employee Hired - Madhu shree', NULL, '', NULL, NULL, 2, 486, '2018-07-09 12:32:14', NULL, '2018-07-09 07:02:15'),
(285, 6, 384, NULL, 'New Employee Hired', 'New Employee Hired - Madhu shree', NULL, '', NULL, NULL, 3, 486, '2018-07-09 12:32:14', NULL, '2019-03-07 02:08:07'),
(286, 6, 388, NULL, 'New Employee Hired', 'New Employee Hired - Madhu shree', NULL, '', NULL, NULL, 3, 486, '2018-07-09 12:32:14', NULL, '2019-02-11 00:40:34'),
(287, 6, 393, NULL, 'New Employee Hired', 'New Employee Hired - Madhu shree', NULL, '', NULL, NULL, 3, 486, '2018-07-09 12:32:14', NULL, '2018-07-10 05:06:41'),
(288, 6, 401, NULL, 'New Employee Hired', 'New Employee Hired - Madhu shree', NULL, '', NULL, NULL, 3, 486, '2018-07-09 12:32:14', NULL, '2018-11-22 03:09:50'),
(289, 6, 421, NULL, 'New Employee Hired', 'New Employee Hired - Madhu shree', NULL, '', NULL, NULL, 3, 486, '2018-07-09 12:32:14', NULL, '2018-07-13 06:59:05'),
(290, 6, 424, NULL, 'New Employee Hired', 'New Employee Hired - Madhu shree', NULL, '', NULL, NULL, 3, 486, '2018-07-09 12:32:14', NULL, '2018-11-27 03:52:57'),
(291, 6, 425, NULL, 'New Employee Hired', 'New Employee Hired - Madhu shree', NULL, '', NULL, NULL, 3, 486, '2018-07-09 12:32:14', NULL, '2019-01-11 06:46:13'),
(292, 6, 426, NULL, 'New Employee Hired', 'New Employee Hired - Madhu shree', NULL, '', NULL, NULL, 3, 486, '2018-07-09 12:32:14', NULL, '2019-02-01 00:48:20'),
(293, 6, 427, NULL, 'New Employee Hired', 'New Employee Hired - Madhu shree', NULL, '', NULL, NULL, 3, 486, '2018-07-09 12:32:14', NULL, '2018-07-10 00:34:20'),
(294, 6, 428, NULL, 'New Employee Hired', 'New Employee Hired - Madhu shree', NULL, '', NULL, NULL, 3, 486, '2018-07-09 12:32:14', NULL, '2018-07-09 07:19:17'),
(295, 6, 443, NULL, 'New Employee Hired', 'New Employee Hired - Madhu shree', NULL, '', NULL, NULL, 3, 486, '2018-07-09 12:32:14', NULL, '2019-02-01 04:34:04'),
(296, 6, 461, NULL, 'New Employee Hired', 'New Employee Hired - Madhu shree', NULL, '', NULL, NULL, 3, 486, '2018-07-09 12:32:14', NULL, '2019-03-19 07:18:27'),
(297, 6, 467, NULL, 'New Employee Hired', 'New Employee Hired - Madhu shree', NULL, '', NULL, NULL, 3, 486, '2018-07-09 12:32:14', NULL, '2019-01-25 06:58:47'),
(298, 6, 486, NULL, 'New Employee Hired', 'New Employee Hired - Madhu shree', NULL, '', NULL, NULL, 3, 486, '2018-07-09 12:32:14', NULL, '2019-03-20 03:22:39'),
(299, 6, 488, NULL, 'New Employee Hired', 'New Employee Hired - Madhu shree', NULL, '', NULL, NULL, 3, 486, '2018-07-09 12:32:14', NULL, '2018-12-04 06:58:17'),
(300, 6, 489, NULL, 'New Employee Hired', 'New Employee Hired - Madhu shree', NULL, '', NULL, NULL, 2, 486, '2018-07-09 12:32:14', NULL, '2018-07-09 07:02:14'),
(301, 6, 490, NULL, 'New Employee Hired', 'New Employee Hired - Madhu shree', NULL, '', NULL, NULL, 2, 486, '2018-07-09 12:32:14', NULL, '2018-07-09 07:02:14'),
(302, 6, 491, NULL, 'New Employee Hired', 'New Employee Hired - Madhu shree', NULL, '', NULL, NULL, 2, 486, '2018-07-09 12:32:14', NULL, '2018-07-09 07:02:14'),
(303, 6, 492, NULL, 'New Employee Hired', 'New Employee Hired - Madhu shree', NULL, '', NULL, NULL, 2, 486, '2018-07-09 12:32:14', NULL, '2018-07-09 07:02:14'),
(304, 6, 493, NULL, 'New Employee Hired', 'New Employee Hired - Madhu shree', NULL, '', NULL, NULL, 2, 486, '2018-07-09 12:32:14', NULL, '2018-07-09 07:02:14'),
(305, 6, 494, NULL, 'New Employee Hired', 'New Employee Hired - Madhu shree', NULL, '', NULL, NULL, 2, 486, '2018-07-09 12:32:14', NULL, '2018-07-09 07:02:14'),
(306, 3, 227, NULL, 'Leave Request', 'Leave request from Ramya Thammali', NULL, '', '/leaves/pending', NULL, 2, 221, '2018-07-09 12:35:57', NULL, '2018-07-09 07:05:57'),
(307, 6, 203, NULL, 'New Employee Hired', 'New Employee Hired - Laxmi Prasanna', NULL, '', NULL, NULL, 2, 486, '2018-07-09 12:37:30', NULL, '2018-07-09 07:07:34'),
(308, 6, 205, NULL, 'New Employee Hired', 'New Employee Hired - Laxmi Prasanna', NULL, '', NULL, NULL, 3, 486, '2018-07-09 12:37:30', NULL, '2018-12-17 05:54:52'),
(309, 6, 216, NULL, 'New Employee Hired', 'New Employee Hired - Laxmi Prasanna', NULL, '', NULL, NULL, 3, 486, '2018-07-09 12:37:30', NULL, '2019-03-19 12:39:01');
INSERT INTO `notifications` (`id`, `notifications_type_id`, `emp_id`, `company_id`, `title`, `message`, `post_id`, `fcm_token`, `link`, `image`, `status`, `created_by`, `created_at`, `updated_by`, `updated_at`) VALUES
(310, 6, 224, NULL, 'New Employee Hired', 'New Employee Hired - Laxmi Prasanna', NULL, '', NULL, NULL, 2, 486, '2018-07-09 12:37:30', NULL, '2018-07-09 07:07:34'),
(311, 6, 228, NULL, 'New Employee Hired', 'New Employee Hired - Laxmi Prasanna', NULL, '', NULL, NULL, 2, 486, '2018-07-09 12:37:30', NULL, '2018-07-09 07:07:34'),
(312, 6, 235, NULL, 'New Employee Hired', 'New Employee Hired - Laxmi Prasanna', NULL, '', NULL, NULL, 3, 486, '2018-07-09 12:37:30', NULL, '2018-07-09 22:46:34'),
(313, 6, 240, NULL, 'New Employee Hired', 'New Employee Hired - Laxmi Prasanna', NULL, '', NULL, NULL, 2, 486, '2018-07-09 12:37:30', NULL, '2018-07-09 07:07:34'),
(314, 6, 245, NULL, 'New Employee Hired', 'New Employee Hired - Laxmi Prasanna', NULL, '', NULL, NULL, 3, 486, '2018-07-09 12:37:30', NULL, '2019-03-20 23:19:56'),
(315, 6, 252, NULL, 'New Employee Hired', 'New Employee Hired - Laxmi Prasanna', NULL, '', NULL, NULL, 2, 486, '2018-07-09 12:37:30', NULL, '2018-07-09 07:07:34'),
(316, 6, 254, NULL, 'New Employee Hired', 'New Employee Hired - Laxmi Prasanna', NULL, '', NULL, NULL, 2, 486, '2018-07-09 12:37:30', NULL, '2018-07-09 07:07:34'),
(317, 6, 256, NULL, 'New Employee Hired', 'New Employee Hired - Laxmi Prasanna', NULL, '', NULL, NULL, 2, 486, '2018-07-09 12:37:30', NULL, '2018-07-09 07:07:34'),
(318, 6, 257, NULL, 'New Employee Hired', 'New Employee Hired - Laxmi Prasanna', NULL, '', NULL, NULL, 3, 486, '2018-07-09 12:37:30', NULL, '2018-12-27 03:10:49'),
(319, 6, 259, NULL, 'New Employee Hired', 'New Employee Hired - Laxmi Prasanna', NULL, '', NULL, NULL, 2, 486, '2018-07-09 12:37:30', NULL, '2018-07-09 07:07:34'),
(320, 6, 260, NULL, 'New Employee Hired', 'New Employee Hired - Laxmi Prasanna', NULL, '', NULL, NULL, 3, 486, '2018-07-09 12:37:30', NULL, '2018-07-12 03:26:33'),
(321, 6, 262, NULL, 'New Employee Hired', 'New Employee Hired - Laxmi Prasanna', NULL, '', NULL, NULL, 3, 486, '2018-07-09 12:37:30', NULL, '2018-11-12 02:56:54'),
(322, 6, 263, NULL, 'New Employee Hired', 'New Employee Hired - Laxmi Prasanna', NULL, '', NULL, NULL, 2, 486, '2018-07-09 12:37:30', NULL, '2018-07-09 07:07:33'),
(323, 6, 266, NULL, 'New Employee Hired', 'New Employee Hired - Laxmi Prasanna', NULL, '', NULL, NULL, 3, 486, '2018-07-09 12:37:30', NULL, '2018-11-26 06:55:07'),
(324, 6, 267, NULL, 'New Employee Hired', 'New Employee Hired - Laxmi Prasanna', NULL, '', NULL, NULL, 3, 486, '2018-07-09 12:37:30', NULL, '2019-01-06 22:36:51'),
(325, 6, 274, NULL, 'New Employee Hired', 'New Employee Hired - Laxmi Prasanna', NULL, '', NULL, NULL, 2, 486, '2018-07-09 12:37:30', NULL, '2018-07-09 07:07:33'),
(326, 6, 275, NULL, 'New Employee Hired', 'New Employee Hired - Laxmi Prasanna', NULL, '', NULL, NULL, 2, 486, '2018-07-09 12:37:30', NULL, '2018-07-09 07:07:33'),
(327, 6, 276, NULL, 'New Employee Hired', 'New Employee Hired - Laxmi Prasanna', NULL, '', NULL, NULL, 3, 486, '2018-07-09 12:37:30', NULL, '2018-07-11 04:27:40'),
(328, 6, 277, NULL, 'New Employee Hired', 'New Employee Hired - Laxmi Prasanna', NULL, '', NULL, NULL, 3, 486, '2018-07-09 12:37:30', NULL, '2019-03-06 23:40:42'),
(329, 6, 282, NULL, 'New Employee Hired', 'New Employee Hired - Laxmi Prasanna', NULL, '', NULL, NULL, 3, 486, '2018-07-09 12:37:30', NULL, '2019-02-19 01:46:40'),
(330, 6, 283, NULL, 'New Employee Hired', 'New Employee Hired - Laxmi Prasanna', NULL, '', NULL, NULL, 3, 486, '2018-07-09 12:37:30', NULL, '2019-02-18 00:30:33'),
(331, 6, 285, NULL, 'New Employee Hired', 'New Employee Hired - Laxmi Prasanna', NULL, '', NULL, NULL, 3, 486, '2018-07-09 12:37:30', NULL, '2018-11-26 01:05:28'),
(332, 6, 286, NULL, 'New Employee Hired', 'New Employee Hired - Laxmi Prasanna', NULL, '', NULL, NULL, 2, 486, '2018-07-09 12:37:30', NULL, '2018-07-09 07:07:33'),
(333, 6, 287, NULL, 'New Employee Hired', 'New Employee Hired - Laxmi Prasanna', NULL, '', NULL, NULL, 3, 486, '2018-07-09 12:37:30', NULL, '2019-02-11 04:06:01'),
(334, 6, 292, NULL, 'New Employee Hired', 'New Employee Hired - Laxmi Prasanna', NULL, '', NULL, NULL, 3, 486, '2018-07-09 12:37:30', NULL, '2018-12-26 23:13:01'),
(335, 6, 297, NULL, 'New Employee Hired', 'New Employee Hired - Laxmi Prasanna', NULL, '', NULL, NULL, 2, 486, '2018-07-09 12:37:30', NULL, '2018-07-09 07:07:32'),
(336, 6, 305, NULL, 'New Employee Hired', 'New Employee Hired - Laxmi Prasanna', NULL, '', NULL, NULL, 2, 486, '2018-07-09 12:37:30', NULL, '2018-07-09 07:07:32'),
(337, 6, 337, NULL, 'New Employee Hired', 'New Employee Hired - Laxmi Prasanna', NULL, '', NULL, NULL, 2, 486, '2018-07-09 12:37:30', NULL, '2018-07-09 07:07:32'),
(338, 6, 338, NULL, 'New Employee Hired', 'New Employee Hired - Laxmi Prasanna', NULL, '', NULL, NULL, 2, 486, '2018-07-09 12:37:30', NULL, '2018-07-09 07:07:32'),
(339, 6, 351, NULL, 'New Employee Hired', 'New Employee Hired - Laxmi Prasanna', NULL, '', NULL, NULL, 3, 486, '2018-07-09 12:37:30', NULL, '2018-07-10 00:41:04'),
(340, 6, 352, NULL, 'New Employee Hired', 'New Employee Hired - Laxmi Prasanna', NULL, '', NULL, NULL, 2, 486, '2018-07-09 12:37:30', NULL, '2018-07-09 07:07:32'),
(341, 6, 363, NULL, 'New Employee Hired', 'New Employee Hired - Laxmi Prasanna', NULL, '', NULL, NULL, 2, 486, '2018-07-09 12:37:30', NULL, '2018-07-09 07:07:32'),
(342, 6, 366, NULL, 'New Employee Hired', 'New Employee Hired - Laxmi Prasanna', NULL, '', NULL, NULL, 2, 486, '2018-07-09 12:37:30', NULL, '2018-07-09 07:07:32'),
(343, 6, 367, NULL, 'New Employee Hired', 'New Employee Hired - Laxmi Prasanna', NULL, '', NULL, NULL, 2, 486, '2018-07-09 12:37:30', NULL, '2018-07-09 07:07:32'),
(344, 6, 369, NULL, 'New Employee Hired', 'New Employee Hired - Laxmi Prasanna', NULL, '', NULL, NULL, 2, 486, '2018-07-09 12:37:30', NULL, '2018-07-09 07:07:32'),
(345, 6, 378, NULL, 'New Employee Hired', 'New Employee Hired - Laxmi Prasanna', NULL, '', NULL, NULL, 3, 486, '2018-07-09 12:37:30', NULL, '2018-07-11 07:20:17'),
(346, 6, 383, NULL, 'New Employee Hired', 'New Employee Hired - Laxmi Prasanna', NULL, '', NULL, NULL, 2, 486, '2018-07-09 12:37:30', NULL, '2018-07-09 07:07:32'),
(347, 6, 384, NULL, 'New Employee Hired', 'New Employee Hired - Laxmi Prasanna', NULL, '', NULL, NULL, 3, 486, '2018-07-09 12:37:30', NULL, '2019-03-07 02:08:07'),
(348, 6, 388, NULL, 'New Employee Hired', 'New Employee Hired - Laxmi Prasanna', NULL, '', NULL, NULL, 3, 486, '2018-07-09 12:37:30', NULL, '2019-02-11 00:40:34'),
(349, 6, 393, NULL, 'New Employee Hired', 'New Employee Hired - Laxmi Prasanna', NULL, '', NULL, NULL, 3, 486, '2018-07-09 12:37:30', NULL, '2018-07-10 05:06:22'),
(350, 6, 401, NULL, 'New Employee Hired', 'New Employee Hired - Laxmi Prasanna', NULL, '', NULL, NULL, 3, 486, '2018-07-09 12:37:30', NULL, '2018-11-22 03:09:50'),
(351, 6, 421, NULL, 'New Employee Hired', 'New Employee Hired - Laxmi Prasanna', NULL, '', NULL, NULL, 3, 486, '2018-07-09 12:37:30', NULL, '2018-07-13 06:59:04'),
(352, 6, 424, NULL, 'New Employee Hired', 'New Employee Hired - Laxmi Prasanna', NULL, '', NULL, NULL, 3, 486, '2018-07-09 12:37:30', NULL, '2018-11-27 03:52:57'),
(353, 6, 425, NULL, 'New Employee Hired', 'New Employee Hired - Laxmi Prasanna', NULL, '', NULL, NULL, 3, 486, '2018-07-09 12:37:30', NULL, '2019-01-11 06:46:13'),
(354, 6, 426, NULL, 'New Employee Hired', 'New Employee Hired - Laxmi Prasanna', NULL, '', NULL, NULL, 3, 486, '2018-07-09 12:37:30', NULL, '2019-02-01 00:48:20'),
(355, 6, 427, NULL, 'New Employee Hired', 'New Employee Hired - Laxmi Prasanna', NULL, '', NULL, NULL, 3, 486, '2018-07-09 12:37:30', NULL, '2018-07-10 00:34:20'),
(356, 6, 428, NULL, 'New Employee Hired', 'New Employee Hired - Laxmi Prasanna', NULL, '', NULL, NULL, 3, 486, '2018-07-09 12:37:30', NULL, '2018-07-09 07:18:39'),
(357, 6, 443, NULL, 'New Employee Hired', 'New Employee Hired - Laxmi Prasanna', NULL, '', NULL, NULL, 3, 486, '2018-07-09 12:37:30', NULL, '2019-02-01 04:34:04'),
(358, 6, 461, NULL, 'New Employee Hired', 'New Employee Hired - Laxmi Prasanna', NULL, '', NULL, NULL, 3, 486, '2018-07-09 12:37:30', NULL, '2019-03-19 07:18:27'),
(359, 6, 467, NULL, 'New Employee Hired', 'New Employee Hired - Laxmi Prasanna', NULL, '', NULL, NULL, 3, 486, '2018-07-09 12:37:30', NULL, '2019-01-25 06:58:47'),
(360, 6, 486, NULL, 'New Employee Hired', 'New Employee Hired - Laxmi Prasanna', NULL, '', NULL, NULL, 3, 486, '2018-07-09 12:37:30', NULL, '2019-03-20 03:22:39'),
(361, 6, 488, NULL, 'New Employee Hired', 'New Employee Hired - Laxmi Prasanna', NULL, '', NULL, NULL, 3, 486, '2018-07-09 12:37:30', NULL, '2018-12-04 06:58:17'),
(362, 6, 489, NULL, 'New Employee Hired', 'New Employee Hired - Laxmi Prasanna', NULL, '', NULL, NULL, 2, 486, '2018-07-09 12:37:30', NULL, '2018-07-09 07:07:30'),
(363, 6, 490, NULL, 'New Employee Hired', 'New Employee Hired - Laxmi Prasanna', NULL, '', NULL, NULL, 2, 486, '2018-07-09 12:37:30', NULL, '2018-07-09 07:07:30'),
(364, 6, 491, NULL, 'New Employee Hired', 'New Employee Hired - Laxmi Prasanna', NULL, '', NULL, NULL, 2, 486, '2018-07-09 12:37:30', NULL, '2018-07-09 07:07:30'),
(365, 6, 492, NULL, 'New Employee Hired', 'New Employee Hired - Laxmi Prasanna', NULL, '', NULL, NULL, 2, 486, '2018-07-09 12:37:30', NULL, '2018-07-09 07:07:30'),
(366, 6, 493, NULL, 'New Employee Hired', 'New Employee Hired - Laxmi Prasanna', NULL, '', NULL, NULL, 2, 486, '2018-07-09 12:37:30', NULL, '2018-07-09 07:07:30'),
(367, 6, 494, NULL, 'New Employee Hired', 'New Employee Hired - Laxmi Prasanna', NULL, '', NULL, NULL, 2, 486, '2018-07-09 12:37:30', NULL, '2018-07-09 07:07:30'),
(368, 6, 495, NULL, 'New Employee Hired', 'New Employee Hired - Laxmi Prasanna', NULL, '', NULL, NULL, 2, 486, '2018-07-09 12:37:30', NULL, '2018-07-09 07:07:30'),
(369, 6, 203, NULL, 'New Employee Hired', 'New Employee Hired - Chaganti Sahitya', NULL, '', NULL, NULL, 2, 486, '2018-07-09 12:42:11', NULL, '2018-07-09 07:12:15'),
(370, 6, 205, NULL, 'New Employee Hired', 'New Employee Hired - Chaganti Sahitya', NULL, '', NULL, NULL, 3, 486, '2018-07-09 12:42:11', NULL, '2018-12-17 05:54:52'),
(371, 6, 216, NULL, 'New Employee Hired', 'New Employee Hired - Chaganti Sahitya', NULL, '', NULL, NULL, 3, 486, '2018-07-09 12:42:11', NULL, '2019-03-19 12:39:01'),
(372, 6, 224, NULL, 'New Employee Hired', 'New Employee Hired - Chaganti Sahitya', NULL, '', NULL, NULL, 2, 486, '2018-07-09 12:42:11', NULL, '2018-07-09 07:12:15'),
(373, 6, 228, NULL, 'New Employee Hired', 'New Employee Hired - Chaganti Sahitya', NULL, '', NULL, NULL, 2, 486, '2018-07-09 12:42:11', NULL, '2018-07-09 07:12:15'),
(374, 6, 235, NULL, 'New Employee Hired', 'New Employee Hired - Chaganti Sahitya', NULL, '', NULL, NULL, 3, 486, '2018-07-09 12:42:11', NULL, '2018-07-09 22:46:42'),
(375, 6, 240, NULL, 'New Employee Hired', 'New Employee Hired - Chaganti Sahitya', NULL, '', NULL, NULL, 2, 486, '2018-07-09 12:42:11', NULL, '2018-07-09 07:12:15'),
(376, 6, 245, NULL, 'New Employee Hired', 'New Employee Hired - Chaganti Sahitya', NULL, '', NULL, NULL, 3, 486, '2018-07-09 12:42:11', NULL, '2019-03-20 23:19:56'),
(377, 6, 252, NULL, 'New Employee Hired', 'New Employee Hired - Chaganti Sahitya', NULL, '', NULL, NULL, 2, 486, '2018-07-09 12:42:11', NULL, '2018-07-09 07:12:15'),
(378, 6, 254, NULL, 'New Employee Hired', 'New Employee Hired - Chaganti Sahitya', NULL, '', NULL, NULL, 2, 486, '2018-07-09 12:42:11', NULL, '2018-07-09 07:12:14'),
(379, 6, 256, NULL, 'New Employee Hired', 'New Employee Hired - Chaganti Sahitya', NULL, '', NULL, NULL, 2, 486, '2018-07-09 12:42:11', NULL, '2018-07-09 07:12:14'),
(380, 6, 257, NULL, 'New Employee Hired', 'New Employee Hired - Chaganti Sahitya', NULL, '', NULL, NULL, 3, 486, '2018-07-09 12:42:11', NULL, '2018-12-27 03:10:49'),
(381, 6, 259, NULL, 'New Employee Hired', 'New Employee Hired - Chaganti Sahitya', NULL, '', NULL, NULL, 3, 486, '2018-07-09 12:42:11', NULL, '2018-07-10 01:48:04'),
(382, 6, 260, NULL, 'New Employee Hired', 'New Employee Hired - Chaganti Sahitya', NULL, '', NULL, NULL, 3, 486, '2018-07-09 12:42:11', NULL, '2018-07-12 03:26:32'),
(383, 6, 262, NULL, 'New Employee Hired', 'New Employee Hired - Chaganti Sahitya', NULL, '', NULL, NULL, 3, 486, '2018-07-09 12:42:11', NULL, '2018-11-12 02:56:54'),
(384, 6, 263, NULL, 'New Employee Hired', 'New Employee Hired - Chaganti Sahitya', NULL, '', NULL, NULL, 2, 486, '2018-07-09 12:42:11', NULL, '2018-07-09 07:12:14'),
(385, 6, 266, NULL, 'New Employee Hired', 'New Employee Hired - Chaganti Sahitya', NULL, '', NULL, NULL, 3, 486, '2018-07-09 12:42:11', NULL, '2018-11-26 06:55:07'),
(386, 6, 267, NULL, 'New Employee Hired', 'New Employee Hired - Chaganti Sahitya', NULL, '', NULL, NULL, 3, 486, '2018-07-09 12:42:11', NULL, '2019-01-06 22:36:51'),
(387, 6, 274, NULL, 'New Employee Hired', 'New Employee Hired - Chaganti Sahitya', NULL, '', NULL, NULL, 2, 486, '2018-07-09 12:42:11', NULL, '2018-07-09 07:12:14'),
(388, 6, 275, NULL, 'New Employee Hired', 'New Employee Hired - Chaganti Sahitya', NULL, '', NULL, NULL, 2, 486, '2018-07-09 12:42:11', NULL, '2018-07-09 07:12:14'),
(389, 6, 276, NULL, 'New Employee Hired', 'New Employee Hired - Chaganti Sahitya', NULL, '', NULL, NULL, 3, 486, '2018-07-09 12:42:11', NULL, '2018-07-11 04:27:39'),
(390, 6, 277, NULL, 'New Employee Hired', 'New Employee Hired - Chaganti Sahitya', NULL, '', NULL, NULL, 3, 486, '2018-07-09 12:42:11', NULL, '2019-03-06 23:40:42'),
(391, 6, 282, NULL, 'New Employee Hired', 'New Employee Hired - Chaganti Sahitya', NULL, '', NULL, NULL, 3, 486, '2018-07-09 12:42:11', NULL, '2019-02-19 01:46:40'),
(392, 6, 283, NULL, 'New Employee Hired', 'New Employee Hired - Chaganti Sahitya', NULL, '', NULL, NULL, 3, 486, '2018-07-09 12:42:11', NULL, '2019-02-18 00:30:33'),
(393, 6, 285, NULL, 'New Employee Hired', 'New Employee Hired - Chaganti Sahitya', NULL, '', NULL, NULL, 3, 486, '2018-07-09 12:42:11', NULL, '2018-11-26 01:05:28'),
(394, 6, 286, NULL, 'New Employee Hired', 'New Employee Hired - Chaganti Sahitya', NULL, '', NULL, NULL, 2, 486, '2018-07-09 12:42:11', NULL, '2018-07-09 07:12:13'),
(395, 6, 287, NULL, 'New Employee Hired', 'New Employee Hired - Chaganti Sahitya', NULL, '', NULL, NULL, 3, 486, '2018-07-09 12:42:11', NULL, '2019-02-11 04:06:01'),
(396, 6, 292, NULL, 'New Employee Hired', 'New Employee Hired - Chaganti Sahitya', NULL, '', NULL, NULL, 3, 486, '2018-07-09 12:42:11', NULL, '2018-12-26 23:13:01'),
(397, 6, 297, NULL, 'New Employee Hired', 'New Employee Hired - Chaganti Sahitya', NULL, '', NULL, NULL, 2, 486, '2018-07-09 12:42:11', NULL, '2018-07-09 07:12:13'),
(398, 6, 305, NULL, 'New Employee Hired', 'New Employee Hired - Chaganti Sahitya', NULL, '', NULL, NULL, 2, 486, '2018-07-09 12:42:11', NULL, '2018-07-09 07:12:13'),
(399, 6, 337, NULL, 'New Employee Hired', 'New Employee Hired - Chaganti Sahitya', NULL, '', NULL, NULL, 2, 486, '2018-07-09 12:42:11', NULL, '2018-07-09 07:12:13'),
(400, 6, 338, NULL, 'New Employee Hired', 'New Employee Hired - Chaganti Sahitya', NULL, '', NULL, NULL, 2, 486, '2018-07-09 12:42:11', NULL, '2018-07-09 07:12:13'),
(401, 6, 351, NULL, 'New Employee Hired', 'New Employee Hired - Chaganti Sahitya', NULL, '', NULL, NULL, 3, 486, '2018-07-09 12:42:11', NULL, '2018-07-10 00:41:03'),
(402, 6, 352, NULL, 'New Employee Hired', 'New Employee Hired - Chaganti Sahitya', NULL, '', NULL, NULL, 2, 486, '2018-07-09 12:42:11', NULL, '2018-07-09 07:12:13'),
(403, 6, 363, NULL, 'New Employee Hired', 'New Employee Hired - Chaganti Sahitya', NULL, '', NULL, NULL, 2, 486, '2018-07-09 12:42:11', NULL, '2018-07-09 07:12:13'),
(404, 6, 366, NULL, 'New Employee Hired', 'New Employee Hired - Chaganti Sahitya', NULL, '', NULL, NULL, 2, 486, '2018-07-09 12:42:11', NULL, '2018-07-09 07:12:13'),
(405, 6, 367, NULL, 'New Employee Hired', 'New Employee Hired - Chaganti Sahitya', NULL, '', NULL, NULL, 2, 486, '2018-07-09 12:42:11', NULL, '2018-07-09 07:12:13'),
(406, 6, 369, NULL, 'New Employee Hired', 'New Employee Hired - Chaganti Sahitya', NULL, '', NULL, NULL, 2, 486, '2018-07-09 12:42:11', NULL, '2018-07-09 07:12:13'),
(407, 6, 378, NULL, 'New Employee Hired', 'New Employee Hired - Chaganti Sahitya', NULL, '', NULL, NULL, 3, 486, '2018-07-09 12:42:11', NULL, '2018-07-11 07:20:17'),
(408, 6, 383, NULL, 'New Employee Hired', 'New Employee Hired - Chaganti Sahitya', NULL, '', NULL, NULL, 2, 486, '2018-07-09 12:42:11', NULL, '2018-07-09 07:12:12'),
(409, 6, 384, NULL, 'New Employee Hired', 'New Employee Hired - Chaganti Sahitya', NULL, '', NULL, NULL, 3, 486, '2018-07-09 12:42:11', NULL, '2019-03-07 02:08:07'),
(410, 6, 388, NULL, 'New Employee Hired', 'New Employee Hired - Chaganti Sahitya', NULL, '', NULL, NULL, 3, 486, '2018-07-09 12:42:11', NULL, '2019-02-11 00:40:34'),
(411, 6, 393, NULL, 'New Employee Hired', 'New Employee Hired - Chaganti Sahitya', NULL, '', NULL, NULL, 3, 486, '2018-07-09 12:42:11', NULL, '2018-07-10 05:06:26'),
(412, 6, 401, NULL, 'New Employee Hired', 'New Employee Hired - Chaganti Sahitya', NULL, '', NULL, NULL, 3, 486, '2018-07-09 12:42:11', NULL, '2018-11-22 03:09:50'),
(413, 6, 421, NULL, 'New Employee Hired', 'New Employee Hired - Chaganti Sahitya', NULL, '', NULL, NULL, 3, 486, '2018-07-09 12:42:11', NULL, '2018-07-13 06:59:03'),
(414, 6, 424, NULL, 'New Employee Hired', 'New Employee Hired - Chaganti Sahitya', NULL, '', NULL, NULL, 3, 486, '2018-07-09 12:42:11', NULL, '2018-11-27 03:52:57'),
(415, 6, 425, NULL, 'New Employee Hired', 'New Employee Hired - Chaganti Sahitya', NULL, '', NULL, NULL, 3, 486, '2018-07-09 12:42:11', NULL, '2019-01-11 06:46:13'),
(416, 6, 426, NULL, 'New Employee Hired', 'New Employee Hired - Chaganti Sahitya', NULL, '', NULL, NULL, 3, 486, '2018-07-09 12:42:11', NULL, '2019-02-01 00:48:20'),
(417, 6, 427, NULL, 'New Employee Hired', 'New Employee Hired - Chaganti Sahitya', NULL, '', NULL, NULL, 2, 486, '2018-07-09 12:42:11', NULL, '2018-07-09 07:12:12'),
(418, 6, 428, NULL, 'New Employee Hired', 'New Employee Hired - Chaganti Sahitya', NULL, '', NULL, NULL, 3, 486, '2018-07-09 12:42:11', NULL, '2018-07-09 07:18:39'),
(419, 6, 443, NULL, 'New Employee Hired', 'New Employee Hired - Chaganti Sahitya', NULL, '', NULL, NULL, 3, 486, '2018-07-09 12:42:11', NULL, '2019-02-01 04:34:04'),
(420, 6, 461, NULL, 'New Employee Hired', 'New Employee Hired - Chaganti Sahitya', NULL, '', NULL, NULL, 3, 486, '2018-07-09 12:42:11', NULL, '2019-03-19 07:18:27'),
(421, 6, 467, NULL, 'New Employee Hired', 'New Employee Hired - Chaganti Sahitya', NULL, '', NULL, NULL, 3, 486, '2018-07-09 12:42:11', NULL, '2019-01-25 06:58:47'),
(422, 6, 486, NULL, 'New Employee Hired', 'New Employee Hired - Chaganti Sahitya', NULL, '', NULL, NULL, 3, 486, '2018-07-09 12:42:11', NULL, '2019-03-20 03:22:39'),
(423, 6, 488, NULL, 'New Employee Hired', 'New Employee Hired - Chaganti Sahitya', NULL, '', NULL, NULL, 3, 486, '2018-07-09 12:42:11', NULL, '2018-12-04 06:58:17'),
(424, 6, 489, NULL, 'New Employee Hired', 'New Employee Hired - Chaganti Sahitya', NULL, '', NULL, NULL, 2, 486, '2018-07-09 12:42:11', NULL, '2018-07-09 07:12:11'),
(425, 6, 490, NULL, 'New Employee Hired', 'New Employee Hired - Chaganti Sahitya', NULL, '', NULL, NULL, 2, 486, '2018-07-09 12:42:11', NULL, '2018-07-09 07:12:11'),
(426, 6, 491, NULL, 'New Employee Hired', 'New Employee Hired - Chaganti Sahitya', NULL, '', NULL, NULL, 2, 486, '2018-07-09 12:42:11', NULL, '2018-07-09 07:12:11'),
(427, 6, 492, NULL, 'New Employee Hired', 'New Employee Hired - Chaganti Sahitya', NULL, '', NULL, NULL, 2, 486, '2018-07-09 12:42:11', NULL, '2018-07-09 07:12:11'),
(428, 6, 493, NULL, 'New Employee Hired', 'New Employee Hired - Chaganti Sahitya', NULL, '', NULL, NULL, 2, 486, '2018-07-09 12:42:11', NULL, '2018-07-09 07:12:11'),
(429, 6, 494, NULL, 'New Employee Hired', 'New Employee Hired - Chaganti Sahitya', NULL, '', NULL, NULL, 2, 486, '2018-07-09 12:42:11', NULL, '2018-07-09 07:12:11'),
(430, 6, 495, NULL, 'New Employee Hired', 'New Employee Hired - Chaganti Sahitya', NULL, '', NULL, NULL, 2, 486, '2018-07-09 12:42:11', NULL, '2018-07-09 07:12:11'),
(431, 6, 496, NULL, 'New Employee Hired', 'New Employee Hired - Chaganti Sahitya', NULL, '', NULL, NULL, 2, 486, '2018-07-09 12:42:11', NULL, '2018-07-09 07:12:11'),
(432, 3, 192, NULL, 'Leave Request', 'Leave request from M V Sita Ramana Kumari', NULL, '', '/leaves/pending', NULL, 3, 191, '2018-07-09 12:44:56', NULL, '2019-02-20 05:32:44'),
(433, 3, 2, NULL, 'Leave Request', 'Leave request from Mohammed Abdul Altamash', NULL, '', '/leaves/pending', NULL, 3, 12, '2018-07-09 12:47:57', NULL, '2019-04-04 07:53:52'),
(434, 6, 203, NULL, 'New Employee Hired', 'New Employee Hired - Subhashree Jena', NULL, '', NULL, NULL, 2, 486, '2018-07-09 12:49:03', NULL, '2018-07-09 07:19:08'),
(435, 6, 205, NULL, 'New Employee Hired', 'New Employee Hired - Subhashree Jena', NULL, '', NULL, NULL, 3, 486, '2018-07-09 12:49:03', NULL, '2018-12-17 05:54:52'),
(436, 6, 216, NULL, 'New Employee Hired', 'New Employee Hired - Subhashree Jena', NULL, '', NULL, NULL, 3, 486, '2018-07-09 12:49:03', NULL, '2019-03-19 12:39:01'),
(437, 6, 224, NULL, 'New Employee Hired', 'New Employee Hired - Subhashree Jena', NULL, '', NULL, NULL, 2, 486, '2018-07-09 12:49:03', NULL, '2018-07-09 07:19:07'),
(438, 6, 228, NULL, 'New Employee Hired', 'New Employee Hired - Subhashree Jena', NULL, '', NULL, NULL, 2, 486, '2018-07-09 12:49:03', NULL, '2018-07-09 07:19:07'),
(439, 6, 235, NULL, 'New Employee Hired', 'New Employee Hired - Subhashree Jena', NULL, '', NULL, NULL, 3, 486, '2018-07-09 12:49:03', NULL, '2018-07-09 22:46:17'),
(440, 6, 240, NULL, 'New Employee Hired', 'New Employee Hired - Subhashree Jena', NULL, '', NULL, NULL, 2, 486, '2018-07-09 12:49:03', NULL, '2018-07-09 07:19:07'),
(441, 6, 245, NULL, 'New Employee Hired', 'New Employee Hired - Subhashree Jena', NULL, '', NULL, NULL, 3, 486, '2018-07-09 12:49:03', NULL, '2019-03-20 23:19:56'),
(442, 6, 252, NULL, 'New Employee Hired', 'New Employee Hired - Subhashree Jena', NULL, '', NULL, NULL, 2, 486, '2018-07-09 12:49:03', NULL, '2018-07-09 07:19:07'),
(443, 6, 254, NULL, 'New Employee Hired', 'New Employee Hired - Subhashree Jena', NULL, '', NULL, NULL, 2, 486, '2018-07-09 12:49:03', NULL, '2018-07-09 07:19:07'),
(444, 6, 256, NULL, 'New Employee Hired', 'New Employee Hired - Subhashree Jena', NULL, '', NULL, NULL, 2, 486, '2018-07-09 12:49:03', NULL, '2018-07-09 07:19:07'),
(445, 6, 257, NULL, 'New Employee Hired', 'New Employee Hired - Subhashree Jena', NULL, '', NULL, NULL, 3, 486, '2018-07-09 12:49:03', NULL, '2018-12-27 03:10:49'),
(446, 6, 259, NULL, 'New Employee Hired', 'New Employee Hired - Subhashree Jena', NULL, '', NULL, NULL, 3, 486, '2018-07-09 12:49:03', NULL, '2018-07-10 01:48:01'),
(447, 6, 260, NULL, 'New Employee Hired', 'New Employee Hired - Subhashree Jena', NULL, '', NULL, NULL, 3, 486, '2018-07-09 12:49:03', NULL, '2018-07-12 03:26:32'),
(448, 6, 262, NULL, 'New Employee Hired', 'New Employee Hired - Subhashree Jena', NULL, '', NULL, NULL, 3, 486, '2018-07-09 12:49:03', NULL, '2018-11-12 02:56:54'),
(449, 6, 263, NULL, 'New Employee Hired', 'New Employee Hired - Subhashree Jena', NULL, '', NULL, NULL, 2, 486, '2018-07-09 12:49:03', NULL, '2018-07-09 07:19:07'),
(450, 6, 266, NULL, 'New Employee Hired', 'New Employee Hired - Subhashree Jena', NULL, '', NULL, NULL, 3, 486, '2018-07-09 12:49:03', NULL, '2018-11-26 06:55:07'),
(451, 6, 267, NULL, 'New Employee Hired', 'New Employee Hired - Subhashree Jena', NULL, '', NULL, NULL, 3, 486, '2018-07-09 12:49:03', NULL, '2019-01-06 22:36:51'),
(452, 6, 274, NULL, 'New Employee Hired', 'New Employee Hired - Subhashree Jena', NULL, '', NULL, NULL, 2, 486, '2018-07-09 12:49:03', NULL, '2018-07-09 07:19:06'),
(453, 6, 275, NULL, 'New Employee Hired', 'New Employee Hired - Subhashree Jena', NULL, '', NULL, NULL, 2, 486, '2018-07-09 12:49:03', NULL, '2018-07-09 07:19:06'),
(454, 6, 276, NULL, 'New Employee Hired', 'New Employee Hired - Subhashree Jena', NULL, '', NULL, NULL, 3, 486, '2018-07-09 12:49:03', NULL, '2018-07-11 04:27:37'),
(455, 6, 277, NULL, 'New Employee Hired', 'New Employee Hired - Subhashree Jena', NULL, '', NULL, NULL, 3, 486, '2018-07-09 12:49:03', NULL, '2019-03-06 23:40:42'),
(456, 6, 282, NULL, 'New Employee Hired', 'New Employee Hired - Subhashree Jena', NULL, '', NULL, NULL, 3, 486, '2018-07-09 12:49:03', NULL, '2019-02-19 01:46:40'),
(457, 6, 283, NULL, 'New Employee Hired', 'New Employee Hired - Subhashree Jena', NULL, '', NULL, NULL, 3, 486, '2018-07-09 12:49:03', NULL, '2019-02-18 00:30:33'),
(458, 6, 285, NULL, 'New Employee Hired', 'New Employee Hired - Subhashree Jena', NULL, '', NULL, NULL, 3, 486, '2018-07-09 12:49:03', NULL, '2018-11-26 01:05:28'),
(459, 6, 286, NULL, 'New Employee Hired', 'New Employee Hired - Subhashree Jena', NULL, '', NULL, NULL, 2, 486, '2018-07-09 12:49:03', NULL, '2018-07-09 07:19:06'),
(460, 6, 287, NULL, 'New Employee Hired', 'New Employee Hired - Subhashree Jena', NULL, '', NULL, NULL, 3, 486, '2018-07-09 12:49:03', NULL, '2019-02-11 04:06:01'),
(461, 6, 292, NULL, 'New Employee Hired', 'New Employee Hired - Subhashree Jena', NULL, '', NULL, NULL, 3, 486, '2018-07-09 12:49:03', NULL, '2018-12-26 23:13:01'),
(462, 6, 297, NULL, 'New Employee Hired', 'New Employee Hired - Subhashree Jena', NULL, '', NULL, NULL, 2, 486, '2018-07-09 12:49:03', NULL, '2018-07-09 07:19:06'),
(463, 6, 305, NULL, 'New Employee Hired', 'New Employee Hired - Subhashree Jena', NULL, '', NULL, NULL, 2, 486, '2018-07-09 12:49:03', NULL, '2018-07-09 07:19:06'),
(464, 6, 337, NULL, 'New Employee Hired', 'New Employee Hired - Subhashree Jena', NULL, '', NULL, NULL, 2, 486, '2018-07-09 12:49:03', NULL, '2018-07-09 07:19:06'),
(465, 6, 338, NULL, 'New Employee Hired', 'New Employee Hired - Subhashree Jena', NULL, '', NULL, NULL, 2, 486, '2018-07-09 12:49:03', NULL, '2018-07-09 07:19:06'),
(466, 6, 351, NULL, 'New Employee Hired', 'New Employee Hired - Subhashree Jena', NULL, '', NULL, NULL, 3, 486, '2018-07-09 12:49:03', NULL, '2018-07-10 00:41:02'),
(467, 6, 352, NULL, 'New Employee Hired', 'New Employee Hired - Subhashree Jena', NULL, '', NULL, NULL, 2, 486, '2018-07-09 12:49:03', NULL, '2018-07-09 07:19:05'),
(468, 6, 363, NULL, 'New Employee Hired', 'New Employee Hired - Subhashree Jena', NULL, '', NULL, NULL, 2, 486, '2018-07-09 12:49:03', NULL, '2018-07-09 07:19:05'),
(469, 6, 366, NULL, 'New Employee Hired', 'New Employee Hired - Subhashree Jena', NULL, '', NULL, NULL, 2, 486, '2018-07-09 12:49:03', NULL, '2018-07-09 07:19:05'),
(470, 6, 367, NULL, 'New Employee Hired', 'New Employee Hired - Subhashree Jena', NULL, '', NULL, NULL, 2, 486, '2018-07-09 12:49:03', NULL, '2018-07-09 07:19:05'),
(471, 6, 369, NULL, 'New Employee Hired', 'New Employee Hired - Subhashree Jena', NULL, '', NULL, NULL, 2, 486, '2018-07-09 12:49:03', NULL, '2018-07-09 07:19:05'),
(472, 6, 378, NULL, 'New Employee Hired', 'New Employee Hired - Subhashree Jena', NULL, '', NULL, NULL, 3, 486, '2018-07-09 12:49:03', NULL, '2018-07-11 07:20:16'),
(473, 6, 383, NULL, 'New Employee Hired', 'New Employee Hired - Subhashree Jena', NULL, '', NULL, NULL, 2, 486, '2018-07-09 12:49:03', NULL, '2018-07-09 07:19:05'),
(474, 6, 384, NULL, 'New Employee Hired', 'New Employee Hired - Subhashree Jena', NULL, '', NULL, NULL, 3, 486, '2018-07-09 12:49:03', NULL, '2019-03-07 02:08:07'),
(475, 6, 388, NULL, 'New Employee Hired', 'New Employee Hired - Subhashree Jena', NULL, '', NULL, NULL, 3, 486, '2018-07-09 12:49:03', NULL, '2019-02-11 00:40:34'),
(476, 6, 393, NULL, 'New Employee Hired', 'New Employee Hired - Subhashree Jena', NULL, '', NULL, NULL, 3, 486, '2018-07-09 12:49:03', NULL, '2018-07-10 05:06:21'),
(477, 6, 401, NULL, 'New Employee Hired', 'New Employee Hired - Subhashree Jena', NULL, '', NULL, NULL, 3, 486, '2018-07-09 12:49:03', NULL, '2018-11-22 03:09:50'),
(478, 6, 421, NULL, 'New Employee Hired', 'New Employee Hired - Subhashree Jena', NULL, '', NULL, NULL, 3, 486, '2018-07-09 12:49:03', NULL, '2018-07-13 06:59:02'),
(479, 6, 424, NULL, 'New Employee Hired', 'New Employee Hired - Subhashree Jena', NULL, '', NULL, NULL, 3, 486, '2018-07-09 12:49:03', NULL, '2018-11-27 03:52:57'),
(480, 6, 425, NULL, 'New Employee Hired', 'New Employee Hired - Subhashree Jena', NULL, '', NULL, NULL, 3, 486, '2018-07-09 12:49:03', NULL, '2019-01-11 06:46:13'),
(481, 6, 426, NULL, 'New Employee Hired', 'New Employee Hired - Subhashree Jena', NULL, '', NULL, NULL, 3, 486, '2018-07-09 12:49:03', NULL, '2019-02-01 00:48:20'),
(482, 6, 427, NULL, 'New Employee Hired', 'New Employee Hired - Subhashree Jena', NULL, '', NULL, NULL, 3, 486, '2018-07-09 12:49:03', NULL, '2018-07-10 00:29:50'),
(483, 6, 428, NULL, 'New Employee Hired', 'New Employee Hired - Subhashree Jena', NULL, '', NULL, NULL, 2, 486, '2018-07-09 12:49:03', NULL, '2018-07-09 07:19:04'),
(484, 6, 443, NULL, 'New Employee Hired', 'New Employee Hired - Subhashree Jena', NULL, '', NULL, NULL, 3, 486, '2018-07-09 12:49:03', NULL, '2019-02-01 04:34:04'),
(485, 6, 461, NULL, 'New Employee Hired', 'New Employee Hired - Subhashree Jena', NULL, '', NULL, NULL, 3, 486, '2018-07-09 12:49:03', NULL, '2019-03-19 07:18:27'),
(486, 6, 467, NULL, 'New Employee Hired', 'New Employee Hired - Subhashree Jena', NULL, '', NULL, NULL, 3, 486, '2018-07-09 12:49:03', NULL, '2019-01-25 06:58:47'),
(487, 6, 486, NULL, 'New Employee Hired', 'New Employee Hired - Subhashree Jena', NULL, '', NULL, NULL, 3, 486, '2018-07-09 12:49:03', NULL, '2019-03-20 03:22:39'),
(488, 6, 488, NULL, 'New Employee Hired', 'New Employee Hired - Subhashree Jena', NULL, '', NULL, NULL, 3, 486, '2018-07-09 12:49:03', NULL, '2018-12-04 06:58:17'),
(489, 6, 489, NULL, 'New Employee Hired', 'New Employee Hired - Subhashree Jena', NULL, '', NULL, NULL, 2, 486, '2018-07-09 12:49:03', NULL, '2018-07-09 07:19:04'),
(490, 6, 490, NULL, 'New Employee Hired', 'New Employee Hired - Subhashree Jena', NULL, '', NULL, NULL, 2, 486, '2018-07-09 12:49:03', NULL, '2018-07-09 07:19:04'),
(491, 6, 491, NULL, 'New Employee Hired', 'New Employee Hired - Subhashree Jena', NULL, '', NULL, NULL, 2, 486, '2018-07-09 12:49:03', NULL, '2018-07-09 07:19:04'),
(492, 6, 492, NULL, 'New Employee Hired', 'New Employee Hired - Subhashree Jena', NULL, '', NULL, NULL, 2, 486, '2018-07-09 12:49:03', NULL, '2018-07-09 07:19:04'),
(493, 6, 493, NULL, 'New Employee Hired', 'New Employee Hired - Subhashree Jena', NULL, '', NULL, NULL, 2, 486, '2018-07-09 12:49:03', NULL, '2018-07-09 07:19:04'),
(494, 6, 494, NULL, 'New Employee Hired', 'New Employee Hired - Subhashree Jena', NULL, '', NULL, NULL, 2, 486, '2018-07-09 12:49:03', NULL, '2018-07-09 07:19:04'),
(495, 6, 495, NULL, 'New Employee Hired', 'New Employee Hired - Subhashree Jena', NULL, '', NULL, NULL, 2, 486, '2018-07-09 12:49:03', NULL, '2018-07-09 07:19:03'),
(496, 6, 496, NULL, 'New Employee Hired', 'New Employee Hired - Subhashree Jena', NULL, '', NULL, NULL, 2, 486, '2018-07-09 12:49:03', NULL, '2018-07-09 07:19:03'),
(497, 6, 497, NULL, 'New Employee Hired', 'New Employee Hired - Subhashree Jena', NULL, '', NULL, NULL, 3, 486, '2018-07-09 12:49:03', NULL, '2019-03-20 07:10:30'),
(498, 3, 219, NULL, 'Leave Request', 'Leave request approved for 02 Jul 2018', NULL, '', '/leaves', NULL, 3, 199, '2018-07-09 12:54:41', NULL, '2019-05-03 15:36:46'),
(499, 3, 29, NULL, 'Leave Request', 'Leave request approved for 09 Jul 2018', NULL, '', '/leaves', NULL, 3, 355, '2018-07-09 13:48:59', NULL, '2019-01-24 10:22:11'),
(500, 3, 475, NULL, 'Leave Request', 'Leave request approved for 09 Jul 2018', NULL, '', '/leaves', NULL, 3, 355, '2018-07-09 13:50:31', NULL, '2019-03-19 13:27:50'),
(501, 3, 1, NULL, 'Leave Request', 'Leave request from Imran Mohammed', NULL, '', '/leaves/pending', NULL, 3, 55, '2018-07-09 14:11:15', NULL, '2022-01-18 10:40:39'),
(502, 3, 8, NULL, 'Leave Request', 'Leave request from Sripal Reddy Annu', NULL, '', '/leaves/pending', NULL, 3, 41, '2018-07-09 14:28:16', NULL, '2019-03-14 10:14:01'),
(503, 3, 104, NULL, 'Leave Request', 'Leave request from Kanika Sharma', NULL, '', '/leaves/pending', NULL, 2, 448, '2018-07-09 15:09:26', NULL, '2018-07-09 09:39:26'),
(504, 3, 104, NULL, 'Leave Request', 'Leave request from Kanika Sharma', NULL, '', '/leaves/pending', NULL, 2, 448, '2018-07-09 15:10:05', NULL, '2018-07-09 09:40:05'),
(505, 3, 348, NULL, 'Leave Request', 'Leave request approved for 09 Jul 2018', NULL, '', '/leaves', NULL, 2, 303, '2018-07-09 16:50:18', NULL, '2018-07-09 11:20:18'),
(506, 3, 252, NULL, 'Leave Request', 'Leave request from Sunil Kumar Dash', NULL, '', '/leaves/pending', NULL, 2, 351, '2018-07-09 18:21:59', NULL, '2018-07-09 12:51:59'),
(507, 3, 104, NULL, 'Leave Request', 'Leave request from Urvashi Raval', NULL, '', '/leaves/pending', NULL, 2, 115, '2018-07-09 19:35:40', NULL, '2018-07-09 14:05:40'),
(508, 3, 104, NULL, 'Leave Request', 'Leave request from Ankit Singh', NULL, '', '/leaves/pending', NULL, 2, 453, '2018-07-09 19:39:14', NULL, '2018-07-09 14:09:14'),
(509, 3, 52, NULL, 'Leave Request', 'Leave request approved for 29 Jun 2018', NULL, '', '/leaves', NULL, 3, 11, '2018-07-09 21:35:04', NULL, '2019-03-19 10:52:15'),
(510, 3, 8, NULL, 'Leave Request', 'Leave request approved for 02 Jul 2018', NULL, '', '/leaves', NULL, 3, 11, '2018-07-09 21:35:49', NULL, '2019-03-14 10:14:01'),
(511, 3, 52, NULL, 'Leave Request', 'Leave request approved for 02 Jul 2018', NULL, '', '/leaves', NULL, 3, 11, '2018-07-09 21:35:53', NULL, '2019-03-19 10:52:15'),
(512, 3, 68, NULL, 'Leave Request', 'Leave request approved for 02 Jul 2018', NULL, '', '/leaves', NULL, 3, 11, '2018-07-09 21:36:03', NULL, '2019-02-07 17:09:22'),
(513, 3, 116, NULL, 'Leave Request', 'Leave request approved for 02 Jul 2018', NULL, '', '/leaves', NULL, 3, 11, '2018-07-09 21:36:10', NULL, '2019-02-04 14:44:41'),
(514, 3, 68, NULL, 'Leave Request', 'Leave request approved for 03 Jul 2018', NULL, '', '/leaves', NULL, 3, 11, '2018-07-09 21:36:16', NULL, '2019-02-07 17:09:22'),
(515, 3, 70, NULL, 'Leave Request', 'Leave request approved for 05 Jul 2018', NULL, '', '/leaves', NULL, 3, 11, '2018-07-09 21:36:26', NULL, '2018-07-09 16:12:32'),
(516, 3, 36, NULL, 'Leave Request', 'Leave request approved for 06 Jul 2018', NULL, '', '/leaves', NULL, 3, 11, '2018-07-09 21:37:18', NULL, '2018-07-10 13:53:55'),
(517, 3, 339, NULL, 'Leave Request', 'Leave request approved for 09 Jul 2018', NULL, '', '/leaves', NULL, 3, 11, '2018-07-09 21:37:58', NULL, '2019-02-08 14:37:30'),
(518, 3, 126, NULL, 'Leave Request', 'Leave request from Sravanthi Gittayagari', NULL, '', '/leaves/pending', NULL, 3, 175, '2018-07-10 04:40:22', NULL, '2019-01-07 05:44:39'),
(519, 3, 252, NULL, 'Leave Request', 'Leave request from Ganga B A', NULL, '', '/leaves/pending', NULL, 2, 486, '2018-07-10 04:57:19', NULL, '2018-07-09 23:27:19'),
(520, 3, 351, NULL, 'Leave Request', 'Leave request rejected for 10 Jul 2018', NULL, '', '/leaves', NULL, 3, 252, '2018-07-10 06:32:20', NULL, '2018-07-10 01:07:08'),
(521, 3, 362, NULL, 'Leave Request', 'Leave request from Lavanya Kandala', NULL, '', '/leaves/pending', NULL, 3, 468, '2018-07-10 07:59:42', NULL, '2019-03-21 00:20:38'),
(522, 3, 126, NULL, 'Leave Request', 'Leave request from Sravanthi Gittayagari', NULL, '', '/leaves/pending', NULL, 3, 12, '2018-07-10 08:13:24', NULL, '2019-01-07 05:44:39'),
(523, 3, 34, NULL, 'Leave Request', 'Leave request from Manohar Reddy Manda', NULL, '', '/leaves/pending', NULL, 3, 399, '2018-07-10 08:22:37', NULL, '2018-07-10 03:25:13'),
(524, 3, 175, NULL, 'Leave Request', 'Leave request approved for 11 Jul 2018', NULL, '', '/leaves', NULL, 3, 126, '2018-07-10 08:37:58', NULL, '2018-07-10 03:19:02'),
(525, 3, 172, NULL, 'Leave Request', 'Leave request approved for 10 Jul 2018', NULL, '', '/leaves', NULL, 3, 126, '2018-07-10 08:38:03', NULL, '2018-07-12 02:02:49'),
(526, 3, 126, NULL, 'Leave Request', 'Leave request from Sravanthi Gittayagari', NULL, '', '/leaves/pending', NULL, 3, 175, '2018-07-10 08:43:47', NULL, '2019-01-07 05:44:39'),
(527, 3, 399, NULL, 'Leave Request', 'Leave request approved for 10 Jul 2018', NULL, '', '/leaves', NULL, 2, 34, '2018-07-10 08:54:48', NULL, '2018-07-10 03:24:49'),
(528, 3, 23, NULL, 'Leave Request', 'Leave request approved for 06 Jul 2018', NULL, '', '/leaves', NULL, 3, 2, '2018-07-10 08:55:08', NULL, '2019-03-19 09:58:50'),
(529, 3, 400, NULL, 'Leave Request', 'Leave request approved for 23 Jul 2018', NULL, '', '/leaves', NULL, 3, 163, '2018-07-10 09:55:00', NULL, '2018-07-10 09:04:31'),
(530, 3, 355, NULL, 'Leave Request', 'Leave request from Karunakar Gullakuntla', NULL, '', '/leaves/pending', NULL, 3, 475, '2018-07-10 11:04:37', NULL, '2019-01-24 16:47:07'),
(531, 3, 341, NULL, 'Leave Request', 'Leave request from Kartik Sridhar', NULL, '', '/leaves/pending', NULL, 2, 123, '2018-07-10 11:07:36', NULL, '2018-07-10 05:37:36'),
(532, 6, 28, NULL, 'New Employee Hired', 'New Employee Hired - Vinuth Guntakala', NULL, 'dtbrnatXIV4:APA91bFVK53s8d_HXAG1nsdahUH2Mi8ISuQFQ84o5jK1kJylHGYT8l69A3Pv1RSlngzwJeKw1om1G-zxrjEGah2T6Agf8rakwG-5doLDOOVHd6uXU6Sp5QDagAhCwbniwHI8RaRVtVAz8ttHIZXkEqOXmZDR63Pt_Q', NULL, NULL, 3, 2, '2018-07-10 12:01:52', NULL, '2018-07-10 06:41:30'),
(533, 6, 62, NULL, 'New Employee Hired', 'New Employee Hired - Vinuth Guntakala', NULL, 'clDZJ0iFy-g:APA91bEXa4XFi21xcsiaPZd6sFRpbgDFCikFwnGAsEsO5iM7pIjfyEj6FDQHSHsz7ZhAMCd2YcviSIQmI3y6t3VOr-aPkcNFZ6LSr-P6k-OpWADxelwl1hRY_v2lCq7CbdqOEDpNTREAagTsIgU5lT6mf68HvSJxzQ', NULL, NULL, 3, 2, '2018-07-10 12:01:52', NULL, '2019-04-05 12:08:27'),
(534, 6, 1, NULL, 'New Employee Hired', 'New Employee Hired - Vinuth Guntakala', NULL, '', NULL, NULL, 3, 2, '2018-07-10 12:01:52', NULL, '2022-01-18 10:40:39'),
(535, 6, 2, NULL, 'New Employee Hired', 'New Employee Hired - Vinuth Guntakala', NULL, '', NULL, NULL, 3, 2, '2018-07-10 12:01:52', NULL, '2019-04-04 07:53:52'),
(536, 6, 3, NULL, 'New Employee Hired', 'New Employee Hired - Vinuth Guntakala', NULL, '', NULL, NULL, 2, 2, '2018-07-10 12:01:52', NULL, '2018-07-10 06:32:00'),
(537, 6, 4, NULL, 'New Employee Hired', 'New Employee Hired - Vinuth Guntakala', NULL, '', NULL, NULL, 3, 2, '2018-07-10 12:01:52', NULL, '2019-03-13 05:15:48'),
(538, 6, 5, NULL, 'New Employee Hired', 'New Employee Hired - Vinuth Guntakala', NULL, '', NULL, NULL, 3, 2, '2018-07-10 12:01:52', NULL, '2019-02-28 09:12:48'),
(539, 6, 6, NULL, 'New Employee Hired', 'New Employee Hired - Vinuth Guntakala', NULL, '', NULL, NULL, 3, 2, '2018-07-10 12:01:52', NULL, '2019-03-05 04:55:09'),
(540, 6, 7, NULL, 'New Employee Hired', 'New Employee Hired - Vinuth Guntakala', NULL, '', NULL, NULL, 3, 2, '2018-07-10 12:01:52', NULL, '2019-03-19 11:27:52'),
(541, 6, 8, NULL, 'New Employee Hired', 'New Employee Hired - Vinuth Guntakala', NULL, '', NULL, NULL, 3, 2, '2018-07-10 12:01:52', NULL, '2019-03-14 10:14:01'),
(542, 6, 9, NULL, 'New Employee Hired', 'New Employee Hired - Vinuth Guntakala', NULL, '', NULL, NULL, 3, 2, '2018-07-10 12:01:52', NULL, '2019-03-20 08:16:51'),
(543, 6, 11, NULL, 'New Employee Hired', 'New Employee Hired - Vinuth Guntakala', NULL, '', NULL, NULL, 3, 2, '2018-07-10 12:01:52', NULL, '2018-07-10 13:44:32'),
(544, 6, 12, NULL, 'New Employee Hired', 'New Employee Hired - Vinuth Guntakala', NULL, '', NULL, NULL, 3, 2, '2018-07-10 12:01:52', NULL, '2019-03-26 05:20:29'),
(545, 6, 13, NULL, 'New Employee Hired', 'New Employee Hired - Vinuth Guntakala', NULL, '', NULL, NULL, 3, 2, '2018-07-10 12:01:52', NULL, '2018-07-10 14:09:46'),
(546, 6, 15, NULL, 'New Employee Hired', 'New Employee Hired - Vinuth Guntakala', NULL, '', NULL, NULL, 3, 2, '2018-07-10 12:01:52', NULL, '2019-03-14 11:06:34'),
(547, 6, 16, NULL, 'New Employee Hired', 'New Employee Hired - Vinuth Guntakala', NULL, '', NULL, NULL, 3, 2, '2018-07-10 12:01:52', NULL, '2019-03-13 08:05:21'),
(548, 6, 17, NULL, 'New Employee Hired', 'New Employee Hired - Vinuth Guntakala', NULL, '', NULL, NULL, 3, 2, '2018-07-10 12:01:52', NULL, '2019-03-20 04:39:00'),
(549, 6, 18, NULL, 'New Employee Hired', 'New Employee Hired - Vinuth Guntakala', NULL, '', NULL, NULL, 3, 2, '2018-07-10 12:01:52', NULL, '2019-03-21 03:13:26'),
(550, 6, 19, NULL, 'New Employee Hired', 'New Employee Hired - Vinuth Guntakala', NULL, '', NULL, NULL, 3, 2, '2018-07-10 12:01:52', NULL, '2019-03-20 00:21:12'),
(551, 6, 20, NULL, 'New Employee Hired', 'New Employee Hired - Vinuth Guntakala', NULL, '', NULL, NULL, 3, 2, '2018-07-10 12:01:52', NULL, '2019-03-20 05:16:18'),
(552, 6, 21, NULL, 'New Employee Hired', 'New Employee Hired - Vinuth Guntakala', NULL, '', NULL, NULL, 3, 2, '2018-07-10 12:01:52', NULL, '2018-11-13 13:08:29'),
(553, 6, 23, NULL, 'New Employee Hired', 'New Employee Hired - Vinuth Guntakala', NULL, '', NULL, NULL, 3, 2, '2018-07-10 12:01:52', NULL, '2019-03-19 09:58:50'),
(554, 6, 25, NULL, 'New Employee Hired', 'New Employee Hired - Vinuth Guntakala', NULL, '', NULL, NULL, 3, 2, '2018-07-10 12:01:52', NULL, '2019-02-04 12:19:41'),
(555, 6, 29, NULL, 'New Employee Hired', 'New Employee Hired - Vinuth Guntakala', NULL, '', NULL, NULL, 3, 2, '2018-07-10 12:01:52', NULL, '2019-01-24 10:22:11'),
(556, 6, 32, NULL, 'New Employee Hired', 'New Employee Hired - Vinuth Guntakala', NULL, '', NULL, NULL, 3, 2, '2018-07-10 12:01:52', NULL, '2018-07-10 09:32:10'),
(557, 6, 33, NULL, 'New Employee Hired', 'New Employee Hired - Vinuth Guntakala', NULL, '', NULL, NULL, 2, 2, '2018-07-10 12:01:52', NULL, '2018-07-10 06:31:59'),
(558, 6, 34, NULL, 'New Employee Hired', 'New Employee Hired - Vinuth Guntakala', NULL, '', NULL, NULL, 2, 2, '2018-07-10 12:01:52', NULL, '2018-07-10 06:31:59'),
(559, 6, 35, NULL, 'New Employee Hired', 'New Employee Hired - Vinuth Guntakala', NULL, '', NULL, NULL, 3, 2, '2018-07-10 12:01:52', NULL, '2019-03-21 02:06:48'),
(560, 6, 36, NULL, 'New Employee Hired', 'New Employee Hired - Vinuth Guntakala', NULL, '', NULL, NULL, 3, 2, '2018-07-10 12:01:52', NULL, '2018-07-10 13:53:54'),
(561, 6, 37, NULL, 'New Employee Hired', 'New Employee Hired - Vinuth Guntakala', NULL, '', NULL, NULL, 3, 2, '2018-07-10 12:01:52', NULL, '2019-03-20 00:47:08'),
(562, 6, 38, NULL, 'New Employee Hired', 'New Employee Hired - Vinuth Guntakala', NULL, '', NULL, NULL, 3, 2, '2018-07-10 12:01:52', NULL, '2019-02-19 03:16:42'),
(563, 6, 39, NULL, 'New Employee Hired', 'New Employee Hired - Vinuth Guntakala', NULL, '', NULL, NULL, 2, 2, '2018-07-10 12:01:52', NULL, '2018-07-10 06:31:59'),
(564, 6, 40, NULL, 'New Employee Hired', 'New Employee Hired - Vinuth Guntakala', NULL, '', NULL, NULL, 3, 2, '2018-07-10 12:01:52', NULL, '2019-03-20 08:41:15'),
(565, 6, 41, NULL, 'New Employee Hired', 'New Employee Hired - Vinuth Guntakala', NULL, '', NULL, NULL, 3, 2, '2018-07-10 12:01:52', NULL, '2018-07-12 13:32:03'),
(566, 6, 42, NULL, 'New Employee Hired', 'New Employee Hired - Vinuth Guntakala', NULL, '', NULL, NULL, 3, 2, '2018-07-10 12:01:52', NULL, '2019-03-19 10:05:20'),
(567, 6, 48, NULL, 'New Employee Hired', 'New Employee Hired - Vinuth Guntakala', NULL, '', NULL, NULL, 3, 2, '2018-07-10 12:01:52', NULL, '2019-02-28 09:29:19'),
(568, 6, 52, NULL, 'New Employee Hired', 'New Employee Hired - Vinuth Guntakala', NULL, '', NULL, NULL, 3, 2, '2018-07-10 12:01:52', NULL, '2019-03-19 10:52:15'),
(569, 6, 55, NULL, 'New Employee Hired', 'New Employee Hired - Vinuth Guntakala', NULL, '', NULL, NULL, 3, 2, '2018-07-10 12:01:52', NULL, '2019-02-15 12:04:56'),
(570, 6, 56, NULL, 'New Employee Hired', 'New Employee Hired - Vinuth Guntakala', NULL, '', NULL, NULL, 3, 2, '2018-07-10 12:01:52', NULL, '2019-01-18 12:15:20'),
(571, 6, 58, NULL, 'New Employee Hired', 'New Employee Hired - Vinuth Guntakala', NULL, '', NULL, NULL, 2, 2, '2018-07-10 12:01:52', NULL, '2018-07-10 06:31:58'),
(572, 6, 59, NULL, 'New Employee Hired', 'New Employee Hired - Vinuth Guntakala', NULL, '', NULL, NULL, 2, 2, '2018-07-10 12:01:52', NULL, '2018-07-10 06:31:58'),
(573, 6, 60, NULL, 'New Employee Hired', 'New Employee Hired - Vinuth Guntakala', NULL, '', NULL, NULL, 3, 2, '2018-07-10 12:01:52', NULL, '2018-07-10 07:58:30'),
(574, 6, 61, NULL, 'New Employee Hired', 'New Employee Hired - Vinuth Guntakala', NULL, '', NULL, NULL, 2, 2, '2018-07-10 12:01:52', NULL, '2018-07-10 06:31:58'),
(575, 6, 63, NULL, 'New Employee Hired', 'New Employee Hired - Vinuth Guntakala', NULL, '', NULL, NULL, 3, 2, '2018-07-10 12:01:52', NULL, '2019-03-14 08:36:51'),
(576, 6, 64, NULL, 'New Employee Hired', 'New Employee Hired - Vinuth Guntakala', NULL, '', NULL, NULL, 3, 2, '2018-07-10 12:01:52', NULL, '2019-03-20 13:12:41'),
(577, 6, 65, NULL, 'New Employee Hired', 'New Employee Hired - Vinuth Guntakala', NULL, '', NULL, NULL, 2, 2, '2018-07-10 12:01:52', NULL, '2018-07-10 06:31:58'),
(578, 6, 67, NULL, 'New Employee Hired', 'New Employee Hired - Vinuth Guntakala', NULL, '', NULL, NULL, 3, 2, '2018-07-10 12:01:52', NULL, '2019-01-07 09:49:45'),
(579, 6, 68, NULL, 'New Employee Hired', 'New Employee Hired - Vinuth Guntakala', NULL, '', NULL, NULL, 3, 2, '2018-07-10 12:01:52', NULL, '2019-02-07 17:09:22'),
(580, 6, 70, NULL, 'New Employee Hired', 'New Employee Hired - Vinuth Guntakala', NULL, '', NULL, NULL, 2, 2, '2018-07-10 12:01:52', NULL, '2018-07-10 06:31:57'),
(581, 6, 74, NULL, 'New Employee Hired', 'New Employee Hired - Vinuth Guntakala', NULL, '', NULL, NULL, 3, 2, '2018-07-10 12:01:52', NULL, '2018-07-10 12:31:56'),
(582, 6, 75, NULL, 'New Employee Hired', 'New Employee Hired - Vinuth Guntakala', NULL, '', NULL, NULL, 3, 2, '2018-07-10 12:01:52', NULL, '2018-07-10 11:41:40'),
(583, 6, 77, NULL, 'New Employee Hired', 'New Employee Hired - Vinuth Guntakala', NULL, '', NULL, NULL, 3, 2, '2018-07-10 12:01:52', NULL, '2019-03-08 16:19:48'),
(584, 6, 79, NULL, 'New Employee Hired', 'New Employee Hired - Vinuth Guntakala', NULL, '', NULL, NULL, 2, 2, '2018-07-10 12:01:52', NULL, '2018-07-10 06:31:57'),
(585, 6, 80, NULL, 'New Employee Hired', 'New Employee Hired - Vinuth Guntakala', NULL, '', NULL, NULL, 3, 2, '2018-07-10 12:01:52', NULL, '2019-03-19 13:24:20'),
(586, 6, 81, NULL, 'New Employee Hired', 'New Employee Hired - Vinuth Guntakala', NULL, '', NULL, NULL, 3, 2, '2018-07-10 12:01:52', NULL, '2019-03-20 08:47:46'),
(587, 6, 83, NULL, 'New Employee Hired', 'New Employee Hired - Vinuth Guntakala', NULL, '', NULL, NULL, 3, 2, '2018-07-10 12:01:52', NULL, '2019-01-28 10:03:20'),
(588, 6, 85, NULL, 'New Employee Hired', 'New Employee Hired - Vinuth Guntakala', NULL, '', NULL, NULL, 3, 2, '2018-07-10 12:01:52', NULL, '2019-03-20 08:01:43'),
(589, 6, 87, NULL, 'New Employee Hired', 'New Employee Hired - Vinuth Guntakala', NULL, '', NULL, NULL, 2, 2, '2018-07-10 12:01:52', NULL, '2018-07-10 06:31:57'),
(590, 6, 89, NULL, 'New Employee Hired', 'New Employee Hired - Vinuth Guntakala', NULL, '', NULL, NULL, 3, 2, '2018-07-10 12:01:52', NULL, '2018-07-11 02:52:40'),
(591, 6, 94, NULL, 'New Employee Hired', 'New Employee Hired - Vinuth Guntakala', NULL, '', NULL, NULL, 3, 2, '2018-07-10 12:01:52', NULL, '2019-03-20 10:19:15'),
(592, 6, 97, NULL, 'New Employee Hired', 'New Employee Hired - Vinuth Guntakala', NULL, '', NULL, NULL, 2, 2, '2018-07-10 12:01:52', NULL, '2018-07-10 06:31:56'),
(593, 6, 104, NULL, 'New Employee Hired', 'New Employee Hired - Vinuth Guntakala', NULL, '', NULL, NULL, 2, 2, '2018-07-10 12:01:52', NULL, '2018-07-10 06:31:56'),
(594, 6, 111, NULL, 'New Employee Hired', 'New Employee Hired - Vinuth Guntakala', NULL, '', NULL, NULL, 2, 2, '2018-07-10 12:01:52', NULL, '2018-07-10 06:31:56'),
(595, 6, 115, NULL, 'New Employee Hired', 'New Employee Hired - Vinuth Guntakala', NULL, '', NULL, NULL, 3, 2, '2018-07-10 12:01:52', NULL, '2019-02-12 11:49:50'),
(596, 6, 116, NULL, 'New Employee Hired', 'New Employee Hired - Vinuth Guntakala', NULL, '', NULL, NULL, 3, 2, '2018-07-10 12:01:52', NULL, '2019-02-04 14:44:41'),
(597, 6, 148, NULL, 'New Employee Hired', 'New Employee Hired - Vinuth Guntakala', NULL, '', NULL, NULL, 3, 2, '2018-07-10 12:01:52', NULL, '2018-07-11 05:59:57'),
(598, 6, 149, NULL, 'New Employee Hired', 'New Employee Hired - Vinuth Guntakala', NULL, '', NULL, NULL, 2, 2, '2018-07-10 12:01:52', NULL, '2018-07-10 06:31:56'),
(599, 6, 169, NULL, 'New Employee Hired', 'New Employee Hired - Vinuth Guntakala', NULL, '', NULL, NULL, 3, 2, '2018-07-10 12:01:52', NULL, '2019-03-21 01:24:44'),
(600, 6, 170, NULL, 'New Employee Hired', 'New Employee Hired - Vinuth Guntakala', NULL, '', NULL, NULL, 3, 2, '2018-07-10 12:01:52', NULL, '2018-12-28 06:34:20'),
(601, 6, 243, NULL, 'New Employee Hired', 'New Employee Hired - Vinuth Guntakala', NULL, '', NULL, NULL, 3, 2, '2018-07-10 12:01:52', NULL, '2018-12-20 14:21:52'),
(602, 6, 339, NULL, 'New Employee Hired', 'New Employee Hired - Vinuth Guntakala', NULL, '', NULL, NULL, 3, 2, '2018-07-10 12:01:52', NULL, '2019-02-08 14:37:30'),
(603, 6, 344, NULL, 'New Employee Hired', 'New Employee Hired - Vinuth Guntakala', NULL, '', NULL, NULL, 2, 2, '2018-07-10 12:01:52', NULL, '2018-07-10 06:31:56'),
(604, 6, 348, NULL, 'New Employee Hired', 'New Employee Hired - Vinuth Guntakala', NULL, '', NULL, NULL, 2, 2, '2018-07-10 12:01:52', NULL, '2018-07-10 06:31:56'),
(605, 6, 353, NULL, 'New Employee Hired', 'New Employee Hired - Vinuth Guntakala', NULL, '', NULL, NULL, 2, 2, '2018-07-10 12:01:52', NULL, '2018-07-10 06:31:56'),
(606, 6, 358, NULL, 'New Employee Hired', 'New Employee Hired - Vinuth Guntakala', NULL, '', NULL, NULL, 2, 2, '2018-07-10 12:01:52', NULL, '2018-07-10 06:31:55'),
(607, 6, 359, NULL, 'New Employee Hired', 'New Employee Hired - Vinuth Guntakala', NULL, '', NULL, NULL, 3, 2, '2018-07-10 12:01:52', NULL, '2018-07-16 11:28:34'),
(608, 6, 381, NULL, 'New Employee Hired', 'New Employee Hired - Vinuth Guntakala', NULL, '', NULL, NULL, 2, 2, '2018-07-10 12:01:52', NULL, '2018-07-10 06:31:55'),
(609, 6, 386, NULL, 'New Employee Hired', 'New Employee Hired - Vinuth Guntakala', NULL, '', NULL, NULL, 3, 2, '2018-07-10 12:01:52', NULL, '2018-07-11 15:25:33'),
(610, 6, 387, NULL, 'New Employee Hired', 'New Employee Hired - Vinuth Guntakala', NULL, '', NULL, NULL, 2, 2, '2018-07-10 12:01:52', NULL, '2018-07-10 06:31:55'),
(611, 6, 389, NULL, 'New Employee Hired', 'New Employee Hired - Vinuth Guntakala', NULL, '', NULL, NULL, 2, 2, '2018-07-10 12:01:52', NULL, '2018-07-10 06:31:55'),
(612, 6, 391, NULL, 'New Employee Hired', 'New Employee Hired - Vinuth Guntakala', NULL, '', NULL, NULL, 2, 2, '2018-07-10 12:01:52', NULL, '2018-07-10 06:31:55');
INSERT INTO `notifications` (`id`, `notifications_type_id`, `emp_id`, `company_id`, `title`, `message`, `post_id`, `fcm_token`, `link`, `image`, `status`, `created_by`, `created_at`, `updated_by`, `updated_at`) VALUES
(613, 6, 395, NULL, 'New Employee Hired', 'New Employee Hired - Vinuth Guntakala', NULL, '', NULL, NULL, 3, 2, '2018-07-10 12:01:52', NULL, '2019-03-19 10:39:28'),
(614, 6, 397, NULL, 'New Employee Hired', 'New Employee Hired - Vinuth Guntakala', NULL, '', NULL, NULL, 3, 2, '2018-07-10 12:01:52', NULL, '2019-03-20 08:54:37'),
(615, 6, 398, NULL, 'New Employee Hired', 'New Employee Hired - Vinuth Guntakala', NULL, '', NULL, NULL, 2, 2, '2018-07-10 12:01:52', NULL, '2018-07-10 06:31:54'),
(616, 6, 399, NULL, 'New Employee Hired', 'New Employee Hired - Vinuth Guntakala', NULL, '', NULL, NULL, 2, 2, '2018-07-10 12:01:52', NULL, '2018-07-10 06:31:54'),
(617, 6, 408, NULL, 'New Employee Hired', 'New Employee Hired - Vinuth Guntakala', NULL, '', NULL, NULL, 3, 2, '2018-07-10 12:01:52', NULL, '2018-07-11 08:26:06'),
(618, 6, 413, NULL, 'New Employee Hired', 'New Employee Hired - Vinuth Guntakala', NULL, '', NULL, NULL, 3, 2, '2018-07-10 12:01:52', NULL, '2018-07-10 14:35:53'),
(619, 6, 416, NULL, 'New Employee Hired', 'New Employee Hired - Vinuth Guntakala', NULL, '', NULL, NULL, 3, 2, '2018-07-10 12:01:52', NULL, '2018-07-12 08:41:20'),
(620, 6, 418, NULL, 'New Employee Hired', 'New Employee Hired - Vinuth Guntakala', NULL, '', NULL, NULL, 2, 2, '2018-07-10 12:01:52', NULL, '2018-07-10 06:31:54'),
(621, 6, 419, NULL, 'New Employee Hired', 'New Employee Hired - Vinuth Guntakala', NULL, '', NULL, NULL, 3, 2, '2018-07-10 12:01:52', NULL, '2019-03-14 11:57:18'),
(622, 6, 420, NULL, 'New Employee Hired', 'New Employee Hired - Vinuth Guntakala', NULL, '', NULL, NULL, 2, 2, '2018-07-10 12:01:52', NULL, '2018-07-10 06:31:54'),
(623, 6, 423, NULL, 'New Employee Hired', 'New Employee Hired - Vinuth Guntakala', NULL, '', NULL, NULL, 3, 2, '2018-07-10 12:01:52', NULL, '2019-04-26 11:12:15'),
(624, 6, 431, NULL, 'New Employee Hired', 'New Employee Hired - Vinuth Guntakala', NULL, '', NULL, NULL, 3, 2, '2018-07-10 12:01:52', NULL, '2018-07-10 08:06:31'),
(625, 6, 440, NULL, 'New Employee Hired', 'New Employee Hired - Vinuth Guntakala', NULL, '', NULL, NULL, 3, 2, '2018-07-10 12:01:52', NULL, '2019-02-01 00:06:54'),
(626, 6, 444, NULL, 'New Employee Hired', 'New Employee Hired - Vinuth Guntakala', NULL, '', NULL, NULL, 2, 2, '2018-07-10 12:01:52', NULL, '2018-07-10 06:31:54'),
(627, 6, 445, NULL, 'New Employee Hired', 'New Employee Hired - Vinuth Guntakala', NULL, '', NULL, NULL, 2, 2, '2018-07-10 12:01:52', NULL, '2018-07-10 06:31:54'),
(628, 6, 446, NULL, 'New Employee Hired', 'New Employee Hired - Vinuth Guntakala', NULL, '', NULL, NULL, 2, 2, '2018-07-10 12:01:52', NULL, '2018-07-10 06:31:54'),
(629, 6, 447, NULL, 'New Employee Hired', 'New Employee Hired - Vinuth Guntakala', NULL, '', NULL, NULL, 2, 2, '2018-07-10 12:01:52', NULL, '2018-07-10 06:31:53'),
(630, 6, 448, NULL, 'New Employee Hired', 'New Employee Hired - Vinuth Guntakala', NULL, '', NULL, NULL, 2, 2, '2018-07-10 12:01:52', NULL, '2018-07-10 06:31:53'),
(631, 6, 450, NULL, 'New Employee Hired', 'New Employee Hired - Vinuth Guntakala', NULL, '', NULL, NULL, 2, 2, '2018-07-10 12:01:52', NULL, '2018-07-10 06:31:53'),
(632, 6, 453, NULL, 'New Employee Hired', 'New Employee Hired - Vinuth Guntakala', NULL, '', NULL, NULL, 2, 2, '2018-07-10 12:01:52', NULL, '2018-07-10 06:31:53'),
(633, 6, 454, NULL, 'New Employee Hired', 'New Employee Hired - Vinuth Guntakala', NULL, '', NULL, NULL, 2, 2, '2018-07-10 12:01:52', NULL, '2018-07-10 06:31:53'),
(634, 6, 455, NULL, 'New Employee Hired', 'New Employee Hired - Vinuth Guntakala', NULL, '', NULL, NULL, 2, 2, '2018-07-10 12:01:52', NULL, '2018-07-10 06:31:53'),
(635, 6, 456, NULL, 'New Employee Hired', 'New Employee Hired - Vinuth Guntakala', NULL, '', NULL, NULL, 2, 2, '2018-07-10 12:01:52', NULL, '2018-07-10 06:31:53'),
(636, 6, 457, NULL, 'New Employee Hired', 'New Employee Hired - Vinuth Guntakala', NULL, '', NULL, NULL, 2, 2, '2018-07-10 12:01:52', NULL, '2018-07-10 06:31:53'),
(637, 6, 458, NULL, 'New Employee Hired', 'New Employee Hired - Vinuth Guntakala', NULL, '', NULL, NULL, 2, 2, '2018-07-10 12:01:52', NULL, '2018-07-10 06:31:53'),
(638, 6, 468, NULL, 'New Employee Hired', 'New Employee Hired - Vinuth Guntakala', NULL, '', NULL, NULL, 3, 2, '2018-07-10 12:01:52', NULL, '2018-07-10 23:19:47'),
(639, 6, 470, NULL, 'New Employee Hired', 'New Employee Hired - Vinuth Guntakala', NULL, '', NULL, NULL, 3, 2, '2018-07-10 12:01:52', NULL, '2019-03-26 06:05:35'),
(640, 6, 472, NULL, 'New Employee Hired', 'New Employee Hired - Vinuth Guntakala', NULL, '', NULL, NULL, 3, 2, '2018-07-10 12:01:52', NULL, '2019-03-18 23:34:36'),
(641, 6, 473, NULL, 'New Employee Hired', 'New Employee Hired - Vinuth Guntakala', NULL, '', NULL, NULL, 3, 2, '2018-07-10 12:01:52', NULL, '2019-02-13 16:44:15'),
(642, 6, 475, NULL, 'New Employee Hired', 'New Employee Hired - Vinuth Guntakala', NULL, '', NULL, NULL, 3, 2, '2018-07-10 12:01:52', NULL, '2019-03-19 13:27:50'),
(643, 6, 477, NULL, 'New Employee Hired', 'New Employee Hired - Vinuth Guntakala', NULL, '', NULL, NULL, 3, 2, '2018-07-10 12:01:52', NULL, '2019-03-20 11:18:00'),
(644, 6, 478, NULL, 'New Employee Hired', 'New Employee Hired - Vinuth Guntakala', NULL, '', NULL, NULL, 2, 2, '2018-07-10 12:01:52', NULL, '2018-07-10 06:31:52'),
(645, 6, 480, NULL, 'New Employee Hired', 'New Employee Hired - Vinuth Guntakala', NULL, '', NULL, NULL, 2, 2, '2018-07-10 12:01:52', NULL, '2018-07-10 06:31:52'),
(646, 6, 483, NULL, 'New Employee Hired', 'New Employee Hired - Vinuth Guntakala', NULL, '', NULL, NULL, 2, 2, '2018-07-10 12:01:52', NULL, '2018-07-10 06:31:52'),
(647, 6, 484, NULL, 'New Employee Hired', 'New Employee Hired - Vinuth Guntakala', NULL, '', NULL, NULL, 2, 2, '2018-07-10 12:01:52', NULL, '2018-07-10 06:31:52'),
(648, 6, 485, NULL, 'New Employee Hired', 'New Employee Hired - Vinuth Guntakala', NULL, '', NULL, NULL, 2, 2, '2018-07-10 12:01:52', NULL, '2018-07-10 06:31:52'),
(649, 6, 28, NULL, 'New Employee Hired', 'New Employee Hired - Kranthi Kumar V', NULL, 'dtbrnatXIV4:APA91bFVK53s8d_HXAG1nsdahUH2Mi8ISuQFQ84o5jK1kJylHGYT8l69A3Pv1RSlngzwJeKw1om1G-zxrjEGah2T6Agf8rakwG-5doLDOOVHd6uXU6Sp5QDagAhCwbniwHI8RaRVtVAz8ttHIZXkEqOXmZDR63Pt_Q', NULL, NULL, 3, 2, '2018-07-10 12:04:34', NULL, '2018-07-10 06:41:29'),
(650, 6, 62, NULL, 'New Employee Hired', 'New Employee Hired - Kranthi Kumar V', NULL, 'clDZJ0iFy-g:APA91bEXa4XFi21xcsiaPZd6sFRpbgDFCikFwnGAsEsO5iM7pIjfyEj6FDQHSHsz7ZhAMCd2YcviSIQmI3y6t3VOr-aPkcNFZ6LSr-P6k-OpWADxelwl1hRY_v2lCq7CbdqOEDpNTREAagTsIgU5lT6mf68HvSJxzQ', NULL, NULL, 3, 2, '2018-07-10 12:04:34', NULL, '2019-04-05 12:08:27'),
(651, 6, 1, NULL, 'New Employee Hired', 'New Employee Hired - Kranthi Kumar V', NULL, '', NULL, NULL, 3, 2, '2018-07-10 12:04:34', NULL, '2022-01-18 10:40:39'),
(652, 6, 2, NULL, 'New Employee Hired', 'New Employee Hired - Kranthi Kumar V', NULL, '', NULL, NULL, 3, 2, '2018-07-10 12:04:34', NULL, '2019-04-04 07:53:52'),
(653, 6, 3, NULL, 'New Employee Hired', 'New Employee Hired - Kranthi Kumar V', NULL, '', NULL, NULL, 2, 2, '2018-07-10 12:04:34', NULL, '2018-07-10 06:34:42'),
(654, 6, 4, NULL, 'New Employee Hired', 'New Employee Hired - Kranthi Kumar V', NULL, '', NULL, NULL, 3, 2, '2018-07-10 12:04:34', NULL, '2019-03-13 05:15:48'),
(655, 6, 5, NULL, 'New Employee Hired', 'New Employee Hired - Kranthi Kumar V', NULL, '', NULL, NULL, 3, 2, '2018-07-10 12:04:34', NULL, '2019-02-28 09:12:48'),
(656, 6, 6, NULL, 'New Employee Hired', 'New Employee Hired - Kranthi Kumar V', NULL, '', NULL, NULL, 3, 2, '2018-07-10 12:04:34', NULL, '2019-03-05 04:55:09'),
(657, 6, 7, NULL, 'New Employee Hired', 'New Employee Hired - Kranthi Kumar V', NULL, '', NULL, NULL, 3, 2, '2018-07-10 12:04:34', NULL, '2019-03-19 11:27:52'),
(658, 6, 8, NULL, 'New Employee Hired', 'New Employee Hired - Kranthi Kumar V', NULL, '', NULL, NULL, 3, 2, '2018-07-10 12:04:34', NULL, '2019-03-14 10:14:01'),
(659, 6, 9, NULL, 'New Employee Hired', 'New Employee Hired - Kranthi Kumar V', NULL, '', NULL, NULL, 3, 2, '2018-07-10 12:04:34', NULL, '2019-03-20 08:16:51'),
(660, 6, 11, NULL, 'New Employee Hired', 'New Employee Hired - Kranthi Kumar V', NULL, '', NULL, NULL, 3, 2, '2018-07-10 12:04:34', NULL, '2018-07-10 13:37:56'),
(661, 6, 12, NULL, 'New Employee Hired', 'New Employee Hired - Kranthi Kumar V', NULL, '', NULL, NULL, 3, 2, '2018-07-10 12:04:34', NULL, '2019-03-26 05:20:29'),
(662, 6, 13, NULL, 'New Employee Hired', 'New Employee Hired - Kranthi Kumar V', NULL, '', NULL, NULL, 3, 2, '2018-07-10 12:04:34', NULL, '2018-07-10 14:14:42'),
(663, 6, 15, NULL, 'New Employee Hired', 'New Employee Hired - Kranthi Kumar V', NULL, '', NULL, NULL, 3, 2, '2018-07-10 12:04:34', NULL, '2019-03-14 11:06:34'),
(664, 6, 16, NULL, 'New Employee Hired', 'New Employee Hired - Kranthi Kumar V', NULL, '', NULL, NULL, 3, 2, '2018-07-10 12:04:34', NULL, '2019-03-13 08:05:21'),
(665, 6, 17, NULL, 'New Employee Hired', 'New Employee Hired - Kranthi Kumar V', NULL, '', NULL, NULL, 3, 2, '2018-07-10 12:04:34', NULL, '2019-03-20 04:39:00'),
(666, 6, 18, NULL, 'New Employee Hired', 'New Employee Hired - Kranthi Kumar V', NULL, '', NULL, NULL, 3, 2, '2018-07-10 12:04:34', NULL, '2019-03-21 03:13:26'),
(667, 6, 19, NULL, 'New Employee Hired', 'New Employee Hired - Kranthi Kumar V', NULL, '', NULL, NULL, 3, 2, '2018-07-10 12:04:34', NULL, '2019-03-20 00:21:12'),
(668, 6, 20, NULL, 'New Employee Hired', 'New Employee Hired - Kranthi Kumar V', NULL, '', NULL, NULL, 3, 2, '2018-07-10 12:04:34', NULL, '2019-03-20 05:16:18'),
(669, 6, 21, NULL, 'New Employee Hired', 'New Employee Hired - Kranthi Kumar V', NULL, '', NULL, NULL, 3, 2, '2018-07-10 12:04:34', NULL, '2018-11-13 13:08:29'),
(670, 6, 23, NULL, 'New Employee Hired', 'New Employee Hired - Kranthi Kumar V', NULL, '', NULL, NULL, 3, 2, '2018-07-10 12:04:34', NULL, '2019-03-19 09:58:50'),
(671, 6, 25, NULL, 'New Employee Hired', 'New Employee Hired - Kranthi Kumar V', NULL, '', NULL, NULL, 3, 2, '2018-07-10 12:04:34', NULL, '2019-02-04 12:19:41'),
(672, 6, 29, NULL, 'New Employee Hired', 'New Employee Hired - Kranthi Kumar V', NULL, '', NULL, NULL, 3, 2, '2018-07-10 12:04:34', NULL, '2019-01-24 10:22:11'),
(673, 6, 32, NULL, 'New Employee Hired', 'New Employee Hired - Kranthi Kumar V', NULL, '', NULL, NULL, 3, 2, '2018-07-10 12:04:34', NULL, '2018-07-10 09:31:28'),
(674, 6, 33, NULL, 'New Employee Hired', 'New Employee Hired - Kranthi Kumar V', NULL, '', NULL, NULL, 2, 2, '2018-07-10 12:04:34', NULL, '2018-07-10 06:34:41'),
(675, 6, 34, NULL, 'New Employee Hired', 'New Employee Hired - Kranthi Kumar V', NULL, '', NULL, NULL, 2, 2, '2018-07-10 12:04:34', NULL, '2018-07-10 06:34:41'),
(676, 6, 35, NULL, 'New Employee Hired', 'New Employee Hired - Kranthi Kumar V', NULL, '', NULL, NULL, 3, 2, '2018-07-10 12:04:34', NULL, '2019-03-21 02:06:48'),
(677, 6, 36, NULL, 'New Employee Hired', 'New Employee Hired - Kranthi Kumar V', NULL, '', NULL, NULL, 3, 2, '2018-07-10 12:04:34', NULL, '2018-07-10 13:53:53'),
(678, 6, 37, NULL, 'New Employee Hired', 'New Employee Hired - Kranthi Kumar V', NULL, '', NULL, NULL, 3, 2, '2018-07-10 12:04:34', NULL, '2019-03-20 00:47:08'),
(679, 6, 38, NULL, 'New Employee Hired', 'New Employee Hired - Kranthi Kumar V', NULL, '', NULL, NULL, 3, 2, '2018-07-10 12:04:34', NULL, '2019-02-19 03:16:42'),
(680, 6, 39, NULL, 'New Employee Hired', 'New Employee Hired - Kranthi Kumar V', NULL, '', NULL, NULL, 2, 2, '2018-07-10 12:04:34', NULL, '2018-07-10 06:34:40'),
(681, 6, 40, NULL, 'New Employee Hired', 'New Employee Hired - Kranthi Kumar V', NULL, '', NULL, NULL, 3, 2, '2018-07-10 12:04:34', NULL, '2019-03-20 08:41:15'),
(682, 6, 41, NULL, 'New Employee Hired', 'New Employee Hired - Kranthi Kumar V', NULL, '', NULL, NULL, 3, 2, '2018-07-10 12:04:34', NULL, '2018-07-12 13:27:54'),
(683, 6, 42, NULL, 'New Employee Hired', 'New Employee Hired - Kranthi Kumar V', NULL, '', NULL, NULL, 3, 2, '2018-07-10 12:04:34', NULL, '2019-03-19 10:05:20'),
(684, 6, 48, NULL, 'New Employee Hired', 'New Employee Hired - Kranthi Kumar V', NULL, '', NULL, NULL, 3, 2, '2018-07-10 12:04:34', NULL, '2019-02-28 09:29:19'),
(685, 6, 52, NULL, 'New Employee Hired', 'New Employee Hired - Kranthi Kumar V', NULL, '', NULL, NULL, 3, 2, '2018-07-10 12:04:34', NULL, '2019-03-19 10:52:15'),
(686, 6, 55, NULL, 'New Employee Hired', 'New Employee Hired - Kranthi Kumar V', NULL, '', NULL, NULL, 3, 2, '2018-07-10 12:04:34', NULL, '2019-02-15 12:04:56'),
(687, 6, 56, NULL, 'New Employee Hired', 'New Employee Hired - Kranthi Kumar V', NULL, '', NULL, NULL, 3, 2, '2018-07-10 12:04:34', NULL, '2019-01-18 12:15:20'),
(688, 6, 58, NULL, 'New Employee Hired', 'New Employee Hired - Kranthi Kumar V', NULL, '', NULL, NULL, 2, 2, '2018-07-10 12:04:34', NULL, '2018-07-10 06:34:40'),
(689, 6, 59, NULL, 'New Employee Hired', 'New Employee Hired - Kranthi Kumar V', NULL, '', NULL, NULL, 2, 2, '2018-07-10 12:04:34', NULL, '2018-07-10 06:34:40'),
(690, 6, 60, NULL, 'New Employee Hired', 'New Employee Hired - Kranthi Kumar V', NULL, '', NULL, NULL, 3, 2, '2018-07-10 12:04:34', NULL, '2018-07-10 07:58:25'),
(691, 6, 61, NULL, 'New Employee Hired', 'New Employee Hired - Kranthi Kumar V', NULL, '', NULL, NULL, 2, 2, '2018-07-10 12:04:34', NULL, '2018-07-10 06:34:40'),
(692, 6, 63, NULL, 'New Employee Hired', 'New Employee Hired - Kranthi Kumar V', NULL, '', NULL, NULL, 3, 2, '2018-07-10 12:04:34', NULL, '2019-03-14 08:36:51'),
(693, 6, 64, NULL, 'New Employee Hired', 'New Employee Hired - Kranthi Kumar V', NULL, '', NULL, NULL, 3, 2, '2018-07-10 12:04:34', NULL, '2019-03-20 13:12:41'),
(694, 6, 65, NULL, 'New Employee Hired', 'New Employee Hired - Kranthi Kumar V', NULL, '', NULL, NULL, 2, 2, '2018-07-10 12:04:34', NULL, '2018-07-10 06:34:39'),
(695, 6, 67, NULL, 'New Employee Hired', 'New Employee Hired - Kranthi Kumar V', NULL, '', NULL, NULL, 3, 2, '2018-07-10 12:04:34', NULL, '2019-01-07 09:49:45'),
(696, 6, 68, NULL, 'New Employee Hired', 'New Employee Hired - Kranthi Kumar V', NULL, '', NULL, NULL, 3, 2, '2018-07-10 12:04:34', NULL, '2019-02-07 17:09:22'),
(697, 6, 70, NULL, 'New Employee Hired', 'New Employee Hired - Kranthi Kumar V', NULL, '', NULL, NULL, 2, 2, '2018-07-10 12:04:34', NULL, '2018-07-10 06:34:39'),
(698, 6, 74, NULL, 'New Employee Hired', 'New Employee Hired - Kranthi Kumar V', NULL, '', NULL, NULL, 3, 2, '2018-07-10 12:04:34', NULL, '2018-07-10 12:12:46'),
(699, 6, 75, NULL, 'New Employee Hired', 'New Employee Hired - Kranthi Kumar V', NULL, '', NULL, NULL, 3, 2, '2018-07-10 12:04:34', NULL, '2018-07-10 11:41:47'),
(700, 6, 77, NULL, 'New Employee Hired', 'New Employee Hired - Kranthi Kumar V', NULL, '', NULL, NULL, 3, 2, '2018-07-10 12:04:34', NULL, '2019-03-08 16:19:48'),
(701, 6, 79, NULL, 'New Employee Hired', 'New Employee Hired - Kranthi Kumar V', NULL, '', NULL, NULL, 2, 2, '2018-07-10 12:04:34', NULL, '2018-07-10 06:34:39'),
(702, 6, 80, NULL, 'New Employee Hired', 'New Employee Hired - Kranthi Kumar V', NULL, '', NULL, NULL, 3, 2, '2018-07-10 12:04:34', NULL, '2019-03-19 13:24:20'),
(703, 6, 81, NULL, 'New Employee Hired', 'New Employee Hired - Kranthi Kumar V', NULL, '', NULL, NULL, 3, 2, '2018-07-10 12:04:34', NULL, '2019-03-20 08:47:46'),
(704, 6, 83, NULL, 'New Employee Hired', 'New Employee Hired - Kranthi Kumar V', NULL, '', NULL, NULL, 3, 2, '2018-07-10 12:04:34', NULL, '2019-01-28 10:03:20'),
(705, 6, 85, NULL, 'New Employee Hired', 'New Employee Hired - Kranthi Kumar V', NULL, '', NULL, NULL, 3, 2, '2018-07-10 12:04:34', NULL, '2019-03-20 08:01:43'),
(706, 6, 87, NULL, 'New Employee Hired', 'New Employee Hired - Kranthi Kumar V', NULL, '', NULL, NULL, 2, 2, '2018-07-10 12:04:34', NULL, '2018-07-10 06:34:39'),
(707, 6, 89, NULL, 'New Employee Hired', 'New Employee Hired - Kranthi Kumar V', NULL, '', NULL, NULL, 3, 2, '2018-07-10 12:04:34', NULL, '2018-07-11 02:52:38'),
(708, 6, 94, NULL, 'New Employee Hired', 'New Employee Hired - Kranthi Kumar V', NULL, '', NULL, NULL, 3, 2, '2018-07-10 12:04:34', NULL, '2019-03-20 10:19:15'),
(709, 6, 97, NULL, 'New Employee Hired', 'New Employee Hired - Kranthi Kumar V', NULL, '', NULL, NULL, 2, 2, '2018-07-10 12:04:34', NULL, '2018-07-10 06:34:38'),
(710, 6, 104, NULL, 'New Employee Hired', 'New Employee Hired - Kranthi Kumar V', NULL, '', NULL, NULL, 2, 2, '2018-07-10 12:04:34', NULL, '2018-07-10 06:34:38'),
(711, 6, 111, NULL, 'New Employee Hired', 'New Employee Hired - Kranthi Kumar V', NULL, '', NULL, NULL, 2, 2, '2018-07-10 12:04:34', NULL, '2018-07-10 06:34:38'),
(712, 6, 115, NULL, 'New Employee Hired', 'New Employee Hired - Kranthi Kumar V', NULL, '', NULL, NULL, 3, 2, '2018-07-10 12:04:34', NULL, '2019-02-12 11:49:50'),
(713, 6, 116, NULL, 'New Employee Hired', 'New Employee Hired - Kranthi Kumar V', NULL, '', NULL, NULL, 3, 2, '2018-07-10 12:04:34', NULL, '2019-02-04 14:44:41'),
(714, 6, 148, NULL, 'New Employee Hired', 'New Employee Hired - Kranthi Kumar V', NULL, '', NULL, NULL, 3, 2, '2018-07-10 12:04:34', NULL, '2018-07-11 05:59:52'),
(715, 6, 149, NULL, 'New Employee Hired', 'New Employee Hired - Kranthi Kumar V', NULL, '', NULL, NULL, 2, 2, '2018-07-10 12:04:34', NULL, '2018-07-10 06:34:38'),
(716, 6, 169, NULL, 'New Employee Hired', 'New Employee Hired - Kranthi Kumar V', NULL, '', NULL, NULL, 3, 2, '2018-07-10 12:04:34', NULL, '2019-03-21 01:24:44'),
(717, 6, 170, NULL, 'New Employee Hired', 'New Employee Hired - Kranthi Kumar V', NULL, '', NULL, NULL, 3, 2, '2018-07-10 12:04:34', NULL, '2018-12-28 06:34:20'),
(718, 6, 243, NULL, 'New Employee Hired', 'New Employee Hired - Kranthi Kumar V', NULL, '', NULL, NULL, 3, 2, '2018-07-10 12:04:34', NULL, '2018-12-20 14:21:52'),
(719, 6, 339, NULL, 'New Employee Hired', 'New Employee Hired - Kranthi Kumar V', NULL, '', NULL, NULL, 3, 2, '2018-07-10 12:04:34', NULL, '2019-02-08 14:37:30'),
(720, 6, 344, NULL, 'New Employee Hired', 'New Employee Hired - Kranthi Kumar V', NULL, '', NULL, NULL, 2, 2, '2018-07-10 12:04:34', NULL, '2018-07-10 06:34:37'),
(721, 6, 348, NULL, 'New Employee Hired', 'New Employee Hired - Kranthi Kumar V', NULL, '', NULL, NULL, 2, 2, '2018-07-10 12:04:34', NULL, '2018-07-10 06:34:37'),
(722, 6, 353, NULL, 'New Employee Hired', 'New Employee Hired - Kranthi Kumar V', NULL, '', NULL, NULL, 2, 2, '2018-07-10 12:04:34', NULL, '2018-07-10 06:34:37'),
(723, 6, 358, NULL, 'New Employee Hired', 'New Employee Hired - Kranthi Kumar V', NULL, '', NULL, NULL, 2, 2, '2018-07-10 12:04:34', NULL, '2018-07-10 06:34:37'),
(724, 6, 359, NULL, 'New Employee Hired', 'New Employee Hired - Kranthi Kumar V', NULL, '', NULL, NULL, 3, 2, '2018-07-10 12:04:34', NULL, '2018-07-16 11:28:27'),
(725, 6, 381, NULL, 'New Employee Hired', 'New Employee Hired - Kranthi Kumar V', NULL, '', NULL, NULL, 2, 2, '2018-07-10 12:04:34', NULL, '2018-07-10 06:34:37'),
(726, 6, 386, NULL, 'New Employee Hired', 'New Employee Hired - Kranthi Kumar V', NULL, '', NULL, NULL, 3, 2, '2018-07-10 12:04:34', NULL, '2018-07-11 15:25:28'),
(727, 6, 387, NULL, 'New Employee Hired', 'New Employee Hired - Kranthi Kumar V', NULL, '', NULL, NULL, 2, 2, '2018-07-10 12:04:34', NULL, '2018-07-10 06:34:37'),
(728, 6, 389, NULL, 'New Employee Hired', 'New Employee Hired - Kranthi Kumar V', NULL, '', NULL, NULL, 2, 2, '2018-07-10 12:04:34', NULL, '2018-07-10 06:34:37'),
(729, 6, 391, NULL, 'New Employee Hired', 'New Employee Hired - Kranthi Kumar V', NULL, '', NULL, NULL, 2, 2, '2018-07-10 12:04:34', NULL, '2018-07-10 06:34:37'),
(730, 6, 395, NULL, 'New Employee Hired', 'New Employee Hired - Kranthi Kumar V', NULL, '', NULL, NULL, 3, 2, '2018-07-10 12:04:34', NULL, '2019-03-19 10:39:28'),
(731, 6, 397, NULL, 'New Employee Hired', 'New Employee Hired - Kranthi Kumar V', NULL, '', NULL, NULL, 3, 2, '2018-07-10 12:04:34', NULL, '2019-03-20 08:54:37'),
(732, 6, 398, NULL, 'New Employee Hired', 'New Employee Hired - Kranthi Kumar V', NULL, '', NULL, NULL, 2, 2, '2018-07-10 12:04:34', NULL, '2018-07-10 06:34:37'),
(733, 6, 399, NULL, 'New Employee Hired', 'New Employee Hired - Kranthi Kumar V', NULL, '', NULL, NULL, 2, 2, '2018-07-10 12:04:34', NULL, '2018-07-10 06:34:37'),
(734, 6, 408, NULL, 'New Employee Hired', 'New Employee Hired - Kranthi Kumar V', NULL, '', NULL, NULL, 3, 2, '2018-07-10 12:04:34', NULL, '2018-07-11 08:25:56'),
(735, 6, 413, NULL, 'New Employee Hired', 'New Employee Hired - Kranthi Kumar V', NULL, '', NULL, NULL, 3, 2, '2018-07-10 12:04:34', NULL, '2018-07-10 14:35:56'),
(736, 6, 416, NULL, 'New Employee Hired', 'New Employee Hired - Kranthi Kumar V', NULL, '', NULL, NULL, 3, 2, '2018-07-10 12:04:34', NULL, '2018-07-12 08:41:28'),
(737, 6, 418, NULL, 'New Employee Hired', 'New Employee Hired - Kranthi Kumar V', NULL, '', NULL, NULL, 2, 2, '2018-07-10 12:04:34', NULL, '2018-07-10 06:34:36'),
(738, 6, 419, NULL, 'New Employee Hired', 'New Employee Hired - Kranthi Kumar V', NULL, '', NULL, NULL, 3, 2, '2018-07-10 12:04:34', NULL, '2019-03-14 11:57:18'),
(739, 6, 420, NULL, 'New Employee Hired', 'New Employee Hired - Kranthi Kumar V', NULL, '', NULL, NULL, 2, 2, '2018-07-10 12:04:34', NULL, '2018-07-10 06:34:36'),
(740, 6, 423, NULL, 'New Employee Hired', 'New Employee Hired - Kranthi Kumar V', NULL, '', NULL, NULL, 3, 2, '2018-07-10 12:04:34', NULL, '2019-04-26 11:12:15'),
(741, 6, 431, NULL, 'New Employee Hired', 'New Employee Hired - Kranthi Kumar V', NULL, '', NULL, NULL, 3, 2, '2018-07-10 12:04:34', NULL, '2018-07-10 08:06:23'),
(742, 6, 440, NULL, 'New Employee Hired', 'New Employee Hired - Kranthi Kumar V', NULL, '', NULL, NULL, 3, 2, '2018-07-10 12:04:34', NULL, '2019-02-01 00:06:54'),
(743, 6, 444, NULL, 'New Employee Hired', 'New Employee Hired - Kranthi Kumar V', NULL, '', NULL, NULL, 2, 2, '2018-07-10 12:04:34', NULL, '2018-07-10 06:34:36'),
(744, 6, 445, NULL, 'New Employee Hired', 'New Employee Hired - Kranthi Kumar V', NULL, '', NULL, NULL, 2, 2, '2018-07-10 12:04:34', NULL, '2018-07-10 06:34:35'),
(745, 6, 446, NULL, 'New Employee Hired', 'New Employee Hired - Kranthi Kumar V', NULL, '', NULL, NULL, 2, 2, '2018-07-10 12:04:34', NULL, '2018-07-10 06:34:35'),
(746, 6, 447, NULL, 'New Employee Hired', 'New Employee Hired - Kranthi Kumar V', NULL, '', NULL, NULL, 2, 2, '2018-07-10 12:04:34', NULL, '2018-07-10 06:34:35'),
(747, 6, 448, NULL, 'New Employee Hired', 'New Employee Hired - Kranthi Kumar V', NULL, '', NULL, NULL, 2, 2, '2018-07-10 12:04:34', NULL, '2018-07-10 06:34:35'),
(748, 6, 450, NULL, 'New Employee Hired', 'New Employee Hired - Kranthi Kumar V', NULL, '', NULL, NULL, 2, 2, '2018-07-10 12:04:34', NULL, '2018-07-10 06:34:35'),
(749, 6, 453, NULL, 'New Employee Hired', 'New Employee Hired - Kranthi Kumar V', NULL, '', NULL, NULL, 2, 2, '2018-07-10 12:04:34', NULL, '2018-07-10 06:34:35'),
(750, 6, 454, NULL, 'New Employee Hired', 'New Employee Hired - Kranthi Kumar V', NULL, '', NULL, NULL, 2, 2, '2018-07-10 12:04:34', NULL, '2018-07-10 06:34:35'),
(751, 6, 455, NULL, 'New Employee Hired', 'New Employee Hired - Kranthi Kumar V', NULL, '', NULL, NULL, 2, 2, '2018-07-10 12:04:34', NULL, '2018-07-10 06:34:35'),
(752, 6, 456, NULL, 'New Employee Hired', 'New Employee Hired - Kranthi Kumar V', NULL, '', NULL, NULL, 2, 2, '2018-07-10 12:04:34', NULL, '2018-07-10 06:34:35'),
(753, 6, 457, NULL, 'New Employee Hired', 'New Employee Hired - Kranthi Kumar V', NULL, '', NULL, NULL, 2, 2, '2018-07-10 12:04:34', NULL, '2018-07-10 06:34:35'),
(754, 6, 458, NULL, 'New Employee Hired', 'New Employee Hired - Kranthi Kumar V', NULL, '', NULL, NULL, 2, 2, '2018-07-10 12:04:34', NULL, '2018-07-10 06:34:35'),
(755, 6, 468, NULL, 'New Employee Hired', 'New Employee Hired - Kranthi Kumar V', NULL, '', NULL, NULL, 3, 2, '2018-07-10 12:04:34', NULL, '2018-07-10 23:19:50'),
(756, 6, 470, NULL, 'New Employee Hired', 'New Employee Hired - Kranthi Kumar V', NULL, '', NULL, NULL, 3, 2, '2018-07-10 12:04:34', NULL, '2019-03-26 06:05:35'),
(757, 6, 472, NULL, 'New Employee Hired', 'New Employee Hired - Kranthi Kumar V', NULL, '', NULL, NULL, 3, 2, '2018-07-10 12:04:34', NULL, '2019-03-18 23:34:36'),
(758, 6, 473, NULL, 'New Employee Hired', 'New Employee Hired - Kranthi Kumar V', NULL, '', NULL, NULL, 3, 2, '2018-07-10 12:04:34', NULL, '2019-02-13 16:44:15'),
(759, 6, 475, NULL, 'New Employee Hired', 'New Employee Hired - Kranthi Kumar V', NULL, '', NULL, NULL, 3, 2, '2018-07-10 12:04:34', NULL, '2019-03-19 13:27:50'),
(760, 6, 477, NULL, 'New Employee Hired', 'New Employee Hired - Kranthi Kumar V', NULL, '', NULL, NULL, 3, 2, '2018-07-10 12:04:34', NULL, '2019-03-20 11:18:00'),
(761, 6, 478, NULL, 'New Employee Hired', 'New Employee Hired - Kranthi Kumar V', NULL, '', NULL, NULL, 2, 2, '2018-07-10 12:04:34', NULL, '2018-07-10 06:34:34'),
(762, 6, 480, NULL, 'New Employee Hired', 'New Employee Hired - Kranthi Kumar V', NULL, '', NULL, NULL, 2, 2, '2018-07-10 12:04:34', NULL, '2018-07-10 06:34:34'),
(763, 6, 483, NULL, 'New Employee Hired', 'New Employee Hired - Kranthi Kumar V', NULL, '', NULL, NULL, 2, 2, '2018-07-10 12:04:34', NULL, '2018-07-10 06:34:34'),
(764, 6, 484, NULL, 'New Employee Hired', 'New Employee Hired - Kranthi Kumar V', NULL, '', NULL, NULL, 2, 2, '2018-07-10 12:04:34', NULL, '2018-07-10 06:34:34'),
(765, 6, 485, NULL, 'New Employee Hired', 'New Employee Hired - Kranthi Kumar V', NULL, '', NULL, NULL, 2, 2, '2018-07-10 12:04:34', NULL, '2018-07-10 06:34:34'),
(766, 6, 499, NULL, 'New Employee Hired', 'New Employee Hired - Kranthi Kumar V', NULL, '', NULL, NULL, 2, 2, '2018-07-10 12:04:34', NULL, '2018-07-10 06:34:34'),
(767, 6, 28, NULL, 'New Employee Hired', 'New Employee Hired - Kyathi Kurella', NULL, 'dtbrnatXIV4:APA91bFVK53s8d_HXAG1nsdahUH2Mi8ISuQFQ84o5jK1kJylHGYT8l69A3Pv1RSlngzwJeKw1om1G-zxrjEGah2T6Agf8rakwG-5doLDOOVHd6uXU6Sp5QDagAhCwbniwHI8RaRVtVAz8ttHIZXkEqOXmZDR63Pt_Q', NULL, NULL, 3, 2, '2018-07-10 12:07:41', NULL, '2018-07-10 06:41:28'),
(768, 6, 62, NULL, 'New Employee Hired', 'New Employee Hired - Kyathi Kurella', NULL, 'clDZJ0iFy-g:APA91bEXa4XFi21xcsiaPZd6sFRpbgDFCikFwnGAsEsO5iM7pIjfyEj6FDQHSHsz7ZhAMCd2YcviSIQmI3y6t3VOr-aPkcNFZ6LSr-P6k-OpWADxelwl1hRY_v2lCq7CbdqOEDpNTREAagTsIgU5lT6mf68HvSJxzQ', NULL, NULL, 3, 2, '2018-07-10 12:07:41', NULL, '2019-04-05 12:08:27'),
(769, 6, 1, NULL, 'New Employee Hired', 'New Employee Hired - Kyathi Kurella', NULL, '', NULL, NULL, 3, 2, '2018-07-10 12:07:41', NULL, '2022-01-18 10:40:39'),
(770, 6, 2, NULL, 'New Employee Hired', 'New Employee Hired - Kyathi Kurella', NULL, '', NULL, NULL, 3, 2, '2018-07-10 12:07:41', NULL, '2019-04-04 07:53:52'),
(771, 6, 3, NULL, 'New Employee Hired', 'New Employee Hired - Kyathi Kurella', NULL, '', NULL, NULL, 2, 2, '2018-07-10 12:07:41', NULL, '2018-07-10 06:37:49'),
(772, 6, 4, NULL, 'New Employee Hired', 'New Employee Hired - Kyathi Kurella', NULL, '', NULL, NULL, 3, 2, '2018-07-10 12:07:41', NULL, '2019-03-13 05:15:48'),
(773, 6, 5, NULL, 'New Employee Hired', 'New Employee Hired - Kyathi Kurella', NULL, '', NULL, NULL, 3, 2, '2018-07-10 12:07:41', NULL, '2019-02-28 09:12:48'),
(774, 6, 6, NULL, 'New Employee Hired', 'New Employee Hired - Kyathi Kurella', NULL, '', NULL, NULL, 3, 2, '2018-07-10 12:07:41', NULL, '2019-03-05 04:55:09'),
(775, 6, 7, NULL, 'New Employee Hired', 'New Employee Hired - Kyathi Kurella', NULL, '', NULL, NULL, 3, 2, '2018-07-10 12:07:41', NULL, '2019-03-19 11:27:52'),
(776, 6, 8, NULL, 'New Employee Hired', 'New Employee Hired - Kyathi Kurella', NULL, '', NULL, NULL, 3, 2, '2018-07-10 12:07:41', NULL, '2019-03-14 10:14:01'),
(777, 6, 9, NULL, 'New Employee Hired', 'New Employee Hired - Kyathi Kurella', NULL, '', NULL, NULL, 3, 2, '2018-07-10 12:07:41', NULL, '2019-03-20 08:16:51'),
(778, 6, 11, NULL, 'New Employee Hired', 'New Employee Hired - Kyathi Kurella', NULL, '', NULL, NULL, 3, 2, '2018-07-10 12:07:41', NULL, '2018-07-10 13:37:55'),
(779, 6, 12, NULL, 'New Employee Hired', 'New Employee Hired - Kyathi Kurella', NULL, '', NULL, NULL, 3, 2, '2018-07-10 12:07:41', NULL, '2019-03-26 05:20:29'),
(780, 6, 13, NULL, 'New Employee Hired', 'New Employee Hired - Kyathi Kurella', NULL, '', NULL, NULL, 3, 2, '2018-07-10 12:07:41', NULL, '2018-07-10 14:09:48'),
(781, 6, 15, NULL, 'New Employee Hired', 'New Employee Hired - Kyathi Kurella', NULL, '', NULL, NULL, 3, 2, '2018-07-10 12:07:41', NULL, '2019-03-14 11:06:34'),
(782, 6, 16, NULL, 'New Employee Hired', 'New Employee Hired - Kyathi Kurella', NULL, '', NULL, NULL, 3, 2, '2018-07-10 12:07:41', NULL, '2019-03-13 08:05:21'),
(783, 6, 17, NULL, 'New Employee Hired', 'New Employee Hired - Kyathi Kurella', NULL, '', NULL, NULL, 3, 2, '2018-07-10 12:07:41', NULL, '2019-03-20 04:39:00'),
(784, 6, 18, NULL, 'New Employee Hired', 'New Employee Hired - Kyathi Kurella', NULL, '', NULL, NULL, 3, 2, '2018-07-10 12:07:41', NULL, '2019-03-21 03:13:26'),
(785, 6, 19, NULL, 'New Employee Hired', 'New Employee Hired - Kyathi Kurella', NULL, '', NULL, NULL, 3, 2, '2018-07-10 12:07:41', NULL, '2019-03-20 00:21:12'),
(786, 6, 20, NULL, 'New Employee Hired', 'New Employee Hired - Kyathi Kurella', NULL, '', NULL, NULL, 3, 2, '2018-07-10 12:07:41', NULL, '2019-03-20 05:16:18'),
(787, 6, 21, NULL, 'New Employee Hired', 'New Employee Hired - Kyathi Kurella', NULL, '', NULL, NULL, 3, 2, '2018-07-10 12:07:41', NULL, '2018-11-13 13:08:29'),
(788, 6, 23, NULL, 'New Employee Hired', 'New Employee Hired - Kyathi Kurella', NULL, '', NULL, NULL, 3, 2, '2018-07-10 12:07:41', NULL, '2019-03-19 09:58:50'),
(789, 6, 25, NULL, 'New Employee Hired', 'New Employee Hired - Kyathi Kurella', NULL, '', NULL, NULL, 3, 2, '2018-07-10 12:07:41', NULL, '2019-02-04 12:19:41'),
(790, 6, 29, NULL, 'New Employee Hired', 'New Employee Hired - Kyathi Kurella', NULL, '', NULL, NULL, 3, 2, '2018-07-10 12:07:41', NULL, '2019-01-24 10:22:11'),
(791, 6, 32, NULL, 'New Employee Hired', 'New Employee Hired - Kyathi Kurella', NULL, '', NULL, NULL, 3, 2, '2018-07-10 12:07:41', NULL, '2018-07-10 09:31:26'),
(792, 6, 33, NULL, 'New Employee Hired', 'New Employee Hired - Kyathi Kurella', NULL, '', NULL, NULL, 2, 2, '2018-07-10 12:07:41', NULL, '2018-07-10 06:37:48'),
(793, 6, 34, NULL, 'New Employee Hired', 'New Employee Hired - Kyathi Kurella', NULL, '', NULL, NULL, 2, 2, '2018-07-10 12:07:41', NULL, '2018-07-10 06:37:48'),
(794, 6, 35, NULL, 'New Employee Hired', 'New Employee Hired - Kyathi Kurella', NULL, '', NULL, NULL, 3, 2, '2018-07-10 12:07:41', NULL, '2019-03-21 02:06:48'),
(795, 6, 36, NULL, 'New Employee Hired', 'New Employee Hired - Kyathi Kurella', NULL, '', NULL, NULL, 3, 2, '2018-07-10 12:07:41', NULL, '2018-07-10 13:53:52'),
(796, 6, 37, NULL, 'New Employee Hired', 'New Employee Hired - Kyathi Kurella', NULL, '', NULL, NULL, 3, 2, '2018-07-10 12:07:41', NULL, '2019-03-20 00:47:08'),
(797, 6, 38, NULL, 'New Employee Hired', 'New Employee Hired - Kyathi Kurella', NULL, '', NULL, NULL, 3, 2, '2018-07-10 12:07:41', NULL, '2019-02-19 03:16:42'),
(798, 6, 39, NULL, 'New Employee Hired', 'New Employee Hired - Kyathi Kurella', NULL, '', NULL, NULL, 2, 2, '2018-07-10 12:07:41', NULL, '2018-07-10 06:37:47'),
(799, 6, 40, NULL, 'New Employee Hired', 'New Employee Hired - Kyathi Kurella', NULL, '', NULL, NULL, 3, 2, '2018-07-10 12:07:41', NULL, '2019-03-20 08:41:15'),
(800, 6, 41, NULL, 'New Employee Hired', 'New Employee Hired - Kyathi Kurella', NULL, '', NULL, NULL, 3, 2, '2018-07-10 12:07:41', NULL, '2018-07-12 13:27:53'),
(801, 6, 42, NULL, 'New Employee Hired', 'New Employee Hired - Kyathi Kurella', NULL, '', NULL, NULL, 3, 2, '2018-07-10 12:07:41', NULL, '2019-03-19 10:05:20'),
(802, 6, 48, NULL, 'New Employee Hired', 'New Employee Hired - Kyathi Kurella', NULL, '', NULL, NULL, 3, 2, '2018-07-10 12:07:41', NULL, '2019-02-28 09:29:19'),
(803, 6, 52, NULL, 'New Employee Hired', 'New Employee Hired - Kyathi Kurella', NULL, '', NULL, NULL, 3, 2, '2018-07-10 12:07:41', NULL, '2019-03-19 10:52:15'),
(804, 6, 55, NULL, 'New Employee Hired', 'New Employee Hired - Kyathi Kurella', NULL, '', NULL, NULL, 3, 2, '2018-07-10 12:07:41', NULL, '2019-02-15 12:04:56'),
(805, 6, 56, NULL, 'New Employee Hired', 'New Employee Hired - Kyathi Kurella', NULL, '', NULL, NULL, 3, 2, '2018-07-10 12:07:41', NULL, '2019-01-18 12:15:20'),
(806, 6, 58, NULL, 'New Employee Hired', 'New Employee Hired - Kyathi Kurella', NULL, '', NULL, NULL, 2, 2, '2018-07-10 12:07:41', NULL, '2018-07-10 06:37:47'),
(807, 6, 59, NULL, 'New Employee Hired', 'New Employee Hired - Kyathi Kurella', NULL, '', NULL, NULL, 2, 2, '2018-07-10 12:07:41', NULL, '2018-07-10 06:37:47'),
(808, 6, 60, NULL, 'New Employee Hired', 'New Employee Hired - Kyathi Kurella', NULL, '', NULL, NULL, 3, 2, '2018-07-10 12:07:41', NULL, '2018-07-10 07:58:23'),
(809, 6, 61, NULL, 'New Employee Hired', 'New Employee Hired - Kyathi Kurella', NULL, '', NULL, NULL, 2, 2, '2018-07-10 12:07:41', NULL, '2018-07-10 06:37:47'),
(810, 6, 63, NULL, 'New Employee Hired', 'New Employee Hired - Kyathi Kurella', NULL, '', NULL, NULL, 3, 2, '2018-07-10 12:07:41', NULL, '2019-03-14 08:36:51'),
(811, 6, 64, NULL, 'New Employee Hired', 'New Employee Hired - Kyathi Kurella', NULL, '', NULL, NULL, 3, 2, '2018-07-10 12:07:41', NULL, '2019-03-20 13:12:41'),
(812, 6, 65, NULL, 'New Employee Hired', 'New Employee Hired - Kyathi Kurella', NULL, '', NULL, NULL, 2, 2, '2018-07-10 12:07:41', NULL, '2018-07-10 06:37:46'),
(813, 6, 67, NULL, 'New Employee Hired', 'New Employee Hired - Kyathi Kurella', NULL, '', NULL, NULL, 3, 2, '2018-07-10 12:07:41', NULL, '2019-01-07 09:49:45'),
(814, 6, 68, NULL, 'New Employee Hired', 'New Employee Hired - Kyathi Kurella', NULL, '', NULL, NULL, 3, 2, '2018-07-10 12:07:41', NULL, '2019-02-07 17:09:22'),
(815, 6, 70, NULL, 'New Employee Hired', 'New Employee Hired - Kyathi Kurella', NULL, '', NULL, NULL, 2, 2, '2018-07-10 12:07:41', NULL, '2018-07-10 06:37:46'),
(816, 6, 74, NULL, 'New Employee Hired', 'New Employee Hired - Kyathi Kurella', NULL, '', NULL, NULL, 3, 2, '2018-07-10 12:07:41', NULL, '2018-07-10 12:12:45'),
(817, 6, 75, NULL, 'New Employee Hired', 'New Employee Hired - Kyathi Kurella', NULL, '', NULL, NULL, 3, 2, '2018-07-10 12:07:41', NULL, '2018-07-10 11:41:45'),
(818, 6, 77, NULL, 'New Employee Hired', 'New Employee Hired - Kyathi Kurella', NULL, '', NULL, NULL, 3, 2, '2018-07-10 12:07:41', NULL, '2019-03-08 16:19:48'),
(819, 6, 79, NULL, 'New Employee Hired', 'New Employee Hired - Kyathi Kurella', NULL, '', NULL, NULL, 2, 2, '2018-07-10 12:07:41', NULL, '2018-07-10 06:37:46'),
(820, 6, 80, NULL, 'New Employee Hired', 'New Employee Hired - Kyathi Kurella', NULL, '', NULL, NULL, 3, 2, '2018-07-10 12:07:41', NULL, '2019-03-19 13:24:20'),
(821, 6, 81, NULL, 'New Employee Hired', 'New Employee Hired - Kyathi Kurella', NULL, '', NULL, NULL, 3, 2, '2018-07-10 12:07:41', NULL, '2019-03-20 08:47:46'),
(822, 6, 83, NULL, 'New Employee Hired', 'New Employee Hired - Kyathi Kurella', NULL, '', NULL, NULL, 3, 2, '2018-07-10 12:07:41', NULL, '2019-01-28 10:03:20'),
(823, 6, 85, NULL, 'New Employee Hired', 'New Employee Hired - Kyathi Kurella', NULL, '', NULL, NULL, 3, 2, '2018-07-10 12:07:41', NULL, '2019-03-20 08:01:43'),
(824, 6, 87, NULL, 'New Employee Hired', 'New Employee Hired - Kyathi Kurella', NULL, '', NULL, NULL, 2, 2, '2018-07-10 12:07:41', NULL, '2018-07-10 06:37:46'),
(825, 6, 89, NULL, 'New Employee Hired', 'New Employee Hired - Kyathi Kurella', NULL, '', NULL, NULL, 3, 2, '2018-07-10 12:07:41', NULL, '2018-07-11 02:52:37'),
(826, 6, 94, NULL, 'New Employee Hired', 'New Employee Hired - Kyathi Kurella', NULL, '', NULL, NULL, 3, 2, '2018-07-10 12:07:41', NULL, '2019-03-20 10:19:15'),
(827, 6, 97, NULL, 'New Employee Hired', 'New Employee Hired - Kyathi Kurella', NULL, '', NULL, NULL, 2, 2, '2018-07-10 12:07:41', NULL, '2018-07-10 06:37:45'),
(828, 6, 104, NULL, 'New Employee Hired', 'New Employee Hired - Kyathi Kurella', NULL, '', NULL, NULL, 2, 2, '2018-07-10 12:07:41', NULL, '2018-07-10 06:37:45'),
(829, 6, 111, NULL, 'New Employee Hired', 'New Employee Hired - Kyathi Kurella', NULL, '', NULL, NULL, 2, 2, '2018-07-10 12:07:41', NULL, '2018-07-10 06:37:45'),
(830, 6, 115, NULL, 'New Employee Hired', 'New Employee Hired - Kyathi Kurella', NULL, '', NULL, NULL, 3, 2, '2018-07-10 12:07:41', NULL, '2019-02-12 11:49:50'),
(831, 6, 116, NULL, 'New Employee Hired', 'New Employee Hired - Kyathi Kurella', NULL, '', NULL, NULL, 3, 2, '2018-07-10 12:07:41', NULL, '2019-02-04 14:44:41'),
(832, 6, 148, NULL, 'New Employee Hired', 'New Employee Hired - Kyathi Kurella', NULL, '', NULL, NULL, 3, 2, '2018-07-10 12:07:41', NULL, '2018-07-11 05:59:51'),
(833, 6, 149, NULL, 'New Employee Hired', 'New Employee Hired - Kyathi Kurella', NULL, '', NULL, NULL, 2, 2, '2018-07-10 12:07:41', NULL, '2018-07-10 06:37:45'),
(834, 6, 169, NULL, 'New Employee Hired', 'New Employee Hired - Kyathi Kurella', NULL, '', NULL, NULL, 3, 2, '2018-07-10 12:07:41', NULL, '2019-03-21 01:24:44'),
(835, 6, 170, NULL, 'New Employee Hired', 'New Employee Hired - Kyathi Kurella', NULL, '', NULL, NULL, 3, 2, '2018-07-10 12:07:41', NULL, '2018-12-28 06:34:20'),
(836, 6, 243, NULL, 'New Employee Hired', 'New Employee Hired - Kyathi Kurella', NULL, '', NULL, NULL, 3, 2, '2018-07-10 12:07:41', NULL, '2018-12-20 14:21:52'),
(837, 6, 339, NULL, 'New Employee Hired', 'New Employee Hired - Kyathi Kurella', NULL, '', NULL, NULL, 3, 2, '2018-07-10 12:07:41', NULL, '2019-02-08 14:37:30'),
(838, 6, 344, NULL, 'New Employee Hired', 'New Employee Hired - Kyathi Kurella', NULL, '', NULL, NULL, 2, 2, '2018-07-10 12:07:41', NULL, '2018-07-10 06:37:45'),
(839, 6, 348, NULL, 'New Employee Hired', 'New Employee Hired - Kyathi Kurella', NULL, '', NULL, NULL, 2, 2, '2018-07-10 12:07:41', NULL, '2018-07-10 06:37:45'),
(840, 6, 353, NULL, 'New Employee Hired', 'New Employee Hired - Kyathi Kurella', NULL, '', NULL, NULL, 2, 2, '2018-07-10 12:07:41', NULL, '2018-07-10 06:37:44'),
(841, 6, 358, NULL, 'New Employee Hired', 'New Employee Hired - Kyathi Kurella', NULL, '', NULL, NULL, 2, 2, '2018-07-10 12:07:41', NULL, '2018-07-10 06:37:44'),
(842, 6, 359, NULL, 'New Employee Hired', 'New Employee Hired - Kyathi Kurella', NULL, '', NULL, NULL, 3, 2, '2018-07-10 12:07:41', NULL, '2018-07-16 11:28:26'),
(843, 6, 381, NULL, 'New Employee Hired', 'New Employee Hired - Kyathi Kurella', NULL, '', NULL, NULL, 2, 2, '2018-07-10 12:07:41', NULL, '2018-07-10 06:37:44'),
(844, 6, 386, NULL, 'New Employee Hired', 'New Employee Hired - Kyathi Kurella', NULL, '', NULL, NULL, 3, 2, '2018-07-10 12:07:41', NULL, '2018-07-11 15:25:27'),
(845, 6, 387, NULL, 'New Employee Hired', 'New Employee Hired - Kyathi Kurella', NULL, '', NULL, NULL, 2, 2, '2018-07-10 12:07:41', NULL, '2018-07-10 06:37:44'),
(846, 6, 389, NULL, 'New Employee Hired', 'New Employee Hired - Kyathi Kurella', NULL, '', NULL, NULL, 2, 2, '2018-07-10 12:07:41', NULL, '2018-07-10 06:37:44'),
(847, 6, 391, NULL, 'New Employee Hired', 'New Employee Hired - Kyathi Kurella', NULL, '', NULL, NULL, 2, 2, '2018-07-10 12:07:41', NULL, '2018-07-10 06:37:44'),
(848, 6, 395, NULL, 'New Employee Hired', 'New Employee Hired - Kyathi Kurella', NULL, '', NULL, NULL, 3, 2, '2018-07-10 12:07:41', NULL, '2019-03-19 10:39:28'),
(849, 6, 397, NULL, 'New Employee Hired', 'New Employee Hired - Kyathi Kurella', NULL, '', NULL, NULL, 3, 2, '2018-07-10 12:07:41', NULL, '2019-03-20 08:54:37'),
(850, 6, 398, NULL, 'New Employee Hired', 'New Employee Hired - Kyathi Kurella', NULL, '', NULL, NULL, 2, 2, '2018-07-10 12:07:41', NULL, '2018-07-10 06:37:44'),
(851, 6, 399, NULL, 'New Employee Hired', 'New Employee Hired - Kyathi Kurella', NULL, '', NULL, NULL, 2, 2, '2018-07-10 12:07:41', NULL, '2018-07-10 06:37:44'),
(852, 6, 408, NULL, 'New Employee Hired', 'New Employee Hired - Kyathi Kurella', NULL, '', NULL, NULL, 3, 2, '2018-07-10 12:07:41', NULL, '2018-07-11 08:25:58'),
(853, 6, 413, NULL, 'New Employee Hired', 'New Employee Hired - Kyathi Kurella', NULL, '', NULL, NULL, 3, 2, '2018-07-10 12:07:41', NULL, '2018-07-10 14:36:02'),
(854, 6, 416, NULL, 'New Employee Hired', 'New Employee Hired - Kyathi Kurella', NULL, '', NULL, NULL, 3, 2, '2018-07-10 12:07:41', NULL, '2018-07-12 08:41:19'),
(855, 6, 418, NULL, 'New Employee Hired', 'New Employee Hired - Kyathi Kurella', NULL, '', NULL, NULL, 2, 2, '2018-07-10 12:07:41', NULL, '2018-07-10 06:37:43'),
(856, 6, 419, NULL, 'New Employee Hired', 'New Employee Hired - Kyathi Kurella', NULL, '', NULL, NULL, 3, 2, '2018-07-10 12:07:41', NULL, '2019-03-14 11:57:18'),
(857, 6, 420, NULL, 'New Employee Hired', 'New Employee Hired - Kyathi Kurella', NULL, '', NULL, NULL, 2, 2, '2018-07-10 12:07:41', NULL, '2018-07-10 06:37:43'),
(858, 6, 423, NULL, 'New Employee Hired', 'New Employee Hired - Kyathi Kurella', NULL, '', NULL, NULL, 3, 2, '2018-07-10 12:07:41', NULL, '2019-04-26 11:12:15'),
(859, 6, 431, NULL, 'New Employee Hired', 'New Employee Hired - Kyathi Kurella', NULL, '', NULL, NULL, 3, 2, '2018-07-10 12:07:41', NULL, '2018-07-10 08:06:21'),
(860, 6, 440, NULL, 'New Employee Hired', 'New Employee Hired - Kyathi Kurella', NULL, '', NULL, NULL, 3, 2, '2018-07-10 12:07:41', NULL, '2019-02-01 00:06:54'),
(861, 6, 444, NULL, 'New Employee Hired', 'New Employee Hired - Kyathi Kurella', NULL, '', NULL, NULL, 2, 2, '2018-07-10 12:07:41', NULL, '2018-07-10 06:37:43'),
(862, 6, 445, NULL, 'New Employee Hired', 'New Employee Hired - Kyathi Kurella', NULL, '', NULL, NULL, 2, 2, '2018-07-10 12:07:41', NULL, '2018-07-10 06:37:43'),
(863, 6, 446, NULL, 'New Employee Hired', 'New Employee Hired - Kyathi Kurella', NULL, '', NULL, NULL, 2, 2, '2018-07-10 12:07:41', NULL, '2018-07-10 06:37:43'),
(864, 6, 447, NULL, 'New Employee Hired', 'New Employee Hired - Kyathi Kurella', NULL, '', NULL, NULL, 2, 2, '2018-07-10 12:07:41', NULL, '2018-07-10 06:37:43'),
(865, 6, 448, NULL, 'New Employee Hired', 'New Employee Hired - Kyathi Kurella', NULL, '', NULL, NULL, 2, 2, '2018-07-10 12:07:41', NULL, '2018-07-10 06:37:43'),
(866, 6, 450, NULL, 'New Employee Hired', 'New Employee Hired - Kyathi Kurella', NULL, '', NULL, NULL, 2, 2, '2018-07-10 12:07:41', NULL, '2018-07-10 06:37:43'),
(867, 6, 453, NULL, 'New Employee Hired', 'New Employee Hired - Kyathi Kurella', NULL, '', NULL, NULL, 2, 2, '2018-07-10 12:07:41', NULL, '2018-07-10 06:37:43'),
(868, 6, 454, NULL, 'New Employee Hired', 'New Employee Hired - Kyathi Kurella', NULL, '', NULL, NULL, 2, 2, '2018-07-10 12:07:41', NULL, '2018-07-10 06:37:43'),
(869, 6, 455, NULL, 'New Employee Hired', 'New Employee Hired - Kyathi Kurella', NULL, '', NULL, NULL, 2, 2, '2018-07-10 12:07:41', NULL, '2018-07-10 06:37:42'),
(870, 6, 456, NULL, 'New Employee Hired', 'New Employee Hired - Kyathi Kurella', NULL, '', NULL, NULL, 2, 2, '2018-07-10 12:07:41', NULL, '2018-07-10 06:37:42'),
(871, 6, 457, NULL, 'New Employee Hired', 'New Employee Hired - Kyathi Kurella', NULL, '', NULL, NULL, 2, 2, '2018-07-10 12:07:41', NULL, '2018-07-10 06:37:42'),
(872, 6, 458, NULL, 'New Employee Hired', 'New Employee Hired - Kyathi Kurella', NULL, '', NULL, NULL, 2, 2, '2018-07-10 12:07:41', NULL, '2018-07-10 06:37:42'),
(873, 6, 468, NULL, 'New Employee Hired', 'New Employee Hired - Kyathi Kurella', NULL, '', NULL, NULL, 3, 2, '2018-07-10 12:07:41', NULL, '2018-07-10 23:19:53'),
(874, 6, 470, NULL, 'New Employee Hired', 'New Employee Hired - Kyathi Kurella', NULL, '', NULL, NULL, 3, 2, '2018-07-10 12:07:41', NULL, '2019-03-26 06:05:35'),
(875, 6, 472, NULL, 'New Employee Hired', 'New Employee Hired - Kyathi Kurella', NULL, '', NULL, NULL, 3, 2, '2018-07-10 12:07:41', NULL, '2019-03-18 23:34:36'),
(876, 6, 473, NULL, 'New Employee Hired', 'New Employee Hired - Kyathi Kurella', NULL, '', NULL, NULL, 3, 2, '2018-07-10 12:07:41', NULL, '2019-02-13 16:44:15'),
(877, 6, 475, NULL, 'New Employee Hired', 'New Employee Hired - Kyathi Kurella', NULL, '', NULL, NULL, 3, 2, '2018-07-10 12:07:41', NULL, '2019-03-19 13:27:50'),
(878, 6, 477, NULL, 'New Employee Hired', 'New Employee Hired - Kyathi Kurella', NULL, '', NULL, NULL, 3, 2, '2018-07-10 12:07:41', NULL, '2019-03-20 11:18:00'),
(879, 6, 478, NULL, 'New Employee Hired', 'New Employee Hired - Kyathi Kurella', NULL, '', NULL, NULL, 2, 2, '2018-07-10 12:07:41', NULL, '2018-07-10 06:37:42'),
(880, 6, 480, NULL, 'New Employee Hired', 'New Employee Hired - Kyathi Kurella', NULL, '', NULL, NULL, 2, 2, '2018-07-10 12:07:41', NULL, '2018-07-10 06:37:42'),
(881, 6, 483, NULL, 'New Employee Hired', 'New Employee Hired - Kyathi Kurella', NULL, '', NULL, NULL, 2, 2, '2018-07-10 12:07:41', NULL, '2018-07-10 06:37:42'),
(882, 6, 484, NULL, 'New Employee Hired', 'New Employee Hired - Kyathi Kurella', NULL, '', NULL, NULL, 2, 2, '2018-07-10 12:07:41', NULL, '2018-07-10 06:37:42'),
(883, 6, 485, NULL, 'New Employee Hired', 'New Employee Hired - Kyathi Kurella', NULL, '', NULL, NULL, 2, 2, '2018-07-10 12:07:41', NULL, '2018-07-10 06:37:41'),
(884, 6, 499, NULL, 'New Employee Hired', 'New Employee Hired - Kyathi Kurella', NULL, '', NULL, NULL, 2, 2, '2018-07-10 12:07:41', NULL, '2018-07-10 06:37:41'),
(885, 6, 500, NULL, 'New Employee Hired', 'New Employee Hired - Kyathi Kurella', NULL, '', NULL, NULL, 3, 2, '2018-07-10 12:07:41', NULL, '2018-07-10 10:44:20'),
(886, 3, 8, NULL, 'Leave Request', 'Leave request from Sai Krishna Killari', NULL, '', '/leaves/pending', NULL, 3, 21, '2018-07-10 12:38:19', NULL, '2019-03-14 10:14:01'),
(887, 3, 475, NULL, 'Leave Request', 'Leave request approved for 10 Jul 2018', NULL, '', '/leaves', NULL, 3, 355, '2018-07-10 13:53:23', NULL, '2019-03-19 13:27:50'),
(888, 6, 1, NULL, 'New Employee Hired', 'New Employee Hired - Shaik Mohammed Shafee', NULL, '', NULL, NULL, 3, 12, '2018-07-10 15:06:09', NULL, '2022-01-18 10:40:39'),
(889, 6, 2, NULL, 'New Employee Hired', 'New Employee Hired - Shaik Mohammed Shafee', NULL, 'cx6cJ8F8FCs:APA91bEVCXkZWkJBYkASz9kMUf3WRio9GS3ufKaZnrRvP47iiUJBzXQGzTwMNcv5UEmFpFXrmK9uza3hHjQGax0bnhUV2DcUj74wnpwOMEE1DROmYgSwqa25W0JiU_l-hkEHT8tcx5fK5PitoNk6sicWZBaOFp-5gA', NULL, NULL, 3, 12, '2018-07-10 15:06:09', NULL, '2019-04-04 07:53:52'),
(890, 6, 3, NULL, 'New Employee Hired', 'New Employee Hired - Shaik Mohammed Shafee', NULL, '', NULL, NULL, 2, 12, '2018-07-10 15:06:09', NULL, '2018-07-10 09:36:20'),
(891, 6, 4, NULL, 'New Employee Hired', 'New Employee Hired - Shaik Mohammed Shafee', NULL, '', NULL, NULL, 3, 12, '2018-07-10 15:06:09', NULL, '2019-03-13 05:15:48'),
(892, 6, 5, NULL, 'New Employee Hired', 'New Employee Hired - Shaik Mohammed Shafee', NULL, '', NULL, NULL, 3, 12, '2018-07-10 15:06:09', NULL, '2019-02-28 09:12:48'),
(893, 6, 6, NULL, 'New Employee Hired', 'New Employee Hired - Shaik Mohammed Shafee', NULL, '', NULL, NULL, 3, 12, '2018-07-10 15:06:09', NULL, '2019-03-05 04:55:09'),
(894, 6, 7, NULL, 'New Employee Hired', 'New Employee Hired - Shaik Mohammed Shafee', NULL, '', NULL, NULL, 3, 12, '2018-07-10 15:06:09', NULL, '2019-03-19 11:27:52'),
(895, 6, 8, NULL, 'New Employee Hired', 'New Employee Hired - Shaik Mohammed Shafee', NULL, '', NULL, NULL, 3, 12, '2018-07-10 15:06:09', NULL, '2019-03-14 10:14:01'),
(896, 6, 9, NULL, 'New Employee Hired', 'New Employee Hired - Shaik Mohammed Shafee', NULL, '', NULL, NULL, 3, 12, '2018-07-10 15:06:09', NULL, '2019-03-20 08:16:51'),
(897, 6, 11, NULL, 'New Employee Hired', 'New Employee Hired - Shaik Mohammed Shafee', NULL, '', NULL, NULL, 3, 12, '2018-07-10 15:06:09', NULL, '2018-07-10 13:37:54'),
(898, 6, 12, NULL, 'New Employee Hired', 'New Employee Hired - Shaik Mohammed Shafee', NULL, '', NULL, NULL, 3, 12, '2018-07-10 15:06:09', NULL, '2019-03-26 05:20:29'),
(899, 6, 13, NULL, 'New Employee Hired', 'New Employee Hired - Shaik Mohammed Shafee', NULL, '', NULL, NULL, 3, 12, '2018-07-10 15:06:09', NULL, '2018-07-10 14:09:50'),
(900, 6, 15, NULL, 'New Employee Hired', 'New Employee Hired - Shaik Mohammed Shafee', NULL, '', NULL, NULL, 3, 12, '2018-07-10 15:06:09', NULL, '2019-03-14 11:06:34'),
(901, 6, 16, NULL, 'New Employee Hired', 'New Employee Hired - Shaik Mohammed Shafee', NULL, '', NULL, NULL, 3, 12, '2018-07-10 15:06:09', NULL, '2019-03-13 08:05:21'),
(902, 6, 17, NULL, 'New Employee Hired', 'New Employee Hired - Shaik Mohammed Shafee', NULL, '', NULL, NULL, 3, 12, '2018-07-10 15:06:09', NULL, '2019-03-20 04:39:00'),
(903, 6, 18, NULL, 'New Employee Hired', 'New Employee Hired - Shaik Mohammed Shafee', NULL, '', NULL, NULL, 3, 12, '2018-07-10 15:06:09', NULL, '2019-03-21 03:13:26'),
(904, 6, 19, NULL, 'New Employee Hired', 'New Employee Hired - Shaik Mohammed Shafee', NULL, '', NULL, NULL, 3, 12, '2018-07-10 15:06:09', NULL, '2019-03-20 00:21:12'),
(905, 6, 20, NULL, 'New Employee Hired', 'New Employee Hired - Shaik Mohammed Shafee', NULL, '', NULL, NULL, 3, 12, '2018-07-10 15:06:09', NULL, '2019-03-20 05:16:18'),
(906, 6, 21, NULL, 'New Employee Hired', 'New Employee Hired - Shaik Mohammed Shafee', NULL, 'eSoY42lhjQ0:APA91bGzHnUPKTAZJJ4bRZGLoV_RfaAbQTr475TNoaARtg8Bd9jHlzGnS1-toEguxRenJcPpN71JRits19m1q5neCC4GlBAoNuyf34GLqtS679kA7_G_49vt5MCCLJhtOsT-FEt1cPC5PrJj8PMhL70RFaEcJB3DEg', NULL, NULL, 3, 12, '2018-07-10 15:06:09', NULL, '2018-11-13 13:08:29'),
(907, 6, 23, NULL, 'New Employee Hired', 'New Employee Hired - Shaik Mohammed Shafee', NULL, '', NULL, NULL, 3, 12, '2018-07-10 15:06:09', NULL, '2019-03-19 09:58:50'),
(908, 6, 25, NULL, 'New Employee Hired', 'New Employee Hired - Shaik Mohammed Shafee', NULL, '', NULL, NULL, 3, 12, '2018-07-10 15:06:09', NULL, '2019-02-04 12:19:41'),
(909, 6, 28, NULL, 'New Employee Hired', 'New Employee Hired - Shaik Mohammed Shafee', NULL, 'dtbrnatXIV4:APA91bFVK53s8d_HXAG1nsdahUH2Mi8ISuQFQ84o5jK1kJylHGYT8l69A3Pv1RSlngzwJeKw1om1G-zxrjEGah2T6Agf8rakwG-5doLDOOVHd6uXU6Sp5QDagAhCwbniwHI8RaRVtVAz8ttHIZXkEqOXmZDR63Pt_Q', NULL, NULL, 3, 12, '2018-07-10 15:06:09', NULL, '2018-07-12 02:58:11'),
(910, 6, 29, NULL, 'New Employee Hired', 'New Employee Hired - Shaik Mohammed Shafee', NULL, '', NULL, NULL, 3, 12, '2018-07-10 15:06:09', NULL, '2019-01-24 10:22:11'),
(911, 6, 32, NULL, 'New Employee Hired', 'New Employee Hired - Shaik Mohammed Shafee', NULL, '', NULL, NULL, 3, 12, '2018-07-10 15:06:09', NULL, '2018-07-10 11:57:23'),
(912, 6, 33, NULL, 'New Employee Hired', 'New Employee Hired - Shaik Mohammed Shafee', NULL, '', NULL, NULL, 2, 12, '2018-07-10 15:06:09', NULL, '2018-07-10 09:36:16'),
(913, 6, 34, NULL, 'New Employee Hired', 'New Employee Hired - Shaik Mohammed Shafee', NULL, '', NULL, NULL, 2, 12, '2018-07-10 15:06:09', NULL, '2018-07-10 09:36:16');
INSERT INTO `notifications` (`id`, `notifications_type_id`, `emp_id`, `company_id`, `title`, `message`, `post_id`, `fcm_token`, `link`, `image`, `status`, `created_by`, `created_at`, `updated_by`, `updated_at`) VALUES
(914, 6, 35, NULL, 'New Employee Hired', 'New Employee Hired - Shaik Mohammed Shafee', NULL, '', NULL, NULL, 3, 12, '2018-07-10 15:06:09', NULL, '2019-03-21 02:06:48'),
(915, 6, 36, NULL, 'New Employee Hired', 'New Employee Hired - Shaik Mohammed Shafee', NULL, '', NULL, NULL, 3, 12, '2018-07-10 15:06:09', NULL, '2018-07-10 13:53:51'),
(916, 6, 37, NULL, 'New Employee Hired', 'New Employee Hired - Shaik Mohammed Shafee', NULL, '', NULL, NULL, 3, 12, '2018-07-10 15:06:09', NULL, '2019-03-20 00:47:08'),
(917, 6, 38, NULL, 'New Employee Hired', 'New Employee Hired - Shaik Mohammed Shafee', NULL, '', NULL, NULL, 3, 12, '2018-07-10 15:06:09', NULL, '2019-02-19 03:16:42'),
(918, 6, 39, NULL, 'New Employee Hired', 'New Employee Hired - Shaik Mohammed Shafee', NULL, '', NULL, NULL, 2, 12, '2018-07-10 15:06:09', NULL, '2018-07-10 09:36:15'),
(919, 6, 40, NULL, 'New Employee Hired', 'New Employee Hired - Shaik Mohammed Shafee', NULL, '', NULL, NULL, 3, 12, '2018-07-10 15:06:09', NULL, '2019-03-20 08:41:15'),
(920, 6, 41, NULL, 'New Employee Hired', 'New Employee Hired - Shaik Mohammed Shafee', NULL, '', NULL, NULL, 3, 12, '2018-07-10 15:06:09', NULL, '2018-07-12 13:27:30'),
(921, 6, 42, NULL, 'New Employee Hired', 'New Employee Hired - Shaik Mohammed Shafee', NULL, '', NULL, NULL, 3, 12, '2018-07-10 15:06:09', NULL, '2019-03-19 10:05:20'),
(922, 6, 48, NULL, 'New Employee Hired', 'New Employee Hired - Shaik Mohammed Shafee', NULL, '', NULL, NULL, 3, 12, '2018-07-10 15:06:09', NULL, '2019-02-28 09:29:19'),
(923, 6, 52, NULL, 'New Employee Hired', 'New Employee Hired - Shaik Mohammed Shafee', NULL, '', NULL, NULL, 3, 12, '2018-07-10 15:06:09', NULL, '2019-03-19 10:52:15'),
(924, 6, 55, NULL, 'New Employee Hired', 'New Employee Hired - Shaik Mohammed Shafee', NULL, '', NULL, NULL, 3, 12, '2018-07-10 15:06:09', NULL, '2019-02-15 12:04:56'),
(925, 6, 56, NULL, 'New Employee Hired', 'New Employee Hired - Shaik Mohammed Shafee', NULL, '', NULL, NULL, 3, 12, '2018-07-10 15:06:09', NULL, '2019-01-18 12:15:20'),
(926, 6, 58, NULL, 'New Employee Hired', 'New Employee Hired - Shaik Mohammed Shafee', NULL, '', NULL, NULL, 2, 12, '2018-07-10 15:06:09', NULL, '2018-07-10 09:36:15'),
(927, 6, 59, NULL, 'New Employee Hired', 'New Employee Hired - Shaik Mohammed Shafee', NULL, '', NULL, NULL, 2, 12, '2018-07-10 15:06:09', NULL, '2018-07-10 09:36:15'),
(928, 6, 60, NULL, 'New Employee Hired', 'New Employee Hired - Shaik Mohammed Shafee', NULL, '', NULL, NULL, 3, 12, '2018-07-10 15:06:09', NULL, '2018-07-10 12:15:02'),
(929, 6, 61, NULL, 'New Employee Hired', 'New Employee Hired - Shaik Mohammed Shafee', NULL, '', NULL, NULL, 2, 12, '2018-07-10 15:06:09', NULL, '2018-07-10 09:36:15'),
(930, 6, 62, NULL, 'New Employee Hired', 'New Employee Hired - Shaik Mohammed Shafee', NULL, 'clDZJ0iFy-g:APA91bEXa4XFi21xcsiaPZd6sFRpbgDFCikFwnGAsEsO5iM7pIjfyEj6FDQHSHsz7ZhAMCd2YcviSIQmI3y6t3VOr-aPkcNFZ6LSr-P6k-OpWADxelwl1hRY_v2lCq7CbdqOEDpNTREAagTsIgU5lT6mf68HvSJxzQ', NULL, NULL, 3, 12, '2018-07-10 15:06:09', NULL, '2019-04-05 12:08:27'),
(931, 6, 63, NULL, 'New Employee Hired', 'New Employee Hired - Shaik Mohammed Shafee', NULL, '', NULL, NULL, 3, 12, '2018-07-10 15:06:09', NULL, '2019-03-14 08:36:51'),
(932, 6, 64, NULL, 'New Employee Hired', 'New Employee Hired - Shaik Mohammed Shafee', NULL, '', NULL, NULL, 3, 12, '2018-07-10 15:06:09', NULL, '2019-03-20 13:12:41'),
(933, 6, 65, NULL, 'New Employee Hired', 'New Employee Hired - Shaik Mohammed Shafee', NULL, '', NULL, NULL, 2, 12, '2018-07-10 15:06:09', NULL, '2018-07-10 09:36:14'),
(934, 6, 67, NULL, 'New Employee Hired', 'New Employee Hired - Shaik Mohammed Shafee', NULL, '', NULL, NULL, 3, 12, '2018-07-10 15:06:09', NULL, '2019-01-07 09:49:45'),
(935, 6, 68, NULL, 'New Employee Hired', 'New Employee Hired - Shaik Mohammed Shafee', NULL, '', NULL, NULL, 3, 12, '2018-07-10 15:06:09', NULL, '2019-02-07 17:09:22'),
(936, 6, 70, NULL, 'New Employee Hired', 'New Employee Hired - Shaik Mohammed Shafee', NULL, '', NULL, NULL, 2, 12, '2018-07-10 15:06:09', NULL, '2018-07-10 09:36:14'),
(937, 6, 74, NULL, 'New Employee Hired', 'New Employee Hired - Shaik Mohammed Shafee', NULL, '', NULL, NULL, 3, 12, '2018-07-10 15:06:09', NULL, '2018-07-10 12:12:43'),
(938, 6, 75, NULL, 'New Employee Hired', 'New Employee Hired - Shaik Mohammed Shafee', NULL, '', NULL, NULL, 3, 12, '2018-07-10 15:06:09', NULL, '2018-07-10 11:41:49'),
(939, 6, 77, NULL, 'New Employee Hired', 'New Employee Hired - Shaik Mohammed Shafee', NULL, '', NULL, NULL, 3, 12, '2018-07-10 15:06:09', NULL, '2019-03-08 16:19:48'),
(940, 6, 79, NULL, 'New Employee Hired', 'New Employee Hired - Shaik Mohammed Shafee', NULL, '', NULL, NULL, 2, 12, '2018-07-10 15:06:09', NULL, '2018-07-10 09:36:14'),
(941, 6, 80, NULL, 'New Employee Hired', 'New Employee Hired - Shaik Mohammed Shafee', NULL, '', NULL, NULL, 3, 12, '2018-07-10 15:06:09', NULL, '2019-03-19 13:24:20'),
(942, 6, 81, NULL, 'New Employee Hired', 'New Employee Hired - Shaik Mohammed Shafee', NULL, '', NULL, NULL, 3, 12, '2018-07-10 15:06:09', NULL, '2019-03-20 08:47:46'),
(943, 6, 83, NULL, 'New Employee Hired', 'New Employee Hired - Shaik Mohammed Shafee', NULL, '', NULL, NULL, 3, 12, '2018-07-10 15:06:09', NULL, '2019-01-28 10:03:20'),
(944, 6, 85, NULL, 'New Employee Hired', 'New Employee Hired - Shaik Mohammed Shafee', NULL, 'dpH3-JwRInw:APA91bEMHqwo7huBWPeDjMCiIWESM56cjOLRKnZAEawpI4xSCFfUIKQkL-aA1DQpazsMGB_A2B0VT4E8u4kMIjL_-511d3W58iGreP-CcWLUepYK0_Qq9zjhPLt4BNJA4V6oQbkCePHwSk-dCohb1TzkEY0dQJZCOA', NULL, NULL, 3, 12, '2018-07-10 15:06:09', NULL, '2019-03-20 08:01:43'),
(945, 6, 87, NULL, 'New Employee Hired', 'New Employee Hired - Shaik Mohammed Shafee', NULL, '', NULL, NULL, 2, 12, '2018-07-10 15:06:09', NULL, '2018-07-10 09:36:13'),
(946, 6, 89, NULL, 'New Employee Hired', 'New Employee Hired - Shaik Mohammed Shafee', NULL, '', NULL, NULL, 3, 12, '2018-07-10 15:06:09', NULL, '2018-07-11 02:52:35'),
(947, 6, 94, NULL, 'New Employee Hired', 'New Employee Hired - Shaik Mohammed Shafee', NULL, '', NULL, NULL, 3, 12, '2018-07-10 15:06:09', NULL, '2019-03-20 10:19:15'),
(948, 6, 97, NULL, 'New Employee Hired', 'New Employee Hired - Shaik Mohammed Shafee', NULL, '', NULL, NULL, 2, 12, '2018-07-10 15:06:09', NULL, '2018-07-10 09:36:13'),
(949, 6, 104, NULL, 'New Employee Hired', 'New Employee Hired - Shaik Mohammed Shafee', NULL, '', NULL, NULL, 2, 12, '2018-07-10 15:06:09', NULL, '2018-07-10 09:36:13'),
(950, 6, 111, NULL, 'New Employee Hired', 'New Employee Hired - Shaik Mohammed Shafee', NULL, '', NULL, NULL, 2, 12, '2018-07-10 15:06:09', NULL, '2018-07-10 09:36:13'),
(951, 6, 115, NULL, 'New Employee Hired', 'New Employee Hired - Shaik Mohammed Shafee', NULL, '', NULL, NULL, 3, 12, '2018-07-10 15:06:09', NULL, '2019-02-12 11:49:50'),
(952, 6, 116, NULL, 'New Employee Hired', 'New Employee Hired - Shaik Mohammed Shafee', NULL, '', NULL, NULL, 3, 12, '2018-07-10 15:06:09', NULL, '2019-02-04 14:44:41'),
(953, 6, 148, NULL, 'New Employee Hired', 'New Employee Hired - Shaik Mohammed Shafee', NULL, '', NULL, NULL, 3, 12, '2018-07-10 15:06:09', NULL, '2018-07-11 05:59:45'),
(954, 6, 149, NULL, 'New Employee Hired', 'New Employee Hired - Shaik Mohammed Shafee', NULL, '', NULL, NULL, 2, 12, '2018-07-10 15:06:09', NULL, '2018-07-10 09:36:13'),
(955, 6, 169, NULL, 'New Employee Hired', 'New Employee Hired - Shaik Mohammed Shafee', NULL, '', NULL, NULL, 3, 12, '2018-07-10 15:06:09', NULL, '2019-03-21 01:24:44'),
(956, 6, 170, NULL, 'New Employee Hired', 'New Employee Hired - Shaik Mohammed Shafee', NULL, '', NULL, NULL, 3, 12, '2018-07-10 15:06:09', NULL, '2018-12-28 06:34:20'),
(957, 6, 243, NULL, 'New Employee Hired', 'New Employee Hired - Shaik Mohammed Shafee', NULL, '', NULL, NULL, 3, 12, '2018-07-10 15:06:09', NULL, '2018-12-20 14:21:52'),
(958, 6, 339, NULL, 'New Employee Hired', 'New Employee Hired - Shaik Mohammed Shafee', NULL, '', NULL, NULL, 3, 12, '2018-07-10 15:06:09', NULL, '2019-02-08 14:37:30'),
(959, 6, 344, NULL, 'New Employee Hired', 'New Employee Hired - Shaik Mohammed Shafee', NULL, '', NULL, NULL, 2, 12, '2018-07-10 15:06:09', NULL, '2018-07-10 09:36:12'),
(960, 6, 348, NULL, 'New Employee Hired', 'New Employee Hired - Shaik Mohammed Shafee', NULL, '', NULL, NULL, 2, 12, '2018-07-10 15:06:09', NULL, '2018-07-10 09:36:12'),
(961, 6, 353, NULL, 'New Employee Hired', 'New Employee Hired - Shaik Mohammed Shafee', NULL, '', NULL, NULL, 2, 12, '2018-07-10 15:06:09', NULL, '2018-07-10 09:36:12'),
(962, 6, 358, NULL, 'New Employee Hired', 'New Employee Hired - Shaik Mohammed Shafee', NULL, '', NULL, NULL, 2, 12, '2018-07-10 15:06:09', NULL, '2018-07-10 09:36:12'),
(963, 6, 359, NULL, 'New Employee Hired', 'New Employee Hired - Shaik Mohammed Shafee', NULL, '', NULL, NULL, 3, 12, '2018-07-10 15:06:09', NULL, '2018-07-16 11:28:25'),
(964, 6, 381, NULL, 'New Employee Hired', 'New Employee Hired - Shaik Mohammed Shafee', NULL, '', NULL, NULL, 2, 12, '2018-07-10 15:06:09', NULL, '2018-07-10 09:36:12'),
(965, 6, 386, NULL, 'New Employee Hired', 'New Employee Hired - Shaik Mohammed Shafee', NULL, '', NULL, NULL, 3, 12, '2018-07-10 15:06:09', NULL, '2018-07-11 15:25:25'),
(966, 6, 387, NULL, 'New Employee Hired', 'New Employee Hired - Shaik Mohammed Shafee', NULL, '', NULL, NULL, 2, 12, '2018-07-10 15:06:09', NULL, '2018-07-10 09:36:12'),
(967, 6, 389, NULL, 'New Employee Hired', 'New Employee Hired - Shaik Mohammed Shafee', NULL, '', NULL, NULL, 2, 12, '2018-07-10 15:06:09', NULL, '2018-07-10 09:36:12'),
(968, 6, 391, NULL, 'New Employee Hired', 'New Employee Hired - Shaik Mohammed Shafee', NULL, '', NULL, NULL, 2, 12, '2018-07-10 15:06:09', NULL, '2018-07-10 09:36:12'),
(969, 6, 395, NULL, 'New Employee Hired', 'New Employee Hired - Shaik Mohammed Shafee', NULL, '', NULL, NULL, 3, 12, '2018-07-10 15:06:09', NULL, '2019-03-19 10:39:28'),
(970, 6, 397, NULL, 'New Employee Hired', 'New Employee Hired - Shaik Mohammed Shafee', NULL, '', NULL, NULL, 3, 12, '2018-07-10 15:06:09', NULL, '2019-03-20 08:54:37'),
(971, 6, 398, NULL, 'New Employee Hired', 'New Employee Hired - Shaik Mohammed Shafee', NULL, '', NULL, NULL, 2, 12, '2018-07-10 15:06:09', NULL, '2018-07-10 09:36:12'),
(972, 6, 399, NULL, 'New Employee Hired', 'New Employee Hired - Shaik Mohammed Shafee', NULL, '', NULL, NULL, 2, 12, '2018-07-10 15:06:09', NULL, '2018-07-10 09:36:11'),
(973, 6, 408, NULL, 'New Employee Hired', 'New Employee Hired - Shaik Mohammed Shafee', NULL, '', NULL, NULL, 3, 12, '2018-07-10 15:06:09', NULL, '2018-07-11 08:25:55'),
(974, 6, 413, NULL, 'New Employee Hired', 'New Employee Hired - Shaik Mohammed Shafee', NULL, '', NULL, NULL, 3, 12, '2018-07-10 15:06:09', NULL, '2018-07-10 17:29:26'),
(975, 6, 416, NULL, 'New Employee Hired', 'New Employee Hired - Shaik Mohammed Shafee', NULL, '', NULL, NULL, 3, 12, '2018-07-10 15:06:09', NULL, '2018-07-12 08:41:17'),
(976, 6, 418, NULL, 'New Employee Hired', 'New Employee Hired - Shaik Mohammed Shafee', NULL, '', NULL, NULL, 2, 12, '2018-07-10 15:06:09', NULL, '2018-07-10 09:36:11'),
(977, 6, 419, NULL, 'New Employee Hired', 'New Employee Hired - Shaik Mohammed Shafee', NULL, '', NULL, NULL, 3, 12, '2018-07-10 15:06:09', NULL, '2019-03-14 11:57:18'),
(978, 6, 420, NULL, 'New Employee Hired', 'New Employee Hired - Shaik Mohammed Shafee', NULL, '', NULL, NULL, 2, 12, '2018-07-10 15:06:09', NULL, '2018-07-10 09:36:11'),
(979, 6, 423, NULL, 'New Employee Hired', 'New Employee Hired - Shaik Mohammed Shafee', NULL, '', NULL, NULL, 3, 12, '2018-07-10 15:06:09', NULL, '2019-04-26 11:12:15'),
(980, 6, 431, NULL, 'New Employee Hired', 'New Employee Hired - Shaik Mohammed Shafee', NULL, '', NULL, NULL, 3, 12, '2018-07-10 15:06:09', NULL, '2018-07-11 11:51:09'),
(981, 6, 440, NULL, 'New Employee Hired', 'New Employee Hired - Shaik Mohammed Shafee', NULL, '', NULL, NULL, 3, 12, '2018-07-10 15:06:09', NULL, '2019-02-01 00:06:54'),
(982, 6, 444, NULL, 'New Employee Hired', 'New Employee Hired - Shaik Mohammed Shafee', NULL, '', NULL, NULL, 2, 12, '2018-07-10 15:06:09', NULL, '2018-07-10 09:36:11'),
(983, 6, 445, NULL, 'New Employee Hired', 'New Employee Hired - Shaik Mohammed Shafee', NULL, '', NULL, NULL, 2, 12, '2018-07-10 15:06:09', NULL, '2018-07-10 09:36:11'),
(984, 6, 446, NULL, 'New Employee Hired', 'New Employee Hired - Shaik Mohammed Shafee', NULL, '', NULL, NULL, 2, 12, '2018-07-10 15:06:09', NULL, '2018-07-10 09:36:11'),
(985, 6, 447, NULL, 'New Employee Hired', 'New Employee Hired - Shaik Mohammed Shafee', NULL, '', NULL, NULL, 2, 12, '2018-07-10 15:06:09', NULL, '2018-07-10 09:36:11'),
(986, 6, 448, NULL, 'New Employee Hired', 'New Employee Hired - Shaik Mohammed Shafee', NULL, '', NULL, NULL, 2, 12, '2018-07-10 15:06:09', NULL, '2018-07-10 09:36:10'),
(987, 6, 450, NULL, 'New Employee Hired', 'New Employee Hired - Shaik Mohammed Shafee', NULL, '', NULL, NULL, 2, 12, '2018-07-10 15:06:09', NULL, '2018-07-10 09:36:10'),
(988, 6, 453, NULL, 'New Employee Hired', 'New Employee Hired - Shaik Mohammed Shafee', NULL, '', NULL, NULL, 2, 12, '2018-07-10 15:06:09', NULL, '2018-07-10 09:36:10'),
(989, 6, 454, NULL, 'New Employee Hired', 'New Employee Hired - Shaik Mohammed Shafee', NULL, '', NULL, NULL, 2, 12, '2018-07-10 15:06:09', NULL, '2018-07-10 09:36:10'),
(990, 6, 455, NULL, 'New Employee Hired', 'New Employee Hired - Shaik Mohammed Shafee', NULL, '', NULL, NULL, 2, 12, '2018-07-10 15:06:09', NULL, '2018-07-10 09:36:10'),
(991, 6, 456, NULL, 'New Employee Hired', 'New Employee Hired - Shaik Mohammed Shafee', NULL, '', NULL, NULL, 2, 12, '2018-07-10 15:06:09', NULL, '2018-07-10 09:36:10'),
(992, 6, 457, NULL, 'New Employee Hired', 'New Employee Hired - Shaik Mohammed Shafee', NULL, '', NULL, NULL, 3, 12, '2018-07-10 15:06:09', NULL, '2018-07-12 09:24:51'),
(993, 6, 458, NULL, 'New Employee Hired', 'New Employee Hired - Shaik Mohammed Shafee', NULL, '', NULL, NULL, 2, 12, '2018-07-10 15:06:09', NULL, '2018-07-10 09:36:10'),
(994, 6, 468, NULL, 'New Employee Hired', 'New Employee Hired - Shaik Mohammed Shafee', NULL, '', NULL, NULL, 3, 12, '2018-07-10 15:06:09', NULL, '2018-07-10 23:19:55'),
(995, 6, 470, NULL, 'New Employee Hired', 'New Employee Hired - Shaik Mohammed Shafee', NULL, '', NULL, NULL, 3, 12, '2018-07-10 15:06:09', NULL, '2019-03-26 06:05:35'),
(996, 6, 472, NULL, 'New Employee Hired', 'New Employee Hired - Shaik Mohammed Shafee', NULL, '', NULL, NULL, 3, 12, '2018-07-10 15:06:09', NULL, '2019-03-18 23:34:36'),
(997, 6, 473, NULL, 'New Employee Hired', 'New Employee Hired - Shaik Mohammed Shafee', NULL, '', NULL, NULL, 3, 12, '2018-07-10 15:06:09', NULL, '2019-02-13 16:44:15'),
(998, 6, 475, NULL, 'New Employee Hired', 'New Employee Hired - Shaik Mohammed Shafee', NULL, '', NULL, NULL, 3, 12, '2018-07-10 15:06:09', NULL, '2019-03-19 13:27:50'),
(999, 6, 477, NULL, 'New Employee Hired', 'New Employee Hired - Shaik Mohammed Shafee', NULL, '', NULL, NULL, 3, 12, '2018-07-10 15:06:09', NULL, '2019-03-20 11:18:00'),
(1000, 6, 478, NULL, 'New Employee Hired', 'New Employee Hired - Shaik Mohammed Shafee', NULL, '', NULL, NULL, 2, 12, '2018-07-10 15:06:09', NULL, '2018-07-10 09:36:09'),
(1001, 6, 480, NULL, 'New Employee Hired', 'New Employee Hired - Shaik Mohammed Shafee', NULL, '', NULL, NULL, 2, 12, '2018-07-10 15:06:09', NULL, '2018-07-10 09:36:09'),
(1002, 6, 483, NULL, 'New Employee Hired', 'New Employee Hired - Shaik Mohammed Shafee', NULL, '', NULL, NULL, 2, 12, '2018-07-10 15:06:09', NULL, '2018-07-10 09:36:09'),
(1003, 6, 484, NULL, 'New Employee Hired', 'New Employee Hired - Shaik Mohammed Shafee', NULL, '', NULL, NULL, 2, 12, '2018-07-10 15:06:09', NULL, '2018-07-10 09:36:09'),
(1004, 6, 485, NULL, 'New Employee Hired', 'New Employee Hired - Shaik Mohammed Shafee', NULL, '', NULL, NULL, 2, 12, '2018-07-10 15:06:09', NULL, '2018-07-10 09:36:09'),
(1005, 6, 499, NULL, 'New Employee Hired', 'New Employee Hired - Shaik Mohammed Shafee', NULL, '', NULL, NULL, 2, 12, '2018-07-10 15:06:09', NULL, '2018-07-10 09:36:09'),
(1006, 6, 500, NULL, 'New Employee Hired', 'New Employee Hired - Shaik Mohammed Shafee', NULL, '', NULL, NULL, 3, 12, '2018-07-10 15:06:09', NULL, '2018-07-10 10:44:08'),
(1007, 6, 501, NULL, 'New Employee Hired', 'New Employee Hired - Shaik Mohammed Shafee', NULL, '', NULL, NULL, 2, 12, '2018-07-10 15:06:09', NULL, '2018-07-10 09:36:09'),
(1008, 3, 252, NULL, 'Leave Request', 'Leave request from Sunil Kumar Dash', NULL, '', '/leaves/pending', NULL, 3, 351, '2018-07-10 16:10:26', NULL, '2018-07-11 03:33:05'),
(1009, 3, 80, NULL, 'Leave Request', 'Leave request approved for 02 Jul 2018', NULL, '', '/leaves', NULL, 3, 8, '2018-07-10 17:03:23', NULL, '2019-03-19 13:24:20'),
(1010, 3, 81, NULL, 'Leave Request', 'Leave request approved for 02 Jul 2018', NULL, '', '/leaves', NULL, 3, 8, '2018-07-10 17:03:34', NULL, '2019-03-20 08:47:46'),
(1011, 3, 397, NULL, 'Leave Request', 'Leave request approved for 02 Jul 2018', NULL, '', '/leaves', NULL, 3, 8, '2018-07-10 17:03:43', NULL, '2019-03-20 08:54:37'),
(1012, 3, 21, NULL, 'Leave Request', 'Leave request approved for 05 Jul 2018', NULL, 'eSoY42lhjQ0:APA91bGzHnUPKTAZJJ4bRZGLoV_RfaAbQTr475TNoaARtg8Bd9jHlzGnS1-toEguxRenJcPpN71JRits19m1q5neCC4GlBAoNuyf34GLqtS679kA7_G_49vt5MCCLJhtOsT-FEt1cPC5PrJj8PMhL70RFaEcJB3DEg', '/leaves', NULL, 3, 8, '2018-07-10 17:03:59', NULL, '2018-11-13 13:08:29'),
(1013, 3, 67, NULL, 'Leave Request', 'Leave request approved for 05 Jul 2018', NULL, '', '/leaves', NULL, 3, 8, '2018-07-10 17:04:34', NULL, '2019-01-07 09:49:45'),
(1014, 3, 75, NULL, 'Leave Request', 'Leave request approved for 05 Jul 2018', NULL, '', '/leaves', NULL, 3, 8, '2018-07-10 17:04:43', NULL, '2018-07-10 11:41:50'),
(1015, 3, 80, NULL, 'Leave Request', 'Leave request approved for 05 Jul 2018', NULL, '', '/leaves', NULL, 3, 8, '2018-07-10 17:05:39', NULL, '2019-03-19 13:24:20'),
(1016, 3, 386, NULL, 'Leave Request', 'Leave request approved for 09 Jul 2018', NULL, '', '/leaves', NULL, 3, 8, '2018-07-10 17:05:51', NULL, '2018-07-11 15:25:21'),
(1017, 3, 41, NULL, 'Leave Request', 'Leave request approved for 10 Jul 2018', NULL, '', '/leaves', NULL, 3, 8, '2018-07-10 17:06:10', NULL, '2018-07-12 13:27:44'),
(1018, 3, 21, NULL, 'Leave Request', 'Leave request approved for 10 Jul 2018', NULL, 'eSoY42lhjQ0:APA91bGzHnUPKTAZJJ4bRZGLoV_RfaAbQTr475TNoaARtg8Bd9jHlzGnS1-toEguxRenJcPpN71JRits19m1q5neCC4GlBAoNuyf34GLqtS679kA7_G_49vt5MCCLJhtOsT-FEt1cPC5PrJj8PMhL70RFaEcJB3DEg', '/leaves', NULL, 3, 8, '2018-07-10 17:06:16', NULL, '2018-11-13 13:08:29'),
(1019, 3, 418, NULL, 'Leave Request', 'Leave request approved for 03 Jul 2018', NULL, '', '/leaves', NULL, 2, 8, '2018-07-10 17:06:50', NULL, '2018-07-10 11:36:50'),
(1020, 3, 418, NULL, 'Leave Request', 'Leave request approved for 05 Jul 2018', NULL, '', '/leaves', NULL, 2, 8, '2018-07-10 17:06:55', NULL, '2018-07-10 11:36:55'),
(1021, 3, 5, NULL, 'Leave Request', 'Leave request approved for 09 Jul 2018', NULL, '', '/leaves', NULL, 3, 8, '2018-07-10 17:07:02', NULL, '2019-02-28 09:12:48'),
(1022, 3, 448, NULL, 'Leave Request', 'Leave request approved for 13 Jul 2018', NULL, '', '/leaves', NULL, 2, 104, '2018-07-10 17:56:48', NULL, '2018-07-10 12:26:49'),
(1023, 3, 448, NULL, 'Leave Request', 'Leave request approved for 16 Jul 2018', NULL, '', '/leaves', NULL, 2, 104, '2018-07-10 17:57:02', NULL, '2018-07-10 12:27:02'),
(1024, 3, 453, NULL, 'Leave Request', 'Leave request approved for 16 Jul 2018', NULL, '', '/leaves', NULL, 3, 104, '2018-07-10 17:57:18', NULL, '2018-07-10 13:11:11'),
(1025, 3, 115, NULL, 'Leave Request', 'Leave request approved for 12 Jul 2018', NULL, '', '/leaves', NULL, 3, 104, '2018-07-10 23:14:49', NULL, '2019-02-12 11:49:50'),
(1026, 3, 193, NULL, 'Leave Request', 'Leave request from M NARSIMHA REDDY', NULL, '', '/leaves/pending', NULL, 3, 249, '2018-07-11 04:19:06', NULL, '2018-07-11 23:06:57'),
(1027, 3, 203, NULL, 'Leave Request', 'Leave request from Vivek S', NULL, '', '/leaves/pending', NULL, 2, 235, '2018-07-11 05:58:45', NULL, '2018-07-11 00:28:45'),
(1028, 3, 124, NULL, 'Leave Request', 'Leave request from Anvesh Gatadi', NULL, '', '/leaves/pending', NULL, 2, 174, '2018-07-11 06:36:02', NULL, '2018-07-11 01:06:02'),
(1029, 3, 127, NULL, 'Leave Request', 'Leave request from Bhanu Charan Purama', NULL, '', '/leaves/pending', NULL, 2, 181, '2018-07-11 06:57:33', NULL, '2018-07-11 01:27:33'),
(1030, 3, 167, NULL, 'Leave Request', 'Leave request from Shaik Nasir', NULL, '', '/leaves/pending', NULL, 2, 136, '2018-07-11 06:57:36', NULL, '2018-07-11 01:27:36'),
(1031, 3, 351, NULL, 'Leave Request', 'Leave request rejected for 11 Jul 2018', NULL, '', '/leaves', NULL, 2, 252, '2018-07-11 09:03:24', NULL, '2018-07-11 03:33:24'),
(1032, 3, 252, NULL, 'Leave Request', 'Leave request from Sunil Kumar Dash', NULL, '', '/leaves/pending', NULL, 2, 351, '2018-07-11 09:03:42', NULL, '2018-07-11 03:33:42'),
(1033, 3, 202, NULL, 'Leave Request', 'Leave request approved for 10 Jul 2018', NULL, '', '/leaves', NULL, 3, 193, '2018-07-11 09:12:57', NULL, '2018-07-14 00:58:17'),
(1034, 3, 249, NULL, 'Leave Request', 'Leave request approved for 11 Jul 2018', NULL, '', '/leaves', NULL, 2, 193, '2018-07-11 09:13:01', NULL, '2018-07-11 03:43:01'),
(1035, 3, 174, NULL, 'Leave Request', 'Leave request approved for 16 Jul 2018', NULL, '', '/leaves', NULL, 3, 124, '2018-07-11 09:25:37', NULL, '2018-07-13 11:39:39'),
(1036, 3, 6, NULL, 'Leave Request', 'Leave request from Akshit Akula', NULL, '', '/leaves/pending', NULL, 3, 48, '2018-07-11 10:06:08', NULL, '2019-03-05 04:55:09'),
(1037, 3, 379, NULL, 'Leave Request', 'Leave request from Moses Kovela', NULL, '', '/leaves/pending', NULL, 2, 42, '2018-07-11 11:28:13', NULL, '2018-07-11 05:58:13'),
(1038, 3, 170, NULL, 'Leave Request', 'Leave request from Prashanth Jindam', NULL, '', '/leaves/pending', NULL, 3, 148, '2018-07-11 11:31:30', NULL, '2018-12-28 06:34:20'),
(1039, 3, 8, NULL, 'Leave Request', 'Leave request from Sai Krishna Killari', NULL, '', '/leaves/pending', NULL, 3, 21, '2018-07-11 11:33:58', NULL, '2019-03-14 10:14:01'),
(1040, 3, 134, NULL, 'Leave Request', 'Leave request approved for 09 Jul 2018', NULL, '', '/leaves', NULL, 2, 170, '2018-07-11 12:18:18', NULL, '2018-07-11 06:48:18'),
(1041, 3, 148, NULL, 'Leave Request', 'Leave request approved for 11 Jul 2018', NULL, '', '/leaves', NULL, 2, 170, '2018-07-11 12:18:22', NULL, '2018-07-11 06:48:22'),
(1042, 3, 34, NULL, 'Leave Request', 'Leave request from Nagesh Matte', NULL, '', '/leaves/pending', NULL, 2, 2, '2018-07-11 12:24:22', NULL, '2018-07-11 06:54:22'),
(1043, 3, 1, NULL, 'Leave Request', 'Leave request from Satyanarayana Rao Jalagam', NULL, '', '/leaves/pending', NULL, 3, 3, '2018-07-11 14:24:43', NULL, '2022-01-18 10:40:39'),
(1044, 3, 359, NULL, 'Leave Request', 'Leave request approved for 09 Jul 2018', NULL, '', '/leaves', NULL, 3, 379, '2018-07-11 15:16:37', NULL, '2018-07-16 11:28:20'),
(1045, 3, 42, NULL, 'Leave Request', 'Leave request approved for 11 Jul 2018', NULL, '', '/leaves', NULL, 3, 379, '2018-07-11 15:16:42', NULL, '2019-03-19 10:05:20'),
(1046, 3, 391, NULL, 'Leave Request', 'Leave request approved for 02 Jul 2018', NULL, '', '/leaves', NULL, 2, 302, '2018-07-11 15:55:12', NULL, '2018-07-11 10:25:13'),
(1047, 3, 21, NULL, 'Leave Request', 'Leave request approved for 11 Jul 2018', NULL, 'eSoY42lhjQ0:APA91bGzHnUPKTAZJJ4bRZGLoV_RfaAbQTr475TNoaARtg8Bd9jHlzGnS1-toEguxRenJcPpN71JRits19m1q5neCC4GlBAoNuyf34GLqtS679kA7_G_49vt5MCCLJhtOsT-FEt1cPC5PrJj8PMhL70RFaEcJB3DEg', '/leaves', NULL, 3, 302, '2018-07-11 15:55:16', NULL, '2018-11-13 13:08:29'),
(1048, 3, 379, NULL, 'Leave Request', 'Leave request from Moses Kovela', NULL, '', '/leaves/pending', NULL, 2, 42, '2018-07-11 16:16:12', NULL, '2018-07-11 10:46:12'),
(1049, 3, 42, NULL, 'Leave Request', 'Leave request approved for 11 Jul 2018', NULL, '', '/leaves', NULL, 3, 379, '2018-07-11 16:31:33', NULL, '2019-03-19 10:05:20'),
(1050, 3, 11, NULL, 'Leave Request', 'Leave request approved for 06 Jul 2018', NULL, '', '/leaves', NULL, 3, 380, '2018-07-11 21:12:30', NULL, '2018-07-12 13:52:08'),
(1051, 3, 163, NULL, 'Leave Request', 'Leave request from Mahesh Siddhartha Marni', NULL, '', '/leaves/pending', NULL, 2, 161, '2018-07-12 04:16:12', NULL, '2018-07-11 22:46:12'),
(1052, 3, 362, NULL, 'Leave Request', 'Leave request from Vinay Kumar Kondoju', NULL, '', '/leaves/pending', NULL, 3, 169, '2018-07-12 04:19:43', NULL, '2019-03-21 00:20:38'),
(1053, 3, 125, NULL, 'Leave Request', 'Leave request from Ravindar Reddy Kolla', NULL, '', '/leaves/pending', NULL, 3, 150, '2018-07-12 04:47:40', NULL, '2018-07-13 09:41:29'),
(1054, 3, 125, NULL, 'Leave Request', 'Leave request from Ravindar Reddy Kolla', NULL, '', '/leaves/pending', NULL, 3, 150, '2018-07-12 04:48:08', NULL, '2018-07-13 09:41:26'),
(1055, 3, 227, NULL, 'Leave Request', 'Leave request from Narravula Anjal Reddy', NULL, 'e5_NxrPI8XY:APA91bEtpcMY9VqE4qyTYxMDhu7DUATDREu-kK4u8oVlgMnnOzsastsgK2z42yVZyUKbzS9IRN8HOkSzyhpcQqAc5FrBO9sdGxVWXIpLM6PIPVA8f4iQD1zZdydRu3jRc_X2hvaBywBJ11sV_eqrxfKA7QPjo_izzQ', '/leaves/pending', NULL, 2, 237, '2018-07-12 05:41:09', NULL, '2018-07-12 00:11:09'),
(1056, 3, 193, NULL, 'Leave Request', 'Leave request from M NARSIMHA REDDY', NULL, '', '/leaves/pending', NULL, 3, 249, '2018-07-12 05:53:47', NULL, '2018-07-12 01:19:55'),
(1057, 3, 161, NULL, 'Leave Request', 'Leave request approved for 12 Jul 2018', NULL, 'fMgorH28TP0:APA91bEShd6W4xaPb67Ij_ZgkjcDeP_4Z-aGMgjV12sfRGn4bdAHk4FampgHHeF-NNP4kiKcCRK57yaXRc7C4EGq6D2fllE2PurYmxVLNRCY_elypjvKziGSbd-agHWEfhRDcNF65dp0WShEPP_YrK-r3uZ5knFYtg', '/leaves', NULL, 3, 163, '2018-07-12 06:05:40', NULL, '2018-07-12 21:43:12'),
(1058, 3, 342, NULL, 'Leave Request', 'Leave request from Jagadeesh Chintaginajala', NULL, '', '/leaves/pending', NULL, 2, 163, '2018-07-12 06:06:02', NULL, '2018-07-12 00:36:02'),
(1059, 3, 249, NULL, 'Leave Request', 'Leave request approved for 13 Jul 2018', NULL, '', '/leaves', NULL, 2, 193, '2018-07-12 06:17:09', NULL, '2018-07-12 00:47:09'),
(1060, 3, 216, NULL, 'Leave Request', 'Leave request from Ayyappa Reddy', NULL, '', '/leaves/pending', NULL, 3, 338, '2018-07-12 07:21:53', NULL, '2019-03-19 12:39:01'),
(1061, 3, 355, NULL, 'Leave Request', 'Leave request from Karunakar Gullakuntla', NULL, '', '/leaves/pending', NULL, 3, 475, '2018-07-12 07:51:55', NULL, '2019-01-24 16:47:07'),
(1062, 6, 1, NULL, 'New Employee Hired', 'New Employee Hired - Roma Bose', NULL, '', NULL, NULL, 3, 2, '2018-07-12 10:19:24', NULL, '2022-01-18 10:40:39'),
(1063, 6, 2, NULL, 'New Employee Hired', 'New Employee Hired - Roma Bose', NULL, 'cx6cJ8F8FCs:APA91bEVCXkZWkJBYkASz9kMUf3WRio9GS3ufKaZnrRvP47iiUJBzXQGzTwMNcv5UEmFpFXrmK9uza3hHjQGax0bnhUV2DcUj74wnpwOMEE1DROmYgSwqa25W0JiU_l-hkEHT8tcx5fK5PitoNk6sicWZBaOFp-5gA', NULL, NULL, 3, 2, '2018-07-12 10:19:24', NULL, '2019-04-04 07:53:52'),
(1064, 6, 3, NULL, 'New Employee Hired', 'New Employee Hired - Roma Bose', NULL, '', NULL, NULL, 2, 2, '2018-07-12 10:19:24', NULL, '2018-07-12 04:49:32'),
(1065, 6, 4, NULL, 'New Employee Hired', 'New Employee Hired - Roma Bose', NULL, '', NULL, NULL, 3, 2, '2018-07-12 10:19:24', NULL, '2019-03-13 05:15:48'),
(1066, 6, 5, NULL, 'New Employee Hired', 'New Employee Hired - Roma Bose', NULL, '', NULL, NULL, 3, 2, '2018-07-12 10:19:24', NULL, '2019-02-28 09:12:48'),
(1067, 6, 6, NULL, 'New Employee Hired', 'New Employee Hired - Roma Bose', NULL, '', NULL, NULL, 3, 2, '2018-07-12 10:19:24', NULL, '2019-03-05 04:55:09'),
(1068, 6, 7, NULL, 'New Employee Hired', 'New Employee Hired - Roma Bose', NULL, 'frYNexbexL0:APA91bG7nsQw7V1tcsl4j7KExi2VCeBD-WYFyCgwraF2L_52o6RMXdiuvyTQd-dpnTDaZpNlqD6EQEFav8rlVivvSW6T_8Z_QM44de4EQxvRxRyLW7ywxjn6d-w4ZtGPupnBLeLnkIjZLPYkd0GQach6uhko0Bpi-g', NULL, NULL, 3, 2, '2018-07-12 10:19:24', NULL, '2019-03-19 11:27:52'),
(1069, 6, 8, NULL, 'New Employee Hired', 'New Employee Hired - Roma Bose', NULL, '', NULL, NULL, 3, 2, '2018-07-12 10:19:24', NULL, '2019-03-14 10:14:01'),
(1070, 6, 9, NULL, 'New Employee Hired', 'New Employee Hired - Roma Bose', NULL, '', NULL, NULL, 3, 2, '2018-07-12 10:19:24', NULL, '2019-03-20 08:16:51'),
(1071, 6, 11, NULL, 'New Employee Hired', 'New Employee Hired - Roma Bose', NULL, '', NULL, NULL, 3, 2, '2018-07-12 10:19:24', NULL, '2018-07-12 13:52:06'),
(1072, 6, 12, NULL, 'New Employee Hired', 'New Employee Hired - Roma Bose', NULL, '', NULL, NULL, 3, 2, '2018-07-12 10:19:24', NULL, '2019-03-26 05:20:29'),
(1073, 6, 13, NULL, 'New Employee Hired', 'New Employee Hired - Roma Bose', NULL, 'c4Sq79BAPI4:APA91bEqlsXK6dREjgyyiNSJ4tdY6h72zVTsI55n18ceheMb3a4JJ-8pbtf6EmyHvzB7KIS-Xbn2g4BlXJHsCZg28dOuEW6LSxYzn3vFXSSXTUIjsajA94J1IDEpCVD66-NESI78mjTUcXhywrsg1_eKlPaWc77Jtw', NULL, NULL, 2, 2, '2018-07-12 10:19:24', NULL, '2018-07-12 04:49:31'),
(1074, 6, 15, NULL, 'New Employee Hired', 'New Employee Hired - Roma Bose', NULL, '', NULL, NULL, 3, 2, '2018-07-12 10:19:24', NULL, '2019-03-14 11:06:34'),
(1075, 6, 16, NULL, 'New Employee Hired', 'New Employee Hired - Roma Bose', NULL, '', NULL, NULL, 3, 2, '2018-07-12 10:19:24', NULL, '2019-03-13 08:05:21'),
(1076, 6, 17, NULL, 'New Employee Hired', 'New Employee Hired - Roma Bose', NULL, '', NULL, NULL, 3, 2, '2018-07-12 10:19:24', NULL, '2019-03-20 04:39:00'),
(1077, 6, 18, NULL, 'New Employee Hired', 'New Employee Hired - Roma Bose', NULL, '', NULL, NULL, 3, 2, '2018-07-12 10:19:24', NULL, '2019-03-21 03:13:26'),
(1078, 6, 19, NULL, 'New Employee Hired', 'New Employee Hired - Roma Bose', NULL, '', NULL, NULL, 3, 2, '2018-07-12 10:19:24', NULL, '2019-03-20 00:21:12'),
(1079, 6, 20, NULL, 'New Employee Hired', 'New Employee Hired - Roma Bose', NULL, '', NULL, NULL, 3, 2, '2018-07-12 10:19:24', NULL, '2019-03-20 05:16:18'),
(1080, 6, 21, NULL, 'New Employee Hired', 'New Employee Hired - Roma Bose', NULL, 'eSoY42lhjQ0:APA91bGzHnUPKTAZJJ4bRZGLoV_RfaAbQTr475TNoaARtg8Bd9jHlzGnS1-toEguxRenJcPpN71JRits19m1q5neCC4GlBAoNuyf34GLqtS679kA7_G_49vt5MCCLJhtOsT-FEt1cPC5PrJj8PMhL70RFaEcJB3DEg', NULL, NULL, 3, 2, '2018-07-12 10:19:24', NULL, '2018-11-13 13:08:29'),
(1081, 6, 23, NULL, 'New Employee Hired', 'New Employee Hired - Roma Bose', NULL, '', NULL, NULL, 3, 2, '2018-07-12 10:19:24', NULL, '2019-03-19 09:58:50'),
(1082, 6, 25, NULL, 'New Employee Hired', 'New Employee Hired - Roma Bose', NULL, '', NULL, NULL, 3, 2, '2018-07-12 10:19:24', NULL, '2019-02-04 12:19:41'),
(1083, 6, 28, NULL, 'New Employee Hired', 'New Employee Hired - Roma Bose', NULL, 'dtbrnatXIV4:APA91bFVK53s8d_HXAG1nsdahUH2Mi8ISuQFQ84o5jK1kJylHGYT8l69A3Pv1RSlngzwJeKw1om1G-zxrjEGah2T6Agf8rakwG-5doLDOOVHd6uXU6Sp5QDagAhCwbniwHI8RaRVtVAz8ttHIZXkEqOXmZDR63Pt_Q', NULL, NULL, 3, 2, '2018-07-12 10:19:24', NULL, '2018-07-12 23:42:43'),
(1084, 6, 29, NULL, 'New Employee Hired', 'New Employee Hired - Roma Bose', NULL, '', NULL, NULL, 3, 2, '2018-07-12 10:19:24', NULL, '2019-01-24 10:22:11'),
(1085, 6, 32, NULL, 'New Employee Hired', 'New Employee Hired - Roma Bose', NULL, '', NULL, NULL, 3, 2, '2018-07-12 10:19:24', NULL, '2018-07-12 07:13:41'),
(1086, 6, 33, NULL, 'New Employee Hired', 'New Employee Hired - Roma Bose', NULL, '', NULL, NULL, 2, 2, '2018-07-12 10:19:24', NULL, '2018-07-12 04:49:30'),
(1087, 6, 34, NULL, 'New Employee Hired', 'New Employee Hired - Roma Bose', NULL, '', NULL, NULL, 2, 2, '2018-07-12 10:19:24', NULL, '2018-07-12 04:49:30'),
(1088, 6, 35, NULL, 'New Employee Hired', 'New Employee Hired - Roma Bose', NULL, 'enyqOp6XIFs:APA91bEsWHWp94s6LbywwEtpZIBsUBhujp59uPCCo1HXzMQI22vcCwkXt3Zpyzs8BhUexUeAg5-0MVCqI3im47kLN_512s3zqJe4Br2W8bWgwuPyNAAZKj_Iu4UJbzGC3HoFiQ14TzhVYjQLeNOx0dgChAWpYw7lRQ', NULL, NULL, 3, 2, '2018-07-12 10:19:24', NULL, '2019-03-21 02:06:48'),
(1089, 6, 36, NULL, 'New Employee Hired', 'New Employee Hired - Roma Bose', NULL, '', NULL, NULL, 3, 2, '2018-07-12 10:19:24', NULL, '2018-07-17 11:39:40'),
(1090, 6, 37, NULL, 'New Employee Hired', 'New Employee Hired - Roma Bose', NULL, '', NULL, NULL, 3, 2, '2018-07-12 10:19:24', NULL, '2019-03-20 00:47:08'),
(1091, 6, 38, NULL, 'New Employee Hired', 'New Employee Hired - Roma Bose', NULL, '', NULL, NULL, 3, 2, '2018-07-12 10:19:24', NULL, '2019-02-19 03:16:42'),
(1092, 6, 39, NULL, 'New Employee Hired', 'New Employee Hired - Roma Bose', NULL, '', NULL, NULL, 2, 2, '2018-07-12 10:19:24', NULL, '2018-07-12 04:49:30'),
(1093, 6, 40, NULL, 'New Employee Hired', 'New Employee Hired - Roma Bose', NULL, '', NULL, NULL, 3, 2, '2018-07-12 10:19:24', NULL, '2019-03-20 08:41:15'),
(1094, 6, 41, NULL, 'New Employee Hired', 'New Employee Hired - Roma Bose', NULL, '', NULL, NULL, 3, 2, '2018-07-12 10:19:24', NULL, '2018-07-12 13:27:51'),
(1095, 6, 42, NULL, 'New Employee Hired', 'New Employee Hired - Roma Bose', NULL, '', NULL, NULL, 3, 2, '2018-07-12 10:19:24', NULL, '2019-03-19 10:05:20'),
(1096, 6, 48, NULL, 'New Employee Hired', 'New Employee Hired - Roma Bose', NULL, '', NULL, NULL, 3, 2, '2018-07-12 10:19:24', NULL, '2019-02-28 09:29:19'),
(1097, 6, 52, NULL, 'New Employee Hired', 'New Employee Hired - Roma Bose', NULL, '', NULL, NULL, 3, 2, '2018-07-12 10:19:24', NULL, '2019-03-19 10:52:15'),
(1098, 6, 55, NULL, 'New Employee Hired', 'New Employee Hired - Roma Bose', NULL, '', NULL, NULL, 3, 2, '2018-07-12 10:19:24', NULL, '2019-02-15 12:04:56'),
(1099, 6, 56, NULL, 'New Employee Hired', 'New Employee Hired - Roma Bose', NULL, '', NULL, NULL, 3, 2, '2018-07-12 10:19:24', NULL, '2019-01-18 12:15:20'),
(1100, 6, 58, NULL, 'New Employee Hired', 'New Employee Hired - Roma Bose', NULL, '', NULL, NULL, 3, 2, '2018-07-12 10:19:24', NULL, '2018-07-18 07:48:00'),
(1101, 6, 59, NULL, 'New Employee Hired', 'New Employee Hired - Roma Bose', NULL, '', NULL, NULL, 3, 2, '2018-07-12 10:19:24', NULL, '2018-07-17 13:27:22'),
(1102, 6, 60, NULL, 'New Employee Hired', 'New Employee Hired - Roma Bose', NULL, '', NULL, NULL, 3, 2, '2018-07-12 10:19:24', NULL, '2018-07-12 07:14:21'),
(1103, 6, 61, NULL, 'New Employee Hired', 'New Employee Hired - Roma Bose', NULL, '', NULL, NULL, 2, 2, '2018-07-12 10:19:24', NULL, '2018-07-12 04:49:29'),
(1104, 6, 62, NULL, 'New Employee Hired', 'New Employee Hired - Roma Bose', NULL, 'clDZJ0iFy-g:APA91bEXa4XFi21xcsiaPZd6sFRpbgDFCikFwnGAsEsO5iM7pIjfyEj6FDQHSHsz7ZhAMCd2YcviSIQmI3y6t3VOr-aPkcNFZ6LSr-P6k-OpWADxelwl1hRY_v2lCq7CbdqOEDpNTREAagTsIgU5lT6mf68HvSJxzQ', NULL, NULL, 3, 2, '2018-07-12 10:19:24', NULL, '2019-04-05 12:08:27'),
(1105, 6, 63, NULL, 'New Employee Hired', 'New Employee Hired - Roma Bose', NULL, '', NULL, NULL, 3, 2, '2018-07-12 10:19:24', NULL, '2019-03-14 08:36:51'),
(1106, 6, 64, NULL, 'New Employee Hired', 'New Employee Hired - Roma Bose', NULL, '', NULL, NULL, 3, 2, '2018-07-12 10:19:24', NULL, '2019-03-20 13:12:41'),
(1107, 6, 65, NULL, 'New Employee Hired', 'New Employee Hired - Roma Bose', NULL, '', NULL, NULL, 2, 2, '2018-07-12 10:19:24', NULL, '2018-07-12 04:49:29'),
(1108, 6, 67, NULL, 'New Employee Hired', 'New Employee Hired - Roma Bose', NULL, '', NULL, NULL, 3, 2, '2018-07-12 10:19:24', NULL, '2019-01-07 09:49:45'),
(1109, 6, 68, NULL, 'New Employee Hired', 'New Employee Hired - Roma Bose', NULL, '', NULL, NULL, 3, 2, '2018-07-12 10:19:24', NULL, '2019-02-07 17:09:22'),
(1110, 6, 70, NULL, 'New Employee Hired', 'New Employee Hired - Roma Bose', NULL, '', NULL, NULL, 3, 2, '2018-07-12 10:19:24', NULL, '2018-07-17 08:51:27'),
(1111, 6, 74, NULL, 'New Employee Hired', 'New Employee Hired - Roma Bose', NULL, '', NULL, NULL, 3, 2, '2018-07-12 10:19:24', NULL, '2018-07-12 08:53:02'),
(1112, 6, 75, NULL, 'New Employee Hired', 'New Employee Hired - Roma Bose', NULL, '', NULL, NULL, 3, 2, '2018-07-12 10:19:24', NULL, '2018-07-12 08:09:49'),
(1113, 6, 77, NULL, 'New Employee Hired', 'New Employee Hired - Roma Bose', NULL, '', NULL, NULL, 3, 2, '2018-07-12 10:19:24', NULL, '2019-03-08 16:19:48'),
(1114, 6, 79, NULL, 'New Employee Hired', 'New Employee Hired - Roma Bose', NULL, '', NULL, NULL, 3, 2, '2018-07-12 10:19:24', NULL, '2018-07-17 03:16:16'),
(1115, 6, 80, NULL, 'New Employee Hired', 'New Employee Hired - Roma Bose', NULL, '', NULL, NULL, 3, 2, '2018-07-12 10:19:24', NULL, '2019-03-19 13:24:20'),
(1116, 6, 81, NULL, 'New Employee Hired', 'New Employee Hired - Roma Bose', NULL, '', NULL, NULL, 3, 2, '2018-07-12 10:19:24', NULL, '2019-03-20 08:47:46'),
(1117, 6, 83, NULL, 'New Employee Hired', 'New Employee Hired - Roma Bose', NULL, '', NULL, NULL, 3, 2, '2018-07-12 10:19:24', NULL, '2019-01-28 10:03:20'),
(1118, 6, 85, NULL, 'New Employee Hired', 'New Employee Hired - Roma Bose', NULL, 'dpH3-JwRInw:APA91bEMHqwo7huBWPeDjMCiIWESM56cjOLRKnZAEawpI4xSCFfUIKQkL-aA1DQpazsMGB_A2B0VT4E8u4kMIjL_-511d3W58iGreP-CcWLUepYK0_Qq9zjhPLt4BNJA4V6oQbkCePHwSk-dCohb1TzkEY0dQJZCOA', NULL, NULL, 3, 2, '2018-07-12 10:19:24', NULL, '2019-03-20 08:01:43'),
(1119, 6, 87, NULL, 'New Employee Hired', 'New Employee Hired - Roma Bose', NULL, '', NULL, NULL, 2, 2, '2018-07-12 10:19:24', NULL, '2018-07-12 04:49:28'),
(1120, 6, 89, NULL, 'New Employee Hired', 'New Employee Hired - Roma Bose', NULL, '', NULL, NULL, 3, 2, '2018-07-12 10:19:24', NULL, '2018-07-12 10:22:12'),
(1121, 6, 94, NULL, 'New Employee Hired', 'New Employee Hired - Roma Bose', NULL, '', NULL, NULL, 3, 2, '2018-07-12 10:19:24', NULL, '2019-03-20 10:19:15'),
(1122, 6, 97, NULL, 'New Employee Hired', 'New Employee Hired - Roma Bose', NULL, '', NULL, NULL, 2, 2, '2018-07-12 10:19:24', NULL, '2018-07-12 04:49:28'),
(1123, 6, 104, NULL, 'New Employee Hired', 'New Employee Hired - Roma Bose', NULL, '', NULL, NULL, 2, 2, '2018-07-12 10:19:24', NULL, '2018-07-12 04:49:28'),
(1124, 6, 111, NULL, 'New Employee Hired', 'New Employee Hired - Roma Bose', NULL, '', NULL, NULL, 2, 2, '2018-07-12 10:19:24', NULL, '2018-07-12 04:49:28'),
(1125, 6, 115, NULL, 'New Employee Hired', 'New Employee Hired - Roma Bose', NULL, '', NULL, NULL, 3, 2, '2018-07-12 10:19:24', NULL, '2019-02-12 11:49:50'),
(1126, 6, 116, NULL, 'New Employee Hired', 'New Employee Hired - Roma Bose', NULL, '', NULL, NULL, 3, 2, '2018-07-12 10:19:24', NULL, '2019-02-04 14:44:41'),
(1127, 6, 148, NULL, 'New Employee Hired', 'New Employee Hired - Roma Bose', NULL, '', NULL, NULL, 2, 2, '2018-07-12 10:19:24', NULL, '2018-07-12 04:49:28'),
(1128, 6, 149, NULL, 'New Employee Hired', 'New Employee Hired - Roma Bose', NULL, '', NULL, NULL, 2, 2, '2018-07-12 10:19:24', NULL, '2018-07-12 04:49:27'),
(1129, 6, 169, NULL, 'New Employee Hired', 'New Employee Hired - Roma Bose', NULL, '', NULL, NULL, 3, 2, '2018-07-12 10:19:24', NULL, '2019-03-21 01:24:44'),
(1130, 6, 170, NULL, 'New Employee Hired', 'New Employee Hired - Roma Bose', NULL, '', NULL, NULL, 3, 2, '2018-07-12 10:19:24', NULL, '2018-12-28 06:34:20'),
(1131, 6, 243, NULL, 'New Employee Hired', 'New Employee Hired - Roma Bose', NULL, '', NULL, NULL, 3, 2, '2018-07-12 10:19:24', NULL, '2018-12-20 14:21:52'),
(1132, 6, 339, NULL, 'New Employee Hired', 'New Employee Hired - Roma Bose', NULL, '', NULL, NULL, 3, 2, '2018-07-12 10:19:24', NULL, '2019-02-08 14:37:30'),
(1133, 6, 344, NULL, 'New Employee Hired', 'New Employee Hired - Roma Bose', NULL, '', NULL, NULL, 3, 2, '2018-07-12 10:19:24', NULL, '2018-07-17 14:50:45'),
(1134, 6, 348, NULL, 'New Employee Hired', 'New Employee Hired - Roma Bose', NULL, '', NULL, NULL, 2, 2, '2018-07-12 10:19:24', NULL, '2018-07-12 04:49:27'),
(1135, 6, 353, NULL, 'New Employee Hired', 'New Employee Hired - Roma Bose', NULL, '', NULL, NULL, 3, 2, '2018-07-12 10:19:24', NULL, '2018-07-18 08:59:29'),
(1136, 6, 358, NULL, 'New Employee Hired', 'New Employee Hired - Roma Bose', NULL, '', NULL, NULL, 2, 2, '2018-07-12 10:19:24', NULL, '2018-07-12 04:49:27'),
(1137, 6, 359, NULL, 'New Employee Hired', 'New Employee Hired - Roma Bose', NULL, '', NULL, NULL, 3, 2, '2018-07-12 10:19:24', NULL, '2018-07-16 11:28:20'),
(1138, 6, 381, NULL, 'New Employee Hired', 'New Employee Hired - Roma Bose', NULL, '', NULL, NULL, 2, 2, '2018-07-12 10:19:24', NULL, '2018-07-12 04:49:27'),
(1139, 6, 386, NULL, 'New Employee Hired', 'New Employee Hired - Roma Bose', NULL, '', NULL, NULL, 2, 2, '2018-07-12 10:19:24', NULL, '2018-07-12 04:49:27'),
(1140, 6, 387, NULL, 'New Employee Hired', 'New Employee Hired - Roma Bose', NULL, '', NULL, NULL, 2, 2, '2018-07-12 10:19:24', NULL, '2018-07-12 04:49:27'),
(1141, 6, 391, NULL, 'New Employee Hired', 'New Employee Hired - Roma Bose', NULL, '', NULL, NULL, 2, 2, '2018-07-12 10:19:24', NULL, '2018-07-12 04:49:27'),
(1142, 6, 395, NULL, 'New Employee Hired', 'New Employee Hired - Roma Bose', NULL, '', NULL, NULL, 3, 2, '2018-07-12 10:19:24', NULL, '2019-03-19 10:39:28'),
(1143, 6, 397, NULL, 'New Employee Hired', 'New Employee Hired - Roma Bose', NULL, '', NULL, NULL, 3, 2, '2018-07-12 10:19:24', NULL, '2019-03-20 08:54:37'),
(1144, 6, 398, NULL, 'New Employee Hired', 'New Employee Hired - Roma Bose', NULL, '', NULL, NULL, 2, 2, '2018-07-12 10:19:24', NULL, '2018-07-12 04:49:26'),
(1145, 6, 399, NULL, 'New Employee Hired', 'New Employee Hired - Roma Bose', NULL, '', NULL, NULL, 2, 2, '2018-07-12 10:19:24', NULL, '2018-07-12 04:49:26'),
(1146, 6, 408, NULL, 'New Employee Hired', 'New Employee Hired - Roma Bose', NULL, '', NULL, NULL, 3, 2, '2018-07-12 10:19:24', NULL, '2018-07-17 07:19:11'),
(1147, 6, 413, NULL, 'New Employee Hired', 'New Employee Hired - Roma Bose', NULL, '', NULL, NULL, 2, 2, '2018-07-12 10:19:24', NULL, '2018-07-12 04:49:26'),
(1148, 6, 416, NULL, 'New Employee Hired', 'New Employee Hired - Roma Bose', NULL, 'exC_Mbjk4vE:APA91bFdA8_AR3332zqNDcsqg0gcA5Oyc8e8Z26BkR1j174-RJVte1lrMTKSftluzNEyC0znpju6IQXEb6lm6TU-WMRHbxo36tufB598a0J_TQUZ6q_6SS6RD5GiWQj3rwUt4U38-M9YSX6zBXV6nR228UiT0pI-qg', NULL, NULL, 3, 2, '2018-07-12 10:19:24', NULL, '2018-07-12 08:41:19'),
(1149, 6, 418, NULL, 'New Employee Hired', 'New Employee Hired - Roma Bose', NULL, '', NULL, NULL, 3, 2, '2018-07-12 10:19:24', NULL, '2018-07-17 07:56:52'),
(1150, 6, 419, NULL, 'New Employee Hired', 'New Employee Hired - Roma Bose', NULL, '', NULL, NULL, 3, 2, '2018-07-12 10:19:24', NULL, '2019-03-14 11:57:18'),
(1151, 6, 420, NULL, 'New Employee Hired', 'New Employee Hired - Roma Bose', NULL, '', NULL, NULL, 3, 2, '2018-07-12 10:19:24', NULL, '2018-07-13 02:22:38'),
(1152, 6, 423, NULL, 'New Employee Hired', 'New Employee Hired - Roma Bose', NULL, '', NULL, NULL, 3, 2, '2018-07-12 10:19:24', NULL, '2019-04-26 11:12:15'),
(1153, 6, 431, NULL, 'New Employee Hired', 'New Employee Hired - Roma Bose', NULL, '', NULL, NULL, 3, 2, '2018-07-12 10:19:24', NULL, '2018-07-16 13:35:49'),
(1154, 6, 440, NULL, 'New Employee Hired', 'New Employee Hired - Roma Bose', NULL, '', NULL, NULL, 3, 2, '2018-07-12 10:19:24', NULL, '2019-02-01 00:06:54'),
(1155, 6, 444, NULL, 'New Employee Hired', 'New Employee Hired - Roma Bose', NULL, '', NULL, NULL, 2, 2, '2018-07-12 10:19:24', NULL, '2018-07-12 04:49:25'),
(1156, 6, 445, NULL, 'New Employee Hired', 'New Employee Hired - Roma Bose', NULL, '', NULL, NULL, 2, 2, '2018-07-12 10:19:24', NULL, '2018-07-12 04:49:25'),
(1157, 6, 446, NULL, 'New Employee Hired', 'New Employee Hired - Roma Bose', NULL, '', NULL, NULL, 2, 2, '2018-07-12 10:19:24', NULL, '2018-07-12 04:49:25'),
(1158, 6, 447, NULL, 'New Employee Hired', 'New Employee Hired - Roma Bose', NULL, '', NULL, NULL, 2, 2, '2018-07-12 10:19:24', NULL, '2018-07-12 04:49:25'),
(1159, 6, 448, NULL, 'New Employee Hired', 'New Employee Hired - Roma Bose', NULL, '', NULL, NULL, 2, 2, '2018-07-12 10:19:24', NULL, '2018-07-12 04:49:25'),
(1160, 6, 450, NULL, 'New Employee Hired', 'New Employee Hired - Roma Bose', NULL, '', NULL, NULL, 2, 2, '2018-07-12 10:19:24', NULL, '2018-07-12 04:49:25'),
(1161, 6, 453, NULL, 'New Employee Hired', 'New Employee Hired - Roma Bose', NULL, '', NULL, NULL, 2, 2, '2018-07-12 10:19:24', NULL, '2018-07-12 04:49:25'),
(1162, 6, 454, NULL, 'New Employee Hired', 'New Employee Hired - Roma Bose', NULL, '', NULL, NULL, 2, 2, '2018-07-12 10:19:24', NULL, '2018-07-12 04:49:25'),
(1163, 6, 455, NULL, 'New Employee Hired', 'New Employee Hired - Roma Bose', NULL, '', NULL, NULL, 2, 2, '2018-07-12 10:19:24', NULL, '2018-07-12 04:49:25'),
(1164, 6, 456, NULL, 'New Employee Hired', 'New Employee Hired - Roma Bose', NULL, '', NULL, NULL, 2, 2, '2018-07-12 10:19:24', NULL, '2018-07-12 04:49:25'),
(1165, 6, 457, NULL, 'New Employee Hired', 'New Employee Hired - Roma Bose', NULL, '', NULL, NULL, 2, 2, '2018-07-12 10:19:24', NULL, '2018-07-12 04:49:25'),
(1166, 6, 458, NULL, 'New Employee Hired', 'New Employee Hired - Roma Bose', NULL, '', NULL, NULL, 2, 2, '2018-07-12 10:19:24', NULL, '2018-07-12 04:49:25'),
(1167, 6, 468, NULL, 'New Employee Hired', 'New Employee Hired - Roma Bose', NULL, '', NULL, NULL, 2, 2, '2018-07-12 10:19:24', NULL, '2018-07-12 04:49:25'),
(1168, 6, 470, NULL, 'New Employee Hired', 'New Employee Hired - Roma Bose', NULL, 'debp3_zZ7QU:APA91bHKkZqJKb0G_cAB8hBoOYKCqJ3cfPR_CM0beg9k-7q2bw4D0Qfdw6Vy2vy_uMhpnoNnSFmOyrEO8BRQG9Dwpoi1ytn293sWhpaLkj89zIR9YOIaG0pB7z_SF3HjZ4oLHzipTS8gNlj6m2RdLgfAMxI5SJWvow', NULL, NULL, 3, 2, '2018-07-12 10:19:24', NULL, '2019-03-26 06:05:35'),
(1169, 6, 472, NULL, 'New Employee Hired', 'New Employee Hired - Roma Bose', NULL, 'dKrMGQ2EqVQ:APA91bHE8YewdVbm8sNqA7-mY2UV-EDvmZG3FWd2XJgM6WD3Nxnh6Kbwhkv2-O_1Sb8Z9JnIE6e1_gKiulaZeB4I5_2fUThDV5Qh1UhWg5wBhEcQRgq3Qf0xg8pSmruS6qAkDRBppafNo3qNVMoZiFN038T0jp8kgA', NULL, NULL, 3, 2, '2018-07-12 10:19:24', NULL, '2019-03-18 23:34:36'),
(1170, 6, 473, NULL, 'New Employee Hired', 'New Employee Hired - Roma Bose', NULL, '', NULL, NULL, 3, 2, '2018-07-12 10:19:24', NULL, '2019-02-13 16:44:15'),
(1171, 6, 475, NULL, 'New Employee Hired', 'New Employee Hired - Roma Bose', NULL, '', NULL, NULL, 3, 2, '2018-07-12 10:19:24', NULL, '2019-03-19 13:27:50'),
(1172, 6, 477, NULL, 'New Employee Hired', 'New Employee Hired - Roma Bose', NULL, '', NULL, NULL, 3, 2, '2018-07-12 10:19:24', NULL, '2019-03-20 11:18:00'),
(1173, 6, 478, NULL, 'New Employee Hired', 'New Employee Hired - Roma Bose', NULL, '', NULL, NULL, 3, 2, '2018-07-12 10:19:24', NULL, '2018-07-17 15:44:14'),
(1174, 6, 480, NULL, 'New Employee Hired', 'New Employee Hired - Roma Bose', NULL, '', NULL, NULL, 2, 2, '2018-07-12 10:19:24', NULL, '2018-07-12 04:49:24'),
(1175, 6, 483, NULL, 'New Employee Hired', 'New Employee Hired - Roma Bose', NULL, '', NULL, NULL, 2, 2, '2018-07-12 10:19:24', NULL, '2018-07-12 04:49:24'),
(1176, 6, 484, NULL, 'New Employee Hired', 'New Employee Hired - Roma Bose', NULL, '', NULL, NULL, 3, 2, '2018-07-12 10:19:24', NULL, '2018-07-17 09:50:00'),
(1177, 6, 485, NULL, 'New Employee Hired', 'New Employee Hired - Roma Bose', NULL, '', NULL, NULL, 2, 2, '2018-07-12 10:19:24', NULL, '2018-07-12 04:49:24'),
(1178, 6, 499, NULL, 'New Employee Hired', 'New Employee Hired - Roma Bose', NULL, '', NULL, NULL, 2, 2, '2018-07-12 10:19:24', NULL, '2018-07-12 04:49:24'),
(1179, 6, 500, NULL, 'New Employee Hired', 'New Employee Hired - Roma Bose', NULL, '', NULL, NULL, 3, 2, '2018-07-12 10:19:24', NULL, '2018-07-12 11:28:26'),
(1180, 6, 501, NULL, 'New Employee Hired', 'New Employee Hired - Roma Bose', NULL, '', NULL, NULL, 2, 2, '2018-07-12 10:19:24', NULL, '2018-07-12 04:49:24'),
(1181, 6, 502, NULL, 'New Employee Hired', 'New Employee Hired - Roma Bose', NULL, '', NULL, NULL, 3, 2, '2018-07-12 10:19:24', NULL, '2018-07-16 14:12:11'),
(1182, 6, 1, NULL, 'New Employee Hired', 'New Employee Hired - Abhishek Yadav', NULL, '', NULL, NULL, 3, 2, '2018-07-12 10:23:03', NULL, '2022-01-18 10:40:39'),
(1183, 6, 2, NULL, 'New Employee Hired', 'New Employee Hired - Abhishek Yadav', NULL, 'cx6cJ8F8FCs:APA91bEVCXkZWkJBYkASz9kMUf3WRio9GS3ufKaZnrRvP47iiUJBzXQGzTwMNcv5UEmFpFXrmK9uza3hHjQGax0bnhUV2DcUj74wnpwOMEE1DROmYgSwqa25W0JiU_l-hkEHT8tcx5fK5PitoNk6sicWZBaOFp-5gA', NULL, NULL, 3, 2, '2018-07-12 10:23:03', NULL, '2019-04-04 07:53:52'),
(1184, 6, 3, NULL, 'New Employee Hired', 'New Employee Hired - Abhishek Yadav', NULL, '', NULL, NULL, 2, 2, '2018-07-12 10:23:03', NULL, '2018-07-12 04:53:12'),
(1185, 6, 4, NULL, 'New Employee Hired', 'New Employee Hired - Abhishek Yadav', NULL, '', NULL, NULL, 3, 2, '2018-07-12 10:23:03', NULL, '2019-03-13 05:15:48'),
(1186, 6, 5, NULL, 'New Employee Hired', 'New Employee Hired - Abhishek Yadav', NULL, '', NULL, NULL, 3, 2, '2018-07-12 10:23:03', NULL, '2019-02-28 09:12:48'),
(1187, 6, 6, NULL, 'New Employee Hired', 'New Employee Hired - Abhishek Yadav', NULL, '', NULL, NULL, 3, 2, '2018-07-12 10:23:03', NULL, '2019-03-05 04:55:09'),
(1188, 6, 7, NULL, 'New Employee Hired', 'New Employee Hired - Abhishek Yadav', NULL, 'frYNexbexL0:APA91bG7nsQw7V1tcsl4j7KExi2VCeBD-WYFyCgwraF2L_52o6RMXdiuvyTQd-dpnTDaZpNlqD6EQEFav8rlVivvSW6T_8Z_QM44de4EQxvRxRyLW7ywxjn6d-w4ZtGPupnBLeLnkIjZLPYkd0GQach6uhko0Bpi-g', NULL, NULL, 3, 2, '2018-07-12 10:23:03', NULL, '2019-03-19 11:27:52'),
(1189, 6, 8, NULL, 'New Employee Hired', 'New Employee Hired - Abhishek Yadav', NULL, '', NULL, NULL, 3, 2, '2018-07-12 10:23:03', NULL, '2019-03-14 10:14:01'),
(1190, 6, 9, NULL, 'New Employee Hired', 'New Employee Hired - Abhishek Yadav', NULL, '', NULL, NULL, 3, 2, '2018-07-12 10:23:03', NULL, '2019-03-20 08:16:51'),
(1191, 6, 11, NULL, 'New Employee Hired', 'New Employee Hired - Abhishek Yadav', NULL, '', NULL, NULL, 3, 2, '2018-07-12 10:23:03', NULL, '2018-07-12 13:52:04'),
(1192, 6, 12, NULL, 'New Employee Hired', 'New Employee Hired - Abhishek Yadav', NULL, '', NULL, NULL, 3, 2, '2018-07-12 10:23:03', NULL, '2019-03-26 05:20:29'),
(1193, 6, 13, NULL, 'New Employee Hired', 'New Employee Hired - Abhishek Yadav', NULL, 'c4Sq79BAPI4:APA91bEqlsXK6dREjgyyiNSJ4tdY6h72zVTsI55n18ceheMb3a4JJ-8pbtf6EmyHvzB7KIS-Xbn2g4BlXJHsCZg28dOuEW6LSxYzn3vFXSSXTUIjsajA94J1IDEpCVD66-NESI78mjTUcXhywrsg1_eKlPaWc77Jtw', NULL, NULL, 2, 2, '2018-07-12 10:23:03', NULL, '2018-07-12 04:53:11'),
(1194, 6, 15, NULL, 'New Employee Hired', 'New Employee Hired - Abhishek Yadav', NULL, '', NULL, NULL, 3, 2, '2018-07-12 10:23:03', NULL, '2019-03-14 11:06:34'),
(1195, 6, 16, NULL, 'New Employee Hired', 'New Employee Hired - Abhishek Yadav', NULL, '', NULL, NULL, 3, 2, '2018-07-12 10:23:03', NULL, '2019-03-13 08:05:21'),
(1196, 6, 17, NULL, 'New Employee Hired', 'New Employee Hired - Abhishek Yadav', NULL, '', NULL, NULL, 3, 2, '2018-07-12 10:23:03', NULL, '2019-03-20 04:39:00'),
(1197, 6, 18, NULL, 'New Employee Hired', 'New Employee Hired - Abhishek Yadav', NULL, '', NULL, NULL, 3, 2, '2018-07-12 10:23:03', NULL, '2019-03-21 03:13:26');
