-- Dumping data for table `departments`
--

INSERT INTO `departments` (`dept_id`, `dept_name`, `phone`, `email`, `description`, `status`, `emp_type`, `dept_color`, `created_at`, `updated_at`) VALUES
(1, 'Human Resource', '+1703-263-0855,320', 'hr@usmsystems.com', 'For all Employment on boarding documents(I-9, W4,  medical Insurance enrolment etc.), leave notices, experience letters, Vendor/client letters etc.', 1, 0, 'bg-gradient-blue', '2016-05-09 12:07:54', '2016-05-09 12:07:54'),
(2, 'Time Sheets', '+1703-263-0855,334', 'timesheets@usmsystems.com', 'As a consulting employee it is very important to send your approved time sheets every week by Monday of the day on following Week', 1, 0, 'bg-gradient-green', '2016-05-09 12:07:54', '2016-05-09 12:07:54'),
(3, 'Payroll', '+1703-263-0855,302', 'payroll@usmsystems.com', 'For all Payroll related question, w2s, deductions, etc, we have a dedicated person in our Chantilly office', 1, 0, 'bg-gradient-success', '2016-05-09 12:07:54', '2016-05-09 12:07:54'),
(4, 'Immigration', '+1703-263-0855,338', 'immigration@usmsystems.com', 'For H1B, H4, premium processing, Green Card related questions, VISA related documents, etc', 1, 0, 'bg-gradient-warning', '2016-05-09 12:07:54', '2016-05-09 12:07:54'),
(5, 'End of Assignment', '+1703-263-0855,328', 'assignments@usmsystems@.com', 'Please notify our hotlist team about assignment end date and for any other project search related questions', 1, 0, 'bg-gradient-danger', '2016-05-09 12:07:54', '2016-05-09 12:07:54'),
(6, 'Accounts Receivable', '+1703-263-0855,304', 'accounts@usmsystems.com', 'Payment related issues', 1, 1, 'bg-gradient-teal', '2016-05-09 12:07:54', '2016-05-09 12:07:54'),
(7, 'Accounts payable', '+1703-263-0855,304', 'accounts@usmsystems.com', 'Payments Related issues', 1, 2, 'bg-gradient-indigo', NULL, NULL),
(8, 'ERM', '+13206658988', 'ermteam@usmsystems.com', 'ERM Team', 0, 0, 'bg-gradient-success', NULL, NULL),
(9, 'Management', '+1703-263-0855,320', 'management@usmsystems.com', 'conversation beween consultants and admin users', 1, 0, 'bg-gradient-teal', NULL, NULL);

-- --------------------------------------------------------

--
-- Table structure for table `emp_type`
--

CREATE TABLE IF NOT EXISTS `emp_type` (
  `type_id` int(10) UNSIGNED NOT NULL AUTO_INCREMENT,
  `type_name` varchar(128) NOT NULL,
  `description` text NOT NULL,
  `created_at` datetime NOT NULL DEFAULT CURRENT_TIMESTAMP,
  `updated_at` datetime NOT NULL DEFAULT CURRENT_TIMESTAMP ON UPDATE CURRENT_TIMESTAMP,
  `user_type` tinyint(1) UNSIGNED NOT NULL,
  `status` tinyint(1) UNSIGNED NOT NULL DEFAULT '1',
  PRIMARY KEY (`type_id`)
) ENGINE=InnoDB AUTO_INCREMENT=8 DEFAULT CHARSET=latin1;

--
-- RELATIONSHIPS FOR TABLE `emp_type`:
--

--
-- Dumping data for table `emp_type`
--

INSERT INTO `emp_type` (`type_id`, `type_name`, `description`, `created_at`, `updated_at`, `user_type`, `status`) VALUES
(1, 'W2', '', '2017-05-15 14:30:12', '2017-05-15 16:44:59', 2, 1),
(2, 'C2C', '', '2017-05-15 14:30:33', '2017-05-15 16:45:03', 2, 1),
(3, 'Management', '', '2017-05-15 14:30:33', '2017-05-15 16:45:07', 1, 1),
(4, 'Internal Operations', '', '2017-05-15 14:30:52', '2017-05-15 16:45:10', 1, 1),
(5, 'Consultant', '', '2017-05-15 14:31:15', '2017-05-15 16:45:13', 1, 1),
(6, 'Developer', '', '2017-05-15 14:31:15', '2017-05-15 16:45:16', 1, 1),
(7, 'Permanent', '', '2017-05-15 14:33:07', '2017-05-15 16:45:18', 1, 1);

-- --------------------------------------------------------

--
-- Table structure for table `feedback`
--

CREATE TABLE IF NOT EXISTS `feedback` (
  `id` int(10) UNSIGNED NOT NULL AUTO_INCREMENT,
  `description` text,
  `submitted_by` int(10) UNSIGNED NOT NULL,
  `submitted_at` timestamp NOT NULL DEFAULT CURRENT_TIMESTAMP ON UPDATE CURRENT_TIMESTAMP,
  PRIMARY KEY (`id`),
  KEY `submitted_by` (`submitted_by`),
  KEY `submitted_at` (`submitted_at`)
) ENGINE=InnoDB AUTO_INCREMENT=3 DEFAULT CHARSET=utf8;

--
-- RELATIONSHIPS FOR TABLE `feedback`:
--

--
-- Dumping data for table `feedback`
--

INSERT INTO `feedback` (`id`, `description`, `submitted_by`, `submitted_at`) VALUES
(2, 'This is testing Message for', 641, '2023-06-08 19:37:15');

-- --------------------------------------------------------

--
-- Table structure for table `feedback_items`
--

CREATE TABLE IF NOT EXISTS `feedback_items` (
  `id` tinyint(3) UNSIGNED NOT NULL AUTO_INCREMENT,
  `name` varchar(255) NOT NULL,
  `question` text,
  `status_id` tinyint(3) DEFAULT NULL,
  `created_at` datetime DEFAULT NULL,
  `updated_at` datetime DEFAULT NULL,
  PRIMARY KEY (`id`)
) ENGINE=InnoDB AUTO_INCREMENT=9 DEFAULT CHARSET=utf8;

--
-- RELATIONSHIPS FOR TABLE `feedback_items`:
--

--
-- Dumping data for table `feedback_items`
--

INSERT INTO `feedback_items` (`id`, `name`, `question`, `status_id`, `created_at`, `updated_at`) VALUES
(1, 'Human Resources', 'How satisfied you are in department ?', 1, NULL, NULL),
(2, 'Time Sheets', 'How satisfied you are in department ?', 1, NULL, NULL),
(3, 'Payroll', 'How satisfied you are in department ?', 1, NULL, NULL),
(4, 'Immigration', 'How satisfied you are in department ?', 1, NULL, NULL),
(5, 'End of Assignment', 'How satisfied you are in department ?', 1, NULL, NULL),
(6, 'Accounts Receivable', 'How satisfied you are in department ?', 1, NULL, NULL),
(7, 'Accounts Payable', 'How satisfied you are in department ?', 1, NULL, NULL),
(8, 'ERM', 'How satisfied you are in department ?', 1, NULL, NULL);

-- --------------------------------------------------------

--
-- Table structure for table `feedback_questions`
--

CREATE TABLE IF NOT EXISTS `feedback_questions` (
  `id` int(10) UNSIGNED NOT NULL AUTO_INCREMENT,
  `feedback_item_id` int(10) UNSIGNED NOT NULL,
  `name` text,
  PRIMARY KEY (`id`)
) ENGINE=InnoDB AUTO_INCREMENT=17 DEFAULT CHARSET=latin1;

--
-- RELATIONSHIPS FOR TABLE `feedback_questions`:
--

--
-- Dumping data for table `feedback_questions`
--

INSERT INTO `feedback_questions` (`id`, `feedback_item_id`, `name`) VALUES
(1, 1, 'How can we improve your experience with respect to each department?'),
(2, 1, 'How likely would you recommend to a friend or colleague to USM?'),
(3, 2, 'How can we improve your experience with respect to each department?'),
(4, 2, 'How likely would you recommend to a friend or colleague to USM?\r\n\r\n'),
(5, 3, 'How can we improve your experience with respect to each department?'),
(6, 3, 'How likely would you recommend to a friend or colleague to USM?\r\n\r\n'),
(7, 4, 'How can we improve your experience with respect to each department?'),
(8, 4, 'How likely would you recommend to a friend or colleague to USM?'),
(9, 5, 'How can we improve your experience with respect to each department?'),
(10, 5, 'How likely would you recommend to a friend or colleague to USM?\r\n\r\n'),
(11, 6, 'How can we improve your experience with respect to each department?'),
(12, 6, 'How likely would you recommend to a friend or colleague to USM?'),
(13, 7, 'How can we improve your experience with respect to each department?'),
(14, 7, 'How likely would you recommend to a friend or colleague to USM?\r\n\r\n'),
(15, 8, 'How can we improve your experience with respect to each department?'),
(16, 8, 'How likely would you recommend to a friend or colleague to USM?\r\n\r\n');

-- --------------------------------------------------------

--
-- Table structure for table `feedback_ratings`
--

CREATE TABLE IF NOT EXISTS `feedback_ratings` (
  `id` int(10) UNSIGNED NOT NULL AUTO_INCREMENT,
  `feedback_id` int(10) UNSIGNED NOT NULL,
  `item_id` tinyint(3) UNSIGNED NOT NULL,
  `question_id` int(10) DEFAULT NULL,
  `rating` tinyint(3) UNSIGNED NOT NULL,
  PRIMARY KEY (`id`),
  KEY `feedback_id` (`feedback_id`),
  KEY `item_id` (`item_id`)
) ENGINE=InnoDB AUTO_INCREMENT=17 DEFAULT CHARSET=utf8;

--
-- RELATIONSHIPS FOR TABLE `feedback_ratings`:
--

--
-- Dumping data for table `feedback_ratings`
--

INSERT INTO `feedback_ratings` (`id`, `feedback_id`, `item_id`, `question_id`, `rating`) VALUES
(9, 2, 1, NULL, 4),
(10, 2, 2, NULL, 2),
(11, 2, 3, NULL, 5),
(12, 2, 4, NULL, 3),
(13, 2, 5, NULL, 3),
(14, 2, 6, NULL, 3),
(15, 2, 7, NULL, 4),
(16, 2, 8, NULL, 4);

-- --------------------------------------------------------

--
-- Table structure for table `friend_referrals`
--

CREATE TABLE IF NOT EXISTS `friend_referrals` (
  `friend_referral_id` int(10) UNSIGNED NOT NULL AUTO_INCREMENT,
  `user_id` int(10) UNSIGNED NOT NULL,
  `visa_type_id` int(10) DEFAULT NULL,
  `name` varchar(255) CHARACTER SET utf8 DEFAULT NULL,
  `fname` varchar(128) COLLATE utf8_unicode_ci NOT NULL,
  `lname` varchar(64) COLLATE utf8_unicode_ci NOT NULL,
  `mname` varchar(64) CHARACTER SET utf8 DEFAULT NULL,
  `email` varchar(128) COLLATE utf8_unicode_ci NOT NULL,
  `phone` varchar(32) COLLATE utf8_unicode_ci NOT NULL,
  `skills` varchar(255) CHARACTER SET utf8 DEFAULT NULL,
  `location` varchar(128) CHARACTER SET utf8 DEFAULT NULL,
  `job_title` varchar(128) COLLATE utf8_unicode_ci DEFAULT NULL,
  `total_exp` int(10) UNSIGNED DEFAULT NULL,
  `resume` varchar(255) COLLATE utf8_unicode_ci DEFAULT NULL,
  `comment` varchar(255) CHARACTER SET utf8 DEFAULT NULL,
  `status` tinyint(1) UNSIGNED NOT NULL DEFAULT '1',
  `created_at` timestamp NULL DEFAULT NULL,
  `created_by` int(10) UNSIGNED NOT NULL,
  `updated_at` timestamp NULL DEFAULT NULL,
  `updated_by` int(20) NOT NULL,
  PRIMARY KEY (`friend_referral_id`),
  KEY `user_id` (`user_id`),
  KEY `visa_type_id` (`visa_type_id`)
) ENGINE=InnoDB AUTO_INCREMENT=165 DEFAULT CHARSET=utf8 COLLATE=utf8_unicode_ci;

--
-- RELATIONSHIPS FOR TABLE `friend_referrals`:
--

--
-- Dumping data for table `friend_referrals`
--

INSERT INTO `friend_referrals` (`friend_referral_id`, `user_id`, `visa_type_id`, `name`, `fname`, `lname`, `mname`, `email`, `phone`, `skills`, `location`, `job_title`, `total_exp`, `resume`, `comment`, `status`, `created_at`, `created_by`, `updated_at`, `updated_by`) VALUES
(19, 15, 7, 'Ramana Gogula', 'Kumar', '', 'N', 'rgogula@gmmmm.co', '5032345523', 'Big data, Analytics, Hadoop, Scala', '', 'Data Analyst', 0, 'reffriend_19_20191112102144_Sample pdf.pdf', 'Test doc atached', 1, '2019-11-12 04:51:44', 15, '2019-11-12 04:51:44', 0),
(43, 15, NULL, 'Kaladhar', 'Kaladhar', '', NULL, 'kdsha@gmail.com', '7878787878', 'php, laravel', 'hyd', NULL, NULL, NULL, 'ok', 1, '2019-11-13 04:47:41', 0, '2019-11-13 04:47:41', 0),
(47, 15, 0, '', 'Rambabu', 'Achanta', 'R', 'rmasa@fggg.vom', '12384763dd', 'Hadoop, Spark, Scala, SQL, Oracle', 'Dallas, TX', 'Data analyst', 8, 'reffriend_47_20191113112756_ClusterBasedRanking.pdf', 'Willing to transfer if I get a long project in and around Dallas, TX', 1, '2019-11-13 05:57:56', 15, '2019-11-13 05:57:56', 0),
(54, 15, 8, '', 'Shyamu', 'Noothi', 'B', 'snooti@hfgf.com', '51776533445', 'Java, java script, css, html', 'Chicago', 'Software Engineer', 5, 'reffriend_54_20191113114527_ClusterBasedRanking.pdf', 'Test with dakshin ip address', 1, '2019-11-13 06:15:27', 15, '2019-11-13 06:15:27', 0),
(101, 1, 3, '', 'boss', 'g', 'vvs', 'ddd@gmail.comss', '812132322167', 'php', 'hyd', 'dev', 2, 'reffriend_101_20191114095101_LCA_info.pdf', 'test', 1, '2019-11-14 04:21:01', 1, '2019-11-14 04:21:01', 0),
(102, 408, 6, '', 'ravi', 'k', 'kumar', 'test@gmail.com', '231456789135', 'java', 'US', NULL, NULL, NULL, 'Test', 1, '2019-11-14 04:30:24', 408, '2019-11-14 04:30:24', 0),
(103, 408, 5, '', 'ravi', 'm', 'kumar', 'abc@gmail.com', '123457891338', 'python', NULL, NULL, NULL, NULL, 'Testing', 1, '2019-11-14 04:32:11', 408, '2019-11-14 04:32:11', 0),
(109, 408, 7, '', 'haritha', 'd', 'd', 'abc@gmail.com', '123466756888', 'android', 'Hyde Park, NY, USA', NULL, NULL, NULL, NULL, 1, '2019-11-14 06:49:57', 408, '2019-11-14 06:49:57', 0),
(110, 408, 6, '', 'ravi', 'k', 'kumar', 'test@gmail.com', '231456789135', 'java', 'US', NULL, NULL, 'reffriend_110_20191115065041_file-sample_100kB.doc', 'Test', 1, '2019-11-15 01:20:40', 408, '2019-11-15 01:20:41', 0),
(113, 15, 3, '', 'kdsha', 'r', '', 'kdsha@gmail.com', '7878787878', 'php, laravel', 'hyd', NULL, NULL, 'reffriend_113_20191115071121_17-ML_Syllabus.docx', 'ok', 1, '2019-11-15 01:41:21', 15, '2019-11-15 01:41:21', 0),
(114, 15, 3, '', 'kdsha', 'r', '', 'kdsha@gmail.com', '7878787878', 'php, laravel', 'hyd', NULL, NULL, 'reffriend_114_20191115071632_17-ML_Syllabus.docx', 'ok', 1, '2019-11-15 01:46:32', 15, '2019-11-15 01:46:32', 0),
(115, 1, 33, '', 'rajkiran', 'g', 'vvs', 'prasadursgoli@gmail.com', '812132322167', 'php', 'hyd', 'dev', 2, NULL, 'test', 1, '2019-11-15 01:55:23', 1, NULL, 0),
(116, 15, 3, '', 'kdsha', 'r', '', 'kdsha@gmail.com', '7878787878', 'php, laravel', 'hyd', NULL, NULL, 'reffriend_116_20191115073339_17-ML_Syllabus.docx', 'ok', 1, '2019-11-15 02:03:39', 15, '2019-11-15 02:03:39', 0),
(117, 15, 3, '', 'kdsha', 'r', '', 'kdsha@gmail.com', '7878787878', 'php, laravel', 'hyd', NULL, NULL, 'reffriend_117_20191115080655_17-ML_Syllabus.docx', 'ok', 1, '2019-11-15 02:36:55', 15, '2019-11-15 02:36:55', 0),
(131, 1, 32, '', 'fff', 'g', 'vvs', 'rrroli@gmail.comee', '812132322167', 'php', 'hyd', 'dev', 2, 'reffriend_131_20191115094116_LCA_info.pdf', 'test', 1, '2019-11-15 04:11:16', 1, '2019-11-15 04:11:16', 0),
(138, 408, 6, '', 'ravi', 'k', 'kumar', 'test@gmail.com', '231456789135', 'java', 'US', NULL, NULL, NULL, 'Test', 1, '2019-11-15 04:46:19', 408, '2019-11-15 04:46:19', 0),
(140, 416, 25, '', 'superstar', 'd', 'd', 'df@gmail.com11', '0011111111', '', 'hyd', '', 2, 'reffriend_140_20191115124308_LCA_info.pdf', 'test', 1, '2019-11-15 07:13:08', 416, '2019-11-15 07:13:08', 0),
(141, 416, 25, '', 'rajinikanth', 'df', 'df', 'df@gmail.com112', '0011111111', 'd', 'hyd', 'dd', 2, 'reffriend_141_20191115130932_LCA_info.pdf', 'test', 1, '2019-11-15 07:39:32', 416, '2019-11-15 07:39:32', 0),
(159, 440, 95, '', 'raghu', 'Pratap', '', 'rag@gmail.com', '1454501458', '', '', '', 0, NULL, 'hi', 1, '2019-12-03 20:10:18', 440, NULL, 0),
(160, 85, 24, '', 'Bharath', 'Cheerla', 'Reddy', 'bharathc@usmsystems.com', '7038808657', '', 'Virginia', '', 0, NULL, '', 1, '2019-12-03 21:02:24', 85, NULL, 0),
(161, 440, 31, '', 'Bharath', 'Achyuth', '&', 'erm@usmsystems.com', '1234567890', '', '', '', 0, NULL, 'hello pls refer my frnd to USM', 1, '2019-12-04 17:08:12', 440, NULL, 0),
(162, 440, 25, '', 'Bharath', 'Cheerla', 'Reddy', 'bharathc@usmsystems.com', '7038808657', '', '', '', 0, 'reffriend_162_20191204122009_Parthipan__Resume_1__1_.docx', 'Bharath is testing the application', 1, '2019-12-04 17:20:09', 440, '2019-12-04 17:20:09', 0),
(163, 414, 32, '', 'Bharath', 'Achyuth', '&', 'erm@usmsystems.com', '1234567890', '', '', '', 0, NULL, '', 1, '2019-12-04 17:37:13', 414, NULL, 0),
(164, 408, 32, '', 'testing', 'android', '', 'abc@gmail.com', '524357688523', 'python', 'hyderabad', 'Python developer', 2, 'reffriend_164_20191205115735_11.pdf', NULL, 1, '2019-12-05 16:57:35', 408, '2019-12-05 16:57:35', 0);

-- --------------------------------------------------------

--
-- Table structure for table `immigration_docs`
--

CREATE TABLE IF NOT EXISTS `immigration_docs` (
  `id` int(10) UNSIGNED NOT NULL AUTO_INCREMENT,
  `emp_id` int(10) UNSIGNED NOT NULL,
  `doc_title` varchar(128) DEFAULT NULL,
  `filename` varchar(255) DEFAULT NULL,
  `comment` varchar(500) DEFAULT NULL,
  `created_by` int(10) UNSIGNED NOT NULL,
  `created_at` datetime NOT NULL,
  `updated_by` int(10) UNSIGNED DEFAULT NULL,
  `updated_at` timestamp NULL DEFAULT NULL,
  PRIMARY KEY (`id`),
  KEY `emp_id` (`emp_id`),
  KEY `created_by` (`created_by`)
) ENGINE=InnoDB DEFAULT CHARSET=utf8;

--
-- RELATIONSHIPS FOR TABLE `immigration_docs`:
--

-- --------------------------------------------------------

--
-- Table structure for table `messages`
--

CREATE TABLE IF NOT EXISTS `messages` (
  `message_id` bigint(20) UNSIGNED NOT NULL AUTO_INCREMENT,
  `user_id` int(10) UNSIGNED NOT NULL COMMENT 'Consultant Id',
  `dept_id` int(10) UNSIGNED DEFAULT NULL,
  `message` text COLLATE utf8_unicode_ci NOT NULL,
  `upload_doc` varchar(255) COLLATE utf8_unicode_ci NOT NULL,
  `upload_path` varchar(255) COLLATE utf8_unicode_ci NOT NULL,
  `doc_type` varchar(16) COLLATE utf8_unicode_ci NOT NULL,
  `message_type` tinyint(1) UNSIGNED NOT NULL COMMENT '0-Consultant, 1-ERM team',
  `read_status` tinyint(1) UNSIGNED NOT NULL DEFAULT '0' COMMENT '0-Un Read, 1 Read',
  `posted_by` int(10) UNSIGNED DEFAULT NULL,
  `read_by` int(10) UNSIGNED DEFAULT NULL,
  `created_at` timestamp NOT NULL DEFAULT '0000-00-00 00:00:00',
  `updated_at` timestamp NOT NULL DEFAULT '0000-00-00 00:00:00',
  PRIMARY KEY (`message_id`),
  KEY `messages_dept_id_index` (`dept_id`),
  KEY `user_id` (`user_id`),
  KEY `posted_by` (`posted_by`),
  KEY `read_status` (`read_status`),
  KEY `message_type` (`message_type`),
  KEY `doc_type` (`doc_type`)
) ENGINE=InnoDB AUTO_INCREMENT=2129 DEFAULT CHARSET=utf8 COLLATE=utf8_unicode_ci;

--
-- RELATIONSHIPS FOR TABLE `messages`:
--   `dept_id`
--       `departments` -> `dept_id`
--

--
-- Dumping data for table `messages`
--

INSERT INTO `messages` (`message_id`, `user_id`, `dept_id`, `message`, `upload_doc`, `upload_path`, `doc_type`, `message_type`, `read_status`, `posted_by`, `read_by`, `created_at`, `updated_at`) VALUES
(1, 1, 1, 'Hi', '', '', '', 0, 1, 15, NULL, '2016-10-27 13:02:48', '2019-12-10 19:38:32'),
(2, 15, 1, 'Hiii', '', '', '', 0, 1, 15, NULL, '2016-10-27 13:05:02', '2020-03-23 14:59:27'),
(3, 15, 1, 'hello a  aa', '', '', '', 1, 1, 1, NULL, '2016-10-27 13:05:27', '2019-12-10 14:32:56'),
(4, 15, 1, 'Hi hi', '', '', '', 0, 1, 15, NULL, '2016-10-27 13:09:04', '2020-03-23 14:59:27'),
(5, 15, 1, 'Hi', '', '', '', 0, 1, 15, NULL, '2016-10-27 13:09:44', '2020-03-23 14:59:27'),
(6, 15, 1, 'Nns', '', '', '', 0, 1, 15, NULL, '2016-10-27 13:09:47', '2020-03-23 14:59:27'),
(7, 15, 1, 'sdfdwfdsafda', '', '', '', 1, 1, 1, NULL, '2016-10-27 13:41:20', '2019-12-10 14:32:56'),
(8, 15, 1, 'Hji', '', '', '', 0, 1, 15, NULL, '2016-10-27 13:41:55', '2020-03-23 14:59:27'),
(9, 15, 1, 'Hi', '', '', '', 0, 1, 15, NULL, '2016-10-27 13:42:08', '2020-03-23 14:59:27'),
(10, 15, 1, 'Hello', '', '', '', 0, 1, 15, NULL, '2016-10-27 15:37:47', '2020-03-23 14:59:27'),
(11, 15, 1, 'Hjkll', '', '', '', 0, 1, 15, NULL, '2016-10-27 15:37:53', '2020-03-23 14:59:27'),
(12, 15, 1, 'Test from app', '', '', '', 0, 1, 15, NULL, '2016-10-27 15:38:24', '2020-03-23 14:59:27'),
(13, 15, 1, 'ok', '', '', '', 1, 1, 1, NULL, '2016-10-27 15:38:40', '2019-12-10 14:32:56'),
(14, 15, 1, 'Hi', '', '', '', 0, 1, 15, NULL, '2016-10-29 13:06:02', '2020-03-23 14:59:27'),
(15, 15, 1, 'hi', '', '', '', 1, 1, 1, NULL, '2016-10-29 13:06:23', '2019-12-10 14:32:56'),
(16, 15, 1, 'hi', '', '', '', 1, 1, 1, NULL, '2016-10-29 13:06:24', '2019-12-10 14:32:56'),
(17, 15, 1, 'Hi 123', '', '', '', 0, 1, 15, NULL, '2016-10-29 13:07:14', '2020-03-23 14:59:27'),
(18, 15, 1, 'yah tell me ', '', '', '', 1, 1, 1, NULL, '2016-10-29 13:07:51', '2019-12-10 14:32:56'),
(19, 15, 2, 'Hi', '', '', '', 0, 1, 15, NULL, '2016-10-29 13:09:09', '2019-12-04 17:34:27'),
(20, 15, 2, 'yah tell me', '', '', '', 1, 1, 1, NULL, '2016-10-29 13:09:50', '2019-11-27 10:28:18'),
(21, 15, 2, 'My Project is completing soon', '', '', '', 1, 1, 1, NULL, '2016-10-29 13:12:22', '2019-11-27 10:28:18'),
(22, 15, 2, '123', '', '', '', 0, 1, 15, NULL, '2016-10-29 13:13:08', '2019-12-04 17:34:27'),
(23, 15, 2, '123', '', '', '', 0, 1, 15, NULL, '2016-10-29 13:13:09', '2019-12-04 17:34:27'),
(24, 2, 2, '123', '', '', '', 0, 1, 15, NULL, '2016-10-29 13:13:09', '2019-10-31 04:30:46'),
(25, 15, 2, 'hi', '', '', '', 1, 1, 1, NULL, '2016-10-29 13:13:52', '2019-11-27 10:28:18'),
(26, 15, 2, 'hi', '', '', '', 1, 1, 1, NULL, '2016-10-29 13:15:08', '2019-11-27 10:28:18'),
(27, 15, 2, 'hi 111', '', '', '', 1, 1, 1, NULL, '2016-10-29 13:15:53', '2019-11-27 10:28:18'),
(28, 15, 2, 'Yep', '', '', '', 0, 1, 15, NULL, '2016-10-29 13:16:06', '2019-12-04 17:34:27'),
(29, 15, 2, 'hi 222', '', '', '', 1, 1, 1, NULL, '2016-10-29 13:16:14', '2019-11-27 10:28:18'),
(30, 15, 1, 'Hi 234', '', '', '', 0, 1, 15, NULL, '2016-10-29 13:24:30', '2020-03-23 14:59:27'),
(31, 15, 1, 'hi.. 234', '', '', '', 1, 1, 1, NULL, '2016-10-29 13:25:05', '2019-12-10 14:32:56'),
(32, 15, 1, 'Hello', '', '', '', 0, 1, 15, NULL, '2016-11-03 06:50:42', '2020-03-23 14:59:27'),
(33, 15, 1, 'Anyone there?', '', '', '', 0, 1, 15, NULL, '2016-11-03 06:51:17', '2020-03-23 14:59:27'),
(34, 15, 1, 'Anyone there?', '', '', '', 0, 1, 15, NULL, '2016-11-03 06:51:19', '2020-03-23 14:59:27'),
(35, 15, 1, 'Hi there', '', '', '', 0, 1, 15, NULL, '2016-11-03 19:17:13', '2020-03-23 14:59:27'),
(36, 15, 1, 'My visa related papers?', '', '', '', 0, 1, 15, NULL, '2016-11-03 19:17:50', '2020-03-23 14:59:27'),
(37, 15, 2, 'Hey', '', '', '', 0, 1, 15, NULL, '2016-11-03 19:18:06', '2019-12-04 17:34:27'),
(38, 15, 2, 'I worked 4 hours extra', '', '', '', 0, 1, 15, NULL, '2016-11-03 19:18:27', '2019-12-04 17:34:27'),
(39, 15, 2, 'Please check', '', '', '', 0, 1, 15, NULL, '2016-11-03 19:18:35', '2019-12-04 17:34:27'),
(40, 15, 3, 'Hello', '', '', '', 0, 1, 15, NULL, '2016-11-03 19:19:16', '2019-12-04 18:47:56'),
(41, 15, 3, 'It\'s payroll related page right', '', '', '', 0, 1, 15, NULL, '2016-11-03 19:19:48', '2019-12-04 18:47:56'),
(42, 15, 2, 'Hey', '', '', '', 0, 1, 15, NULL, '2016-11-03 19:23:55', '2019-12-04 17:34:27'),
(43, 15, 2, 'Time sheets!!!!!!', '', '', '', 0, 1, 15, NULL, '2016-11-03 19:24:12', '2019-12-04 17:34:27'),
(44, 15, 2, 'Hello', '', '', '', 0, 1, 15, NULL, '2016-11-03 19:24:55', '2019-12-04 17:34:27'),
(45, 15, 2, 'Hi', '', '', '', 0, 1, 15, NULL, '2016-11-03 19:25:17', '2019-12-04 17:34:27'),
(46, 15, 2, 'Test', '', '', '', 0, 1, 15, NULL, '2016-11-03 19:25:24', '2019-12-04 17:34:27'),
(47, 15, 4, 'Hi', '', '', '', 0, 1, 15, NULL, '2016-11-03 19:25:54', '2019-12-04 18:59:01'),
(48, 15, 4, 'Wats my h1b status', '', '', '', 0, 1, 15, NULL, '2016-11-03 19:26:12', '2019-12-04 18:59:01'),
(49, 15, 5, 'My assignment dates r postponed by 1 month', '', '', '', 0, 1, 15, NULL, '2016-11-03 19:27:03', '2019-12-04 17:06:17'),
(50, 15, 5, 'Pls note it', '', '', '', 0, 1, 15, NULL, '2016-11-03 19:27:17', '2019-12-04 17:06:17'),
(51, 15, 6, 'Please check about my extra pay', '', '', '', 0, 1, 15, NULL, '2016-11-03 19:27:56', '2019-12-04 18:49:19'),
(52, 1, 6, 'There', '', '', '', 0, 1, 15, NULL, '2016-11-03 19:28:06', '2019-11-22 04:39:42'),
(53, 15, 6, '???', '', '', '', 0, 1, 15, NULL, '2016-11-03 19:28:12', '2019-12-04 18:49:19'),
(54, 15, 1, 'Hi', '', '', '', 0, 1, 15, NULL, '2016-11-04 05:10:25', '2020-03-23 14:59:27'),
(55, 15, 1, 'Gdgh', '', '', '', 0, 1, 15, NULL, '2016-11-04 05:10:56', '2020-03-23 14:59:27'),
(56, 15, 1, 'Please check your email, i have attached the letter', '', '', '', 1, 1, 1, NULL, '2016-11-04 13:49:47', '2019-12-10 14:32:56'),
(57, 15, 2, 'Hello Kishore', '', '', '', 1, 1, 1, NULL, '2016-11-04 14:18:12', '2019-11-27 10:28:18'),
(58, 15, 2, 'Hi time sheets dept', '', '', '', 0, 1, 15, NULL, '2016-11-04 14:18:50', '2019-12-04 17:34:27'),
(59, 15, 4, 'will check on to it and get back to you soon.', '', '', '', 1, 1, 71, NULL, '2016-11-04 19:18:49', '2019-11-26 11:49:11'),
(60, 15, 1, 'hi,', '', '', '', 1, 1, 71, NULL, '2016-11-04 19:19:11', '2019-12-10 14:32:56'),
(61, 77, 1, 'Hello, is anyone there??', '', '', '', 0, 1, 77, NULL, '2016-11-04 20:19:12', '2017-03-03 11:13:47'),
(62, 77, 1, 'ofcourse iam here', '', '', '', 1, 1, 71, NULL, '2016-11-04 20:22:43', '2016-12-21 09:32:15'),
(63, 77, 2, 'Hello, ia anyone there??', '', '', '', 0, 1, 77, NULL, '2016-11-04 20:25:57', '2017-01-26 16:25:01'),
(64, 77, 1, 'Who is this?', '', '', '', 0, 1, 77, NULL, '2016-11-04 20:26:55', '2017-03-03 11:13:47'),
(65, 77, 3, 'Helloo', '', '', '', 0, 1, 77, NULL, '2016-11-04 20:30:27', '2016-12-21 09:31:04'),
(66, 77, 4, 'Hello', '', '', '', 0, 1, 77, NULL, '2016-11-04 20:30:35', '2017-07-24 12:54:12'),
(67, 77, 5, 'Helloo', '', '', '', 0, 1, 77, NULL, '2016-11-04 20:31:11', '2017-08-01 04:17:56'),
(68, 77, 6, 'Helloooo', '', '', '', 0, 1, 77, NULL, '2016-11-04 20:31:21', '2016-12-21 09:33:50'),
(69, 77, 4, 'Hello, is anyone there??', '', '', '', 0, 1, 77, NULL, '2016-11-07 16:11:24', '2017-07-24 12:54:12'),
(70, 77, 3, 'Is anyone there?', '', '', '', 0, 1, 77, NULL, '2016-11-07 16:11:46', '2016-12-21 09:31:04'),
(71, 77, 3, 'I have some questions regarding payroll', '', '', '', 0, 1, 77, NULL, '2016-11-07 16:12:00', '2016-12-21 09:31:04'),
(72, 77, 2, 'I have questions regarding time sheets. ', '', '', '', 0, 1, 77, NULL, '2016-11-07 16:12:15', '2017-01-26 16:25:01'),
(73, 77, 5, 'Is anyone there? ', '', '', '', 0, 1, 77, NULL, '2016-11-07 16:12:27', '2017-08-01 04:17:56'),
(74, 77, 5, 'My project is ending soon. What shouod i do?? ', '', '', '', 0, 1, 77, NULL, '2016-11-07 16:12:51', '2017-08-01 04:17:56'),
(75, 77, 5, 'Should ', '', '', '', 0, 1, 77, NULL, '2016-11-07 16:12:56', '2017-08-01 04:17:56'),
(76, 77, 6, 'Hello, is anyone there? I have some questions about ur company ', '', '', '', 0, 1, 77, NULL, '2016-11-07 16:13:31', '2016-12-21 09:33:50'),
(77, 77, 1, 'Hello, GM. ', '', '', '', 0, 1, 77, NULL, '2016-11-07 16:14:01', '2017-03-03 11:13:47'),
(78, 77, 1, 'hi', '', '', '', 1, 1, 71, NULL, '2016-11-07 16:30:35', '2016-12-21 09:32:15'),
(79, 77, 4, 'hi', '', '', '', 1, 1, 71, NULL, '2016-11-07 16:30:52', '2016-12-09 20:08:00'),
(80, 78, 1, 'Hi .. Sattar is trying to reach for some documents..', '', '', '', 0, 1, 78, NULL, '2016-11-07 16:54:04', '2017-03-13 12:25:04'),
(81, 78, 1, 'ok got', '', '', '', 1, 1, 71, NULL, '2016-11-07 16:54:33', '2016-12-27 15:44:08'),
(82, 78, 3, 'Hi Team.. I have some questions regarding my pay..', '', '', '', 0, 1, 78, NULL, '2016-11-07 16:55:00', '2017-01-26 16:56:04'),
(83, 78, 4, 'Hi Team.. I have some questions regarding some documents..', '', '', '', 0, 1, 78, NULL, '2016-11-07 16:55:47', '2017-08-01 05:26:48'),
(84, 78, 1, 'Thanks', '', '', '', 0, 1, 78, NULL, '2016-11-07 16:56:03', '2017-03-13 12:25:04'),
(85, 78, 5, 'Hi Team.. my current project is ending soon..I have some questions regarding my marketing..', '', '', '', 0, 1, 78, NULL, '2016-11-07 16:56:47', '2019-11-18 07:23:23'),
(86, 78, 4, 'please send the email to immigration@usmsystems.com', '', '', '', 1, 1, 71, NULL, '2016-11-07 17:11:39', '2016-12-21 09:27:49'),
(87, 15, 2, 'ok, let me verify and get back to you, thank you', '', '', '', 1, 1, 67, NULL, '2016-11-07 17:17:18', '2019-11-27 10:28:18'),
(88, 78, 3, 'yes please', '', '', '', 1, 1, 67, NULL, '2016-11-07 17:17:58', '2016-12-27 14:37:29'),
(89, 77, 3, 'yes please', '', '', '', 1, 1, 67, NULL, '2016-11-07 17:18:16', '2017-02-19 17:38:27'),
(90, 77, 6, 'Yes please tell me your question', '', '', '', 1, 1, 67, NULL, '2016-11-07 17:19:57', '2016-12-21 09:33:20'),
(91, 15, 6, 'Sure, thank you', '', '', '', 1, 1, 67, NULL, '2016-11-07 17:20:15', '2019-11-29 10:00:28'),
(92, 15, 3, 'Yes', '', '', '', 1, 1, 67, NULL, '2016-11-07 17:20:31', '2019-11-30 16:16:31'),
(93, 77, 2, 'Yes, please tell me', '', '', '', 1, 1, 67, NULL, '2016-11-07 17:20:55', '2017-02-13 10:36:05'),
(94, 78, 5, 'Hi Suresh, Can you please call me on number 703-263-0855 x 401 or advise the best time to connect with you to proceed further. ', '', '', '', 1, 1, 70, NULL, '2016-11-07 19:01:12', '2016-12-27 15:43:27'),
(95, 77, 5, 'Hey, tried calling you but unable to connect with you, please call me on number 703-263-0855 x 401 or advise the best time to connect with you to proceed further. ', '', '', '', 1, 1, 70, NULL, '2016-11-07 19:02:22', '2017-02-19 17:38:40'),
(96, 78, 4, 'Okay I mailed .. could you please check and let me know..', '', '', '', 0, 1, 78, NULL, '2016-11-07 19:06:56', '2017-08-01 05:26:48'),
(97, 78, 4, 'sure', '', '', '', 1, 1, 71, NULL, '2016-11-07 19:29:53', '2016-12-21 09:27:49'),
(98, 15, 5, 'Thanks Kishore, noted and requesting you to please revert when you want to initiate the marketing.', '', '', '', 1, 1, 70, NULL, '2016-11-07 20:15:26', '2019-11-25 12:12:57'),
(99, 77, 6, 'Hi , Ajay', '', '', '', 1, 1, 68, NULL, '2016-11-08 13:59:58', '2016-12-21 09:33:20'),
(100, 77, 6, 'please tell me', '', '', '', 1, 1, 68, NULL, '2016-11-08 14:00:22', '2016-12-21 09:33:20'),
(101, 78, 5, 'Hi..', '', '', '', 0, 1, 78, NULL, '2016-11-09 17:12:45', '2019-11-18 07:23:23'),
(102, 78, 2, 'Hi', '', '', '', 0, 1, 78, NULL, '2016-11-09 17:12:58', '2016-12-30 09:26:00'),
(103, 78, 1, 'Hi', '', '', '', 0, 1, 78, NULL, '2016-11-09 17:13:05', '2017-03-13 12:25:04'),
(104, 78, 6, 'Hi', '', '', '', 0, 1, 78, NULL, '2016-11-09 17:13:11', '2017-08-01 05:26:57'),
(105, 78, 1, 'hi', '', '', '', 1, 1, 71, NULL, '2016-11-09 19:11:47', '2016-12-27 15:44:08'),
(106, 77, 1, 'Helloo9', '', '', '', 0, 1, 77, NULL, '2016-11-09 19:24:55', '2017-03-03 11:13:47'),
(107, 77, 2, 'Wat is ur office working hours', '', '', '', 0, 1, 77, NULL, '2016-11-09 19:25:30', '2017-01-26 16:25:01'),
(108, 77, 3, 'Helloo', '', '', '', 0, 1, 77, NULL, '2016-11-09 19:25:58', '2016-12-21 09:31:04'),
(109, 77, 6, 'Helloo', '', '', '', 0, 1, 77, NULL, '2016-11-09 19:27:04', '2016-12-21 09:33:50'),
(110, 77, 5, 'Wat r ur office working hours??', '', '', '', 0, 1, 77, NULL, '2016-11-09 20:47:54', '2017-08-01 04:17:56'),
(111, 77, 1, 'hi', '', '', '', 1, 1, 71, NULL, '2016-11-09 20:48:09', '2016-12-21 09:32:15'),
(112, 77, 6, 'Helloo', '', '', '', 0, 1, 77, NULL, '2016-11-09 20:48:21', '2016-12-21 09:33:50'),
(113, 77, 6, 'R u there', '', '', '', 0, 1, 77, NULL, '2016-11-09 20:48:23', '2016-12-21 09:33:50'),
(114, 77, 1, 'How r u', '', '', '', 0, 1, 77, NULL, '2016-11-09 20:48:44', '2017-03-03 11:13:47'),
(115, 77, 1, 'pretty good. may I help you', '', '', '', 1, 1, 71, NULL, '2016-11-09 20:51:11', '2016-12-21 09:32:15'),
(116, 77, 6, 'yes please tell me', '', '', '', 1, 1, 79, NULL, '2016-11-09 20:54:46', '2016-12-21 09:33:20'),
(117, 78, 3, 'Hi ..I have few questions .. could you please let me know how I can connect with you..', '', '', '', 0, 1, 78, NULL, '2016-11-09 21:04:51', '2017-01-26 16:56:04'),
(118, 78, 4, 'Hi .. I have few questions.. could you please let me know how I can connect with you..', '', '', '', 0, 1, 78, NULL, '2016-11-09 21:05:31', '2017-08-01 05:26:48'),
(119, 78, 5, 'I have few questions.. could you please let me know how I can connect with you..', '', '', '', 0, 1, 78, NULL, '2016-11-09 21:06:01', '2019-11-18 07:23:23'),
(120, 78, 3, 'hi ', '', '', '', 1, 1, 79, NULL, '2016-11-09 21:16:01', '2016-12-27 14:37:29'),
(121, 78, 3, 'have', '', '', '', 1, 1, 79, NULL, '2016-11-09 21:16:21', '2016-12-27 14:37:29'),
(122, 78, 3, 'what question you have', '', '', '', 1, 1, 79, NULL, '2016-11-09 21:16:36', '2016-12-27 14:37:29'),
(123, 78, 4, 'you can reach out to me at 703 263 0855 ext 320', '', '', '', 1, 1, 71, NULL, '2016-11-09 21:25:17', '2016-12-21 09:27:49'),
(124, 78, 6, 'hi suresh', '', '', '', 1, 1, 68, NULL, '2016-11-10 12:29:56', '2016-12-27 14:37:37'),
(125, 78, 6, 'how are you', '', '', '', 1, 1, 68, NULL, '2016-11-10 12:30:12', '2016-12-27 14:37:37'),
(126, 77, 2, 'my working hours are 4PM IST to 1AMIST', '', '', '', 1, 1, 68, NULL, '2016-11-10 12:31:11', '2017-02-13 10:36:05'),
(127, 77, 2, 'my working hours are 4PM IST to 1AMIST', '', '', '', 1, 1, 68, NULL, '2016-11-10 12:31:12', '2017-02-13 10:36:05'),
(128, 15, 2, 'hi', '', '', '', 1, 1, 68, NULL, '2016-11-10 12:31:28', '2019-11-27 10:28:18'),
(129, 15, 2, 'how are you', '', '', '', 1, 1, 68, NULL, '2016-11-10 14:58:09', '2019-11-27 10:28:18'),
(130, 78, 2, 'hi', '', '', '', 1, 1, 68, NULL, '2016-11-10 14:59:49', '2016-12-21 09:28:25'),
(131, 78, 2, 'how are you', '', '', '', 1, 1, 68, NULL, '2016-11-10 15:00:02', '2016-12-21 09:28:25'),
(132, 78, 5, 'Hi', '', '', '', 0, 1, 78, NULL, '2016-11-10 18:02:56', '2019-11-18 07:23:23'),
(133, 78, 5, 'I didn\'t hear back anything from you..', '', '', '', 0, 1, 78, NULL, '2016-11-10 18:03:26', '2019-11-18 07:23:23'),
(134, 78, 5, 'Pls advise the best time to connect with you will call you accordingly', '', '', '', 1, 1, 70, NULL, '2016-11-10 19:28:01', '2016-12-27 15:43:27'),
(135, 78, 5, 'Pls advise the best time to connect with you will call you accordingly', '', '', '', 1, 1, 70, NULL, '2016-11-10 19:28:07', '2016-12-27 15:43:27'),
(136, 77, 1, 'Hello, please tell me ur name? ', '', '', '', 0, 1, 77, NULL, '2016-11-10 22:36:55', '2017-03-03 11:13:47'),
(137, 77, 2, 'Please tell me your name??', '', '', '', 0, 1, 77, NULL, '2016-11-10 22:37:16', '2017-01-26 16:25:01'),
(138, 77, 3, 'Please tell me ur name??', '', '', '', 0, 1, 77, NULL, '2016-11-10 22:37:38', '2016-12-21 09:31:04'),
(139, 77, 4, 'Please tell me ur name??', '', '', '', 0, 1, 77, NULL, '2016-11-10 22:37:49', '2017-07-24 12:54:12'),
(140, 77, 5, 'Please tell mw ur name??', '', '', '', 0, 1, 77, NULL, '2016-11-10 22:37:59', '2017-08-01 04:17:56'),
(141, 77, 6, 'Please tell me ur name??', '', '', '', 0, 1, 77, NULL, '2016-11-10 22:38:09', '2016-12-21 09:33:50'),
(142, 77, 5, 'I am working from 9 AM EST to 6 PM EST and my Name is Kulmeet Singh Grewal', '', '', '', 1, 1, 70, NULL, '2016-11-11 13:14:47', '2017-02-19 17:38:40'),
(143, 77, 5, 'I am working from 9 AM EST to 6 PM EST and my Name is Kulmeet Singh Grewal', '', '', '', 1, 1, 70, NULL, '2016-11-11 13:14:50', '2017-02-19 17:38:40'),
(144, 77, 6, 'John David', '', '', '', 1, 1, 68, NULL, '2016-11-11 14:25:13', '2016-12-21 09:33:20'),
(145, 77, 2, 'Firdosh J Kapadia', '', '', '', 1, 1, 81, NULL, '2016-11-11 14:28:04', '2017-02-13 10:36:05'),
(146, 77, 2, 'Firdosh J Kapadia', '', '', '', 1, 1, 81, NULL, '2016-11-11 14:28:09', '2017-02-13 10:36:05'),
(147, 77, 1, 'hi', '', '', '', 1, 1, 71, NULL, '2016-11-11 14:37:14', '2016-12-21 09:32:15'),
(148, 77, 4, 'hi', '', '', '', 1, 1, 71, NULL, '2016-11-11 14:38:06', '2016-12-09 20:08:00'),
(149, 77, 3, 'vineela', '', '', '', 1, 1, 79, NULL, '2016-11-11 15:06:01', '2017-02-19 17:38:27'),
(150, 15, 1, 'hi', '', '', '', 1, 1, 1, NULL, '2016-12-05 05:06:38', '2019-12-10 14:32:56'),
(151, 15, 1, 'test message', '', '', '', 1, 1, 1, NULL, '2016-12-05 06:48:38', '2019-12-10 14:32:56'),
(152, 15, 1, 'Reply test', '', '', '', 0, 1, 15, NULL, '2016-12-05 06:49:21', '2020-03-23 14:59:27'),
(153, 15, 1, 'one more test', '', '', '', 1, 1, 1, NULL, '2016-12-05 06:49:51', '2019-12-10 14:32:56'),
(154, 15, 1, 'test message0', '', '', '', 1, 1, 1, NULL, '2016-12-05 07:09:29', '2019-12-10 14:32:56'),
(155, 15, 1, 'test message1', '', '', '', 1, 1, 1, NULL, '2016-12-05 07:10:09', '2019-12-10 14:32:56'),
(156, 15, 1, 'test messge2', '', '', '', 1, 1, 1, NULL, '2016-12-05 07:11:03', '2019-12-10 14:32:56'),
(157, 15, 1, 'Replytest1', '', '', '', 0, 1, 15, NULL, '2016-12-05 09:00:11', '2020-03-23 14:59:27'),
(158, 15, 1, 'testmessage2', '', '', '', 1, 1, 1, NULL, '2016-12-05 09:00:58', '2019-12-10 14:32:56'),
(159, 15, 1, 'check notify', '', '', '', 1, 1, 1, NULL, '2016-12-05 09:01:56', '2019-12-10 14:32:56'),
(160, 15, 2, 'check push', '', '', '', 1, 1, 1, NULL, '2016-12-05 09:04:07', '2019-11-27 10:28:18'),
(161, 15, 2, 'check notification', '', '', '', 1, 1, 1, NULL, '2016-12-05 10:43:27', '2019-11-27 10:28:18'),
(162, 15, 1, 'testmessage', '', '', '', 1, 1, 1, NULL, '2016-12-06 05:50:14', '2019-12-10 14:32:56'),
(163, 15, 1, 'Checking', '', '', '', 0, 1, 15, NULL, '2016-12-06 05:50:58', '2020-03-23 14:59:27'),
(164, 15, 1, 'ok checkit', '', '', '', 1, 1, 1, NULL, '2016-12-06 05:51:36', '2019-12-10 14:32:56'),
(165, 15, 1, 'check123', '', '', '', 1, 1, 1, NULL, '2016-12-06 05:52:33', '2019-12-10 14:32:56'),
(166, 15, 1, 'check', '', '', '', 1, 1, 1, NULL, '2016-12-06 06:05:58', '2019-12-10 14:32:56'),
(167, 15, 1, 'check new message', '', '', '', 1, 1, 1, NULL, '2016-12-07 07:25:43', '2019-12-10 14:32:56'),
(168, 15, 1, 'Ok Kishore', '', '', '', 0, 1, 15, NULL, '2016-12-07 07:26:21', '2020-03-23 14:59:27'),
(169, 15, 1, 'check push', '', '', '', 1, 1, 1, NULL, '2016-12-07 09:04:39', '2019-12-10 14:32:56'),
(170, 15, 2, 'Ok sure', '', '', '', 1, 1, 1, NULL, '2016-12-07 09:04:42', '2019-11-27 10:28:18'),
(171, 15, 2, 'hi', '', '', '', 1, 1, 1, NULL, '2016-12-07 09:12:58', '2019-11-27 10:28:18'),
(172, 15, 1, 'check note', '', '', '', 1, 1, 1, NULL, '2016-12-07 09:14:29', '2019-12-10 14:32:56'),
(173, 15, 1, 'Okay', '', '', '', 0, 1, 15, NULL, '2016-12-07 09:15:05', '2020-03-23 14:59:27'),
(174, 15, 1, 'push notification', '', '', '', 1, 1, 1, NULL, '2016-12-07 09:16:04', '2019-12-10 14:32:56'),
(175, 15, 1, 'Hi', '', '', '', 0, 1, 15, NULL, '2016-12-07 09:16:31', '2020-03-23 14:59:27'),
(176, 15, 1, 'hi', '', '', '', 1, 1, 1, NULL, '2016-12-09 07:27:19', '2019-12-10 14:32:56'),
(177, 15, 1, 'Hi', '', '', '', 1, 1, 1, NULL, '2016-12-09 07:30:42', '2019-12-10 14:32:56'),
(178, 15, 1, 'Hi', '', '', '', 0, 1, 15, NULL, '2016-12-09 07:31:07', '2020-03-23 14:59:27'),
(179, 15, 1, 'hI H R U?', '', '', '', 1, 1, 1, NULL, '2016-12-09 09:47:53', '2019-12-10 14:32:56'),
(180, 15, 1, 'ff', '', '', '', 1, 1, 1, NULL, '2016-12-09 10:08:14', '2019-12-10 14:32:56'),
(181, 15, 1, 'ff', '', '', '', 1, 1, 1, NULL, '2016-12-09 10:08:53', '2019-12-10 14:32:56'),
(182, 15, 1, 'Hi', '', '', '', 0, 1, 15, NULL, '2016-12-09 10:11:35', '2020-03-23 14:59:27'),
(183, 15, 1, 'hhh', '', '', '', 1, 1, 1, NULL, '2016-12-09 10:12:05', '2019-12-10 14:32:56'),
(184, 15, 1, 'hh', '', '', '', 1, 1, 1, NULL, '2016-12-09 10:15:57', '2019-12-10 14:32:56'),
(185, 15, 1, 'kk', '', '', '', 1, 1, 1, NULL, '2016-12-09 10:16:20', '2019-12-10 14:32:56'),
(186, 15, 1, 'hh', '', '', '', 1, 1, 1, NULL, '2016-12-09 10:21:34', '2019-12-10 14:32:56'),
(187, 15, 1, 'dd', '', '', '', 1, 1, 1, NULL, '2016-12-09 10:22:58', '2019-12-10 14:32:56'),
(188, 15, 1, 'hh', '', '', '', 1, 1, 1, NULL, '2016-12-09 10:24:50', '2019-12-10 14:32:56'),
(191, 15, 1, 'dd', '', '', '', 1, 1, 1, NULL, '2016-12-09 10:44:18', '2019-12-10 14:32:56'),
(192, 15, 1, 'Hhh', '', '', '', 0, 1, 15, NULL, '2016-12-09 10:47:03', '2020-03-23 14:59:27'),
(196, 15, 1, 'dfdasf', '', '', '', 1, 1, 1, NULL, '2016-12-09 11:04:31', '2019-12-10 14:32:56'),
(197, 15, 1, 'ff', '', '', '', 1, 1, 1, NULL, '2016-12-09 11:14:14', '2019-12-10 14:32:56'),
(198, 15, 1, 'vijay', '', '', '', 1, 1, 1, NULL, '2016-12-09 11:15:48', '2019-12-10 14:32:56'),
(199, 15, 1, 'hi', '', '', '', 1, 1, 1, NULL, '2016-12-09 11:17:27', '2019-12-10 14:32:56'),
(200, 15, 1, 'hhhhi', '', '', '', 1, 1, 1, NULL, '2016-12-09 11:20:15', '2019-12-10 14:32:56'),
(201, 15, 1, 'GG', '', '', '', 1, 1, 1, NULL, '2016-12-09 11:24:27', '2019-12-10 14:32:56'),
(202, 15, 1, 'HH', '', '', '', 1, 1, 1, NULL, '2016-12-09 11:26:10', '2019-12-10 14:32:56'),
(203, 15, 1, 'FGS', '', '', '', 1, 1, 1, NULL, '2016-12-09 11:28:44', '2019-12-10 14:32:56'),
(204, 15, 1, 'Fft', '', '', '', 0, 1, 15, NULL, '2016-12-09 11:33:05', '2020-03-23 14:59:27'),
(205, 15, 1, 'JJ', '', '', '', 1, 1, 1, NULL, '2016-12-09 11:38:38', '2019-12-10 14:32:56'),
(206, 15, 1, 'dd', '', '', '', 1, 1, 1, NULL, '2016-12-09 11:47:28', '2019-12-10 14:32:56'),
(207, 15, 1, 'hh', '', '', '', 1, 1, 1, NULL, '2016-12-09 11:48:32', '2019-12-10 14:32:56'),
(208, 15, 1, 'ff', '', '', '', 1, 1, 1, NULL, '2016-12-09 11:50:46', '2019-12-10 14:32:56'),
(209, 15, 1, 'ff', '', '', '', 1, 1, 1, NULL, '2016-12-09 11:53:19', '2019-12-10 14:32:56'),
(210, 15, 1, 'hi', '', '', '', 1, 1, 85, NULL, '2016-12-09 18:09:16', '2019-12-10 14:32:56'),
(211, 78, 1, 'Hi', '', '', '', 0, 1, 78, NULL, '2016-12-12 17:29:57', '2017-03-13 12:25:04'),
(212, 78, 3, 'Hi', '', '', '', 0, 1, 78, NULL, '2016-12-12 17:30:53', '2017-01-26 16:56:04'),
(213, 78, 3, 'Hi', '', '', '', 0, 1, 78, NULL, '2016-12-12 17:30:58', '2017-01-26 16:56:04'),
(214, 78, 1, 'hi ', '', '', '', 1, 1, 71, NULL, '2016-12-12 17:32:57', '2016-12-27 15:44:08'),
(215, 78, 1, 'hi ', '', '', '', 1, 1, 71, NULL, '2016-12-12 17:32:59', '2016-12-27 15:44:08'),
(216, 78, 1, 'hi ', '', '', '', 1, 1, 71, NULL, '2016-12-12 17:33:08', '2016-12-27 15:44:08'),
(217, 78, 1, 'hi ', '', '', '', 1, 1, 71, NULL, '2016-12-12 17:33:08', '2016-12-27 15:44:08'),
(218, 78, 3, 'HI Good Morning', '', '', '', 1, 1, 79, NULL, '2016-12-12 17:33:43', '2016-12-27 14:37:29'),
(219, 78, 2, 'Hi', '', '', '', 0, 1, 78, NULL, '2016-12-12 20:44:30', '2016-12-30 09:26:00'),
(220, 78, 3, 'Hi', '', '', '', 0, 1, 78, NULL, '2016-12-12 20:44:37', '2017-01-26 16:56:04'),
(221, 78, 1, 'Hello', '', '', '', 0, 1, 78, NULL, '2016-12-12 20:45:27', '2017-03-13 12:25:04'),
(222, 78, 4, 'Hello', '', '', '', 0, 1, 78, NULL, '2016-12-12 20:46:15', '2017-08-01 05:26:48'),
(223, 78, 6, 'Hi', '', '', '', 0, 1, 78, NULL, '2016-12-12 20:47:51', '2017-08-01 05:26:57'),
(224, 78, 6, 'Hi', '', '', '', 0, 1, 78, NULL, '2016-12-12 20:47:51', '2017-08-01 05:26:57'),
(225, 78, 4, 'hello', '', '', '', 1, 1, 71, NULL, '2016-12-12 20:49:03', '2016-12-21 09:27:49'),
(226, 78, 6, 'hi', '', '', '', 1, 1, 79, NULL, '2016-12-12 20:49:38', '2016-12-27 14:37:37'),
(227, 78, 3, 'hi', '', '', '', 1, 1, 79, NULL, '2016-12-12 20:49:55', '2016-12-27 14:37:29'),
(228, 78, 1, 'Hello', '', '', '', 0, 1, 78, NULL, '2016-12-12 20:50:37', '2017-03-13 12:25:04'),
(229, 78, 3, 'Hello', '', '', '', 0, 1, 78, NULL, '2016-12-12 20:51:12', '2017-01-26 16:56:04'),
(230, 78, 6, 'Hello', '', '', '', 0, 1, 78, NULL, '2016-12-12 20:51:32', '2017-08-01 05:26:57'),
(231, 78, 1, 'Hi Asha..', '', '', '', 0, 1, 78, NULL, '2016-12-12 20:52:41', '2017-03-13 12:25:04'),
(232, 78, 3, 'Hi', '', '', '', 0, 1, 78, NULL, '2016-12-12 20:52:52', '2017-01-26 16:56:04'),
(233, 78, 3, 'Hello', '', '', '', 0, 1, 78, NULL, '2016-12-12 20:52:56', '2017-01-26 16:56:04'),
(234, 78, 3, 'HI', '', '', '', 1, 1, 79, NULL, '2016-12-12 20:53:26', '2016-12-27 14:37:29'),
(235, 78, 2, 'Hi  Suresh......', '', '', '', 1, 1, 81, NULL, '2016-12-12 20:54:16', '2016-12-21 09:28:25'),
(236, 78, 2, 'Hi  Suresh......', '', '', '', 1, 1, 81, NULL, '2016-12-12 20:54:18', '2016-12-21 09:28:25'),
(237, 78, 2, 'Hi  Suresh......', '', '', '', 1, 1, 81, NULL, '2016-12-12 20:54:20', '2016-12-21 09:28:25'),
(238, 78, 3, 'How are you..', '', '', '', 0, 1, 78, NULL, '2016-12-12 20:54:25', '2017-01-26 16:56:04'),
(239, 78, 2, 'Hello', '', '', '', 0, 1, 78, NULL, '2016-12-12 20:54:36', '2016-12-30 09:26:00'),
(240, 78, 1, 'hi sures', '', '', '', 1, 1, 71, NULL, '2016-12-12 20:54:47', '2016-12-27 15:44:08'),
(241, 78, 6, 'Hello', '', '', '', 0, 1, 78, NULL, '2016-12-12 20:54:53', '2017-08-01 05:26:57'),
(242, 78, 1, 'Yes now I am getting all the messages from everyone', '', '', '', 0, 1, 78, NULL, '2016-12-12 20:55:19', '2017-03-13 12:25:04'),
(243, 78, 3, 'I am good and what about you?', '', '', '', 1, 1, 81, NULL, '2016-12-12 20:55:45', '2016-12-27 14:37:29'),
(244, 78, 1, 'good', '', '', '', 1, 1, 71, NULL, '2016-12-12 20:56:25', '2016-12-27 15:44:08'),
(245, 15, 2, 'Hi', '', '', '', 0, 1, 15, NULL, '2016-12-13 05:58:55', '2019-12-04 17:34:27'),
(246, 15, 2, 'check msg', '', '', '', 1, 1, 1, NULL, '2016-12-13 05:59:22', '2019-11-27 10:28:18'),
(247, 78, 6, 'hello', '', '', '', 1, 1, 68, NULL, '2016-12-13 12:49:51', '2016-12-27 14:37:37'),
(248, 78, 6, 'hello', '', '', '', 1, 1, 68, NULL, '2016-12-13 12:49:56', '2016-12-27 14:37:37'),
(249, 78, 6, 'hi how are you', '', '', '', 1, 1, 68, NULL, '2016-12-13 13:35:50', '2016-12-27 14:37:37'),
(250, 78, 1, 'Hi GM...', '', '', '', 0, 1, 78, NULL, '2016-12-13 15:49:04', '2017-03-13 12:25:04'),
(251, 78, 2, 'Hi GM', '', '', '', 0, 1, 78, NULL, '2016-12-13 15:49:13', '2016-12-30 09:26:00'),
(252, 78, 3, 'Hi GM', '', '', '', 0, 1, 78, NULL, '2016-12-13 15:49:22', '2017-01-26 16:56:04'),
(253, 78, 4, 'Hi GM..', '', '', '', 0, 1, 78, NULL, '2016-12-13 15:49:34', '2017-08-01 05:26:48'),
(254, 78, 6, 'Hi GM', '', '', '', 0, 1, 78, NULL, '2016-12-13 15:49:41', '2017-08-01 05:26:57'),
(255, 78, 1, 'hi', '', '', '', 1, 1, 71, NULL, '2016-12-13 15:50:31', '2016-12-27 15:44:08'),
(256, 78, 4, 'GM', '', '', '', 1, 1, 71, NULL, '2016-12-13 15:50:48', '2016-12-21 09:27:49'),
(257, 78, 1, 'Suresh, How are you ?', '', '', '', 1, 1, 71, NULL, '2016-12-13 15:53:33', '2016-12-27 15:44:08'),
(258, 78, 4, 'Suresh, did they respsond ?', '', '', '', 1, 1, 71, NULL, '2016-12-13 15:54:11', '2016-12-21 09:27:49'),
(259, 78, 3, 'HI GM', '', '', '', 1, 1, 79, NULL, '2016-12-13 16:04:16', '2016-12-27 14:37:29'),
(260, 78, 6, 'Hi Gm', '', '', '', 1, 1, 68, NULL, '2016-12-13 17:03:23', '2016-12-27 14:37:37'),
(261, 78, 6, 'how are you', '', '', '', 1, 1, 68, NULL, '2016-12-13 17:03:36', '2016-12-27 14:37:37'),
(262, 78, 2, 'Very GM', '', '', '', 1, 1, 81, NULL, '2016-12-13 17:27:23', '2016-12-21 09:28:25'),
(263, 78, 1, 'test', '', '', '', 1, 1, 1, NULL, '2016-12-14 13:07:47', '2016-12-27 15:44:08'),
(264, 15, 1, 'Hi', '', '', '', 0, 1, 15, NULL, '2016-12-15 05:19:49', '2020-03-23 14:59:27'),
(265, 15, 1, 'hi kishore', '', '', '', 1, 1, 1, NULL, '2016-12-15 05:20:04', '2019-12-10 14:32:56'),
(266, 15, 4, 'Check test', '', '', '', 0, 1, 15, NULL, '2016-12-15 05:22:12', '2019-12-04 18:59:01'),
(267, 15, 1, 'Hi', '', '', '', 0, 1, 15, NULL, '2016-12-15 05:30:32', '2020-03-23 14:59:27'),
(268, 15, 4, 'hi kishore', '', '', '', 1, 1, 1, NULL, '2016-12-15 05:30:33', '2019-11-26 11:49:11'),
(269, 15, 1, 'hi kishore', '', '', '', 1, 1, 1, NULL, '2016-12-15 05:34:15', '2019-12-10 14:32:56'),
(270, 15, 1, 'hello this is testing', '', '', '', 1, 1, 1, NULL, '2016-12-15 05:35:42', '2019-12-10 14:32:56'),
(271, 15, 1, 'hello this is testing again', '', '', '', 1, 1, 1, NULL, '2016-12-15 05:46:54', '2019-12-10 14:32:56'),
(272, 15, 1, 'Hi', '', '', '', 0, 1, 15, NULL, '2016-12-15 05:56:04', '2020-03-23 14:59:27'),
(273, 15, 1, 'hi', '', '', '', 1, 1, 1, NULL, '2016-12-15 05:56:38', '2019-12-10 14:32:56'),
(274, 15, 1, 'hi', '', '', '', 1, 1, 1, NULL, '2016-12-15 05:56:39', '2019-12-10 14:32:56'),
(275, 15, 1, 'hello this is testing again', '', '', '', 1, 1, 1, NULL, '2016-12-15 06:06:01', '2019-12-10 14:32:56'),
(276, 15, 1, 'hello', '', '', '', 1, 1, 1, NULL, '2016-12-15 06:06:28', '2019-12-10 14:32:56'),
(277, 15, 1, 'hello', '', '', '', 1, 1, 1, NULL, '2016-12-15 06:09:02', '2019-12-10 14:32:56'),
(278, 15, 1, 'hi', '', '', '', 1, 1, 1, NULL, '2016-12-15 06:19:07', '2019-12-10 14:32:56'),
(279, 15, 1, 'hello', '', '', '', 1, 1, 1, NULL, '2016-12-15 07:02:46', '2019-12-10 14:32:56'),
(280, 15, 1, 'hello', '', '', '', 1, 1, 1, NULL, '2016-12-15 07:19:06', '2019-12-10 14:32:56'),
(281, 15, 1, 'hello', '', '', '', 1, 1, 1, NULL, '2016-12-15 07:20:06', '2019-12-10 14:32:56'),
(282, 15, 1, 'hello', '', '', '', 1, 1, 1, NULL, '2016-12-15 07:27:41', '2019-12-10 14:32:56'),
(283, 15, 1, 'hello', '', '', '', 1, 1, 1, NULL, '2016-12-15 07:29:45', '2019-12-10 14:32:56'),
(284, 15, 4, 'Checking', '', '', '', 0, 1, 15, NULL, '2016-12-15 08:57:17', '2019-12-04 18:59:01'),
(285, 15, 4, 'checked', '', '', '', 1, 1, 1, NULL, '2016-12-15 08:57:43', '2019-11-26 11:49:11'),
(286, 15, 4, 'checked', '', '', '', 1, 1, 1, NULL, '2016-12-15 08:58:11', '2019-11-26 11:49:11'),
(287, 15, 4, 'At', '', '', '', 0, 1, 15, NULL, '2016-12-15 09:05:14', '2019-12-04 18:59:01'),
(288, 15, 4, 'At', '', '', '', 0, 1, 15, NULL, '2016-12-15 09:05:14', '2019-12-04 18:59:01'),
(289, 15, 4, 'testing', '', '', '', 1, 1, 1, NULL, '2016-12-15 09:05:52', '2019-11-26 11:49:11'),
(290, 15, 4, 'testing', '', '', '', 1, 1, 1, NULL, '2016-12-15 09:07:41', '2019-11-26 11:49:11'),
(291, 15, 4, 'testing', '', '', '', 1, 1, 1, NULL, '2016-12-15 09:18:08', '2019-11-26 11:49:11'),
(292, 15, 4, 'testing', '', '', '', 1, 1, 1, NULL, '2016-12-15 09:27:56', '2019-11-26 11:49:11'),
(293, 15, 4, 'hi', '', '', '', 1, 1, 1, NULL, '2016-12-15 09:52:06', '2019-11-26 11:49:11'),
(294, 15, 4, 'hi', '', '', '', 1, 1, 1, NULL, '2016-12-15 09:58:23', '2019-11-26 11:49:11'),
(295, 15, 4, 'hi', '', '', '', 1, 1, 1, NULL, '2016-12-15 09:58:27', '2019-11-26 11:49:11'),
(296, 15, 4, 'hi', '', '', '', 1, 1, 1, NULL, '2016-12-15 10:03:03', '2019-11-26 11:49:11'),
(297, 15, 4, 'hi', '', '', '', 1, 1, 1, NULL, '2016-12-15 10:19:01', '2019-11-26 11:49:11'),
(298, 15, 4, 'hello', '', '', '', 1, 1, 1, NULL, '2016-12-15 10:19:24', '2019-11-26 11:49:11'),
(299, 15, 4, 'hello', '', '', '', 1, 1, 1, NULL, '2016-12-15 10:21:09', '2019-11-26 11:49:11'),
(300, 15, 4, 'hello', '', '', '', 1, 1, 1, NULL, '2016-12-15 10:23:25', '2019-11-26 11:49:11'),
(301, 15, 4, 'hello', '', '', '', 1, 1, 1, NULL, '2016-12-15 10:24:00', '2019-11-26 11:49:11'),
(302, 15, 4, 'hello', '', '', '', 1, 1, 1, NULL, '2016-12-15 10:26:32', '2019-11-26 11:49:11'),
(303, 15, 4, 'hello', '', '', '', 1, 1, 1, NULL, '2016-12-15 10:32:15', '2019-11-26 11:49:11'),
(304, 15, 4, 'hello', '', '', '', 1, 1, 1, NULL, '2016-12-15 10:38:01', '2019-11-26 11:49:11'),
(305, 15, 4, 'hello', '', '', '', 1, 1, 1, NULL, '2016-12-15 10:38:47', '2019-11-26 11:49:11'),
(306, 15, 4, 'hello', '', '', '', 1, 1, 1, NULL, '2016-12-15 10:42:26', '2019-11-26 11:49:11'),
(307, 15, 4, 'hello', '', '', '', 1, 1, 1, NULL, '2016-12-15 10:43:21', '2019-11-26 11:49:11'),
(308, 15, 4, 'hello', '', '', '', 1, 1, 1, NULL, '2016-12-15 10:45:51', '2019-11-26 11:49:11'),
(309, 15, 3, 'Test1', '', '', '', 0, 1, 15, NULL, '2016-12-16 07:02:35', '2019-12-04 18:47:56'),
(310, 15, 3, 'test reply', '', '', '', 1, 1, 1, NULL, '2016-12-16 07:02:54', '2019-11-30 16:16:31'),
(311, 15, 3, 'test reply', '', '', '', 1, 1, 1, NULL, '2016-12-16 07:03:23', '2019-11-30 16:16:31'),
(312, 15, 6, 'Test message', '', '', '', 0, 1, 15, NULL, '2016-12-16 12:16:29', '2019-12-04 18:49:19'),
(313, 15, 6, 'check', '', '', '', 1, 1, 1, NULL, '2016-12-16 12:16:52', '2019-11-29 10:00:28'),
(314, 15, 6, 'Check', '', '', '', 0, 1, 15, NULL, '2016-12-16 12:26:59', '2019-12-04 18:49:19'),
(315, 15, 6, 'checking', '', '', '', 1, 1, 1, NULL, '2016-12-16 12:27:34', '2019-11-29 10:00:28'),
(316, 15, 3, 'Check', '', '', '', 0, 1, 15, NULL, '2016-12-16 12:29:16', '2019-12-04 18:47:56'),
(317, 15, 3, 'checking', '', '', '', 1, 1, 1, NULL, '2016-12-16 12:29:32', '2019-11-30 16:16:31'),
(318, 15, 4, 'Check', '', '', '', 0, 1, 15, NULL, '2016-12-16 12:30:12', '2019-12-04 18:59:01'),
(319, 15, 4, 'checking', '', '', '', 1, 1, 1, NULL, '2016-12-16 12:30:35', '2019-11-26 11:49:11'),
(320, 15, 4, 'checking', '', '', '', 1, 1, 1, NULL, '2016-12-16 12:32:03', '2019-11-26 11:49:11'),
(321, 15, 4, 'checking', '', '', '', 1, 1, 1, NULL, '2016-12-16 12:32:38', '2019-11-26 11:49:11'),
(322, 15, 5, 'Check', '', '', '', 0, 1, 15, NULL, '2016-12-16 13:24:52', '2019-12-04 17:06:17'),
(323, 15, 5, 'checking', '', '', '', 1, 1, 1, NULL, '2016-12-16 13:25:03', '2019-11-25 12:12:57'),
(324, 15, 5, 'checking2', '', '', '', 1, 1, 1, NULL, '2016-12-16 13:25:09', '2019-11-25 12:12:57'),
(325, 15, 5, 'testing', '', '', '', 1, 1, 1, NULL, '2016-12-16 13:26:29', '2019-11-25 12:12:57'),
(326, 15, 5, 'Cck', '', '', '', 0, 1, 15, NULL, '2016-12-16 14:13:23', '2019-12-04 17:06:17'),
(327, 15, 5, 'ddk', '', '', '', 1, 1, 1, NULL, '2016-12-16 14:13:49', '2019-11-25 12:12:57'),
(328, 15, 5, 'checking', '', '', '', 1, 1, 1, NULL, '2016-12-16 14:14:51', '2019-11-25 12:12:57'),
(329, 15, 1, 'hi', '', '', '', 1, 1, 1, NULL, '2016-12-19 18:34:29', '2019-12-10 14:32:56'),
(330, 15, 1, 'hi', '', '', '', 1, 1, 1, NULL, '2016-12-19 18:34:33', '2019-12-10 14:32:56'),
(331, 15, 1, 'hi', '', '', '', 1, 1, 1, NULL, '2016-12-19 18:34:41', '2019-12-10 14:32:56'),
(332, 15, 1, 'hi', '', '', '', 1, 1, 1, NULL, '2016-12-19 18:34:54', '2019-12-10 14:32:56'),
(333, 15, 1, 'hi', '', '', '', 1, 1, 1, NULL, '2016-12-19 18:34:57', '2019-12-10 14:32:56'),
(334, 15, 1, 'hi', '', '', '', 1, 1, 1, NULL, '2016-12-19 18:35:02', '2019-12-10 14:32:56'),
(335, 15, 1, 'hihkj', '', '', '', 1, 1, 1, NULL, '2016-12-19 18:35:10', '2019-12-10 14:32:56'),
(336, 15, 1, 'hihkj', '', '', '', 1, 1, 1, NULL, '2016-12-19 18:35:12', '2019-12-10 14:32:56'),
(337, 15, 1, 'hihkj', '', '', '', 1, 1, 1, NULL, '2016-12-19 18:35:15', '2019-12-10 14:32:56'),
(338, 15, 1, 'hi', '', '', '', 1, 1, 1, NULL, '2016-12-19 18:35:31', '2019-12-10 14:32:56'),
(339, 15, 1, 'hi', '', '', '', 1, 1, 1, NULL, '2016-12-19 18:35:33', '2019-12-10 14:32:56'),
(340, 15, 1, 'hi', '', '', '', 1, 1, 1, NULL, '2016-12-20 04:52:56', '2019-12-10 14:32:56'),
(341, 15, 1, 'hi 123', '', '', '', 1, 1, 1, NULL, '2016-12-20 04:53:09', '2019-12-10 14:32:56'),
(342, 15, 1, 'hi 123', '', '', '', 1, 1, 1, NULL, '2016-12-20 04:53:15', '2019-12-10 14:32:56'),
(343, 15, 1, 'Check', '', '', '', 0, 1, 15, NULL, '2016-12-20 04:53:59', '2020-03-23 14:59:27'),
(344, 15, 1, 'i am checking', '', '', '', 1, 1, 1, NULL, '2016-12-20 04:54:25', '2019-12-10 14:32:56'),
(345, 15, 1, 'is it working', '', '', '', 1, 1, 1, NULL, '2016-12-20 04:54:37', '2019-12-10 14:32:56'),
(346, 15, 1, 'Check once', '', '', '', 0, 1, 15, NULL, '2016-12-20 04:56:19', '2020-03-23 14:59:27'),
(347, 15, 1, 'hi', '', '', '', 1, 1, 1, NULL, '2016-12-20 04:56:44', '2019-12-10 14:32:56'),
(348, 15, 1, '123', '', '', '', 1, 1, 1, NULL, '2016-12-20 04:57:24', '2019-12-10 14:32:56'),
(349, 15, 1, 'badge 3', '', '', '', 1, 1, 1, NULL, '2016-12-20 04:58:57', '2019-12-10 14:32:56'),
(350, 15, 1, 'badge 4', '', '', '', 1, 1, 1, NULL, '2016-12-20 04:59:16', '2019-12-10 14:32:56'),
(351, 15, 1, 'badge 5', '', '', '', 1, 1, 1, NULL, '2016-12-20 04:59:29', '2019-12-10 14:32:56'),
(352, 15, 1, 'badge 6', '', '', '', 1, 1, 1, NULL, '2016-12-20 04:59:55', '2019-12-10 14:32:56'),
(353, 15, 2, 'checking', '', '', '', 1, 1, 1, NULL, '2016-12-20 06:12:17', '2019-11-27 10:28:18'),
(354, 15, 4, 'please check', '', '', '', 1, 1, 1, NULL, '2016-12-20 06:12:56', '2019-11-26 11:49:11'),
(355, 15, 4, 'please check', '', '', '', 1, 1, 1, NULL, '2016-12-20 06:13:43', '2019-11-26 11:49:11'),
(356, 15, 5, 'test', '', '', '', 1, 1, 1, NULL, '2016-12-20 06:14:01', '2019-11-25 12:12:57'),
(357, 78, 1, 'Hi Asha..GM', '', '', '', 0, 1, 78, NULL, '2016-12-20 14:16:48', '2017-03-13 12:25:04'),
(358, 78, 2, 'Hi GM..', '', '', '', 0, 1, 78, NULL, '2016-12-20 14:17:06', '2016-12-30 09:26:00'),
(359, 78, 4, 'Hi GM..', '', '', '', 0, 1, 78, NULL, '2016-12-20 14:17:37', '2017-08-01 05:26:48'),
(360, 78, 5, 'Hi GM..', '', '', '', 0, 1, 78, NULL, '2016-12-20 14:17:54', '2019-11-18 07:23:23'),
(361, 78, 6, 'Hi GM..', '', '', '', 0, 1, 78, NULL, '2016-12-20 14:18:03', '2017-08-01 05:26:57'),
(362, 78, 3, 'Hi GM', '', '', '', 0, 1, 78, NULL, '2016-12-20 14:19:20', '2017-01-26 16:56:04'),
(363, 78, 3, 'hi', '', '', '', 1, 1, 79, NULL, '2016-12-20 16:03:41', '2016-12-27 14:37:29'),
(364, 78, 1, 'GH , Tell me', '', '', '', 1, 1, 71, NULL, '2016-12-20 16:05:22', '2016-12-27 15:44:08'),
(365, 78, 1, '*GM', '', '', '', 1, 1, 71, NULL, '2016-12-20 16:05:33', '2016-12-27 15:44:08'),
(366, 78, 4, 'GM', '', '', '', 1, 1, 71, NULL, '2016-12-20 16:06:00', '2016-12-21 09:27:49'),
(367, 78, 2, 'Very GM', '', '', '', 1, 1, 81, NULL, '2016-12-21 14:27:04', '2016-12-21 09:28:25'),
(368, 78, 6, 'hi gm', '', '', '', 1, 1, 68, NULL, '2016-12-21 14:27:44', '2016-12-27 14:37:37'),
(369, 78, 6, 'how are you', '', '', '', 1, 1, 68, NULL, '2016-12-21 14:27:56', '2016-12-27 14:37:37'),
(370, 78, 1, 'GM', '', '', '', 0, 1, 78, NULL, '2016-12-21 14:28:22', '2017-03-13 12:25:04'),
(371, 78, 2, 'GM', '', '', '', 0, 1, 78, NULL, '2016-12-21 14:28:34', '2016-12-30 09:26:00'),
(372, 77, 6, 'hi ajay, how are you?', '', '', '', 1, 1, 68, NULL, '2016-12-21 14:29:34', '2016-12-21 09:33:20'),
(373, 77, 6, 'I m good. ', '', '', '', 0, 1, 77, NULL, '2016-12-21 14:30:14', '2016-12-21 09:33:50'),
(374, 77, 6, 'How r u', '', '', '', 0, 1, 77, NULL, '2016-12-21 14:30:16', '2016-12-21 09:33:50'),
(375, 77, 6, 'iam good', '', '', '', 1, 1, 68, NULL, '2016-12-21 14:31:00', '2016-12-21 09:33:20'),
(376, 15, 2, 'hi kishore how are you?', '', '', '', 1, 1, 68, NULL, '2016-12-21 14:31:35', '2019-11-27 10:28:18'),
(377, 77, 6, 'Is ir purush??', '', '', '', 0, 1, 77, NULL, '2016-12-21 14:32:26', '2016-12-21 09:33:50'),
(378, 77, 6, 'no. iam david from accounts payable', '', '', '', 1, 1, 68, NULL, '2016-12-21 14:33:03', '2016-12-21 09:33:20'),
(379, 77, 6, 'Ok', '', '', '', 0, 1, 77, NULL, '2016-12-21 14:33:22', '2016-12-21 09:33:50'),
(380, 15, 6, 'hi kishore how are you?', '', '', '', 1, 1, 68, NULL, '2016-12-21 14:33:38', '2019-11-29 10:00:28'),
(381, 78, 5, 'hi', '', '', '', 1, 1, 2, NULL, '2016-12-21 15:15:59', '2016-12-27 15:43:27'),
(382, 87, 4, 'When can you send my original notice?', '', '', '', 0, 1, 87, NULL, '2016-12-22 11:15:36', '2017-07-24 13:07:14'),
(383, 87, 4, 'in 15 minutes you will recieve it', '', '', '', 1, 1, 1, NULL, '2016-12-22 11:16:04', '2017-01-12 07:54:12'),
(384, 87, 5, 'My project will end on December 31st 2016', '', '', '', 0, 1, 87, NULL, '2016-12-22 11:16:16', '2019-11-21 08:16:16'),
(385, 87, 4, 'for sure it will be done. raj is already workign on it', '', '', '', 1, 1, 1, NULL, '2016-12-22 11:16:34', '2017-01-12 07:54:12'),
(386, 87, 4, 'for sure it will be done. raj is already workign on it', '', '', '', 1, 1, 1, NULL, '2016-12-22 11:16:52', '2017-01-12 07:54:12'),
(387, 87, 4, 'for sure it will be done. raj is already workign on it', '', '', '', 1, 1, 1, NULL, '2016-12-22 11:16:55', '2017-01-12 07:54:12'),
(388, 87, 5, 'ok', '', '', '', 1, 1, 1, NULL, '2016-12-22 11:17:58', '2017-01-12 07:57:11'),
(389, 87, 5, 'we captured it and will market the profile', '', '', '', 1, 1, 1, NULL, '2016-12-22 11:18:19', '2017-01-12 07:57:11'),
(390, 87, 5, 'we captured it and will market the profile', '', '', '', 1, 1, 1, NULL, '2016-12-22 11:18:40', '2017-01-12 07:57:11'),
(391, 87, 5, 'we captured it and will market the profile', '', '', '', 1, 1, 1, NULL, '2016-12-22 11:18:46', '2017-01-12 07:57:11'),
(392, 87, 4, 'hope you received notification', '', '', '', 1, 1, 1, NULL, '2016-12-22 11:22:26', '2017-01-12 07:54:12'),
(393, 87, 4, 'hope you received notification', '', '', '', 1, 1, 1, NULL, '2016-12-22 11:22:59', '2017-01-12 07:54:12'),
(394, 87, 4, 'hope you received notification', '', '', '', 1, 1, 1, NULL, '2016-12-22 11:23:02', '2017-01-12 07:54:12'),
(395, 87, 4, 'hi', '', '', '', 1, 1, 1, NULL, '2016-12-22 11:32:38', '2017-01-12 07:54:12'),
(396, 87, 4, 'hopeyou have received the notification now', '', '', '', 1, 1, 1, NULL, '2016-12-22 12:28:34', '2017-01-12 07:54:12'),
(397, 87, 4, 'When can I expect', '', '', '', 0, 1, 87, NULL, '2016-12-22 12:29:01', '2017-07-24 13:07:14'),
(398, 87, 4, 'When can I expect', '', '', '', 0, 1, 87, NULL, '2016-12-22 12:29:02', '2017-07-24 13:07:14'),
(399, 87, 4, 'Date', '', '', '', 0, 1, 87, NULL, '2016-12-22 12:29:30', '2017-07-24 13:07:14'),
(400, 87, 4, 'Date', '', '', '', 0, 1, 87, NULL, '2016-12-22 12:29:31', '2017-07-24 13:07:14'),
(401, 87, 4, 'Give me date', '', '', '', 0, 1, 87, NULL, '2016-12-22 12:29:42', '2017-07-24 13:07:14'),
(402, 87, 5, 'January 2017', '', '', '', 0, 1, 87, NULL, '2016-12-22 12:30:58', '2019-11-21 08:16:16'),
(403, 87, 5, 'January 2017', '', '', '', 0, 1, 87, NULL, '2016-12-22 12:30:59', '2019-11-21 08:16:16'),
(404, 87, 5, 'Yes it is ending', '', '', '', 0, 1, 87, NULL, '2016-12-22 12:31:19', '2019-11-21 08:16:16'),
(405, 87, 5, 'Yes it is ending', '', '', '', 0, 1, 87, NULL, '2016-12-22 12:31:20', '2019-11-21 08:16:16'),
(406, 87, 5, 'Yes please', '', '', '', 0, 1, 87, NULL, '2016-12-22 12:37:55', '2019-11-21 08:16:16'),
(407, 87, 5, 'Yes please', '', '', '', 0, 1, 87, NULL, '2016-12-22 12:37:56', '2019-11-21 08:16:16'),
(408, 87, 5, 'No problem', '', '', '', 0, 1, 87, NULL, '2016-12-22 12:38:20', '2019-11-21 08:16:16'),
(409, 87, 5, 'No problem', '', '', '', 0, 1, 87, NULL, '2016-12-22 12:38:21', '2019-11-21 08:16:16'),
(410, 87, 5, 'It is amazing', '', '', '', 0, 1, 87, NULL, '2016-12-22 12:38:41', '2019-11-21 08:16:16'),
(411, 87, 5, 'It is amazing', '', '', '', 0, 1, 87, NULL, '2016-12-22 12:38:42', '2019-11-21 08:16:16'),
(412, 87, 5, 'why not amazing', '', '', '', 1, 1, 1, NULL, '2016-12-22 12:39:02', '2017-01-12 07:57:11'),
(413, 87, 4, 'Date is expected to be saturday', '', '', '', 1, 1, 1, NULL, '2016-12-22 12:39:34', '2017-01-12 07:54:12'),
(414, 87, 3, 'Your phone is not working', '', '', '', 0, 1, 87, NULL, '2016-12-22 14:25:09', '2017-01-18 09:07:58'),
(415, 87, 3, 'Again not working', '', '', '', 0, 1, 87, NULL, '2016-12-22 14:26:30', '2017-01-18 09:07:58'),
(416, 87, 3, 'Why so much delay', '', '', '', 0, 1, 87, NULL, '2016-12-22 14:27:31', '2017-01-18 09:07:58'),
(417, 87, 3, 'i hope it workign now', '', '', '', 1, 1, 1, NULL, '2016-12-22 14:27:46', '2017-01-12 07:56:10'),
(418, 87, 3, 'test for notification', '', '', '', 1, 1, 1, NULL, '2016-12-22 14:28:41', '2017-01-12 07:56:10'),
(419, 87, 3, 'Christmas greeting', '', '', '', 0, 1, 87, NULL, '2016-12-22 14:29:07', '2017-01-18 09:07:58'),
(420, 87, 3, 'Christmas greeting', '', '', '', 0, 1, 87, NULL, '2016-12-22 14:29:08', '2017-01-18 09:07:58'),
(421, 87, 3, 'thanks a ton for your greetings... i wish the same', '', '', '', 1, 1, 1, NULL, '2016-12-22 14:29:38', '2017-01-12 07:56:10'),
(422, 87, 3, 'thanks', '', '', '', 1, 1, 1, NULL, '2016-12-22 14:31:50', '2017-01-12 07:56:10'),
(423, 87, 3, 'thanks again', '', '', '', 1, 1, 1, NULL, '2016-12-22 14:32:41', '2017-01-12 07:56:10'),
(424, 87, 2, 'Hi', '', '', '', 0, 1, 87, NULL, '2016-12-22 14:41:37', '2019-10-28 20:09:09'),
(425, 87, 2, 'yes hello ', '', '', '', 1, 1, 1, NULL, '2016-12-22 14:41:53', '2017-01-12 07:56:13'),
(426, 87, 2, 'Hi Sir', '', '', '', 1, 1, 81, NULL, '2016-12-22 14:41:55', '2017-01-12 07:56:13'),
(427, 87, 3, 'mm', '', '', '', 1, 1, 1, NULL, '2016-12-22 14:48:50', '2017-01-12 07:56:10'),
(428, 87, 3, 'How', '', '', '', 0, 1, 87, NULL, '2016-12-22 14:49:14', '2017-01-18 09:07:58'),
(429, 87, 3, 'when', '', '', '', 1, 1, 1, NULL, '2016-12-22 14:49:42', '2017-01-12 07:56:10'),
(430, 87, 3, 'k', '', '', '', 1, 1, 1, NULL, '2016-12-22 14:50:08', '2017-01-12 07:56:10'),
(431, 87, 3, 'testing again', '', '', '', 1, 1, 1, NULL, '2016-12-22 14:50:37', '2017-01-12 07:56:10'),
(432, 87, 3, 'send this again', '', '', '', 1, 1, 1, NULL, '2016-12-22 14:51:01', '2017-01-12 07:56:10'),
(433, 87, 4, 'sure, I will send it soon.', '', '', '', 1, 1, 71, NULL, '2016-12-22 15:04:53', '2017-01-12 07:54:12'),
(434, 87, 2, 'hi', '', '', '', 1, 1, 1, NULL, '2016-12-22 16:55:05', '2017-01-12 07:56:13'),
(435, 87, 4, 'hi ', '', '', '', 1, 1, 1, NULL, '2016-12-22 16:55:32', '2017-01-12 07:54:12'),
(436, 87, 4, 'hi', '', '', '', 1, 1, 1, NULL, '2016-12-22 16:56:26', '2017-01-12 07:54:12'),
(437, 87, 4, 'testing', '', '', '', 1, 1, 1, NULL, '2016-12-22 16:57:48', '2017-01-12 07:54:12'),
(438, 87, 1, 'How are you', '', '', '', 0, 1, 87, NULL, '2016-12-22 16:59:45', '2019-11-29 10:53:46'),
(439, 87, 1, 'good', '', '', '', 1, 1, 1, NULL, '2016-12-22 17:00:05', '2017-07-17 10:19:13'),
(440, 87, 1, 'hi', '', '', '', 1, 1, 1, NULL, '2016-12-22 17:00:24', '2017-07-17 10:19:13'),
(441, 87, 1, 'Iam good. Thank you.', '', '', '', 1, 1, 71, NULL, '2016-12-22 17:00:33', '2017-07-17 10:19:13'),
(442, 87, 3, 'hi', '', '', '', 1, 1, 1, NULL, '2016-12-22 17:14:45', '2017-01-12 07:56:10'),
(443, 87, 3, 'hello', '', '', '', 1, 1, 1, NULL, '2016-12-22 17:16:31', '2017-01-12 07:56:10'),
(444, 87, 3, 'hello', '', '', '', 1, 1, 1, NULL, '2016-12-22 17:17:02', '2017-01-12 07:56:10'),
(445, 87, 3, 'This is sixth test', '', '', '', 0, 1, 87, NULL, '2016-12-22 17:17:25', '2017-01-18 09:07:58'),
(446, 87, 3, 'This is sixth test', '', '', '', 0, 1, 87, NULL, '2016-12-22 17:17:25', '2017-01-18 09:07:58'),
(447, 87, 3, 'received', '', '', '', 1, 1, 1, NULL, '2016-12-22 17:17:40', '2017-01-12 07:56:10'),
(448, 87, 3, 'hi', '', '', '', 1, 1, 1, NULL, '2016-12-22 17:18:26', '2017-01-12 07:56:10'),
(449, 87, 2, 'second', '', '', '', 1, 1, 1, NULL, '2016-12-22 17:18:52', '2017-01-12 07:56:13'),
(450, 87, 2, 'hi', '', '', '', 1, 1, 1, NULL, '2016-12-22 17:19:38', '2017-01-12 07:56:13'),
(451, 87, 4, 'hi', '', '', '', 1, 1, 1, NULL, '2016-12-22 17:20:01', '2017-01-12 07:54:12'),
(452, 87, 4, 'Why not send me the letter', '', '', '', 0, 1, 87, NULL, '2016-12-22 17:20:44', '2017-07-24 13:07:14'),
(453, 87, 4, 'Why not send me the letter', '', '', '', 0, 1, 87, NULL, '2016-12-22 17:20:44', '2017-07-24 13:07:14'),
(454, 87, 4, 'reply to 4th one', '', '', '', 1, 1, 1, NULL, '2016-12-22 17:21:11', '2017-01-12 07:54:12'),
(455, 87, 4, 'one more', '', '', '', 1, 1, 1, NULL, '2016-12-22 17:21:23', '2017-01-12 07:54:12'),
(456, 91, 1, 'This is a test. Please respond', '', '', '', 0, 1, 91, NULL, '2016-12-27 19:12:50', '2019-11-19 01:28:16'),
(457, 91, 1, 'HI', '', '', '', 1, 1, 71, NULL, '2016-12-27 19:13:13', '2016-12-27 14:13:50'),
(458, 91, 1, 'Hello Prasad', '', '', '', 1, 1, 85, NULL, '2016-12-27 19:13:20', '2016-12-27 14:13:50'),
(459, 78, 6, 'hi', '', '', '', 1, 1, 68, NULL, '2016-12-27 19:31:48', '2016-12-27 14:37:37'),
(460, 78, 5, 'Hi', '', '', '', 0, 1, 78, NULL, '2016-12-27 20:43:30', '2019-11-18 07:23:23'),
(461, 15, 4, 'testing message', '', '', '', 1, 1, 82, NULL, '2016-12-28 13:00:04', '2019-11-26 11:49:11'),
(462, 91, 2, 'This is Prasad. I called you and left a message. Please call me asap', '', '', '', 0, 1, 91, NULL, '2016-12-28 14:48:18', '2017-01-06 14:40:09'),
(463, 91, 2, 'Good Morning Sir, Firdosh is on leave today, thanks', '', '', '', 1, 1, 68, NULL, '2016-12-28 15:26:22', '2016-12-31 07:57:34'),
(464, 145, 3, 'Hello Payroll', '', '', '', 0, 1, 145, NULL, '2017-01-11 16:12:41', '2017-03-24 12:41:49'),
(465, 145, 3, 'hi ', '', '', '', 1, 1, 79, NULL, '2017-01-11 16:12:58', '2017-01-16 10:48:51'),
(466, 145, 3, 'good morning', '', '', '', 1, 1, 79, NULL, '2017-01-11 16:13:10', '2017-01-16 10:48:51'),
(467, 145, 3, 'I\'m so glad that USM took initiative to release app which can connect with employees easily', '', '', '', 0, 1, 145, NULL, '2017-01-11 16:13:17', '2017-03-24 12:41:49'),
(468, 145, 3, 'I have a quick question regarding my W2 for 2016.', '', '', '', 0, 1, 145, NULL, '2017-01-11 16:13:44', '2017-03-24 12:41:49'),
(469, 145, 3, 'I have a quick question regarding my W2 for 2016.', '', '', '', 0, 1, 145, NULL, '2017-01-11 16:13:44', '2017-03-24 12:41:49'),
(470, 145, 3, 'thank you', '', '', '', 1, 1, 79, NULL, '2017-01-11 16:14:01', '2017-01-16 10:48:51'),
(471, 145, 3, 'As I\'m heading for visa on Jan 24th, will you be able to provide new W2 ?', '', '', '', 0, 1, 145, NULL, '2017-01-11 16:14:36', '2017-03-24 12:41:49'),
(472, 145, 3, 'W2 will be avialable from  3rd week of January ', '', '', '', 1, 1, 79, NULL, '2017-01-11 16:14:42', '2017-01-16 10:48:51'),
(473, 145, 3, 'hi shashidhar, we will send you by end of the day today, thanks', '', '', '', 1, 1, 68, NULL, '2017-01-11 16:14:48', '2017-01-16 10:48:51'),
(474, 145, 3, 'Once the payroll company provide the soft copy we will send it over to you', '', '', '', 1, 1, 79, NULL, '2017-01-11 16:15:37', '2017-01-16 10:48:51'),
(475, 145, 3, 'Thank you so much', '', '', '', 0, 1, 145, NULL, '2017-01-11 16:17:01', '2017-03-24 12:41:49'),
(476, 145, 3, 'I\'m working on preparing documentation, please take this as priority and send it over', '', '', '', 0, 1, 145, NULL, '2017-01-11 16:17:30', '2017-03-24 12:41:49'),
(477, 145, 3, 'ok we will provide them', '', '', '', 1, 1, 79, NULL, '2017-01-11 16:18:24', '2017-01-16 10:48:51'),
(478, 145, 3, 'can we send W2 to this id shashireddy732@gmail.com, please confirm', '', '', '', 1, 1, 68, NULL, '2017-01-11 16:20:49', '2017-01-16 10:48:51'),
(479, 145, 3, 'Yes please', '', '', '', 0, 1, 145, NULL, '2017-01-11 16:21:19', '2017-03-24 12:41:49'),
(480, 145, 3, 'I will get the print as soon as I get it', '', '', '', 0, 1, 145, NULL, '2017-01-11 16:21:38', '2017-03-24 12:41:49'),
(481, 145, 3, 'yes', '', '', '', 1, 1, 79, NULL, '2017-01-11 16:22:03', '2017-01-16 10:48:51'),
(482, 145, 3, 'w2 sent, please check and confirm', '', '', '', 1, 1, 68, NULL, '2017-01-11 16:22:28', '2017-01-16 10:48:51'),
(483, 145, 3, 'Received the W2 , thank you so much for quick response', '', '', '', 0, 1, 145, NULL, '2017-01-11 16:23:49', '2017-03-24 12:41:49');
INSERT INTO `messages` (`message_id`, `user_id`, `dept_id`, `message`, `upload_doc`, `upload_path`, `doc_type`, `message_type`, `read_status`, `posted_by`, `read_by`, `created_at`, `updated_at`) VALUES
(484, 130, 4, 'When can I expect the petition  documents like lca , i 129 ,letter to consulate and etc for h1b stamping . One of you mentioned  that the documets will be placed in h1b_ext folder under google drive. I can see the folder but it is empty.', '', '', '', 0, 1, 130, NULL, '2017-01-11 19:10:48', '2017-01-30 11:36:45'),
(485, 130, 4, 'lakshmikanth, i will ask naveen to check and get back to you', '', '', '', 1, 1, 71, NULL, '2017-01-11 19:34:04', '2017-01-18 16:21:13'),
(486, 130, 4, 'Requested above update you shortly...', '', '', '', 1, 1, 82, NULL, '2017-01-11 19:53:00', '2017-01-18 16:21:13'),
(487, 130, 4, 'we have shared the petition once again ,..please confirm once you received', '', '', '', 1, 1, 82, NULL, '2017-01-11 19:56:36', '2017-01-18 16:21:13'),
(488, 130, 4, 'Yes I can see 2 files thanks ', '', '', '', 0, 1, 130, NULL, '2017-01-11 20:03:43', '2017-01-30 11:36:45'),
(489, 130, 4, 'tq', '', '', '', 1, 1, 82, NULL, '2017-01-11 20:06:14', '2017-01-18 16:21:13'),
(490, 42, 5, 'Project ending 1/31', '', '', '', 0, 1, 42, NULL, '2017-01-12 10:18:32', '2017-07-31 00:34:42'),
(491, 42, 1, 'Test', '', '', '', 0, 1, 42, NULL, '2017-01-12 10:18:43', '2019-11-18 07:18:25'),
(492, 42, 2, 'Test', '', '', '', 0, 1, 42, NULL, '2017-01-12 10:18:50', '2017-01-26 16:11:02'),
(493, 42, 3, 'Test', '', '', '', 0, 1, 42, NULL, '2017-01-12 10:18:58', '2017-03-24 12:41:06'),
(494, 42, 4, 'Test', '', '', '', 0, 1, 42, NULL, '2017-01-12 10:19:06', '2017-01-26 16:16:57'),
(495, 42, 6, 'Test', '', '', '', 0, 1, 42, NULL, '2017-01-12 10:19:16', '2019-12-04 17:08:07'),
(496, 87, 4, 'Can I know the hardships going to face by h1 holders if the new bill is introduced', '', '', '', 0, 1, 87, NULL, '2017-01-12 12:52:58', '2017-07-24 13:07:14'),
(497, 87, 4, 'we will get back to you. Thanks', '', '', '', 1, 1, 1, NULL, '2017-01-12 12:53:55', '2017-01-12 07:54:12'),
(498, 87, 3, 'When is my payroll', '', '', '', 0, 1, 87, NULL, '2017-01-12 12:54:23', '2017-01-18 09:07:58'),
(499, 87, 1, 'I will be going to india from Jan 15 to Feb 15', '', '', '', 0, 1, 87, NULL, '2017-01-12 12:54:57', '2019-11-29 10:53:46'),
(500, 87, 1, 'I will be going to india from Jan 15 to Feb 15', '', '', '', 0, 1, 87, NULL, '2017-01-12 12:54:58', '2019-11-29 10:53:46'),
(501, 87, 3, 'Jan 15th is your payroll.', '', '', '', 1, 1, 1, NULL, '2017-01-12 12:55:06', '2017-01-12 07:56:10'),
(502, 87, 2, 'Submitted my time sheets', '', '', '', 0, 1, 87, NULL, '2017-01-12 12:55:15', '2019-10-28 20:09:09'),
(503, 87, 2, 'Submitted my time sheets', '', '', '', 0, 1, 87, NULL, '2017-01-12 12:55:16', '2019-10-28 20:09:09'),
(504, 87, 6, 'Can you refund my tickets', '', '', '', 0, 1, 87, NULL, '2017-01-12 12:55:56', '2019-12-04 17:07:55'),
(505, 87, 6, 'Can you refund my tickets', '', '', '', 0, 1, 87, NULL, '2017-01-12 12:55:57', '2019-12-04 17:07:55'),
(506, 87, 2, 'thanks for timesheets.', '', '', '', 1, 1, 1, NULL, '2017-01-12 12:56:02', '2017-01-12 07:56:13'),
(507, 87, 5, 'My assignment ends next week', '', '', '', 0, 1, 87, NULL, '2017-01-12 12:56:30', '2019-11-21 08:16:16'),
(508, 87, 5, 'My assignment ends next week', '', '', '', 0, 1, 87, NULL, '2017-01-12 12:56:31', '2019-11-21 08:16:16'),
(509, 87, 5, 'thanks.', '', '', '', 1, 1, 1, NULL, '2017-01-12 12:56:53', '2017-01-12 07:57:11'),
(510, 42, 2, 'Hi Chaitanya.....', '', '', '', 1, 1, 81, NULL, '2017-01-12 13:41:11', '2017-01-13 11:36:09'),
(511, 42, 2, 'Firdosh here....', '', '', '', 1, 1, 81, NULL, '2017-01-12 13:42:56', '2017-01-13 11:36:09'),
(512, 87, 6, 'Good Morning Sir', '', '', '', 1, 0, 68, NULL, '2017-01-12 13:58:53', '2017-01-12 08:58:53'),
(513, 42, 3, 'HI', '', '', '', 1, 1, 79, NULL, '2017-01-12 14:00:10', '2017-02-03 14:07:16'),
(514, 42, 3, 'HI', '', '', '', 1, 1, 79, NULL, '2017-01-12 14:00:11', '2017-02-03 14:07:16'),
(515, 87, 6, 'Sure sir, we will refund, can you please let us know the amount and please share the receipts, thanks', '', '', '', 1, 0, 68, NULL, '2017-01-12 14:02:31', '2017-01-12 09:02:31'),
(516, 42, 5, '\"please send your updated resume\"', '', '', '', 1, 1, 66, NULL, '2017-01-12 14:29:45', '2017-01-12 10:50:44'),
(517, 42, 6, 'hi chandra', '', '', '', 1, 1, 68, NULL, '2017-01-12 14:37:43', '2017-01-12 10:50:48'),
(518, 42, 1, 'hi', '', '', '', 1, 1, 71, NULL, '2017-01-12 14:43:18', '2017-01-12 10:50:35'),
(519, 42, 1, 'hi', '', '', '', 1, 1, 71, NULL, '2017-01-12 14:43:19', '2017-01-12 10:50:35'),
(520, 42, 4, 'Hi Chandra..', '', '', '', 1, 1, 82, NULL, '2017-01-12 16:41:30', '2017-01-13 11:36:37'),
(521, 130, 4, 'Hi Lakshmikanth ..I am trying to reach you but not able to connect.', '', '', '', 1, 1, 82, NULL, '2017-01-12 17:41:22', '2017-01-18 16:21:13'),
(522, 130, 4, 'Hi Lakshmikanth ..I am trying to reach you but not able to connect.', '', '', '', 1, 1, 82, NULL, '2017-01-12 17:41:24', '2017-01-18 16:21:13'),
(523, 130, 4, 'Can you please call me at my desk  phone no..703-349-2044', '', '', '', 1, 1, 82, NULL, '2017-01-12 17:42:19', '2017-01-18 16:21:13'),
(524, 130, 4, 'Sure', '', '', '', 0, 1, 130, NULL, '2017-01-12 17:44:06', '2017-01-30 11:36:45'),
(525, 130, 4, 'thank you', '', '', '', 1, 1, 82, NULL, '2017-01-12 17:44:42', '2017-01-18 16:21:13'),
(526, 130, 4, 'Naveen,Thank you very much for the clarification.', '', '', '', 0, 1, 130, NULL, '2017-01-12 17:55:06', '2017-01-30 11:36:45'),
(527, 130, 4, 'My Pleasure, Lakshmikanth! ', '', '', '', 1, 1, 82, NULL, '2017-01-12 17:55:53', '2017-01-18 16:21:13'),
(528, 15, 1, 'Test', '', '', '', 0, 1, 15, NULL, '2017-01-13 07:49:07', '2020-03-23 14:59:27'),
(529, 15, 1, 'Hi Kishore', '', '', '', 1, 1, 82, NULL, '2017-01-13 12:10:04', '2019-12-10 14:32:56'),
(530, 87, 1, ' I will call you soon.', '', '', '', 1, 1, 71, NULL, '2017-01-13 14:40:35', '2017-07-17 10:19:13'),
(531, 42, 4, 'Hello', '', '', '', 0, 1, 42, NULL, '2017-01-13 15:41:48', '2017-01-26 16:16:57'),
(532, 42, 5, 'I am already being marketed. Thank you', '', '', '', 0, 1, 42, NULL, '2017-01-13 15:42:17', '2017-07-31 00:34:42'),
(533, 42, 4, 'Hi chAITANYA', '', '', '', 1, 1, 82, NULL, '2017-01-13 15:42:58', '2017-01-13 11:36:37'),
(534, 42, 3, 'Hi, i just sent an email about fsa contributions  i did not opt for. Please look into it', '', '', '', 0, 1, 42, NULL, '2017-01-13 15:43:16', '2017-03-24 12:41:06'),
(535, 42, 3, 'ok', '', '', '', 1, 1, 79, NULL, '2017-01-13 15:43:35', '2017-02-03 14:07:16'),
(536, 42, 4, 'Mr. Prasad asked me to test the app. Btw, after i find a new project, i will be reaching out to you for filing my extension around  april', '', '', '', 0, 1, 42, NULL, '2017-01-13 15:44:57', '2017-01-26 16:16:57'),
(537, 42, 3, 'We are verifying we will get back to you', '', '', '', 1, 1, 79, NULL, '2017-01-13 15:45:09', '2017-02-03 14:07:16'),
(538, 42, 3, 'Thank you', '', '', '', 0, 1, 42, NULL, '2017-01-13 15:45:10', '2017-03-24 12:41:06'),
(539, 42, 6, 'Thank you for the response. Test has been succeesful', '', '', '', 0, 1, 42, NULL, '2017-01-13 15:45:51', '2019-12-04 17:08:07'),
(540, 42, 4, 'Sure Chaitanya..we will do.Thank you', '', '', '', 1, 1, 82, NULL, '2017-01-13 15:46:41', '2017-01-13 11:36:37'),
(541, 42, 2, 'Hi Firdosh, how are you', '', '', '', 0, 1, 42, NULL, '2017-01-13 15:48:07', '2017-01-26 16:11:02'),
(542, 42, 2, 'We have a nice app here for chatting', '', '', '', 0, 1, 42, NULL, '2017-01-13 15:48:20', '2017-01-26 16:11:02'),
(543, 42, 3, 'As we discussed over the phone we will calculate and pay that amount in the coming payroll', '', '', '', 1, 1, 79, NULL, '2017-01-13 15:53:42', '2017-02-03 14:07:16'),
(544, 42, 2, 'Am good...Whats about you?', '', '', '', 1, 1, 81, NULL, '2017-01-13 15:57:26', '2017-01-13 11:36:09'),
(545, 42, 2, 'Yes offcourse...this app is so good to connect each and everyone...', '', '', '', 1, 1, 81, NULL, '2017-01-13 15:58:27', '2017-01-13 11:36:09'),
(546, 150, 3, 'Hello Vineela, I never received the referral check. Just wanted to let you know.', '', '', '', 0, 1, 150, NULL, '2017-01-15 04:33:29', '2017-02-03 16:56:11'),
(547, 15, 4, 'Hi', '', '', '', 0, 1, 15, NULL, '2017-01-16 11:06:31', '2019-12-04 18:59:01'),
(548, 150, 3, 'ok Thank You', '', '', '', 1, 0, 79, NULL, '2017-01-16 15:48:10', '2017-01-16 10:48:10'),
(549, 145, 1, 'Hello HR', '', '', '', 0, 1, 145, NULL, '2017-01-16 15:49:00', '2019-11-12 02:58:44'),
(550, 145, 1, 'Hello', '', '', '', 1, 1, 151, NULL, '2017-01-16 15:49:51', '2017-02-04 06:32:38'),
(551, 145, 1, 'Hi Shashidhar', '', '', '', 1, 1, 82, NULL, '2017-01-16 15:50:06', '2017-02-04 06:32:38'),
(552, 145, 1, 'I just have called HR(Asha) and left a voicemail. Then I realized, may be it is a holiday for USM. Could you please ask Asha to call me once when she has few minutes to talk. Thanks', '', '', '', 0, 1, 145, NULL, '2017-01-16 15:51:15', '2019-11-12 02:58:44'),
(553, 145, 1, 'Dear Shashidhar,', '', '', '', 1, 1, 82, NULL, '2017-01-16 15:52:00', '2017-02-04 06:32:38'),
(554, 145, 1, 'Asha is out today, can she call you tomorrow?', '', '', '', 1, 1, 151, NULL, '2017-01-16 15:52:20', '2017-02-04 06:32:38'),
(555, 145, 1, 'Asha is not feeling well and she is on leave for the day.', '', '', '', 1, 1, 82, NULL, '2017-01-16 15:52:39', '2017-02-04 06:32:38'),
(556, 145, 1, 'Asha is out today, can she call you tomorrow?', '', '', '', 1, 1, 151, NULL, '2017-01-16 15:52:42', '2017-02-04 06:32:38'),
(557, 145, 1, 'Can someone else call ?', '', '', '', 0, 1, 145, NULL, '2017-01-16 15:52:45', '2019-11-12 02:58:44'),
(558, 145, 1, 'This is regarding visa checklist', '', '', '', 0, 1, 145, NULL, '2017-01-16 15:53:12', '2019-11-12 02:58:44'),
(559, 145, 1, 'Sure, Shashidhar will call you shortly.', '', '', '', 1, 1, 82, NULL, '2017-01-16 15:54:01', '2017-02-04 06:32:38'),
(560, 145, 1, 'Ok cool', '', '', '', 0, 1, 145, NULL, '2017-01-16 15:54:14', '2019-11-12 02:58:44'),
(561, 145, 1, 'Thanks', '', '', '', 0, 1, 145, NULL, '2017-01-16 15:54:18', '2019-11-12 02:58:44'),
(562, 150, 3, 'ok We will verify and get back to you', '', '', '', 1, 0, 79, NULL, '2017-01-16 16:02:50', '2017-01-16 11:02:50'),
(563, 150, 3, 'Today we have bank holiday. We will check with bank and get back to you tomorrow', '', '', '', 1, 0, 79, NULL, '2017-01-16 16:23:51', '2017-01-16 11:23:51'),
(564, 91, 1, 'This is a test message from Prasad', '', '', '', 0, 1, 91, NULL, '2017-01-16 19:48:17', '2019-11-19 01:28:16'),
(565, 91, 1, 'test reply', '', '', '', 1, 0, 151, NULL, '2017-01-16 19:48:42', '2017-01-16 14:48:42'),
(566, 145, 1, 'Shashidhar, Immigration team already shared the check list and hope you have all the documents need to carry.', '', '', '', 1, 1, 71, NULL, '2017-01-17 15:19:48', '2017-02-04 06:32:38'),
(567, 145, 1, 'Ok thanks. Venkat had called yesterday to go through the documents that I\'m carrying. I should be all set.', '', '', '', 0, 1, 145, NULL, '2017-01-17 15:25:44', '2019-11-12 02:58:44'),
(568, 145, 1, 'I\'m still waiting on status reports that I have sent to Prasad.', '', '', '', 0, 1, 145, NULL, '2017-01-17 15:26:06', '2019-11-12 02:58:44'),
(569, 145, 1, 'Great. ', '', '', '', 1, 1, 71, NULL, '2017-01-17 15:26:24', '2017-02-04 06:32:38'),
(570, 145, 1, 'Hi Shashidhar....please reach once again ', '', '', '', 1, 1, 82, NULL, '2017-01-17 15:28:51', '2017-02-04 06:32:38'),
(571, 150, 3, 'HI Vamsee we checked with Bank and we are reissuing the check', '', '', '', 1, 0, 79, NULL, '2017-01-17 15:49:50', '2017-01-17 10:49:50'),
(572, 150, 3, 'Thank you', '', '', '', 0, 1, 150, NULL, '2017-01-17 16:24:52', '2017-02-03 16:56:11'),
(573, 141, 1, 'Hi, I need to update my address ', '', '', '', 0, 1, 141, NULL, '2017-01-17 19:11:39', '2017-03-30 10:41:12'),
(574, 141, 1, 'We can take care of that for you.  What is your new address?', '', '', '', 1, 1, 151, NULL, '2017-01-17 19:14:58', '2017-01-17 14:38:53'),
(575, 141, 1, 'It\'s \n13251, Overcup Oak CT\nApt 301\nHerndon,  VA 20171', '', '', '', 0, 1, 141, NULL, '2017-01-17 19:18:12', '2017-03-30 10:41:12'),
(576, 141, 1, 'thank you , will update in Hr records.', '', '', '', 1, 1, 71, NULL, '2017-01-17 19:19:06', '2017-01-17 14:38:53'),
(577, 141, 1, 'Thank you. Will this update if need to be updated in my green card processing records too? ', '', '', '', 0, 1, 141, NULL, '2017-01-17 19:21:07', '2017-03-30 10:41:12'),
(578, 141, 1, 'GC process you have to update online.  This will be updated in HR records and payroll. ', '', '', '', 1, 1, 71, NULL, '2017-01-17 19:38:37', '2017-01-17 14:38:53'),
(579, 15, 4, 'Hi Kishore', '', '', '', 1, 1, 82, NULL, '2017-01-18 17:44:27', '2019-11-26 11:49:11'),
(580, 145, 4, 'Hello Immigration. I have a quick question regarding DS-160 form.', '', '', '', 0, 1, 145, NULL, '2017-01-18 18:59:47', '2017-02-13 12:17:08'),
(581, 145, 4, 'My I-140 is approved.', '', '', '', 0, 1, 145, NULL, '2017-01-18 19:00:35', '2017-02-13 12:17:08'),
(582, 145, 4, 'Question is : \"Has anyone ever filled an immigrant petition on your behalf with the United States Citizenship and Immigration services ?\"', '', '', '', 0, 1, 145, NULL, '2017-01-18 19:01:35', '2017-02-13 12:17:08'),
(583, 145, 4, 'Yes shashidhar...please let me know', '', '', '', 1, 1, 82, NULL, '2017-01-18 19:01:44', '2017-02-04 06:32:32'),
(584, 145, 4, 'USM is the petitioner ...which is filed behalf of you', '', '', '', 1, 1, 82, NULL, '2017-01-18 19:03:16', '2017-02-04 06:32:32'),
(585, 145, 4, 'Shashidhar..I will call  you and explain further information if needed.', '', '', '', 1, 1, 82, NULL, '2017-01-18 19:04:45', '2017-02-04 06:32:32'),
(586, 145, 4, 'Please call me', '', '', '', 0, 1, 145, NULL, '2017-01-18 19:12:38', '2017-02-13 12:17:08'),
(587, 145, 4, 'ok', '', '', '', 1, 1, 82, NULL, '2017-01-18 19:15:09', '2017-02-04 06:32:32'),
(588, 130, 4, 'Naveen, could you call me.', '', '', '', 0, 1, 130, NULL, '2017-01-18 21:13:54', '2017-01-30 11:36:45'),
(589, 130, 4, 'Sure! Lakshmikanth.......', '', '', '', 1, 1, 82, NULL, '2017-01-18 21:14:57', '2017-01-18 16:21:13'),
(590, 15, 1, 'test message', '', '', '', 1, 1, 1, NULL, '2017-01-25 07:10:23', '2019-12-10 14:32:56'),
(591, 15, 1, 'check test', '', '', '', 1, 1, 1, NULL, '2017-01-25 07:14:09', '2019-12-10 14:32:56'),
(592, 15, 1, 'check ', '', '', '', 1, 1, 1, NULL, '2017-01-25 07:14:53', '2019-12-10 14:32:56'),
(593, 15, 1, 'test', '', '', '', 1, 1, 1, NULL, '2017-01-25 07:17:24', '2019-12-10 14:32:56'),
(594, 15, 2, 'test message', '', '', '', 1, 1, 1, NULL, '2017-01-25 07:18:09', '2019-11-27 10:28:18'),
(595, 15, 3, 'test message', '', '', '', 1, 1, 1, NULL, '2017-01-25 07:18:34', '2019-11-30 16:16:31'),
(596, 15, 1, 'Thanks ', '', '', '', 0, 1, 15, NULL, '2017-01-25 07:19:48', '2020-03-23 14:59:27'),
(597, 15, 1, 'hi', '', '', '', 1, 1, 1, NULL, '2017-01-25 07:21:39', '2019-12-10 14:32:56'),
(598, 15, 1, 'hi kishore', '', '', '', 1, 1, 71, NULL, '2017-01-25 14:41:16', '2019-12-10 14:32:56'),
(599, 15, 3, 'hi kishore', '', '', '', 1, 1, 68, NULL, '2017-01-26 17:02:50', '2019-11-30 16:16:31'),
(600, 143, 4, 'Hi', '', '', '', 0, 1, 143, NULL, '2017-01-26 21:09:40', '2017-04-05 15:52:25'),
(601, 143, 1, 'Hi Team', '', '', '', 0, 1, 143, NULL, '2017-01-26 21:10:08', '2017-01-27 10:24:31'),
(602, 143, 4, 'Hi Seshagiri', '', '', '', 1, 1, 82, NULL, '2017-01-26 21:10:09', '2017-04-04 11:17:29'),
(603, 143, 1, 'hello', '', '', '', 1, 1, 71, NULL, '2017-01-26 21:10:35', '2019-12-10 14:29:22'),
(604, 143, 1, 'May i know who is chatting with me', '', '', '', 0, 1, 143, NULL, '2017-01-26 21:11:01', '2017-01-27 10:24:31'),
(605, 143, 4, 'Do u guys deal with i 9 queries', '', '', '', 0, 1, 143, NULL, '2017-01-26 21:11:24', '2017-04-05 15:52:25'),
(606, 143, 1, 'I am Venkat from Immigration Team', '', '', '', 1, 1, 82, NULL, '2017-01-26 21:11:34', '2019-12-10 14:29:22'),
(607, 143, 4, 'Or shall i check with hr', '', '', '', 0, 1, 143, NULL, '2017-01-26 21:11:35', '2017-04-05 15:52:25'),
(608, 143, 1, 'Asha had sent me a i9 form', '', '', '', 0, 1, 143, NULL, '2017-01-26 21:11:54', '2017-01-27 10:24:31'),
(609, 143, 1, 'I am trying to reach her', '', '', '', 0, 1, 143, NULL, '2017-01-26 21:12:06', '2017-01-27 10:24:31'),
(610, 143, 1, 'sesh, please call me ...this is Asha', '', '', '', 1, 1, 71, NULL, '2017-01-26 21:12:18', '2019-12-10 14:29:22'),
(611, 143, 1, 'Ok thanks', '', '', '', 0, 1, 143, NULL, '2017-01-26 21:12:36', '2017-01-27 10:24:31'),
(612, 143, 1, 'Ext 320?', '', '', '', 0, 1, 143, NULL, '2017-01-26 21:12:42', '2017-01-27 10:24:31'),
(613, 143, 1, 'I didnt see your #, Iwas in another call.', '', '', '', 1, 1, 71, NULL, '2017-01-26 21:12:49', '2019-12-10 14:29:22'),
(614, 143, 1, 'yes', '', '', '', 1, 1, 71, NULL, '2017-01-26 21:12:58', '2019-12-10 14:29:22'),
(615, 143, 1, 'Ok thanks', '', '', '', 0, 1, 143, NULL, '2017-01-26 21:13:05', '2017-01-27 10:24:31'),
(616, 35, 3, 'Hi, is it possible to pay the balance money along with my feb 15th payment.', '', '', '', 0, 1, 35, NULL, '2017-01-31 05:23:57', '2017-03-24 12:41:24'),
(617, 35, 3, 'Hi, is it possible to pay the balance money along with my feb 15th payment.', '', '', '', 0, 1, 35, NULL, '2017-01-31 05:23:57', '2017-03-24 12:41:24'),
(618, 35, 3, 'let me check on it and get back to you', '', '', '', 1, 1, 79, NULL, '2017-01-31 13:47:37', '2017-02-24 11:44:09'),
(619, 47, 2, 'Hi Time Master, testing mobile app', '', '', '', 0, 1, 47, NULL, '2017-01-31 16:08:24', '2017-07-17 14:04:45'),
(620, 47, 2, 'Hi Time Master, testing mobile app', '', '', '', 0, 1, 47, NULL, '2017-01-31 16:08:25', '2017-07-17 14:04:45'),
(621, 47, 2, 'Hi Time Master, testing mobile app', '', '', '', 0, 1, 47, NULL, '2017-01-31 16:08:29', '2017-07-17 14:04:45'),
(622, 47, 2, 'Hi Time Master, testing mobile app', '', '', '', 0, 1, 47, NULL, '2017-01-31 16:08:35', '2017-07-17 14:04:45'),
(623, 47, 2, 'Hi Time Master, testing mobile app', '', '', '', 0, 1, 47, NULL, '2017-01-31 16:09:02', '2017-07-17 14:04:45'),
(624, 47, 2, 'Hi Time Master, testing mobile app', '', '', '', 0, 1, 47, NULL, '2017-01-31 16:09:21', '2017-07-17 14:04:45'),
(625, 47, 2, 'Hi Time Master, testing mobile app', '', '', '', 0, 1, 47, NULL, '2017-01-31 16:09:43', '2017-07-17 14:04:45'),
(626, 47, 2, 'Hi Time Master, testing mobile app', '', '', '', 0, 1, 47, NULL, '2017-01-31 16:10:00', '2017-07-17 14:04:45'),
(627, 47, 2, 'Hi', '', '', '', 1, 1, 81, NULL, '2017-01-31 16:10:32', '2017-01-31 12:55:42'),
(628, 47, 2, 'Firdosh here', '', '', '', 1, 1, 81, NULL, '2017-01-31 16:10:42', '2017-01-31 12:55:42'),
(629, 47, 2, 'Hi Time Master, testing mobile app', '', '', '', 0, 1, 47, NULL, '2017-01-31 17:24:28', '2017-07-17 14:04:45'),
(630, 47, 2, 'Hi Time Master, testing mobile app', '', '', '', 0, 1, 47, NULL, '2017-01-31 17:24:29', '2017-07-17 14:04:45'),
(631, 47, 2, 'Hi Time Master, testing mobile app', '', '', '', 0, 1, 47, NULL, '2017-01-31 17:24:29', '2017-07-17 14:04:45'),
(632, 47, 2, 'Hi Time Master, testing mobile app', '', '', '', 0, 1, 47, NULL, '2017-01-31 17:24:29', '2017-07-17 14:04:45'),
(633, 47, 2, 'Hi Time Master, testing mobile app', '', '', '', 0, 1, 47, NULL, '2017-01-31 17:24:29', '2017-07-17 14:04:45'),
(634, 47, 2, 'Hi Time Master, testing mobile app', '', '', '', 0, 1, 47, NULL, '2017-01-31 17:24:29', '2017-07-17 14:04:45'),
(635, 47, 2, 'Hi Time Master, testing mobile app', '', '', '', 0, 1, 47, NULL, '2017-01-31 17:24:30', '2017-07-17 14:04:45'),
(636, 47, 2, 'Hi...', '', '', '', 1, 1, 81, NULL, '2017-01-31 17:24:56', '2017-01-31 12:55:42'),
(637, 47, 2, 'This is Firdosh from TS Dept', '', '', '', 1, 1, 81, NULL, '2017-01-31 17:26:14', '2017-01-31 12:55:42'),
(638, 47, 2, 'Hi Firdosh, I wud like to know if you received my time sheet. This is test message for our new USM mobile app.', '', '', '', 0, 1, 47, NULL, '2017-01-31 17:27:16', '2017-07-17 14:04:45'),
(639, 47, 1, 'Hi Dear HR, please email me our marketing team. I would like to be in touch please.', '', '', '', 0, 1, 47, NULL, '2017-01-31 17:28:01', '2017-04-22 05:02:02'),
(640, 47, 1, 'My email is: dakunuru@gmail.com', '', '', '', 0, 1, 47, NULL, '2017-01-31 17:28:21', '2017-04-22 05:02:02'),
(641, 47, 2, 'Yes, we have received your approved TS till WE 01/29/2017...', '', '', '', 1, 1, 81, NULL, '2017-01-31 17:28:27', '2017-01-31 12:55:42'),
(642, 47, 1, 'you can send email to marketing@usmsystems.com', '', '', '', 1, 1, 71, NULL, '2017-01-31 17:29:25', '2017-04-18 12:12:42'),
(643, 143, 6, 'Hi', '', '', '', 0, 1, 143, NULL, '2017-01-31 17:39:37', '2019-11-18 07:24:03'),
(644, 143, 6, 'Hi team', '', '', '', 0, 1, 143, NULL, '2017-01-31 17:39:46', '2019-11-18 07:24:03'),
(645, 143, 6, 'Hi seshagiri.', '', '', '', 1, 1, 68, NULL, '2017-01-31 17:40:31', '2017-01-31 12:49:29'),
(646, 143, 6, 'May i know whom i am speaking with', '', '', '', 0, 1, 143, NULL, '2017-01-31 17:41:09', '2019-11-18 07:24:03'),
(647, 143, 6, 'is kameshwari available', '', '', '', 0, 1, 143, NULL, '2017-01-31 17:41:29', '2019-11-18 07:24:03'),
(648, 143, 6, 'Im David from accounts payable', '', '', '', 1, 1, 68, NULL, '2017-01-31 17:41:54', '2017-01-31 12:49:29'),
(649, 143, 6, 'yes she is in office today', '', '', '', 1, 1, 68, NULL, '2017-01-31 17:42:20', '2017-01-31 12:49:29'),
(650, 143, 6, 'Did you received any payments from zero chaos', '', '', '', 0, 1, 143, NULL, '2017-01-31 17:42:23', '2019-11-18 07:24:03'),
(651, 143, 6, 'Can you please ask her to give me acall', '', '', '', 0, 1, 143, NULL, '2017-01-31 17:47:50', '2019-11-18 07:24:03'),
(652, 143, 6, 'Or give her number to reach', '', '', '', 0, 1, 143, NULL, '2017-01-31 17:48:01', '2019-11-18 07:24:03'),
(653, 143, 6, 'My number is 6469633083', '', '', '', 0, 1, 143, NULL, '2017-01-31 17:48:11', '2019-11-18 07:24:03'),
(654, 143, 6, 'sure i will ask her to call, also im sending her contact details for reference Koteswari  | Accounts  Receivable | Phone: +703-953-1063', '', '', '', 1, 1, 68, NULL, '2017-01-31 17:49:14', '2017-01-31 12:49:29'),
(655, 143, 6, 'Thank u', '', '', '', 0, 1, 143, NULL, '2017-01-31 17:50:10', '2019-11-18 07:24:03'),
(656, 47, 1, 'Thank U', '', '', '', 0, 1, 47, NULL, '2017-01-31 17:55:37', '2017-04-22 05:02:02'),
(657, 35, 3, 'as per our phone call amount will be paid in Feb 22nd 2017', '', '', '', 1, 1, 79, NULL, '2017-02-01 15:56:36', '2017-02-24 11:44:09'),
(658, 42, 3, 'About the FSA issue we discussed earlier, i don\'t see me getting paid back the money deducted for 4 months', '', '', '', 0, 1, 42, NULL, '2017-02-02 16:32:37', '2017-03-24 12:41:06'),
(659, 42, 3, 'Can you please make sure that this amount is included in the next payroll?', '', '', '', 0, 1, 42, NULL, '2017-02-02 16:33:44', '2017-03-24 12:41:06'),
(660, 42, 3, 'HI Chaitanya ', '', '', '', 1, 1, 79, NULL, '2017-02-02 16:45:49', '2017-02-03 14:07:16'),
(661, 42, 3, 'it was already add in the other pay', '', '', '', 1, 1, 79, NULL, '2017-02-02 16:46:11', '2017-02-03 14:07:16'),
(662, 42, 3, 'if you need details we will have a call', '', '', '', 1, 1, 79, NULL, '2017-02-02 16:46:31', '2017-02-03 14:07:16'),
(663, 42, 3, 'Something is not correct. I worked a rotal 125 hours and was expecting a gross pay of $10,087.  In addition to that i was expecting an additional pay of $600. Let us catch up tomorrow morning to go through this.\n', '', '', '', 0, 1, 42, NULL, '2017-02-03 01:46:52', '2017-03-24 12:41:06'),
(664, 84, 6, 'Hi', '', '', '', 0, 1, 84, NULL, '2017-02-03 05:15:24', '2019-11-18 07:23:58'),
(665, 84, 6, 'Hi venkat', '', '', '', 1, 1, 1, NULL, '2017-02-03 05:15:46', '2017-05-27 06:24:19'),
(666, 84, 6, 'Test message', '', '', '', 0, 1, 84, NULL, '2017-02-03 12:29:33', '2019-11-18 07:23:58'),
(667, 84, 6, 'ok', '', '', '', 1, 1, 1, NULL, '2017-02-03 12:29:52', '2017-05-27 06:24:19'),
(668, 84, 6, 'thanks', '', '', '', 1, 1, 1, NULL, '2017-02-03 12:30:10', '2017-05-27 06:24:19'),
(669, 145, 4, 'Hello Immigration', '', '', '', 0, 1, 145, NULL, '2017-02-03 13:35:05', '2017-02-13 12:17:08'),
(670, 145, 4, 'Hi Shashidhar', '', '', '', 1, 1, 82, NULL, '2017-02-03 13:47:06', '2017-02-04 06:32:32'),
(671, 42, 3, 'ok', '', '', '', 1, 1, 79, NULL, '2017-02-03 14:09:20', '2017-02-03 14:07:16'),
(672, 42, 3, 'we will verify them', '', '', '', 1, 1, 79, NULL, '2017-02-03 14:09:32', '2017-02-03 14:07:16'),
(673, 145, 4, 'I have sent an email to immigration department, i feel like I got the diplomatic answer.', '', '', '', 0, 1, 145, NULL, '2017-02-03 15:04:41', '2017-02-13 12:17:08'),
(674, 145, 4, 'Are there any USM employees travelled recently to United States ?', '', '', '', 0, 1, 145, NULL, '2017-02-03 15:05:19', '2017-02-13 12:17:08'),
(675, 145, 4, 'I will call you and explain..', '', '', '', 1, 1, 82, NULL, '2017-02-03 15:06:16', '2017-02-04 06:32:32'),
(676, 145, 4, 'Sashidhar This is Asha.....yes, day before yesterday one consultant came back to US without any problem at POE.', '', '', '', 1, 1, 71, NULL, '2017-02-03 15:07:24', '2017-02-04 06:32:32'),
(677, 145, 4, 'Yea sure please call me on my India mobile number  91-9701035184', '', '', '', 0, 1, 145, NULL, '2017-02-03 15:12:12', '2017-02-13 12:17:08'),
(678, 145, 4, 'Yea sure please call me on my India mobile number  91-9701035184', '', '', '', 0, 1, 145, NULL, '2017-02-03 15:12:14', '2017-02-13 12:17:08'),
(679, 145, 4, 'When you get a chance', '', '', '', 0, 1, 145, NULL, '2017-02-03 15:12:27', '2017-02-13 12:17:08'),
(680, 145, 4, 'call you shortly...', '', '', '', 1, 1, 82, NULL, '2017-02-03 15:14:40', '2017-02-04 06:32:32'),
(681, 142, 1, 'Good Morning \nHere is my latest address: \n2314 Knobhill Drive\nAPT 15\nOkemos, MI 48864', '', '', '', 0, 1, 142, NULL, '2017-02-03 15:21:32', '2017-03-01 17:35:46'),
(682, 145, 4, 'Ok thanks', '', '', '', 0, 1, 145, NULL, '2017-02-03 15:21:32', '2017-02-13 12:17:08'),
(683, 142, 1, 'Good Morning \nHere is my latest address: \n2314 Knobhill Drive\nAPT 15\nOkemos, MI 48864', '', '', '', 0, 1, 142, NULL, '2017-02-03 15:21:32', '2017-03-01 17:35:46'),
(684, 145, 4, 'My Pleasure', '', '', '', 1, 1, 82, NULL, '2017-02-03 15:22:34', '2017-02-04 06:32:32'),
(685, 145, 4, 'Thanks for the clarification Naveen.', '', '', '', 0, 1, 145, NULL, '2017-02-03 15:31:28', '2017-02-13 12:17:08'),
(686, 145, 4, 'You\'re welcome ', '', '', '', 1, 1, 82, NULL, '2017-02-03 15:33:54', '2017-02-04 06:32:32'),
(687, 142, 1, 'updated.', '', '', '', 1, 1, 71, NULL, '2017-02-03 17:20:58', '2019-12-04 17:38:00'),
(688, 42, 3, 'Thank you', '', '', '', 0, 1, 42, NULL, '2017-02-03 18:35:54', '2017-03-24 12:41:06'),
(689, 15, 1, 'Hi', '', '', '', 0, 1, 15, NULL, '2017-02-04 05:32:08', '2020-03-23 14:59:27'),
(690, 15, 1, 'hi', '', '', '', 1, 1, 1, NULL, '2017-02-04 05:36:41', '2019-12-10 14:32:56'),
(691, 15, 1, 'hi', '', '', '', 1, 1, 1, NULL, '2017-02-04 05:37:07', '2019-12-10 14:32:56'),
(692, 84, 6, 'helo', '', '', '', 1, 1, 1, NULL, '2017-02-04 05:38:38', '2017-05-27 06:24:19'),
(693, 84, 6, 'Hi', '', '', '', 0, 1, 84, NULL, '2017-02-04 05:39:11', '2019-11-18 07:23:58'),
(694, 15, 1, 'hi', '', '', '', 1, 1, 1, NULL, '2017-02-04 05:40:48', '2019-12-10 14:32:56'),
(695, 15, 1, 'Helllo', '', '', '', 0, 1, 15, NULL, '2017-02-04 05:42:11', '2020-03-23 14:59:27'),
(696, 15, 1, 'hi', '', '', '', 1, 1, 1, NULL, '2017-02-04 05:43:35', '2019-12-10 14:32:56'),
(697, 84, 6, 'test', '', '', '', 1, 1, 1, NULL, '2017-02-04 05:46:14', '2017-05-27 06:24:19'),
(698, 15, 6, 'Fine', '', '', '', 0, 1, 15, NULL, '2017-02-04 05:47:25', '2019-12-04 18:49:19'),
(699, 15, 6, 'this is test', '', '', '', 1, 1, 1, NULL, '2017-02-04 05:47:42', '2019-11-29 10:00:28'),
(700, 84, 6, 'hi ', '', '', '', 1, 1, 1, NULL, '2017-02-04 05:48:17', '2017-05-27 06:24:19'),
(701, 15, 1, '1234', '', '', '', 1, 1, 1, NULL, '2017-02-04 05:48:35', '2019-12-10 14:32:56'),
(702, 15, 1, 'hello', '', '', '', 1, 1, 1, NULL, '2017-02-04 05:50:17', '2019-12-10 14:32:56'),
(703, 15, 1, 'hi', '', '', '', 1, 1, 1, NULL, '2017-02-04 05:53:34', '2019-12-10 14:32:56'),
(704, 84, 6, 'hello', '', '', '', 1, 1, 1, NULL, '2017-02-04 05:56:04', '2017-05-27 06:24:19'),
(705, 15, 6, 'hi', '', '', '', 1, 1, 1, NULL, '2017-02-04 05:56:35', '2019-11-29 10:00:28'),
(706, 84, 6, 'test', '', '', '', 1, 1, 1, NULL, '2017-02-04 07:48:44', '2017-05-27 06:24:19'),
(707, 84, 6, 'hi ', '', '', '', 1, 1, 1, NULL, '2017-02-04 07:48:58', '2017-05-27 06:24:19'),
(708, 15, 6, 'test', '', '', '', 1, 1, 1, NULL, '2017-02-04 07:50:07', '2019-11-29 10:00:28'),
(709, 84, 6, 'test2', '', '', '', 1, 1, 1, NULL, '2017-02-04 07:50:18', '2017-05-27 06:24:19'),
(710, 15, 1, 'Hi this is test message', '', '', '', 1, 1, 1, NULL, '2017-02-04 09:38:12', '2019-12-10 14:32:56'),
(711, 42, 3, 'As per our phone conversation we paid you the FSA amount', '', '', '', 1, 0, 79, NULL, '2017-02-06 17:24:07', '2017-02-06 12:24:07'),
(712, 142, 1, 'Good Evening Asha,\nJust a reminder to find out if my labor has been drafted and filed.\nThank you,\nSathish Seerum', '', '', '', 0, 1, 142, NULL, '2017-02-06 23:01:15', '2017-03-01 17:35:46'),
(713, 142, 1, 'i havent received the draft from attorney yet', '', '', '', 1, 1, 71, NULL, '2017-02-07 14:50:18', '2019-12-04 17:38:00'),
(714, 142, 1, 'iam following up with them for each cases.', '', '', '', 1, 1, 71, NULL, '2017-02-07 14:50:40', '2019-12-04 17:38:00'),
(715, 142, 1, 'Ok sure, Thank you.', '', '', '', 0, 1, 142, NULL, '2017-02-07 15:50:23', '2017-03-01 17:35:46'),
(716, 15, 6, 'hi', '', '', '', 1, 1, 68, NULL, '2017-02-07 20:20:59', '2019-11-29 10:00:28'),
(717, 84, 6, 'hi how are you?', '', '', '', 1, 1, 68, NULL, '2017-02-07 20:22:17', '2017-05-27 06:24:19'),
(718, 84, 6, 'Fine', '', '', '', 0, 1, 84, NULL, '2017-02-08 04:54:21', '2019-11-18 07:23:58'),
(719, 63, 1, 'Hi Team, can anyone please guide me how can I refer one of my friend to USM? She is in USA and looking for H1b visa. She has 9 years of experience in India.', '', '', '', 0, 1, 63, NULL, '2017-02-09 20:40:13', '2017-02-10 13:46:16'),
(720, 63, 1, 'Hi Team, can anyone please guide me how can I refer one of my friend to USM? She is in USA and looking for H1b visa. She has 9 years of experience in India.', '', '', '', 0, 1, 63, NULL, '2017-02-09 20:40:16', '2017-02-10 13:46:16'),
(721, 63, 1, 'please talk to Ravi , 703 981 6261  or sudhir 571 331 4933', '', '', '', 1, 1, 71, NULL, '2017-02-09 20:41:49', '2017-02-10 13:09:43'),
(722, 63, 1, 'Thanks for your prompt response!', '', '', '', 0, 1, 63, NULL, '2017-02-09 20:42:34', '2017-02-10 13:46:16'),
(723, 63, 1, 'you welcome. ', '', '', '', 1, 1, 71, NULL, '2017-02-09 20:43:00', '2017-02-10 13:09:43'),
(724, 44, 4, 'What is the status of my GC perm?', '', '', '', 0, 1, 44, NULL, '2017-02-13 17:16:04', '2017-07-18 16:56:11'),
(725, 44, 4, 'Hi Dayasagar, Still under process...we will check with attorney once again and update you...thank you', '', '', '', 1, 1, 82, NULL, '2017-02-13 17:18:32', '2017-06-02 17:09:33'),
(726, 44, 4, 'Hi Dayasagar, Still under process...we will check with attorney once again and update you...thank you', '', '', '', 1, 1, 82, NULL, '2017-02-13 17:18:34', '2017-06-02 17:09:33'),
(727, 214, 1, 'Hi', '', '', '', 0, 1, 214, NULL, '2017-02-13 17:37:38', '2019-11-18 07:18:42'),
(728, 206, 3, 'When you will process the 2016 Q4 reconciliation payroll ??', '', '', '', 0, 1, 206, NULL, '2017-02-13 17:41:31', '2017-05-09 13:55:36'),
(729, 206, 3, 'Q4 reconcilation will be sent out this week', '', '', '', 1, 1, 79, NULL, '2017-02-13 17:42:36', '2017-02-14 10:33:25'),
(730, 214, 1, 'Hi Sai.', '', '', '', 1, 1, 82, NULL, '2017-02-13 17:43:32', '2017-02-13 13:11:12'),
(731, 206, 3, 'Ok, Thanks', '', '', '', 0, 1, 206, NULL, '2017-02-13 17:43:39', '2017-05-09 13:55:36'),
(732, 206, 3, 'Ok, Thanks', '', '', '', 0, 1, 206, NULL, '2017-02-13 17:43:40', '2017-05-09 13:55:36'),
(733, 44, 4, 'Ok. Can you please update me by tomorrow', '', '', '', 0, 1, 44, NULL, '2017-02-13 17:57:45', '2017-07-18 16:56:11'),
(734, 44, 4, 'dayasagar,  This is asha ...your  perm approved. ', '', '', '', 1, 1, 71, NULL, '2017-02-13 17:58:48', '2017-06-02 17:09:33'),
(735, 44, 4, 'I will share you the I-140 questionnare soon by email', '', '', '', 1, 1, 71, NULL, '2017-02-13 17:59:10', '2017-06-02 17:09:33'),
(736, 44, 4, 'Sure Dayasagar, we will followup with Attorneys and update to you as earliest', '', '', '', 1, 1, 82, NULL, '2017-02-13 17:59:39', '2017-06-02 17:09:33'),
(737, 214, 1, 'Hey', '', '', '', 0, 1, 214, NULL, '2017-02-13 18:08:19', '2019-11-18 07:18:42'),
(738, 214, 1, 'Wanted to follow up on the green card procesing', '', '', '', 0, 1, 214, NULL, '2017-02-13 18:08:31', '2019-11-18 07:18:42'),
(739, 214, 1, 'haven\'t heard back anything from attorney yet. I will update you soon.', '', '', '', 1, 1, 71, NULL, '2017-02-13 18:10:22', '2017-02-13 13:11:12'),
(740, 214, 1, 'haven\'t heard back anything from attorney yet. I will update you soon.', '', '', '', 1, 1, 71, NULL, '2017-02-13 18:10:24', '2017-02-13 13:11:12'),
(741, 214, 1, 'haven\'t heard back anything from attorney yet. I will update you soon.', '', '', '', 1, 1, 71, NULL, '2017-02-13 18:10:24', '2017-02-13 13:11:12'),
(742, 214, 1, 'haven\'t heard back anything from attorney yet. I will update you soon.', '', '', '', 1, 1, 71, NULL, '2017-02-13 18:10:31', '2017-02-13 13:11:12'),
(743, 231, 1, 'This is great! Thanks', '', '', '', 0, 1, 231, NULL, '2017-02-13 18:38:45', '2017-02-27 06:53:57'),
(744, 231, 1, 'Thank you Harsha!..', '', '', '', 1, 1, 82, NULL, '2017-02-13 18:40:21', '2017-02-13 13:40:30'),
(745, 52, 1, 'Hello Team,\n\nI have submitted dependent care flexible account reimbursement request to Cigna in November 2016. They are saying that my current address is not matching to the profile. They do not have my updated address so they have hold my claim. Please send Cigna Dependent Care FlexibleAccount Administrator my updated address.\n\nMy Current Address:\n301 Quarry Point Rd\nMalvern, PA 19355\n\nThanks\nDivyesh', '', '', '', 0, 1, 52, NULL, '2017-02-13 20:25:34', '2017-04-13 13:58:22'),
(746, 52, 1, 'updated ', '', '', '', 1, 1, 71, NULL, '2017-02-13 20:27:16', '2017-04-07 09:22:03'),
(747, 189, 4, 'Hello Usm Immigration Dept', '', '', '', 0, 1, 189, NULL, '2017-02-13 22:14:57', '2017-05-18 11:29:19'),
(748, 189, 4, 'This is Prasantha Sarvadevabatla', '', '', '', 0, 1, 189, NULL, '2017-02-13 22:15:39', '2017-05-18 11:29:19'),
(749, 142, 1, 'Hi Asha, Following up for my labor draft.\nThank you,\nSathish Seerum', '', '', '', 0, 1, 142, NULL, '2017-02-14 14:19:09', '2017-03-01 17:35:46'),
(750, 142, 1, 'Attoreny confirmed it is under final review, will share it soon', '', '', '', 1, 1, 71, NULL, '2017-02-14 14:46:49', '2019-12-04 17:38:00'),
(751, 189, 4, 'hi Prasantha , This is asha', '', '', '', 1, 1, 71, NULL, '2017-02-14 14:47:27', '2017-05-18 11:30:03'),
(752, 189, 4, 'hi Prasantha , This is asha', '', '', '', 1, 1, 71, NULL, '2017-02-14 14:47:30', '2017-05-18 11:30:03'),
(753, 142, 1, 'Cool, Thank you.', '', '', '', 0, 1, 142, NULL, '2017-02-14 16:38:54', '2017-03-01 17:35:46'),
(754, 142, 1, 'you welcome .', '', '', '', 1, 1, 71, NULL, '2017-02-14 16:39:24', '2019-12-04 17:38:00'),
(755, 236, 1, 'Hi team, I have my address wrong mentioned in my profile. New address is 751 Runyan Dr, apt#115, Chattanooga, TN-37405', '', '', '', 0, 1, 236, NULL, '2017-02-14 18:19:19', '2017-02-16 12:26:27'),
(756, 236, 1, 'updated in Hr records.', '', '', '', 1, 0, 71, NULL, '2017-02-14 18:22:32', '2017-02-14 13:22:32'),
(757, 236, 1, 'Thank you', '', '', '', 0, 1, 236, NULL, '2017-02-14 18:22:54', '2017-02-16 12:26:27'),
(758, 236, 1, 'Thank you', '', '', '', 0, 1, 236, NULL, '2017-02-14 18:22:55', '2017-02-16 12:26:27'),
(759, 227, 2, 'Hi team,\n\nHave you updated my timesheets to Payroll team', '', '', '', 0, 1, 227, NULL, '2017-02-14 19:20:20', '2017-02-15 16:06:54'),
(760, 227, 2, 'Siddhartha..', '', '', '', 1, 1, 81, NULL, '2017-02-14 21:38:42', '2017-02-14 17:38:57'),
(761, 227, 2, 'Siddhartha..We have received approved TS from you today..', '', '', '', 1, 1, 81, NULL, '2017-02-14 21:39:00', '2017-02-14 17:38:57'),
(762, 227, 2, 'I have a small question firdosh \nHow many days before should i update you with timesheets', '', '', '', 0, 1, 227, NULL, '2017-02-14 21:40:32', '2017-02-15 16:06:54'),
(763, 227, 2, 'And will i get my this pay on time??\nOr will it take a 2 days long', '', '', '', 0, 1, 227, NULL, '2017-02-14 21:41:12', '2017-02-15 16:06:54'),
(764, 227, 2, 'As you know the deadline of submission of approved TS for proper payroll process..', '', '', '', 1, 1, 81, NULL, '2017-02-14 21:50:19', '2017-02-14 17:38:57'),
(765, 227, 2, 'and your payroll already processed today..', '', '', '', 1, 1, 81, NULL, '2017-02-14 21:50:43', '2017-02-14 17:38:57'),
(766, 193, 1, 'My Address is wrong in this App.\n\nState is AR not AZ.', '', '', '', 0, 1, 193, NULL, '2017-02-15 13:33:59', '2017-04-03 14:33:31'),
(767, 193, 1, 'we will check and update you shortly', '', '', '', 1, 1, 82, NULL, '2017-02-15 13:35:47', '2017-03-10 13:33:00'),
(768, 142, 1, 'Hopefully today final draft will be done.', '', '', '', 0, 1, 142, NULL, '2017-02-15 15:07:37', '2017-03-01 17:35:46'),
(769, 142, 1, 'i canot confirm now, will see. i sent reminder to attorney will see', '', '', '', 1, 1, 71, NULL, '2017-02-15 15:59:28', '2019-12-04 17:38:00'),
(770, 236, 1, 'Hi team, I don\'t think I have vision and dental plan currently. Can you please confirm ? If not how do I add vision insurance to my current health plan ??', '', '', '', 0, 1, 236, NULL, '2017-02-15 16:39:33', '2017-02-16 12:26:27'),
(771, 236, 1, 'Hi team, I don\'t think I have vision and dental plan currently. Can you please confirm ? If not how do I add vision insurance to my current health plan ??', '', '', '', 0, 1, 236, NULL, '2017-02-15 16:39:34', '2017-02-16 12:26:27'),
(772, 236, 1, 'let me check', '', '', '', 1, 0, 71, NULL, '2017-02-15 16:40:10', '2017-02-15 11:40:10'),
(773, 236, 1, 'yes, you are not. but we canot add you now, you have to wait till October , open enrollment time.', '', '', '', 1, 0, 71, NULL, '2017-02-15 16:41:10', '2017-02-15 11:41:10'),
(774, 236, 1, 'Ok thank you. Would you send an email for that as a reminder or should I set up one for myself?', '', '', '', 0, 1, 236, NULL, '2017-02-15 16:42:07', '2017-02-16 12:26:27'),
(775, 236, 1, 'definitely, will do.', '', '', '', 1, 0, 71, NULL, '2017-02-15 16:42:37', '2017-02-15 11:42:37'),
(776, 52, 1, 'Hello\nI called Cigna regarding my Dependentcare flexible spending account and they said my new address is not updated. \n\nPlease follow with Cigna and let me know once it shows in their system.\n\nThanks\n\nDivyesh', '', '', '', 0, 1, 52, NULL, '2017-02-15 18:19:36', '2017-04-13 13:58:22'),
(777, 142, 1, 'Oh Ok', '', '', '', 0, 1, 142, NULL, '2017-02-15 18:36:19', '2017-03-01 17:35:46'),
(778, 52, 1, 'divyesh, right now we are having United health care, not cigna. Cigna service ended in September 2016.', '', '', '', 1, 1, 71, NULL, '2017-02-15 20:47:08', '2017-04-07 09:22:03'),
(779, 52, 1, 'Does my Dependentcare flexible account with balance move to Unitedcare?', '', '', '', 0, 1, 52, NULL, '2017-02-15 20:48:50', '2017-04-13 13:58:22'),
(780, 52, 1, 'Does my Dependentcare flexible account move to Unitedcare? What abt existing balance in account?', '', '', '', 0, 1, 52, NULL, '2017-02-15 20:49:36', '2017-04-13 13:58:22'),
(781, 52, 1, 'that is what my understanding... Please check your account..if not yet transferred please send email to me, I will coordinate with insurance agent.', '', '', '', 1, 1, 71, NULL, '2017-02-15 20:50:30', '2017-04-07 09:22:03'),
(782, 52, 1, 'I am able to login with Cigna', '', '', '', 0, 1, 52, NULL, '2017-02-15 20:50:56', '2017-04-13 13:58:22'),
(783, 52, 1, 'but cigna service termed off ', '', '', '', 1, 1, 71, NULL, '2017-02-15 20:51:49', '2017-04-07 09:22:03'),
(784, 52, 1, 'Also, they received my claim', '', '', '', 0, 1, 52, NULL, '2017-02-15 20:52:46', '2017-04-13 13:58:22'),
(785, 52, 1, 'I mean no longer in service with USM, our service provider is united. ', '', '', '', 1, 1, 71, NULL, '2017-02-15 20:53:03', '2017-04-07 09:22:03'),
(786, 52, 1, 'They are saying they will send check after address update from my employer', '', '', '', 0, 1, 52, NULL, '2017-02-15 20:53:21', '2017-04-13 13:58:22'),
(787, 52, 1, 'if the claim is before 2016 october, ', '', '', '', 1, 1, 71, NULL, '2017-02-15 20:53:29', '2017-04-07 09:22:03'),
(788, 52, 1, 'I will inform the same to insurance agent to check and update in Cigna , I will cc you too', '', '', '', 1, 1, 71, NULL, '2017-02-15 20:54:05', '2017-04-07 09:22:03'),
(789, 52, 1, 'i sent email. copied you ', '', '', '', 1, 1, 71, NULL, '2017-02-15 20:56:43', '2017-04-07 09:22:03'),
(790, 35, 4, 'Hi, I just want to know whether there was an amendment made when I moved out of Fanniemae (my previous client) to my present client (Collegeboard).', '', '', '', 0, 1, 35, NULL, '2017-02-15 21:47:20', '2017-02-15 19:20:02'),
(791, 35, 4, 'Asha has left for the day, can she call you tomorrow?', '', '', '', 1, 1, 151, NULL, '2017-02-15 22:06:54', '2017-03-08 16:10:12'),
(792, 35, 4, 'Ashok, Please check your email and respond. ', '', '', '', 1, 1, 71, NULL, '2017-02-16 00:19:59', '2017-03-08 16:10:12'),
(793, 238, 4, 'Team, I sent my documents to file PERM, please let me know if I miss something', '', '', '', 0, 1, 238, NULL, '2017-02-16 09:40:36', '2017-05-22 07:16:38'),
(794, 238, 4, 'Good Morning Srinivas!!! Sorry for the delay in response. We will check and update you if any thing missing on perm process.', '', '', '', 1, 1, 82, NULL, '2017-02-16 12:25:55', '2017-05-19 10:59:10'),
(795, 189, 5, 'Hello Usm Team', '', '', '', 0, 1, 189, NULL, '2017-02-16 12:26:41', '2017-03-16 14:25:05'),
(796, 238, 4, 'Thanks for prompt response, much appreciated', '', '', '', 0, 1, 238, NULL, '2017-02-16 13:08:16', '2017-05-22 07:16:38'),
(797, 238, 4, 'you\'re welcome', '', '', '', 1, 1, 82, NULL, '2017-02-16 13:09:35', '2017-05-19 10:59:10'),
(798, 189, 5, 'Hello', '', '', '', 1, 1, 151, NULL, '2017-02-16 17:29:52', '2017-03-30 10:34:53'),
(799, 189, 5, 'This is prasantha', '', '', '', 0, 1, 189, NULL, '2017-02-16 17:30:50', '2017-03-16 14:25:05'),
(800, 189, 5, 'prasantha', '', '', '', 1, 1, 85, NULL, '2017-02-16 17:32:03', '2017-03-30 10:34:53'),
(801, 189, 5, 'prasantha welcome', '', '', '', 1, 1, 85, NULL, '2017-02-16 17:32:16', '2017-03-30 10:34:53'),
(802, 189, 5, 'May I know to whom I am speaking', '', '', '', 0, 1, 189, NULL, '2017-02-16 17:36:45', '2017-03-16 14:25:05'),
(803, 189, 5, 'May I know to whom I am speaking', '', '', '', 0, 1, 189, NULL, '2017-02-16 17:36:45', '2017-03-16 14:25:05'),
(804, 142, 1, 'Hi Asha, any updates from Attorney for the labor draft?', '', '', '', 0, 1, 142, NULL, '2017-02-16 20:53:12', '2017-03-01 17:35:46'),
(805, 142, 3, 'Hi Venella, do you have time now?', '', '', '', 0, 1, 142, NULL, '2017-02-16 20:54:15', '2017-03-24 12:41:15'),
(806, 142, 3, 'Just wanted to call you to understand the reconciliation', '', '', '', 0, 1, 142, NULL, '2017-02-16 20:54:37', '2017-03-24 12:41:15'),
(807, 142, 1, 'satish, i checked with them on tuesday only and they saifd it is under final review.    Hope you can understand.  Since it is under final review it wont take much days...Please bear with me. if they havent share anything till tomorrow , will send the ', '', '', '', 1, 1, 71, NULL, '2017-02-16 20:55:48', '2019-12-04 17:38:00'),
(808, 142, 1, 'and update us oon', '', '', '', 1, 1, 71, NULL, '2017-02-16 20:56:18', '2019-12-04 17:38:00'),
(809, 142, 3, 'We will have cal', '', '', '', 1, 1, 79, NULL, '2017-02-16 20:57:33', '2017-02-16 16:11:26'),
(810, 142, 3, 'in 5 mins', '', '', '', 1, 1, 79, NULL, '2017-02-16 20:58:38', '2017-02-16 16:11:26'),
(811, 142, 3, 'you can call me know', '', '', '', 1, 1, 79, NULL, '2017-02-16 21:03:25', '2017-02-16 16:11:26'),
(812, 142, 3, 'If you question regarding your Q4 amount', '', '', '', 1, 1, 79, NULL, '2017-02-16 21:03:54', '2017-02-16 16:11:26'),
(813, 142, 3, 'Left a voice message', '', '', '', 0, 1, 142, NULL, '2017-02-16 21:09:01', '2017-03-24 12:41:15'),
(814, 142, 3, 'ok', '', '', '', 1, 1, 79, NULL, '2017-02-16 21:09:11', '2017-02-16 16:11:26'),
(815, 142, 3, 'Call is going to voicemail directly', '', '', '', 0, 1, 142, NULL, '2017-02-16 21:09:19', '2017-03-24 12:41:15'),
(816, 142, 3, 'When I dial 302 ext', '', '', '', 0, 1, 142, NULL, '2017-02-16 21:09:32', '2017-03-24 12:41:15'),
(817, 142, 3, 'I will call you ', '', '', '', 1, 1, 79, NULL, '2017-02-16 21:09:37', '2017-02-16 16:11:26'),
(818, 142, 3, '57121244215', '', '', '', 0, 1, 142, NULL, '2017-02-16 21:09:51', '2017-03-24 12:41:15'),
(819, 142, 3, 'ok', '', '', '', 1, 1, 79, NULL, '2017-02-16 21:10:54', '2017-02-16 16:11:26'),
(820, 142, 3, 'Sorry this is the right # 571 212 4415', '', '', '', 0, 1, 142, NULL, '2017-02-16 21:11:54', '2017-03-24 12:41:15'),
(821, 44, 4, 'On the I140 questionaire you shared on Tuesday, am i supposed to enter my details in the first page and my wife information in page 2 \"current husband/wife\" section?', '', '', '', 0, 1, 44, NULL, '2017-02-17 17:48:54', '2017-07-18 16:56:11'),
(822, 44, 4, 'Can you send me the approved perm document. ', '', '', '', 0, 1, 44, NULL, '2017-02-17 17:49:30', '2017-07-18 16:56:11'),
(823, 44, 4, 'Hi DAYA...asha will get back to you above requested shortly..thank you', '', '', '', 1, 1, 82, NULL, '2017-02-17 17:50:44', '2017-06-02 17:09:33'),
(824, 245, 2, 'Hi This is Sudheer Vempati', '', '', '', 0, 1, 245, NULL, '2017-02-20 16:06:48', '2017-03-21 11:00:48'),
(825, 245, 2, 'Hi Sudheer...', '', '', '', 1, 1, 81, NULL, '2017-02-20 16:07:07', '2017-02-20 11:09:53'),
(826, 245, 2, 'Did You receive my last week timesheet?', '', '', '', 0, 1, 245, NULL, '2017-02-20 16:07:12', '2017-03-21 11:00:48'),
(827, 245, 2, 'Did You receive my last week timesheet?', '', '', '', 0, 1, 245, NULL, '2017-02-20 16:07:14', '2017-03-21 11:00:48'),
(828, 245, 2, 'Firdosh here', '', '', '', 1, 1, 81, NULL, '2017-02-20 16:07:19', '2017-02-20 11:09:53'),
(829, 245, 2, 'Yes, we have received last week approved TS..', '', '', '', 1, 1, 81, NULL, '2017-02-20 16:07:57', '2017-02-20 11:09:53'),
(830, 245, 2, 'Thanks Firdosh', '', '', '', 0, 1, 245, NULL, '2017-02-20 16:08:36', '2017-03-21 11:00:48'),
(831, 245, 2, 'Thanks Firdosh', '', '', '', 0, 1, 245, NULL, '2017-02-20 16:08:36', '2017-03-21 11:00:48'),
(832, 245, 4, 'Hi Team, Sudheer Vempati here', '', '', '', 0, 1, 245, NULL, '2017-02-20 16:08:58', '2017-03-07 11:46:01'),
(833, 245, 2, 'Any time...', '', '', '', 1, 1, 81, NULL, '2017-02-20 16:09:00', '2017-02-20 11:09:53'),
(834, 245, 4, 'How is the stamping situation in Hyderabad for H4 ?', '', '', '', 0, 1, 245, NULL, '2017-02-20 16:09:30', '2017-03-07 11:46:01'),
(835, 245, 4, 'How is the stamping situation in Hyderabad for H4 ?', '', '', '', 0, 1, 245, NULL, '2017-02-20 16:09:31', '2017-03-07 11:46:01'),
(836, 245, 4, 'My family is planning to visit India', '', '', '', 0, 1, 245, NULL, '2017-02-20 16:09:47', '2017-03-07 11:46:01'),
(837, 245, 4, 'Hi Sudheer! ', '', '', '', 1, 1, 82, NULL, '2017-02-20 16:20:02', '2017-04-03 14:49:31'),
(838, 245, 4, 'Hi', '', '', '', 0, 1, 245, NULL, '2017-02-20 16:21:47', '2017-03-07 11:46:01'),
(839, 245, 4, 'Hi', '', '', '', 0, 1, 245, NULL, '2017-02-20 16:21:48', '2017-03-07 11:46:01'),
(840, 245, 4, 'At this time, there are no travel restrictions on foreign nationals from India.    She should not encounter any issues in stamping during to citizenship of India.', '', '', '', 1, 1, 82, NULL, '2017-02-20 16:22:29', '2017-04-03 14:49:31'),
(841, 245, 4, 'At this time, there are no travel restrictions on foreign nationals from India.    She should not encounter any issues in stamping during to citizenship of India.', '', '', '', 1, 1, 82, NULL, '2017-02-20 16:22:30', '2017-04-03 14:49:31'),
(842, 245, 4, 'Thank you...', '', '', '', 0, 1, 245, NULL, '2017-02-20 16:22:53', '2017-03-07 11:46:01'),
(843, 245, 4, 'you re welcome', '', '', '', 1, 1, 82, NULL, '2017-02-20 16:23:31', '2017-04-03 14:49:31'),
(844, 212, 1, 'Hello Asha ', '', '', '', 0, 1, 212, NULL, '2017-02-22 22:00:52', '2019-11-19 01:34:32'),
(845, 212, 1, 'This is Sagar Mayekar i have been trying to reach you for couple of days now without success. Can you let me know what would be an ideal time to call you tommorow', '', '', '', 0, 1, 212, NULL, '2017-02-22 22:04:10', '2019-11-19 01:34:32'),
(846, 212, 1, 'i was off yesterday', '', '', '', 1, 1, 71, NULL, '2017-02-22 22:17:29', '2019-11-22 06:57:16'),
(847, 212, 1, 'call me now', '', '', '', 1, 1, 71, NULL, '2017-02-22 22:18:15', '2019-11-22 06:57:16'),
(848, 212, 1, 'How about tommorow morning', '', '', '', 0, 1, 212, NULL, '2017-02-22 22:18:58', '2019-11-19 01:34:32'),
(849, 212, 1, 'sure ', '', '', '', 1, 1, 71, NULL, '2017-02-22 22:19:21', '2019-11-22 06:57:16'),
(850, 35, 3, 'Hi, i hv checked my account and the money is not yet credited. Can u plz check on this and get back to me.', '', '', '', 0, 1, 35, NULL, '2017-02-24 13:34:04', '2017-03-24 12:41:24'),
(851, 35, 3, 'ok', '', '', '', 1, 1, 79, NULL, '2017-02-24 14:27:46', '2017-02-24 11:44:09'),
(852, 35, 3, 'we will verify and get back to you', '', '', '', 1, 1, 79, NULL, '2017-02-24 14:28:10', '2017-02-24 11:44:09'),
(853, 35, 3, 'HI Ashok we will pay that amount today', '', '', '', 1, 1, 79, NULL, '2017-02-24 14:51:22', '2017-02-24 11:44:09'),
(854, 35, 3, 'Thanks.', '', '', '', 0, 1, 35, NULL, '2017-02-24 16:44:26', '2017-03-24 12:41:24'),
(855, 157, 3, 'I\'m not able to access instantpayroll login.. when i try to reset my password it says \"the user account is assigned to an invalid employee id, your password cannot be reset using this method. Please contact your payroll specialist to reset your password\"', '', '', '', 0, 1, 157, NULL, '2017-02-27 17:12:55', '2017-02-27 12:15:54'),
(856, 157, 3, 'ok we will send the link', '', '', '', 1, 1, 79, NULL, '2017-02-27 17:13:13', '2017-02-27 12:15:57'),
(857, 157, 3, 'I was able to reset successfully previously', '', '', '', 0, 1, 157, NULL, '2017-02-27 17:13:13', '2017-02-27 12:15:54'),
(858, 157, 3, 'ok we will send the link', '', '', '', 1, 1, 79, NULL, '2017-02-27 17:13:14', '2017-02-27 12:15:57'),
(859, 157, 3, 'Thanks', '', '', '', 0, 1, 157, NULL, '2017-02-27 17:13:29', '2017-02-27 12:15:54'),
(860, 157, 3, 'kalpana we released the payroll', '', '', '', 1, 1, 79, NULL, '2017-02-27 17:14:56', '2017-02-27 12:15:57'),
(861, 157, 3, 'so can you please wait for few hours and try again', '', '', '', 1, 1, 79, NULL, '2017-02-27 17:15:24', '2017-02-27 12:15:57'),
(862, 157, 3, 'if it is not working we will send the details again', '', '', '', 1, 1, 79, NULL, '2017-02-27 17:15:45', '2017-02-27 12:15:57');
INSERT INTO `messages` (`message_id`, `user_id`, `dept_id`, `message`, `upload_doc`, `upload_path`, `doc_type`, `message_type`, `read_status`, `posted_by`, `read_by`, `created_at`, `updated_at`) VALUES
(863, 157, 3, 'Sure.. i will try in the evening', '', '', '', 0, 1, 157, NULL, '2017-02-27 17:15:53', '2017-02-27 12:15:54'),
(864, 163, 3, 'How do I check payroll?  The online system says not available, has it changed?', '', '', '', 0, 1, 163, NULL, '2017-02-28 02:43:03', '2017-03-24 12:40:21'),
(865, 163, 3, 'HI Lester we will send the login credentials', '', '', '', 1, 1, 79, NULL, '2017-02-28 13:54:02', '2017-03-30 22:58:04'),
(866, 216, 3, 'Hi, Regarding payroll for Feb 1-15th, I was only paid for first 3 days. Why is that?', '', '', '', 0, 1, 216, NULL, '2017-02-28 14:02:30', '2017-06-06 10:14:19'),
(867, 216, 3, 'Hi Sriram when we are proccessing the payroll we received 24hrs from TS department', '', '', '', 1, 1, 79, NULL, '2017-02-28 14:07:05', '2017-03-20 09:25:27'),
(868, 216, 3, 'We are checking with the TS department about your hours', '', '', '', 1, 1, 79, NULL, '2017-02-28 14:08:00', '2017-03-20 09:25:27'),
(869, 216, 3, 'ok sure. i submitted my hours up to last week on friday(02/24/2017).', '', '', '', 0, 1, 216, NULL, '2017-02-28 14:09:30', '2017-06-06 10:14:19'),
(870, 216, 3, 'TS department is saying you sent on Friday evening', '', '', '', 1, 1, 79, NULL, '2017-02-28 14:10:49', '2017-03-20 09:25:27'),
(871, 216, 3, 'Yes right', '', '', '', 0, 1, 216, NULL, '2017-02-28 14:11:16', '2017-06-06 10:14:19'),
(872, 216, 3, 'anyway we will add in the next batch 64hrs', '', '', '', 1, 1, 79, NULL, '2017-02-28 14:11:28', '2017-03-20 09:25:27'),
(873, 216, 3, 'Yeah that would be on march 15th right?', '', '', '', 0, 1, 216, NULL, '2017-02-28 14:12:16', '2017-06-06 10:14:19'),
(874, 216, 3, 'Please Make sure to add them in the next payroll. Thanks.', '', '', '', 0, 1, 216, NULL, '2017-02-28 14:12:45', '2017-06-06 10:14:19'),
(875, 216, 3, 'ok', '', '', '', 1, 1, 79, NULL, '2017-02-28 14:13:00', '2017-03-20 09:25:27'),
(876, 163, 3, 'lester, we have sent login credentials to this id lherrington@rocketmail.com, thanks.', '', '', '', 1, 1, 68, NULL, '2017-02-28 14:15:29', '2017-03-30 22:58:04'),
(877, 163, 3, 'lester, we have sent login credentials to this id lherrington@rocketmail.com, thanks.', '', '', '', 1, 1, 68, NULL, '2017-02-28 14:15:30', '2017-03-30 22:58:04'),
(878, 238, 5, 'Team, are you handling new contracts or some other team. I am not able to see USM contracts under this APP. Please provide me the information.', '', '', '', 0, 1, 238, NULL, '2017-02-28 15:38:49', '2020-03-16 12:50:20'),
(879, 238, 5, 'I still don\'t see any reply from contracts team, is there way I can get the number?', '', '', '', 0, 1, 238, NULL, '2017-02-28 21:14:21', '2020-03-16 12:50:20'),
(880, 47, 1, 'Hi Dear HR, for the tax filing we need 1095A . Last year we got it from USM. Please let me know the needful.', '', '', '', 0, 1, 47, NULL, '2017-02-28 22:05:58', '2017-04-22 05:02:02'),
(881, 47, 1, 'Hi Dear HR, for the tax filing we need 1095A . Last year we got it from USM. Please let me know the needful.', '', '', '', 0, 1, 47, NULL, '2017-02-28 22:05:58', '2017-04-22 05:02:02'),
(882, 142, 1, 'Hey Asha, quick question regarding my perm draft. As I mentioned in the beginning of my EB2 GC process that I have a 2008 July I-140 which was denied and wanted to port that date to this GC.', '', '', '', 0, 1, 142, NULL, '2017-02-28 23:52:12', '2017-03-01 17:35:46'),
(883, 142, 1, 'So, wondering if that has been taken care. Because I see there is an alien number in my Perm draft which is pointing to my another I-140 which is for 2010 Sep.', '', '', '', 0, 1, 142, NULL, '2017-02-28 23:53:44', '2017-03-01 17:35:46'),
(884, 238, 6, 'Team, it seems my pending expenses are not included in my current pay check, when can I expect the same?', '', '', '', 0, 1, 238, NULL, '2017-03-01 10:33:57', '2017-05-26 12:01:12'),
(885, 142, 1, 'Good Morning Satish...Regarding the above concern, Asha will check with attorney and update you shortly.Thank you', '', '', '', 1, 1, 82, NULL, '2017-03-01 11:41:53', '2019-12-04 17:38:00'),
(886, 238, 6, 'Hi srinivias, let us know the expenses period, expenses will not be included in payroll. we will send separate check to your mailing address, please confirm mailing address will send check if we have receive amount from client.', '', '', '', 1, 1, 68, NULL, '2017-03-01 14:17:16', '2017-03-01 11:09:32'),
(887, 238, 6, '44273 meandering terrace apt 208 ashburn Va 20147', '', '', '', 0, 1, 238, NULL, '2017-03-01 14:18:42', '2017-05-26 12:01:12'),
(888, 238, 6, 'let us know the expenses dates', '', '', '', 1, 1, 68, NULL, '2017-03-01 14:20:31', '2017-03-01 11:09:32'),
(889, 238, 6, 'Expense amount is 1552.35 and dates is jan8-13 week', '', '', '', 0, 1, 238, NULL, '2017-03-01 14:24:52', '2017-05-26 12:01:12'),
(890, 142, 1, 'Ok Sure, Thanks', '', '', '', 0, 1, 142, NULL, '2017-03-01 14:26:07', '2017-03-01 17:35:46'),
(891, 142, 1, 'you\'re welcome ', '', '', '', 1, 1, 82, NULL, '2017-03-01 14:26:49', '2019-12-04 17:38:00'),
(892, 238, 6, 'we have not received those expenses from client, we will mail check once we receive from client', '', '', '', 1, 1, 68, NULL, '2017-03-01 14:32:25', '2017-03-01 11:09:32'),
(893, 142, 1, 'Satish, porting the priority date will be taken care once the perm approved and when we file the I-140.  But I will notify this to attorney and update you.', '', '', '', 1, 1, 71, NULL, '2017-03-01 14:49:22', '2019-12-04 17:38:00'),
(894, 142, 1, 'Ok Sure, Why because I saw the Alien # in Perm which is related to 2010.', '', '', '', 0, 1, 142, NULL, '2017-03-01 14:50:49', '2017-03-01 17:35:46'),
(895, 206, 3, 'Hi - this is RAVINDAR Bareddy- I just want to tell u that we need to deduct county tax from my pay check - I live in Howard county, Maryland - please update this in payroll - my home address : 8377 Tamar Drive, Apt 634, Columbia, MD and I work in MD only .... call me for any questions 903-456-8697', '', '', '', 0, 1, 206, NULL, '2017-03-01 16:31:42', '2017-05-09 13:55:36'),
(896, 206, 3, 'HI Ravinder good morning', '', '', '', 1, 0, 79, NULL, '2017-03-01 16:38:23', '2017-03-01 11:38:23'),
(897, 206, 3, 'we are updating in the system', '', '', '', 1, 0, 79, NULL, '2017-03-01 16:38:41', '2017-03-01 11:38:41'),
(898, 223, 3, 'Hi.. What is my w2 count and where do i update it?', '', '', '', 0, 1, 223, NULL, '2017-03-01 18:18:50', '2017-03-24 12:40:27'),
(899, 223, 3, 'Sorry w4', '', '', '', 0, 1, 223, NULL, '2017-03-01 18:19:27', '2017-03-24 12:40:27'),
(900, 223, 3, 'we will send the W4 form and give you the details you can update the forma nd send it to us', '', '', '', 1, 1, 79, NULL, '2017-03-01 18:20:07', '2017-05-02 10:45:57'),
(901, 223, 3, 'Ok. Please send me. Along with my current w4', '', '', '', 0, 1, 223, NULL, '2017-03-01 18:20:58', '2017-03-24 12:40:27'),
(902, 223, 3, 'ok', '', '', '', 1, 1, 79, NULL, '2017-03-01 18:21:21', '2017-05-02 10:45:57'),
(903, 206, 3, 'it was updated in system', '', '', '', 1, 0, 79, NULL, '2017-03-01 20:26:48', '2017-03-01 15:26:48'),
(904, 223, 3, 'HI Seshagiri we send out the W4 form ', '', '', '', 1, 1, 79, NULL, '2017-03-01 20:34:23', '2017-05-02 10:45:57'),
(905, 47, 1, 'you will get it form the payroll team soon.', '', '', '', 1, 1, 71, NULL, '2017-03-01 22:35:38', '2017-04-18 12:12:42'),
(906, 206, 3, 'Ok, Thank you', '', '', '', 0, 1, 206, NULL, '2017-03-02 16:00:24', '2017-05-09 13:55:36'),
(907, 189, 4, 'Hello Asha', '', '', '', 0, 1, 189, NULL, '2017-03-02 16:25:58', '2017-05-18 11:29:19'),
(908, 189, 4, 'This is prasantha , I have a question regarding filing my H1 extension', '', '', '', 0, 1, 189, NULL, '2017-03-02 16:26:34', '2017-05-18 11:29:19'),
(909, 189, 4, 'Hi Prashantha', '', '', '', 1, 1, 82, NULL, '2017-03-02 16:26:48', '2017-05-18 11:30:03'),
(910, 189, 4, 'This is Naveen from Immigration Department..', '', '', '', 1, 1, 82, NULL, '2017-03-02 16:27:32', '2017-05-18 11:30:03'),
(911, 189, 4, 'Shall I call you now regarding the above concern H-1B Ext', '', '', '', 1, 1, 82, NULL, '2017-03-02 16:28:45', '2017-05-18 11:30:03'),
(912, 189, 4, 'My H1 renewal due in July month - but my family wants to travel India sooner due to personal reasons ( April last week )', '', '', '', 0, 1, 189, NULL, '2017-03-02 16:33:10', '2017-05-18 11:29:19'),
(913, 189, 4, 'Naveen I will call you soon', '', '', '', 0, 1, 189, NULL, '2017-03-02 16:33:35', '2017-05-18 11:29:19'),
(914, 189, 4, 'As we discussed today, we will Initiate the H-1B Ext ASAP.', '', '', '', 1, 1, 82, NULL, '2017-03-02 16:35:59', '2017-05-18 11:30:03'),
(915, 189, 4, 'we will keep you posted on further process shortly.Thank you', '', '', '', 1, 1, 82, NULL, '2017-03-02 16:37:07', '2017-05-18 11:30:03'),
(916, 214, 3, 'Hey i have question about my pay', '', '', '', 0, 1, 214, NULL, '2017-03-02 19:12:04', '2017-03-24 12:40:09'),
(917, 214, 3, 'I didn\'t receive my may for feb', '', '', '', 0, 1, 214, NULL, '2017-03-02 19:12:25', '2017-03-24 12:40:09'),
(918, 214, 3, 'HI Mahesh Good Afternoon', '', '', '', 1, 1, 79, NULL, '2017-03-02 19:12:28', '2017-03-28 19:54:10'),
(919, 214, 3, 'HI Mahesh Good Afternoon', '', '', '', 1, 1, 79, NULL, '2017-03-02 19:12:29', '2017-03-28 19:54:10'),
(920, 214, 3, 'We will run  tomorrow', '', '', '', 1, 1, 79, NULL, '2017-03-02 19:12:48', '2017-03-28 19:54:10'),
(921, 214, 3, 'sorry for the delay', '', '', '', 1, 1, 79, NULL, '2017-03-02 19:14:35', '2017-03-28 19:54:10'),
(922, 214, 3, 'Is it just for me or is there a delay?', '', '', '', 0, 1, 214, NULL, '2017-03-02 19:15:06', '2017-03-24 12:40:09'),
(923, 16, 3, 'What happened to my FSA balance with Cigna? I was told $500 will be rolled over to the UHC account??', '', '', '', 0, 1, 16, NULL, '2017-03-03 18:09:30', '2017-06-19 09:12:19'),
(924, 16, 3, 'HR is checking with insurance agent', '', '', '', 1, 1, 79, NULL, '2017-03-03 18:12:52', '2017-06-13 14:46:40'),
(925, 212, 1, 'Hi Asha remmbwr you were suppose to send me(Sagar) contacs for senior build engineers working for USM', '', '', '', 0, 1, 212, NULL, '2017-03-03 21:08:32', '2019-11-19 01:34:32'),
(926, 212, 1, 'Remmember*', '', '', '', 0, 1, 212, NULL, '2017-03-03 21:08:44', '2019-11-19 01:34:32'),
(927, 212, 1, 'sure, ', '', '', '', 1, 1, 71, NULL, '2017-03-03 21:59:10', '2019-11-22 06:57:16'),
(928, 260, 4, 'Hi Immigration Team', '', '', '', 0, 1, 260, NULL, '2017-03-06 15:36:18', '2017-07-20 11:25:05'),
(929, 260, 4, 'Hi Umakanth!', '', '', '', 1, 1, 82, NULL, '2017-03-06 15:36:47', '2017-03-15 14:58:04'),
(930, 260, 4, 'I had sent an email from regarding my Visa renewal', '', '', '', 0, 1, 260, NULL, '2017-03-06 15:37:24', '2017-07-20 11:25:05'),
(931, 260, 4, 'I had sent an email from regarding my Visa renewal', '', '', '', 0, 1, 260, NULL, '2017-03-06 15:37:24', '2017-07-20 11:25:05'),
(932, 260, 4, 'You might have received an email from kanth.uma@gmail.com', '', '', '', 0, 1, 260, NULL, '2017-03-06 15:38:10', '2017-07-20 11:25:05'),
(933, 260, 4, 'we will call you and update on this shortly!', '', '', '', 1, 1, 82, NULL, '2017-03-06 15:38:18', '2017-03-15 14:58:04'),
(934, 260, 4, 'Please respond ASAP', '', '', '', 0, 1, 260, NULL, '2017-03-06 15:38:21', '2017-07-20 11:25:05'),
(935, 47, 3, 'Hi Payroll Team, good morning, I have not received my 1095 Form for the tax filing. Please do the needful.', '', '', '', 0, 1, 47, NULL, '2017-03-06 15:39:32', '2017-03-24 12:40:49'),
(936, 260, 4, 'Thank you', '', '', '', 1, 1, 82, NULL, '2017-03-06 15:39:34', '2017-03-15 14:58:04'),
(937, 47, 3, 'ok', '', '', '', 1, 0, 79, NULL, '2017-03-06 15:40:05', '2017-03-06 10:40:05'),
(938, 260, 4, 'we will do..Umakanth!', '', '', '', 1, 1, 82, NULL, '2017-03-06 15:40:16', '2017-03-15 14:58:04'),
(939, 47, 3, 'we wills end it', '', '', '', 1, 0, 79, NULL, '2017-03-06 15:40:19', '2017-03-06 10:40:19'),
(940, 47, 3, 'send it', '', '', '', 1, 0, 79, NULL, '2017-03-06 15:40:25', '2017-03-06 10:40:25'),
(941, 260, 4, 'Umakanth, Are you clear now what discussed today.', '', '', '', 1, 1, 82, NULL, '2017-03-06 15:50:24', '2017-03-15 14:58:04'),
(942, 227, 1, 'Hi Asha, \n\nI have a small question. As the premium processing is cancelled from april-3 of 2017. Are we going to apply the H1B extension before that', '', '', '', 0, 1, 227, NULL, '2017-03-06 16:02:06', '2017-07-18 09:36:37'),
(943, 227, 1, 'Not necessary...', '', '', '', 1, 0, 71, NULL, '2017-03-06 16:03:06', '2017-03-06 11:03:06'),
(944, 227, 1, 'Usm gonna takecare for all further processings', '', '', '', 0, 1, 227, NULL, '2017-03-06 16:03:53', '2017-07-18 09:36:37'),
(945, 227, 1, 'we can initiate the process in may or june and file it in regular since it is not urgent for you to file in premium.', '', '', '', 1, 0, 71, NULL, '2017-03-06 16:03:59', '2017-03-06 11:03:59'),
(946, 213, 4, 'Hi,\n   Good Noon....!!!! Hope you are doing good. I want to let you know guys about my project manager vacation . He will be in office for next two weeks and he will be gone for 3 weeks. As I was informed earlier that \"will start process in early March\". As we are in march now I guess we are okay to start. Please let me know what all I have to get from project manager as well as vendor. \nI also need some sort of information like \"Fee applicable for the H1B extension??\" , \" Do we have premium processing for extension as well if so what is the fee that is applicable \", And \"How will you guys deduct it from my pay\".\n\nPlease let me know if you need any other details.\n\nThanks,\nChandana.', '', '', '', 0, 1, 213, NULL, '2017-03-06 17:56:53', '2017-03-20 14:33:13'),
(947, 213, 4, 'Hi Chandana! we saw your email, we will get back to you shortly on your request.', '', '', '', 1, 1, 82, NULL, '2017-03-06 17:58:12', '2017-03-17 12:06:46'),
(948, 213, 4, 'Okay thank you.....!!!!', '', '', '', 0, 1, 213, NULL, '2017-03-06 18:03:21', '2017-03-20 14:33:13'),
(949, 213, 4, 'you\'re welcome', '', '', '', 1, 1, 82, NULL, '2017-03-06 18:04:30', '2017-03-17 12:06:46'),
(950, 61, 1, 'Hi,\nSince my project is ending on march 31st , i was wondering if i could take vacation from 1 st of april.\nHow would my H1 work out in this situation, and how would i come back ? We could do marketing and i get a project and take interview from india and join.\n\nPlease Advice', '', '', '', 0, 1, 61, NULL, '2017-03-07 14:42:40', '2019-11-18 07:17:26'),
(951, 61, 1, 'irfan, call me ...This is Asha', '', '', '', 1, 0, 71, NULL, '2017-03-07 14:43:18', '2017-03-07 09:43:18'),
(952, 41, 1, 'This David Roye.  I can log in this app.', '', '', '', 0, 1, 41, NULL, '2017-03-07 15:53:20', '2019-11-12 02:09:42'),
(953, 41, 1, 'Is there 401k plan that I qualify for?', '', '', '', 0, 1, 41, NULL, '2017-03-08 00:10:26', '2019-11-12 02:09:42'),
(954, 41, 1, 'Hi, Sorry we are not offering 401 K plan now. ', '', '', '', 1, 1, 71, NULL, '2017-03-08 18:02:37', '2017-03-09 06:49:52'),
(955, 193, 1, 'Are you still checking?', '', '', '', 0, 1, 193, NULL, '2017-03-09 07:39:47', '2017-04-03 14:33:31'),
(956, 193, 1, 'Hi Raghavendra...Good Morning! Asha will update you shortly on your request.Thank you', '', '', '', 1, 1, 82, NULL, '2017-03-09 11:30:12', '2017-03-10 13:33:00'),
(957, 193, 1, 'updated.', '', '', '', 1, 1, 71, NULL, '2017-03-09 14:52:11', '2017-03-10 13:33:00'),
(958, 193, 1, 'It is not updated... It is still showing \"AZ\" instead of \"AR\". Please check.', '', '', '', 0, 1, 193, NULL, '2017-03-09 15:09:11', '2017-04-03 14:33:31'),
(959, 193, 1, 'i updated, refresh your app', '', '', '', 1, 1, 71, NULL, '2017-03-09 15:10:00', '2017-03-10 13:33:00'),
(960, 193, 1, 'Is there an option for refresh... I killed the app and re launched again. ', '', '', '', 0, 1, 193, NULL, '2017-03-09 15:11:29', '2017-04-03 14:33:31'),
(961, 193, 1, 'Raghavendra can you please check now and let us know about it', '', '', '', 1, 1, 85, NULL, '2017-03-09 15:28:42', '2017-03-10 13:33:00'),
(962, 213, 4, 'Hi ,\n    Good morning....!!!! Hope you are doing good. I just received an email from Venkat regarding H1B extension. I did see a message telling me files been shared. Unfortunately the folder is empty. Can you please send them as attachments in email. Please don\'t share in drive. Hope you understand. Please let me know if you need any other details.\nThanks,\nChandana.', '', '', '', 0, 1, 213, NULL, '2017-03-09 16:32:58', '2017-03-20 14:33:13'),
(963, 213, 4, 'Hi ,\n    Good morning....!!!! Hope you are doing good. I just received an email from Venkat regarding H1B extension. I did see a message telling me files been shared. Unfortunately the folder is empty. Can you please send them as attachments in email. Please don\'t share in drive. Hope you understand. Please let me know if you need any other details.\nThanks,\nChandana.', '', '', '', 0, 1, 213, NULL, '2017-03-09 16:32:59', '2017-03-20 14:33:13'),
(964, 213, 4, 'Hi Chandana! I will call you and explain.Thank you', '', '', '', 1, 1, 82, NULL, '2017-03-09 16:34:25', '2017-03-17 12:06:46'),
(965, 193, 1, 'No Luck.. ', '', '', '', 0, 1, 193, NULL, '2017-03-09 23:37:29', '2017-04-03 14:33:31'),
(966, 193, 1, 'Hi...Sorry for Inconvenience...Asha will check and update you, where its went wrong.Thank you for your patience.. ', '', '', '', 1, 1, 82, NULL, '2017-03-10 11:52:16', '2017-03-10 13:33:00'),
(967, 193, 1, 'Raghav, this is may be technical error.  Moses from ERM will check with our System admin and take care .', '', '', '', 1, 1, 71, NULL, '2017-03-10 15:05:26', '2017-03-10 13:33:00'),
(968, 193, 1, 'Sure NP', '', '', '', 0, 1, 193, NULL, '2017-03-10 18:33:45', '2017-04-03 14:33:31'),
(969, 216, 3, 'please make sure to add the missed hours for february month in the tomorrow\'s payroll!', '', '', '', 0, 1, 216, NULL, '2017-03-14 03:49:50', '2017-06-06 10:14:19'),
(970, 216, 3, 'ok', '', '', '', 1, 1, 79, NULL, '2017-03-14 13:37:06', '2017-03-20 09:25:27'),
(971, 216, 3, 'Thanks', '', '', '', 0, 1, 216, NULL, '2017-03-14 13:37:35', '2017-06-06 10:14:19'),
(972, 260, 4, 'Dear immigration team, do you think premium mode is required for visa renewal? Anyhow I came to know that they will accept Receipt Number for driving license renewal', '', '', '', 0, 1, 260, NULL, '2017-03-14 18:43:46', '2017-07-20 11:25:05'),
(973, 260, 4, 'My driving license is valid till July 15th', '', '', '', 0, 1, 260, NULL, '2017-03-14 18:44:34', '2017-07-20 11:25:05'),
(974, 260, 4, 'Hi Umakanth..H-1B Ext no need for applying premium process.Yes they are accepting now receipt notice for renewal process.', '', '', '', 1, 1, 82, NULL, '2017-03-14 18:46:52', '2017-03-15 14:58:04'),
(975, 260, 4, 'Once again I will check with attorney and update you.', '', '', '', 1, 1, 82, NULL, '2017-03-14 18:47:32', '2017-03-15 14:58:04'),
(976, 260, 4, 'Okay thank you', '', '', '', 0, 1, 260, NULL, '2017-03-14 18:48:36', '2017-07-20 11:25:05'),
(977, 260, 4, 'you\'re welcome', '', '', '', 1, 1, 82, NULL, '2017-03-14 18:49:21', '2017-03-15 14:58:04'),
(978, 189, 3, 'Hi this is prasantha , I have quick question regarding my paycheck ... 03/15/2017 , how many hours I worked during 02/16/2017 - 02/28/2017 and rate I am getting paid ?', '', '', '', 0, 1, 189, NULL, '2017-03-14 19:16:40', '2017-06-02 09:01:36'),
(979, 189, 3, 'Hi this is prasantha , I have quick question regarding my paycheck ... 03/15/2017 , how many hours I worked during 02/16/2017 - 02/28/2017 and rate I am getting paid ?', '', '', '', 0, 1, 189, NULL, '2017-03-14 19:16:41', '2017-06-02 09:01:36'),
(980, 189, 3, 'I am seeing 3481.60 - taxes- deductions total net 2293.02$', '', '', '', 0, 1, 189, NULL, '2017-03-14 19:17:48', '2017-06-02 09:01:36'),
(981, 189, 3, '64hrs were paid', '', '', '', 1, 1, 79, NULL, '2017-03-14 19:18:41', '2017-05-31 18:07:56'),
(982, 189, 3, '54.50', '', '', '', 1, 1, 79, NULL, '2017-03-14 19:19:24', '2017-05-31 18:07:56'),
(983, 189, 3, 'Thanks . Please email details kumarmca_81@yahoo.com', '', '', '', 0, 1, 189, NULL, '2017-03-14 19:19:52', '2017-06-02 09:01:36'),
(984, 189, 3, 'Thanks . Please email details kumarmca_81@yahoo.com', '', '', '', 0, 1, 189, NULL, '2017-03-14 19:19:53', '2017-06-02 09:01:36'),
(985, 189, 3, 'ok', '', '', '', 1, 1, 79, NULL, '2017-03-14 19:20:21', '2017-05-31 18:07:56'),
(986, 260, 1, 'Hi Asha', '', '', '', 0, 1, 260, NULL, '2017-03-15 16:37:46', '2019-11-18 07:17:35'),
(987, 260, 1, 'hi', '', '', '', 1, 1, 71, NULL, '2017-03-15 16:38:12', '2017-03-15 12:44:51'),
(988, 260, 1, 'What is Attorney fee, do I need to pay that?', '', '', '', 0, 1, 260, NULL, '2017-03-15 16:38:58', '2019-11-18 07:17:35'),
(989, 260, 1, 'I remember last year that I didn\'t pay', '', '', '', 0, 1, 260, NULL, '2017-03-15 16:39:24', '2019-11-18 07:17:35'),
(990, 260, 1, 'h4 is consultant responsibility , if you have any concern please talk to sarath', '', '', '', 1, 1, 71, NULL, '2017-03-15 16:39:35', '2017-03-15 12:44:51'),
(991, 260, 1, 'Ok', '', '', '', 0, 1, 260, NULL, '2017-03-15 16:45:16', '2019-11-18 07:17:35'),
(992, 260, 4, 'Dear immigration team, did you get a chance to check with Attorney?', '', '', '', 0, 1, 260, NULL, '2017-03-15 18:48:47', '2017-07-20 11:25:05'),
(993, 260, 4, 'Hi Umakanth, Yes ! He can show the receipt notice of H-1B EXt, for renewal driving licence.', '', '', '', 1, 1, 82, NULL, '2017-03-15 18:51:11', '2017-03-15 14:58:04'),
(994, 260, 4, 'Okay great , can you respond to that email which I had sent in the morning?', '', '', '', 0, 1, 260, NULL, '2017-03-15 18:52:19', '2017-07-20 11:25:05'),
(995, 260, 4, 'Thanks for the update', '', '', '', 0, 1, 260, NULL, '2017-03-15 18:52:28', '2017-07-20 11:25:05'),
(996, 260, 4, 'sure i will do', '', '', '', 1, 1, 82, NULL, '2017-03-15 18:52:43', '2017-03-15 14:58:04'),
(997, 213, 4, 'Hi \nJust received my client letter. Just to make sure do you want me to send the hard copy or scanned will go with requirement. Im okay either way. Just making sure to take a move. Please let me know.\nThanks \nChandana', '', '', '', 0, 1, 213, NULL, '2017-03-15 19:56:09', '2017-03-20 14:33:13'),
(998, 213, 4, 'Hi Chandana firstly send the Soft copy if Attorneys request for the Hard copy we will keep you posted.', '', '', '', 1, 1, 82, NULL, '2017-03-15 19:58:29', '2017-03-17 12:06:46'),
(999, 213, 4, 'Sure.Thanks!!', '', '', '', 0, 1, 213, NULL, '2017-03-15 19:59:31', '2017-03-20 14:33:13'),
(1000, 189, 4, 'Sent an email- scan copy of my manager wants to give client letter with 36 months word and dates', '', '', '', 0, 1, 189, NULL, '2017-03-17 14:03:41', '2017-05-18 11:29:19'),
(1001, 189, 4, 'Sent an email- scan copy of my manager wants to give client letter with 36 months word and dates', '', '', '', 0, 1, 189, NULL, '2017-03-17 14:03:41', '2017-05-18 11:29:19'),
(1002, 189, 4, 'Sent an email- scan copy of my manager wants to give client letter with 36 months word and dates', '', '', '', 0, 1, 189, NULL, '2017-03-17 14:03:42', '2017-05-18 11:29:19'),
(1003, 189, 4, 'Please let me know - your thoughts that way I can ask him to print out', '', '', '', 0, 1, 189, NULL, '2017-03-17 14:04:14', '2017-05-18 11:29:19'),
(1004, 189, 4, 'He said - he can\'t mention future dates which is not known', '', '', '', 0, 1, 189, NULL, '2017-03-17 14:04:49', '2017-05-18 11:29:19'),
(1005, 189, 4, 'He said - he can\'t mention future dates which is not known', '', '', '', 0, 1, 189, NULL, '2017-03-17 14:04:56', '2017-05-18 11:29:19'),
(1006, 189, 4, 'Nuts', '', '', '', 0, 1, 189, NULL, '2017-03-17 14:05:01', '2017-05-18 11:29:19'),
(1007, 189, 4, 'Nuts', '', '', '', 0, 1, 189, NULL, '2017-03-17 14:05:02', '2017-05-18 11:29:19'),
(1008, 189, 4, 'Like 36 months', '', '', '', 0, 1, 189, NULL, '2017-03-17 14:05:16', '2017-05-18 11:29:19'),
(1009, 189, 4, 'Like 36 months', '', '', '', 0, 1, 189, NULL, '2017-03-17 14:05:17', '2017-05-18 11:29:19'),
(1010, 189, 4, 'Hi Prasanth...Can you please provide that letter which they had mentioned..we will check with attorney and update you.', '', '', '', 1, 1, 82, NULL, '2017-03-17 14:37:49', '2017-05-18 11:30:03'),
(1011, 189, 4, 'we received that Client letter content...Check and update you.thank you', '', '', '', 1, 1, 82, NULL, '2017-03-17 15:02:14', '2017-05-18 11:30:03'),
(1012, 216, 3, 'I still haven\'t received my missing feb pay! I was said to wait until friday.', '', '', '', 0, 1, 216, NULL, '2017-03-17 15:27:45', '2017-06-06 10:14:19'),
(1013, 216, 3, 'I still haven\'t received my missing feb pay! I was said to wait until friday.', '', '', '', 0, 1, 216, NULL, '2017-03-17 15:27:45', '2017-06-06 10:14:19'),
(1014, 216, 3, 'I still haven\'t received my missing feb pay! I was said to wait until friday.', '', '', '', 0, 1, 216, NULL, '2017-03-17 15:27:46', '2017-06-06 10:14:19'),
(1015, 216, 3, 'We will process payroll taday', '', '', '', 1, 1, 79, NULL, '2017-03-17 15:28:13', '2017-03-20 09:25:27'),
(1016, 216, 3, '*today', '', '', '', 1, 1, 79, NULL, '2017-03-17 15:28:28', '2017-03-20 09:25:27'),
(1017, 216, 3, 'and you will receive on Monday', '', '', '', 1, 1, 79, NULL, '2017-03-17 15:28:44', '2017-03-20 09:25:27'),
(1018, 189, 4, 'Thank You . Client Manager waiting to give print if we say all good to go', '', '', '', 0, 1, 189, NULL, '2017-03-17 15:35:52', '2017-05-18 11:29:19'),
(1019, 213, 4, 'Hi Venkat \n        I hope you received email. If you can clarify me that will be so helpful. \nThanks, \nChandana.', '', '', '', 0, 1, 213, NULL, '2017-03-17 16:02:48', '2017-03-20 14:33:13'),
(1020, 213, 4, 'Hi Venkat \n        I hope you received email. If you can clarify me that will be so helpful. \nThanks, \nChandana.', '', '', '', 0, 1, 213, NULL, '2017-03-17 16:02:48', '2017-03-20 14:33:13'),
(1021, 213, 4, 'Hi Chandana... we received your email.thank you', '', '', '', 1, 1, 82, NULL, '2017-03-17 16:04:25', '2017-03-17 12:06:46'),
(1022, 213, 4, 'we will check and update you shortly', '', '', '', 1, 1, 82, NULL, '2017-03-17 16:04:43', '2017-03-17 12:06:46'),
(1023, 213, 4, 'Okay thank you', '', '', '', 0, 1, 213, NULL, '2017-03-17 16:05:00', '2017-03-20 14:33:13'),
(1024, 213, 4, 'you\'re welcome', '', '', '', 1, 1, 82, NULL, '2017-03-17 16:05:28', '2017-03-17 12:06:46'),
(1025, 216, 3, 'ok Thanks', '', '', '', 0, 1, 216, NULL, '2017-03-18 00:47:45', '2017-06-06 10:14:19'),
(1026, 216, 3, 'Looks like no payroll was generated on friday! whats going on??', '', '', '', 0, 1, 216, NULL, '2017-03-20 03:09:20', '2017-06-06 10:14:19'),
(1027, 216, 3, 'HI Sairam Good Morning', '', '', '', 1, 1, 79, NULL, '2017-03-20 12:56:24', '2017-03-20 09:25:27'),
(1028, 216, 3, 'HI Sairam Good Morning', '', '', '', 1, 1, 79, NULL, '2017-03-20 12:56:25', '2017-03-20 09:25:27'),
(1029, 216, 3, 'payroll site has some problem. So we are not able to generate the payroll. It will be generating today and you will receive it tomorrow', '', '', '', 1, 1, 79, NULL, '2017-03-20 12:57:30', '2017-03-20 09:25:27'),
(1030, 216, 3, 'ok', '', '', '', 0, 1, 216, NULL, '2017-03-20 13:25:37', '2017-06-06 10:14:19'),
(1031, 157, 4, 'Hi.. can you let me know if my application is changed to premium processing ??', '', '', '', 0, 1, 157, NULL, '2017-03-20 19:16:49', '2017-06-30 09:09:42'),
(1032, 157, 4, 'Hi Kalpana...we requested our attorney to convert premium process.they are going to file and update us shortly..', '', '', '', 1, 1, 82, NULL, '2017-03-20 19:19:02', '2017-06-29 14:41:06'),
(1033, 157, 4, 'we will keep you posted on updates...At our end we are done ..Due to High Volume of CAP session..its taking some time to update us.', '', '', '', 1, 1, 82, NULL, '2017-03-20 19:20:58', '2017-06-29 14:41:06'),
(1034, 157, 4, 'Thank you.. please let me know once changed.', '', '', '', 0, 1, 157, NULL, '2017-03-20 19:21:08', '2017-06-30 09:09:42'),
(1035, 157, 4, 'sure we will do.thank you', '', '', '', 1, 1, 82, NULL, '2017-03-20 19:21:48', '2017-06-29 14:41:06'),
(1036, 189, 4, 'Hi immigration team , for filing LCA uploaded all documents along with employee information sheet', '', '', '', 0, 1, 189, NULL, '2017-03-21 12:57:46', '2017-05-18 11:29:19'),
(1037, 189, 4, 'Please review and let me know if any thing needed / missing from my end', '', '', '', 0, 1, 189, NULL, '2017-03-21 12:58:28', '2017-05-18 11:29:19'),
(1038, 189, 4, 'Thanks ..we will check and update you..shortly..Okay we will do', '', '', '', 1, 1, 82, NULL, '2017-03-21 12:58:49', '2017-05-18 11:30:03'),
(1039, 189, 4, 'Thanks for all your help - prasantha', '', '', '', 0, 1, 189, NULL, '2017-03-21 12:58:53', '2017-05-18 11:29:19'),
(1040, 189, 4, 'my pleasure', '', '', '', 1, 1, 82, NULL, '2017-03-21 12:59:49', '2017-05-18 11:30:03'),
(1041, 84, 6, 'Test notification', '', '', '', 1, 1, 1, NULL, '2017-03-22 04:24:15', '2017-05-27 06:24:19'),
(1042, 84, 6, 'Hi test notification IOS', '', '', '', 1, 1, 1, NULL, '2017-03-22 04:25:02', '2017-05-27 06:24:19'),
(1043, 84, 5, 'Test message from iOS', '', '', '', 0, 1, 84, NULL, '2017-03-22 09:30:37', '2019-11-12 05:42:34'),
(1044, 231, 3, 'Hello', '', '', '', 0, 1, 231, NULL, '2017-03-22 14:27:48', '2017-04-25 09:30:35'),
(1045, 231, 3, 'This is Sree Harsha Pothireddy', '', '', '', 0, 1, 231, NULL, '2017-03-22 14:27:58', '2017-04-25 09:30:35'),
(1046, 231, 3, 'This is Sree Harsha Pothireddy', '', '', '', 0, 1, 231, NULL, '2017-03-22 14:27:58', '2017-04-25 09:30:35'),
(1047, 141, 1, 'Hi there, earlier I have Informed about address change. My profile is still showing old address ', '', '', '', 0, 1, 141, NULL, '2017-03-22 15:33:51', '2017-03-30 10:41:12'),
(1048, 141, 1, 'In the app', '', '', '', 0, 1, 141, NULL, '2017-03-22 15:34:03', '2017-03-30 10:41:12'),
(1049, 141, 1, 'And also my family is coming  to US on April 11th. Please provide me the necessary documents for port of entry. ', '', '', '', 0, 1, 141, NULL, '2017-03-22 15:35:20', '2017-03-30 10:41:12'),
(1050, 141, 1, 'And add them to my insurance from 11th onwards ', '', '', '', 0, 1, 141, NULL, '2017-03-22 15:36:06', '2017-03-30 10:41:12'),
(1051, 141, 1, 'My wife and 2 kids', '', '', '', 0, 1, 141, NULL, '2017-03-22 15:36:21', '2017-03-30 10:41:12'),
(1052, 231, 3, 'hi', '', '', '', 1, 0, 79, NULL, '2017-03-22 16:43:38', '2017-03-22 12:43:38'),
(1053, 231, 3, 'good afternoon', '', '', '', 1, 0, 79, NULL, '2017-03-22 16:43:52', '2017-03-22 12:43:52'),
(1054, 231, 3, 'Sorry I spoke to Vineewla thanks', '', '', '', 0, 1, 231, NULL, '2017-03-22 16:48:01', '2017-04-25 09:30:35'),
(1055, 231, 3, 'ok', '', '', '', 1, 0, 79, NULL, '2017-03-22 16:48:17', '2017-03-22 12:48:17'),
(1056, 231, 3, 'Thank You', '', '', '', 1, 0, 79, NULL, '2017-03-22 17:01:33', '2017-03-22 13:01:33'),
(1057, 214, 3, 'Hey', '', '', '', 0, 1, 214, NULL, '2017-03-22 18:05:38', '2017-03-24 12:40:09'),
(1058, 214, 3, 'This is mahesh', '', '', '', 0, 1, 214, NULL, '2017-03-22 18:05:46', '2017-03-24 12:40:09'),
(1059, 214, 3, 'I have question about my pay rate', '', '', '', 0, 1, 214, NULL, '2017-03-22 18:05:56', '2017-03-24 12:40:09'),
(1060, 214, 3, 'I have question about my pay rate', '', '', '', 0, 1, 214, NULL, '2017-03-22 18:05:56', '2017-03-24 12:40:09'),
(1061, 214, 3, 'HI good afternoon', '', '', '', 1, 1, 79, NULL, '2017-03-22 18:06:11', '2017-03-28 19:54:10'),
(1062, 214, 3, 'yes', '', '', '', 1, 1, 79, NULL, '2017-03-22 18:07:08', '2017-03-28 19:54:10'),
(1063, 214, 3, 'My rate was suppose to go up by 75%', '', '', '', 0, 1, 214, NULL, '2017-03-22 18:08:04', '2017-03-24 12:40:09'),
(1064, 214, 3, 'In last yr sep i raised a question but they haven\'t confirmed me anything', '', '', '', 0, 1, 214, NULL, '2017-03-22 18:08:37', '2017-03-24 12:40:09'),
(1065, 214, 3, 'In last yr sep i raised a question but they haven\'t confirmed me anything', '', '', '', 0, 1, 214, NULL, '2017-03-22 18:08:38', '2017-03-24 12:40:09'),
(1066, 214, 3, 'ok we will verify and get back to you', '', '', '', 1, 1, 79, NULL, '2017-03-22 18:09:06', '2017-03-28 19:54:10'),
(1067, 214, 3, 'Thank you', '', '', '', 0, 1, 214, NULL, '2017-03-22 18:09:15', '2017-03-24 12:40:09'),
(1068, 141, 1, 'i will send the enrollment form to you by email to add them.', '', '', '', 1, 0, 71, NULL, '2017-03-23 14:02:02', '2017-03-23 10:02:02'),
(1069, 141, 1, 'Already updated the address', '', '', '', 1, 0, 71, NULL, '2017-03-23 14:06:06', '2017-03-23 10:06:06'),
(1070, 84, 1, 'Hi this is for test message for latest app iOS', '', '', '', 0, 1, 84, NULL, '2017-03-24 06:22:59', '2019-11-20 07:40:57'),
(1071, 84, 1, 'ok thanks', '', '', '', 1, 1, 1, NULL, '2017-03-24 06:23:26', '2019-11-22 06:56:58'),
(1072, 15, 1, 'Hi', '', '', '', 0, 1, 15, NULL, '2017-03-24 06:44:56', '2020-03-23 14:59:27'),
(1073, 15, 1, 'hi', '', '', '', 1, 1, 1, NULL, '2017-03-24 06:45:22', '2019-12-10 14:32:56'),
(1074, 15, 1, 'Hi', '', '', '', 0, 1, 15, NULL, '2017-03-24 06:46:19', '2020-03-23 14:59:27'),
(1075, 15, 2, 'Hi test message', '', '', '', 0, 1, 15, NULL, '2017-03-24 07:06:23', '2019-12-04 17:34:27'),
(1076, 84, 1, 'Test message', '', '', '', 1, 1, 1, NULL, '2017-03-24 07:11:43', '2019-11-22 06:56:58'),
(1077, 15, 1, 'Test Message', '', '', '', 1, 1, 1, NULL, '2017-03-24 07:16:22', '2019-12-10 14:32:56'),
(1078, 15, 2, 'Hi...', '', '', '', 1, 1, 81, NULL, '2017-03-24 12:44:04', '2019-11-27 10:28:18'),
(1079, 15, 2, 'Firdosh here..', '', '', '', 1, 1, 81, NULL, '2017-03-24 12:44:18', '2019-11-27 10:28:18'),
(1080, 41, 3, 'How do I get pay stubs to show landlord?  And how do I get W2?   Thanks.', '', '', '', 0, 1, 41, NULL, '2017-03-24 15:23:13', '2017-03-27 15:59:35'),
(1081, 44, 3, 'Last 2 pay checks only had the base payroll included. Can you please explain? ', '', '', '', 0, 1, 44, NULL, '2017-03-24 19:30:55', '2017-06-09 10:41:16'),
(1082, 203, 3, 'Hello. This is Ratna Teja Yenigalla.Could someone give me a call at 612-810-1863', '', '', '', 0, 1, 203, NULL, '2017-03-26 17:31:45', '2017-07-10 15:23:04'),
(1083, 44, 3, 'HI Dayasagar Good Morning', '', '', '', 1, 1, 79, NULL, '2017-03-27 13:32:09', '2017-06-05 10:03:49'),
(1084, 44, 3, 'we will send the details in the mail for last two paychecks', '', '', '', 1, 1, 79, NULL, '2017-03-27 13:32:37', '2017-06-05 10:03:49'),
(1085, 203, 3, 'HI Ratnateja I called you today it is going to VM', '', '', '', 1, 1, 79, NULL, '2017-03-27 13:33:17', '2017-07-03 22:09:06'),
(1086, 203, 3, 'Can you let us know when you are free', '', '', '', 1, 1, 79, NULL, '2017-03-27 13:33:33', '2017-07-03 22:09:06'),
(1087, 203, 3, 'So that I can call you', '', '', '', 1, 1, 79, NULL, '2017-03-27 13:33:44', '2017-07-03 22:09:06'),
(1088, 41, 3, 'We have sent you the login credentials', '', '', '', 1, 0, 79, NULL, '2017-03-27 13:34:46', '2017-03-27 09:34:46'),
(1089, 41, 3, 'for accessing your paystubs', '', '', '', 1, 0, 79, NULL, '2017-03-27 13:35:25', '2017-03-27 09:35:25'),
(1090, 41, 3, 'We will send the paystub now', '', '', '', 1, 0, 79, NULL, '2017-03-27 13:35:46', '2017-03-27 09:35:46'),
(1091, 193, 3, 'Hello Team, My hours for Jan is more than 215 hrs. Could you please cross check and send me the updated recon from the last three months.', '', '', '', 0, 1, 193, NULL, '2017-03-27 15:17:52', '2017-04-03 14:34:26'),
(1092, 157, 4, 'Hi.. is there any update on premium processing', '', '', '', 0, 1, 157, NULL, '2017-03-27 16:10:05', '2017-06-30 09:09:42'),
(1093, 193, 3, 'ok we will send the updated recon', '', '', '', 1, 0, 79, NULL, '2017-03-27 16:11:21', '2017-03-27 12:11:21'),
(1094, 157, 4, 'Hi ..we didn\'t receive the tracking details from attorney..we will update you on this shortly.', '', '', '', 1, 1, 82, NULL, '2017-03-27 16:11:51', '2017-06-29 14:41:06'),
(1095, 157, 4, 'Thanks for your patience', '', '', '', 1, 1, 82, NULL, '2017-03-27 16:12:07', '2017-06-29 14:41:06'),
(1096, 157, 4, 'Thanks', '', '', '', 0, 1, 157, NULL, '2017-03-27 16:12:10', '2017-06-30 09:09:42'),
(1097, 189, 4, 'Hi Immigration Dept , followup on H1 B Extension- is my LCA has been filed ? Prasantha', '', '', '', 0, 1, 189, NULL, '2017-03-27 16:23:10', '2017-05-18 11:29:19'),
(1098, 189, 4, 'Hi..Yes its filed.', '', '', '', 1, 1, 82, NULL, '2017-03-27 16:23:58', '2017-05-18 11:30:03'),
(1099, 189, 4, 'Thanks for confirming', '', '', '', 0, 1, 189, NULL, '2017-03-27 16:24:15', '2017-05-18 11:29:19'),
(1100, 189, 4, 'If any documents needed let me know - I will get them soon to you', '', '', '', 0, 1, 189, NULL, '2017-03-27 16:24:43', '2017-05-18 11:29:19'),
(1101, 189, 4, 'sure..thank you', '', '', '', 1, 1, 82, NULL, '2017-03-27 16:25:05', '2017-05-18 11:30:03'),
(1102, 238, 4, 'Hi Team , when can I receive my new LCA document?', '', '', '', 0, 1, 238, NULL, '2017-03-27 18:24:28', '2017-05-22 07:16:38'),
(1103, 238, 4, 'Next week is my starting date for new project @ BELLEVUE WA', '', '', '', 0, 1, 238, NULL, '2017-03-27 18:25:14', '2017-05-22 07:16:38'),
(1104, 238, 4, 'Hi Srinivas...Its not yet certified...We will shared you the certified one shortly..', '', '', '', 1, 1, 82, NULL, '2017-03-27 19:15:46', '2017-05-19 10:59:10'),
(1105, 157, 4, 'Hi.. any update', '', '', '', 0, 1, 157, NULL, '2017-03-28 13:35:23', '2017-06-30 09:09:42'),
(1106, 157, 4, 'Hi..Not yet...Sure today we will update you.thank you', '', '', '', 1, 1, 82, NULL, '2017-03-28 13:36:46', '2017-06-29 14:41:06'),
(1107, 157, 4, 'Hi Kalpana...Please find the tracking details of Premium process of filling.FedEx tracking number 7787 6293 9800', '', '', '', 1, 1, 82, NULL, '2017-03-29 11:17:20', '2017-06-29 14:41:06'),
(1108, 206, 3, 'Hi Vineela,\n\nI need some money as we are buying a home soon and is it possible for you to run the Q1 2017 little early to me, mostly by next week.\n\nLet me know if I need to talk to some one else from USM.\n\nThanks\nRavi Bareddy', '', '', '', 0, 1, 206, NULL, '2017-03-29 23:15:01', '2017-05-09 13:55:36'),
(1109, 206, 3, 'HI Ravinder let me reconcile your account', '', '', '', 1, 0, 79, NULL, '2017-03-30 13:03:09', '2017-03-30 09:03:09'),
(1110, 206, 3, 'And I will send the details', '', '', '', 1, 0, 79, NULL, '2017-03-30 13:03:26', '2017-03-30 09:03:26'),
(1111, 189, 4, 'Could you please provide LCA Approved \n\nThanks\nPrasantha Sarvadevabatla', '', '', '', 0, 1, 189, NULL, '2017-03-30 14:33:01', '2017-05-18 11:29:19'),
(1112, 189, 4, 'Could you please provide LCA Approved \n\nThanks\nPrasantha Sarvadevabatla', '', '', '', 0, 1, 189, NULL, '2017-03-30 14:33:01', '2017-05-18 11:29:19'),
(1113, 189, 4, 'sure i will do', '', '', '', 1, 1, 82, NULL, '2017-03-30 14:33:34', '2017-05-18 11:30:03'),
(1114, 206, 3, 'Ok, Thanks', '', '', '', 0, 1, 206, NULL, '2017-03-30 15:42:44', '2017-05-09 13:55:36'),
(1115, 189, 4, 'Hello', '', '', '', 0, 1, 189, NULL, '2017-03-30 23:09:26', '2017-05-18 11:29:19'),
(1116, 189, 4, 'Yes Prashantha', '', '', '', 1, 1, 82, NULL, '2017-03-31 10:45:11', '2017-05-18 11:30:03'),
(1117, 189, 4, 'Sorry By mistake sent Hello Message', '', '', '', 0, 1, 189, NULL, '2017-03-31 10:47:02', '2017-05-18 11:29:19'),
(1118, 189, 4, 'Sorry By mistake sent Hello Message', '', '', '', 0, 1, 189, NULL, '2017-03-31 10:47:02', '2017-05-18 11:29:19'),
(1119, 189, 4, 'its okay.', '', '', '', 1, 1, 82, NULL, '2017-03-31 10:47:37', '2017-05-18 11:30:03'),
(1120, 227, 3, 'Hi , \nI like to remind i have completed my 1 year with usm and the ratio should be 75:25 , but as of now i feel i am getting the regular and some times a very low pay plse check on that and let me know asap', '', '', '', 0, 1, 227, NULL, '2017-03-31 13:30:56', '2017-07-13 11:14:33'),
(1121, 227, 3, 'I will check and get back to me.', '', '', '', 1, 1, 79, NULL, '2017-03-31 13:59:03', '2017-07-10 15:21:01'),
(1122, 227, 3, 'I will check and get back to me.', '', '', '', 1, 1, 79, NULL, '2017-03-31 13:59:03', '2017-07-10 15:21:01'),
(1123, 238, 3, 'Team, I sent my new w4 forms, hope everything is set. Please let me know if I miss something', '', '', '', 0, 1, 238, NULL, '2017-03-31 18:17:30', '2017-05-03 11:37:20'),
(1124, 238, 3, 'HI Srinivas it is from 4/1/2017', '', '', '', 1, 1, 79, NULL, '2017-03-31 18:21:05', '2017-05-03 11:12:39'),
(1125, 238, 3, 'So it will be updated in the system on 4/30/2017 payroll', '', '', '', 1, 1, 79, NULL, '2017-03-31 18:21:37', '2017-05-03 11:12:39'),
(1126, 238, 3, 'If you have any questions let me know', '', '', '', 1, 1, 79, NULL, '2017-03-31 18:21:55', '2017-05-03 11:12:39'),
(1127, 189, 1, 'Hello Hr Team - This is Prasantha Sarvadevabatla, got new project and in background form mentioned contact details', '', '', '', 0, 1, 189, NULL, '2017-04-03 13:55:11', '2017-07-18 09:39:48'),
(1128, 189, 1, 'Deshpande to reach- (703) 263-0855', '', '', '', 0, 1, 189, NULL, '2017-04-03 13:55:47', '2017-07-18 09:39:48'),
(1129, 189, 1, 'So please in case if any one reaches our usm team - please provide my details', '', '', '', 0, 1, 189, NULL, '2017-04-03 13:57:11', '2017-07-18 09:39:48'),
(1130, 189, 1, 'For more details about my new job - reach sunny', '', '', '', 0, 1, 189, NULL, '2017-04-03 13:57:51', '2017-07-18 09:39:48'),
(1131, 189, 1, 'sure, will do', '', '', '', 1, 1, 71, NULL, '2017-04-03 14:25:18', '2017-05-19 14:26:48'),
(1132, 189, 1, 'Awesome, Thanks for Support', '', '', '', 0, 1, 189, NULL, '2017-04-03 14:29:18', '2017-07-18 09:39:48'),
(1133, 203, 3, 'Sorry for missing your call', '', '', '', 0, 1, 203, NULL, '2017-04-03 17:15:33', '2017-07-10 15:23:04'),
(1134, 203, 3, 'Could you please call me at your earliest convenience at 612-810-1863', '', '', '', 0, 1, 203, NULL, '2017-04-03 17:16:00', '2017-07-10 15:23:04'),
(1135, 203, 4, 'Could you please call me at your earliest convenience at 612-810-1863', '', '', '', 0, 1, 203, NULL, '2017-04-03 17:16:18', '2017-06-08 17:30:49'),
(1136, 203, 3, 'ok', '', '', '', 1, 1, 79, NULL, '2017-04-03 17:16:26', '2017-07-03 22:09:06'),
(1137, 203, 4, 'Sure we will ..', '', '', '', 1, 1, 82, NULL, '2017-04-03 17:16:56', '2017-06-29 00:04:01'),
(1138, 52, 3, 'Hello Team,\nI have sent a request to update new Bank detail for direct deposit.\n\nPlease review it and let me know if you need any further information.\n\nThanks\n\nDivyesh', '', '', '', 0, 1, 52, NULL, '2017-04-03 18:54:09', '2017-04-10 16:38:25'),
(1139, 52, 3, 'ok', '', '', '', 1, 1, 79, NULL, '2017-04-03 18:54:30', '2017-04-05 10:48:23'),
(1140, 203, 4, 'As we discussed today,please confirm once you get a new project.so we will file Amendment+ Ext together..Thank you', '', '', '', 1, 1, 82, NULL, '2017-04-03 19:04:07', '2017-06-29 00:04:01'),
(1141, 52, 3, 'We sent out the form can you please fill it nad send me the voided check ', '', '', '', 1, 1, 79, NULL, '2017-04-03 20:29:45', '2017-04-05 10:48:23'),
(1142, 143, 4, 'Hi team', '', '', '', 0, 1, 143, NULL, '2017-04-03 20:55:47', '2017-04-05 15:52:25'),
(1143, 143, 4, 'Hi Seshagiri...Sorry for delay in response...You can check with HR for i-9 queries...thank you', '', '', '', 1, 1, 82, NULL, '2017-04-04 10:41:25', '2017-04-04 11:17:29'),
(1144, 189, 4, 'Sorry Venkat and Asha for not responding quickly - please reach Sunny to get all information on Contract related and my job title', '', '', '', 0, 1, 189, NULL, '2017-04-04 12:38:58', '2017-05-18 11:29:19'),
(1145, 189, 4, 'In regard to job duties - please use same bullets as old once , if you want me to resend I want lo do it once I reached office', '', '', '', 0, 1, 189, NULL, '2017-04-04 12:40:04', '2017-05-18 11:29:19'),
(1146, 189, 4, 'Hi Prasantha...Please ask sunny to respond the requested information ASAP.', '', '', '', 1, 1, 82, NULL, '2017-04-04 12:40:21', '2017-05-18 11:30:03'),
(1147, 189, 4, 'OKAY, We will use the same job duties..', '', '', '', 1, 1, 82, NULL, '2017-04-04 12:40:48', '2017-05-18 11:30:03'),
(1148, 189, 4, 'Please share information Sunny provides as I am also not aware complete details of new  client ', '', '', '', 0, 1, 189, NULL, '2017-04-04 12:41:29', '2017-05-18 11:29:19'),
(1149, 189, 4, 'Please share information Sunny provides as I am also not aware complete details of new  client ', '', '', '', 0, 1, 189, NULL, '2017-04-04 12:41:29', '2017-05-18 11:29:19'),
(1150, 189, 4, 'i already did ..please ask him respond the requested information to my email..', '', '', '', 1, 1, 82, NULL, '2017-04-04 12:43:25', '2017-05-18 11:30:03'),
(1151, 189, 4, 'I did text him . Will wait for him to respond', '', '', '', 0, 1, 189, NULL, '2017-04-04 12:53:14', '2017-05-18 11:29:19'),
(1152, 189, 4, 'okay..thank you', '', '', '', 1, 1, 82, NULL, '2017-04-04 12:53:45', '2017-05-18 11:30:03'),
(1153, 157, 4, 'Hi', '', '', '', 0, 1, 157, NULL, '2017-04-04 13:22:50', '2017-06-30 09:09:42'),
(1154, 157, 4, 'yes kalpana..', '', '', '', 1, 1, 82, NULL, '2017-04-04 13:23:30', '2017-06-29 14:41:06'),
(1155, 157, 4, 'I see my case is in approved status, did you receive any email', '', '', '', 0, 1, 157, NULL, '2017-04-04 13:23:39', '2017-06-30 09:09:42'),
(1156, 157, 4, 'i will check and update you..thank you', '', '', '', 1, 1, 82, NULL, '2017-04-04 13:24:19', '2017-06-29 14:41:06'),
(1157, 157, 4, 'Did you get the email? I\'m curious to know how long i got the approval for', '', '', '', 0, 1, 157, NULL, '2017-04-04 14:33:08', '2017-06-30 09:09:42'),
(1158, 157, 4, 'we will send you shortly', '', '', '', 1, 1, 82, NULL, '2017-04-04 14:33:49', '2017-06-29 14:41:06'),
(1159, 157, 4, 'I got it just for a month', '', '', '', 0, 1, 157, NULL, '2017-04-04 14:36:23', '2017-06-30 09:09:42'),
(1160, 157, 4, 'I was told we will be applying as both ammendment and extension', '', '', '', 0, 1, 157, NULL, '2017-04-04 14:36:49', '2017-06-30 09:09:42'),
(1161, 157, 4, 'yes', '', '', '', 1, 1, 82, NULL, '2017-04-04 14:37:03', '2017-06-29 14:41:06'),
(1162, 157, 4, 'Do we have to start extension again ??', '', '', '', 0, 1, 157, NULL, '2017-04-04 14:37:28', '2017-06-30 09:09:42'),
(1163, 157, 4, 'Since it is due in a month', '', '', '', 0, 1, 157, NULL, '2017-04-04 14:37:46', '2017-06-30 09:09:42'),
(1164, 157, 4, 'we need to after cap filling april 7th 2017', '', '', '', 1, 1, 82, NULL, '2017-04-04 14:38:09', '2017-06-29 14:41:06'),
(1165, 157, 4, 'Can you send me the check list i will have it ready by 7th', '', '', '', 0, 1, 157, NULL, '2017-04-04 14:38:52', '2017-06-30 09:09:42'),
(1166, 157, 4, 'will do..thank you', '', '', '', 1, 1, 82, NULL, '2017-04-04 14:39:13', '2017-06-29 14:41:06'),
(1167, 206, 3, 'Hi vineela, I have sent all my Approved time sheets till\nMarch end .... so u can get that info for time hours .... Thx', '', '', '', 0, 1, 206, NULL, '2017-04-04 15:07:45', '2017-05-09 13:55:36'),
(1168, 206, 3, 'ok', '', '', '', 1, 0, 79, NULL, '2017-04-04 15:08:06', '2017-04-04 11:08:06'),
(1169, 143, 4, 'I sent i 9 query in the month of january', '', '', '', 0, 1, 143, NULL, '2017-04-04 15:11:23', '2017-04-05 15:52:25'),
(1170, 143, 4, 'what was the quirry ?', '', '', '', 1, 1, 71, NULL, '2017-04-04 15:14:15', '2017-04-04 11:17:29'),
(1171, 143, 4, 'Please call me ext 320 if you have any question.', '', '', '', 1, 1, 71, NULL, '2017-04-04 15:17:10', '2017-04-04 11:17:29'),
(1172, 143, 4, 'Thank you Asha for taking the call and answering my query', '', '', '', 0, 1, 143, NULL, '2017-04-04 15:25:43', '2017-04-05 15:52:25'),
(1173, 143, 4, 'with Pleasure .', '', '', '', 1, 0, 71, NULL, '2017-04-04 15:26:26', '2017-04-04 11:26:26'),
(1174, 84, 6, 'hi', '', '', '', 1, 1, 68, NULL, '2017-04-04 15:41:19', '2017-05-27 06:24:19'),
(1175, 227, 4, 'Hi, \nMy H1B expires on sep30. So when should i start my processing for extension', '', '', '', 0, 1, 227, NULL, '2017-04-05 19:49:24', '2017-06-05 12:47:50'),
(1176, 227, 4, 'Sure Sidhartha we will send you the Checklist shortly', '', '', '', 1, 0, 82, NULL, '2017-04-05 20:01:31', '2017-04-05 16:01:31'),
(1177, 227, 4, 'sidharth, send the email to immigration to initiate the Process. ', '', '', '', 1, 0, 71, NULL, '2017-04-05 20:40:46', '2017-04-05 16:40:46'),
(1178, 206, 4, 'Hi Guys ... can you please send me the copy of my latest LCA copy - RAVINDAR Bareddy', '', '', '', 0, 1, 206, NULL, '2017-04-05 21:53:29', '2017-04-12 06:41:14'),
(1179, 206, 4, 'Sure we will provide as earliest', '', '', '', 1, 0, 82, NULL, '2017-04-05 22:09:42', '2017-04-05 18:09:42'),
(1180, 52, 1, 'Hello Team\nI would like to know about 401K enrollment and options.\n\nCan you please send the info?\n\nThanks\n\nDivyesh', '', '', '', 0, 1, 52, NULL, '2017-04-06 03:07:16', '2017-04-13 13:58:22'),
(1181, 52, 1, 'Hi Divyesh, we do not offer a 401K plan at this time.', '', '', '', 1, 1, 151, NULL, '2017-04-06 14:15:23', '2017-04-07 09:22:03'),
(1182, 84, 6, 'Hi', '', '', '', 0, 1, 84, NULL, '2017-04-08 16:11:46', '2019-11-18 07:23:58'),
(1183, 84, 6, 'hi how are you?', '', '', '', 1, 1, 68, NULL, '2017-04-10 12:33:01', '2017-05-27 06:24:19'),
(1184, 227, 3, 'Can you please send me the paystubs for last four pay period to my mail sidharthareddybeeram@gmail.com\n(Its for h1b extension)', '', '', '', 0, 1, 227, NULL, '2017-04-10 14:41:00', '2017-07-13 11:14:33'),
(1185, 227, 3, 'sure sidhartha, we will send', '', '', '', 1, 1, 68, NULL, '2017-04-10 15:42:12', '2017-07-10 15:21:01'),
(1186, 227, 3, 'sure sidhartha, we will send', '', '', '', 1, 1, 68, NULL, '2017-04-10 15:42:14', '2017-07-10 15:21:01'),
(1187, 164, 4, 'Hello, this is Madhuri Satya', '', '', '', 0, 1, 164, NULL, '2017-04-10 17:02:34', '2017-07-18 16:57:00'),
(1188, 164, 4, 'Have you applied for my H1 B I haven\'t heard back about it', '', '', '', 0, 1, 164, NULL, '2017-04-10 17:02:57', '2017-07-18 16:57:00'),
(1189, 164, 4, 'Hi Madhuri', '', '', '', 1, 1, 82, NULL, '2017-04-10 17:03:01', '2017-04-10 13:27:31'),
(1190, 164, 4, 'Hello', '', '', '', 0, 1, 164, NULL, '2017-04-10 17:27:01', '2017-07-18 16:57:00'),
(1191, 164, 4, 'Madhuri it has been taken care of', '', '', '', 1, 0, 82, NULL, '2017-04-10 19:21:07', '2017-04-10 15:21:07'),
(1192, 231, 3, 'Hello', '', '', '', 0, 1, 231, NULL, '2017-04-11 18:01:49', '2017-04-25 09:30:35'),
(1193, 231, 3, 'This is Harsha Pothireddy USM employee', '', '', '', 0, 1, 231, NULL, '2017-04-11 18:02:02', '2017-04-25 09:30:35'),
(1194, 231, 3, 'This is Harsha Pothireddy USM employee', '', '', '', 0, 1, 231, NULL, '2017-04-11 18:02:03', '2017-04-25 09:30:35'),
(1195, 231, 3, 'hi harsha', '', '', '', 1, 0, 68, NULL, '2017-04-11 18:16:42', '2017-04-11 14:16:42'),
(1196, 231, 3, 'yes', '', '', '', 1, 0, 79, NULL, '2017-04-11 18:17:34', '2017-04-11 14:17:34'),
(1197, 231, 3, 'Please send me my W2 via email for 2016', '', '', '', 0, 1, 231, NULL, '2017-04-11 18:20:21', '2017-04-25 09:30:35'),
(1198, 231, 3, 'we are sending now', '', '', '', 1, 0, 68, NULL, '2017-04-11 18:20:39', '2017-04-11 14:20:39'),
(1199, 231, 3, 'Ok thanks', '', '', '', 0, 1, 231, NULL, '2017-04-11 18:27:51', '2017-04-25 09:30:35'),
(1200, 231, 3, 'Ok thanks', '', '', '', 0, 1, 231, NULL, '2017-04-11 18:27:52', '2017-04-25 09:30:35'),
(1201, 227, 4, 'Hi immigrartion team', '', '', '', 0, 1, 227, NULL, '2017-04-12 14:48:14', '2017-06-05 12:47:50');

INSERT INTO `messages` (`message_id`, `user_id`, `dept_id`, `message`, `upload_doc`, `upload_path`, `doc_type`, `message_type`, `read_status`, `posted_by`, `read_by`, `created_at`, `updated_at`) VALUES
(1533, 278, 3, 'My payroll has again been imcorrectly processed this month', '', '', '', 0, 1, 278, NULL, '2017-07-14 14:26:17', '2017-08-01 04:16:19'),
(1534, 278, 3, 'HI Zulfiker I am about to call you', '', '', '', 1, 1, 79, NULL, '2017-07-14 14:27:07', '2017-07-14 10:36:00'),
(1535, 278, 3, 'According to over phone conversation I will send you the details in October', '', '', '', 1, 1, 79, NULL, '2017-07-14 14:30:06', '2017-07-14 10:36:00'),
(1536, 268, 3, 'Hi', '', '', '', 0, 1, 268, NULL, '2017-07-14 17:27:47', '2017-08-02 03:35:35'),
(1537, 236, 4, 'Hi team, can you please confirm how long is my current H1 B is valid ??', '', '', '', 0, 1, 236, NULL, '2017-07-14 17:36:33', '2019-12-04 18:58:59'),
(1538, 236, 4, 'Hi team, can you please confirm how long is my current H1 B is valid ??', '', '', '', 0, 1, 236, NULL, '2017-07-14 17:36:33', '2019-12-04 18:58:59'),
(1539, 236, 4, 'I think I may need to reapply again to file an extension.', '', '', '', 0, 1, 236, NULL, '2017-07-14 17:37:01', '2019-12-04 18:58:59'),
(1540, 236, 4, 'I think I may need to reapply again to file an extension.', '', '', '', 0, 1, 236, NULL, '2017-07-14 17:37:01', '2019-12-04 18:58:59'),
(1541, 268, 3, 'HI', '', '', '', 1, 0, 79, NULL, '2017-07-14 17:37:21', '2017-07-14 13:37:21'),
(1542, 236, 4, 'Hi Srikanth..we will check and update you shortly..', '', '', '', 1, 1, 82, NULL, '2017-07-14 17:37:25', '2017-07-17 08:28:34'),
(1543, 268, 3, 'Yangam Good Afternoon', '', '', '', 1, 0, 79, NULL, '2017-07-14 17:37:32', '2017-07-14 13:37:32'),
(1544, 236, 4, 'Hi team, any update ?', '', '', '', 0, 1, 236, NULL, '2017-07-17 12:28:50', '2019-12-04 18:58:59'),
(1545, 236, 4, 'Hi team, any update ?', '', '', '', 0, 1, 236, NULL, '2017-07-17 12:28:50', '2019-12-04 18:58:59'),
(1546, 236, 4, 'HI Srikanth..As we discussed on friday, we will update you shortly today.Once get update from attorney.thank you', '', '', '', 1, 0, 82, NULL, '2017-07-17 12:31:30', '2017-07-17 08:31:30'),
(1547, 347, 7, 'Hi, checking to know what date in July will I get paid. Thanks', '', '', '', 0, 1, 347, NULL, '2017-07-17 14:20:46', '2019-12-04 17:09:05'),
(1548, 347, 7, 'payment is due on 7/28/2017', '', '', '', 1, 1, 68, NULL, '2017-07-17 14:58:57', '2017-07-17 19:54:47'),
(1549, 238, 1, 'Team , can you please update my address for my health insurance', '', '', '', 0, 1, 238, NULL, '2017-07-17 22:21:36', '2019-11-19 04:34:27'),
(1550, 238, 1, 'My new address is', '', '', '', 0, 1, 238, NULL, '2017-07-17 22:21:48', '2019-11-19 04:34:27'),
(1551, 238, 1, '921 139th Ave NE #APT 20-109\nBellevue, WA 98005', '', '', '', 0, 1, 238, NULL, '2017-07-17 22:23:02', '2019-11-19 04:34:27'),
(1552, 238, 1, 'updated ', '', '', '', 1, 1, 71, NULL, '2017-07-21 13:51:09', '2019-11-22 06:57:00'),
(1553, 290, 1, 'hi asha\nany update on return notices from uscis on h1 b?', '', '', '', 0, 1, 290, NULL, '2017-07-21 15:47:57', '2019-11-27 10:36:13'),
(1554, 290, 1, 'hi asha\nany update on return notices from uscis on h1 b?', '', '', '', 0, 1, 290, NULL, '2017-07-21 15:47:57', '2019-11-27 10:36:13'),
(1555, 290, 1, 'will check it let u know', '', '', '', 1, 1, 71, NULL, '2017-07-21 15:48:43', '2019-11-22 06:57:13'),
(1556, 248, 3, 'I 949th 64 latitude lane 7064k7', '', '', '', 0, 1, 248, NULL, '2017-07-22 03:49:32', '2019-10-31 04:32:13'),
(1557, 248, 3, 'well ', '', '', '', 0, 1, 248, NULL, '2017-07-22 03:49:35', '2019-10-31 04:32:13'),
(1558, 248, 3, 'HI Sunil is this a address change', '', '', '', 1, 0, 79, NULL, '2017-07-24 13:18:18', '2017-07-24 09:18:18'),
(1559, 248, 3, 'HI Sunil is this a address change?', '', '', '', 1, 0, 79, NULL, '2017-07-24 13:18:19', '2017-07-24 09:18:19'),
(1560, 290, 1, 'hi asha\nany update?', '', '', '', 0, 1, 290, NULL, '2017-07-24 14:14:21', '2019-11-27 10:36:13'),
(1561, 290, 1, 'yes, we received the return receipt for your cap filing.', '', '', '', 1, 1, 71, NULL, '2017-07-24 14:15:55', '2019-11-22 06:57:13'),
(1562, 290, 1, 'could you please share it to me', '', '', '', 0, 1, 290, NULL, '2017-07-24 14:16:39', '2019-11-27 10:36:13'),
(1563, 290, 1, 'could you please share it to me', '', '', '', 0, 1, 290, NULL, '2017-07-24 14:16:40', '2019-11-27 10:36:13'),
(1564, 290, 1, 'please send an email to immigration', '', '', '', 1, 1, 71, NULL, '2017-07-24 14:17:07', '2019-11-22 06:57:13'),
(1565, 290, 4, 'Hi\nCould you please share my return notice from uscis regarding h1 cap application?', '', '', '', 0, 1, 290, NULL, '2017-07-24 14:17:55', '2017-07-25 20:46:04'),
(1566, 290, 1, 'ok \nthanks!', '', '', '', 0, 1, 290, NULL, '2017-07-24 14:18:16', '2019-11-27 10:36:13'),
(1567, 290, 4, 'Hi Karthik..Please check the mail which has been shared..thank you', '', '', '', 1, 0, 82, NULL, '2017-07-24 15:24:33', '2017-07-24 11:24:33'),
(1568, 216, 1, 'Hi, my name was sairam kotapati.', '', '', '', 0, 1, 216, NULL, '2017-07-24 18:07:24', '2019-11-22 04:27:56'),
(1569, 216, 1, 'I need all the information regarding Health insurance options available at USM', '', '', '', 0, 1, 216, NULL, '2017-07-24 18:07:48', '2019-11-22 04:27:56'),
(1570, 216, 1, 'i want to take health insurance provided by USM from august 1st!', '', '', '', 0, 1, 216, NULL, '2017-07-24 18:08:25', '2019-11-22 04:27:56'),
(1571, 216, 1, 'send an email to asha @usmsystems.com', '', '', '', 1, 1, 71, NULL, '2017-07-24 18:09:23', '2019-11-22 06:57:11'),
(1572, 216, 1, 'Till now i was on my family health insurance which i can have until i turn 26. from this month i need to take insurance on my owm.', '', '', '', 0, 1, 216, NULL, '2017-07-24 18:09:27', '2019-11-22 04:27:56'),
(1573, 216, 1, 'ss', '', '', '', 1, 1, 1, NULL, '2017-07-25 07:29:29', '2019-11-22 06:57:11'),
(1574, 84, 5, 'ok no problem', '', '', '', 1, 0, 1, NULL, '2017-07-25 07:33:31', '2017-07-25 03:33:31'),
(1575, 84, 5, 'fff', '', '', '', 1, 0, 1, NULL, '2017-07-25 07:33:36', '2017-07-25 03:33:36'),
(1576, 84, 5, 'fdsvdsf', '', '', '', 1, 0, 1, NULL, '2017-07-25 07:33:40', '2017-07-25 03:33:40'),
(1577, 84, 5, 'dfgdg', '', '', '', 1, 0, 1, NULL, '2017-07-25 07:33:54', '2017-07-25 03:33:54'),
(1578, 84, 5, 'dfgdf', '', '', '', 1, 0, 1, NULL, '2017-07-25 07:33:56', '2017-07-25 03:33:56'),
(1579, 84, 5, 'dfgf', '', '', '', 1, 0, 1, NULL, '2017-07-25 07:33:58', '2017-07-25 03:33:58'),
(1580, 84, 5, 'dgdfsg', '', '', '', 1, 0, 1, NULL, '2017-07-25 07:34:00', '2017-07-25 03:34:00'),
(1581, 84, 5, 'dfff', '', '', '', 1, 0, 1, NULL, '2017-07-25 08:17:57', '2017-07-25 04:17:57'),
(1582, 84, 5, 'its ok venky', '', '', '', 1, 0, 1, NULL, '2017-07-25 08:31:18', '2017-07-25 04:31:18'),
(1583, 236, 4, 'its ok no problem', '', '', '', 1, 0, 1, NULL, '2017-07-26 01:20:46', '2017-07-25 21:20:46'),
(1584, 236, 4, 'k fine', '', '', '', 1, 0, 1, NULL, '2017-07-26 01:21:48', '2017-07-25 21:21:48'),
(1585, 236, 4, 'then', '', '', '', 1, 0, 1, NULL, '2017-07-26 01:21:58', '2017-07-25 21:21:58'),
(1586, 236, 4, 'how rto', '', '', '', 1, 0, 1, NULL, '2017-07-26 01:23:04', '2017-07-25 21:23:04'),
(1587, 236, 4, 'fine', '', '', '', 1, 0, 1, NULL, '2017-07-26 01:23:09', '2017-07-25 21:23:09'),
(1588, 236, 4, 'then', '', '', '', 1, 0, 1, NULL, '2017-07-26 01:23:12', '2017-07-25 21:23:12'),
(1589, 236, 4, 'fkvfdf dfkvopdfkop dfpovk', '', '', '', 1, 0, 1, NULL, '2017-07-26 01:23:19', '2017-07-25 21:23:19'),
(1590, 236, 4, 'ifkk', '', '', '', 1, 0, 1, NULL, '2017-07-26 01:23:23', '2017-07-25 21:23:23'),
(1591, 236, 4, 'ddd', '', '', '', 1, 0, 1, NULL, '2017-07-26 01:23:25', '2017-07-25 21:23:25'),
(1592, 236, 4, 'rrrr', '', '', '', 1, 0, 1, NULL, '2017-07-26 01:23:35', '2017-07-25 21:23:35'),
(1593, 236, 4, 'rgrtdfgn', '', '', '', 1, 0, 1, NULL, '2017-07-26 01:23:40', '2017-07-25 21:23:40'),
(1594, 236, 4, 'dd', '', '', '', 1, 0, 1, NULL, '2017-07-26 01:26:40', '2017-07-25 21:26:40'),
(1595, 236, 4, 'dd', '', '', '', 1, 0, 1, NULL, '2017-07-26 01:30:31', '2017-07-25 21:30:31'),
(1596, 236, 4, 'dd', '', '', '', 1, 0, 1, NULL, '2017-07-26 01:30:34', '2017-07-25 21:30:34'),
(1597, 236, 4, 'dd', '', '', '', 1, 0, 1, NULL, '2017-07-26 01:32:20', '2017-07-25 21:32:20'),
(1598, 236, 4, 'd', '', '', '', 1, 0, 1, NULL, '2017-07-26 01:36:12', '2017-07-25 21:36:12'),
(1599, 236, 4, 's', '', '', '', 1, 0, 1, NULL, '2017-07-26 01:38:01', '2017-07-25 21:38:01'),
(1600, 236, 4, 'd', '', '', '', 1, 0, 1, NULL, '2017-07-26 01:40:29', '2017-07-25 21:40:29'),
(1601, 189, 2, 's', '', '', '', 1, 0, 1, NULL, '2017-07-26 01:41:51', '2017-07-25 21:41:51'),
(1602, 189, 2, 'dd', '', '', '', 1, 0, 1, NULL, '2017-07-26 01:43:29', '2017-07-25 21:43:29'),
(1603, 189, 2, '  vv', '', '', '', 1, 0, 1, NULL, '2017-07-26 01:43:53', '2017-07-25 21:43:53'),
(1604, 189, 2, 'dd', '', '', '', 1, 0, 1, NULL, '2017-07-26 01:45:54', '2017-07-25 21:45:54'),
(1605, 189, 2, 'dd', '', '', '', 1, 0, 1, NULL, '2017-07-26 01:47:09', '2017-07-25 21:47:09'),
(1606, 189, 2, 'd', '', '', '', 1, 0, 1, NULL, '2017-07-26 01:48:23', '2017-07-25 21:48:23'),
(1607, 189, 2, 'd', '', '', '', 1, 0, 1, NULL, '2017-07-26 01:48:29', '2017-07-25 21:48:29'),
(1608, 189, 2, 'd', '', '', '', 1, 0, 1, NULL, '2017-07-26 01:48:37', '2017-07-25 21:48:37'),
(1609, 189, 2, 'dd', '', '', '', 1, 0, 1, NULL, '2017-07-26 01:49:37', '2017-07-25 21:49:37'),
(1610, 84, 1, 'from postman', '', '', '', 0, 1, 84, NULL, '2017-07-26 02:05:31', '2019-11-20 07:40:57'),
(1614, 84, 2, 'test message with image', '', '', '', 0, 1, 84, NULL, '2017-07-26 03:05:27', '2019-10-31 04:35:43'),
(1617, 84, 2, 'test message with image', '', '', '', 0, 1, 84, NULL, '2017-07-26 04:23:37', '2019-10-31 04:35:43'),
(1619, 84, 2, 'test message with image', '', '', '', 0, 1, 84, NULL, '2017-07-26 04:26:26', '2019-10-31 04:35:43'),
(1621, 84, 2, 'test message with image', '', '', '', 0, 1, 84, NULL, '2017-07-26 04:32:56', '2019-10-31 04:35:43'),
(1622, 84, 2, '', '84_1501063376_app-login.jpg.jpg', 'uploads/timesheets/thumbs/84_1501063376_app-login.jpg.jpg', 'img', 0, 1, 84, NULL, '2017-07-26 04:32:56', '2019-10-31 04:35:43'),
(1623, 84, 2, 'test message with image', '', '', '', 0, 1, 84, NULL, '2017-07-26 04:33:34', '2019-10-31 04:35:43'),
(1624, 84, 2, '', '84_1501063414_app-login.jpg', 'uploads/timesheets/thumbs/84_1501063414_app-login.jpg', 'img', 0, 1, 84, NULL, '2017-07-26 04:33:34', '2019-10-31 04:35:43'),
(1625, 84, 2, 'oh ok', '', '', '', 1, 0, 1, NULL, '2017-07-26 04:39:05', '2017-07-26 00:39:05'),
(1626, 84, 4, 'test message with image in immigration', '', '', '', 0, 1, 84, NULL, '2017-07-26 04:40:36', '2019-11-20 07:59:46'),
(1627, 84, 4, '', '84_1501063836_1.jpg', 'uploads/immigration/thumbs/84_1501063836_1.jpg', 'img', 0, 1, 84, NULL, '2017-07-26 04:40:36', '2019-11-20 07:59:46'),
(1629, 84, 4, 'dd', '', '', '', 1, 0, 1, NULL, '2017-07-26 07:39:55', '2017-07-26 03:39:55'),
(1630, 84, 4, 'dd', '', '', '', 1, 0, 1, NULL, '2017-07-26 07:39:57', '2017-07-26 03:39:57'),
(1631, 84, 2, 'ss', '', '', '', 1, 0, 1, NULL, '2017-07-26 08:47:33', '2017-07-26 04:47:33'),
(1632, 84, 2, '', '84_1501063836_1.jpg', 'uploads/immigration/thumbs/84_1501063836_1.jpg', 'img', 0, 1, 84, NULL, '2017-07-26 08:47:55', '2019-10-31 04:35:43'),
(1636, 84, 4, 'nhvn', '', '', '', 0, 1, 84, NULL, '2017-07-27 04:00:44', '2019-11-20 07:59:46'),
(1637, 84, 4, '', '84_1501147844_4.png', 'uploads/immigration/84_1501147844_4.png', 'img', 0, 1, 84, NULL, '2017-07-27 04:00:45', '2019-11-20 07:59:46'),
(1638, 84, 4, 'hmm', '', '', '', 0, 1, 84, NULL, '2017-07-27 04:02:56', '2019-11-20 07:59:46'),
(1639, 84, 4, '', '84_1501147976_4.png', 'uploads/immigration/84_1501147976_4.png', 'img', 0, 1, 84, NULL, '2017-07-27 04:02:56', '2019-11-20 07:59:46'),
(1640, 84, 2, 'with thumb', '', '', '', 0, 1, 84, NULL, '2017-07-27 04:06:50', '2019-10-31 04:35:43'),
(1641, 84, 2, '', '84_1501148210_2.png', 'uploads/timesheets/thumbs/84_1501148210_2.png', 'img', 0, 1, 84, NULL, '2017-07-27 04:06:51', '2019-10-31 04:35:43'),
(1648, 84, 4, 'new msg to dept4', '', '', '', 0, 1, 84, NULL, '2017-07-27 06:41:41', '2019-11-20 07:59:46'),
(1649, 84, 4, '', '84_1501157501_4.png', 'uploads/immigration/thumbs/84_1501157501_4.png', 'img', 0, 1, 84, NULL, '2017-07-27 06:41:43', '2019-11-20 07:59:46'),
(1650, 84, 2, 'new msg to venky timesheet dept2', '', '', '', 0, 1, 84, NULL, '2017-07-27 06:42:03', '2019-10-31 04:35:43'),
(1651, 84, 2, '', '84_1501157523_2.png', 'uploads/timesheets/thumbs/84_1501157523_2.png', 'img', 0, 1, 84, NULL, '2017-07-27 06:42:05', '2019-10-31 04:35:43'),
(1652, 84, 2, '', '84_1501157523_2.png', 'uploads/timesheets/thumbs/84_1501157523_2.png', 'img', 0, 0, 15, NULL, '2017-07-27 07:02:59', '0000-00-00 00:00:00'),
(1653, 84, 2, 'test msg by venky', '', '', '', 0, 1, 84, NULL, '2017-07-27 07:07:05', '2019-10-31 04:35:43'),
(1654, 84, 2, 'ok noproblem', '', '', '', 1, 0, 1, NULL, '2017-07-27 07:08:40', '2017-07-27 04:06:40'),
(1655, 84, 2, 'then what will happen', '', '', '', 1, 0, 1, NULL, '2017-07-27 08:09:20', '2017-07-27 04:09:20'),
(1656, 84, 2, 'fff', '', '', '', 1, 0, 1, NULL, '2017-07-27 08:31:30', '2017-07-27 04:31:30'),
(1657, 84, 4, 'gg', '', '', '', 1, 0, 1, NULL, '2017-07-27 08:32:03', '2017-07-27 04:32:03'),
(1658, 84, 4, 'ss', '', '', '', 1, 0, 1, NULL, '2017-07-27 09:20:46', '2017-07-27 05:20:46'),
(1659, 84, 2, 'noooo', '', '', '', 0, 1, 84, NULL, '2017-07-27 09:37:34', '2019-10-31 04:35:43'),
(1660, 84, 2, ' updating ot not', '', '', '', 0, 1, 84, NULL, '2017-07-27 09:38:34', '2019-10-31 04:35:43'),
(1661, 84, 2, 'new msg to venky timesheet dept2', '', '', '', 0, 1, 84, NULL, '2017-07-28 02:28:19', '2019-10-31 04:35:43'),
(1662, 84, 2, '', '84_1501228699_2.png', 'uploads/timesheets/thumbs/84_1501228699_2.png', 'img', 0, 1, 84, NULL, '2017-07-28 02:28:21', '2019-10-31 04:35:43'),
(1663, 84, 2, 'with pdf', '', '', '', 0, 1, 84, NULL, '2017-07-28 02:30:01', '2019-10-31 04:35:43'),
(1664, 84, 2, '', '84_1501228801_2_pdf', 'uploads/timesheets/84_1501228801_2_pdf', 'pdf', 0, 1, 84, NULL, '2017-07-28 02:30:01', '2019-10-31 04:35:43'),
(1665, 84, 2, 'with pdf', '', '', '', 0, 1, 84, NULL, '2017-07-28 02:36:06', '2019-10-31 04:35:43'),
(1666, 84, 2, '', '84_1501229166_2_pdf', 'uploads/timesheets/84_1501229166_2_pdf', 'pdf', 0, 1, 84, NULL, '2017-07-28 02:36:06', '2019-10-31 04:35:43'),
(1667, 84, 2, 'new msg to venky timesheet dept2', '', '', '', 0, 1, 84, NULL, '2017-07-28 02:38:55', '2019-10-31 04:35:43'),
(1668, 84, 2, '', '84_1501229335_2.png', 'uploads/timesheets/thumbs/84_1501229335_2.png', 'img', 0, 1, 84, NULL, '2017-07-28 02:38:57', '2019-10-31 04:35:43'),
(1669, 84, 2, 'jhgh', '', '', '', 1, 0, 1, NULL, '2017-07-28 02:49:42', '2017-07-27 22:49:42'),
(1670, 84, 2, 'gjghj', '', '', '', 1, 0, 1, NULL, '2017-07-28 02:49:44', '2017-07-27 22:49:44'),
(1671, 84, 2, 'terstinh', '', '', '', 1, 0, 1, NULL, '2017-07-28 02:49:47', '2017-07-27 22:49:47'),
(1672, 84, 2, 'then jow', '', '', '', 1, 0, 1, NULL, '2017-07-28 02:49:50', '2017-07-27 22:49:50'),
(1673, 84, 2, 'klsdzjkl', '', '', '', 1, 0, 1, NULL, '2017-07-28 02:49:52', '2017-07-27 22:49:52'),
(1674, 84, 2, 'kfsdkfkkfk', '', '', '', 1, 0, 1, NULL, '2017-07-28 02:49:54', '2017-07-27 22:49:54'),
(1675, 84, 2, 'how a how', '', '', '', 1, 0, 1, NULL, '2017-07-28 02:49:58', '2017-07-27 22:49:58'),
(1676, 84, 2, 'then only show', '', '', '', 1, 0, 1, NULL, '2017-07-28 02:50:02', '2017-07-27 22:50:02'),
(1677, 84, 2, 'its ok', '', '', '', 1, 0, 1, NULL, '2017-07-28 02:50:11', '2017-07-27 22:50:11'),
(1678, 15, 2, '', '15_1501240359_2_pdf', 'uploads/timesheets/15_1501240359_2_pdf', 'pdf', 0, 1, 15, NULL, '2017-07-28 05:42:39', '2019-12-04 17:34:27'),
(1679, 15, 2, 'testing', '', '', '', 0, 1, 15, NULL, '2017-07-28 05:43:07', '2019-12-04 17:34:27'),
(1680, 15, 2, '', '15_1501240387_2_pdf', 'uploads/timesheets/15_1501240387_2_pdf', 'pdf', 0, 1, 15, NULL, '2017-07-28 05:43:07', '2019-12-04 17:34:27'),
(1681, 15, 2, 'testing', '', '', '', 0, 1, 15, NULL, '2017-07-28 05:43:23', '2019-12-04 17:34:27'),
(1682, 15, 2, '', '15_1501240403_2_png', 'uploads/timesheets/15_1501240403_2_png', 'pdf', 0, 1, 15, NULL, '2017-07-28 05:43:23', '2019-12-04 17:34:27'),
(1683, 15, 2, 'testing', '', '', '', 0, 1, 15, NULL, '2017-07-28 05:44:08', '2019-12-04 17:34:27'),
(1684, 15, 2, '', '15_1501240448_2_png', 'uploads/timesheets/15_1501240387_2_pdf', 'pdf', 0, 1, 15, NULL, '2017-07-28 05:44:08', '2019-12-04 17:34:27'),
(1685, 15, 2, 'testing', '', '', '', 0, 1, 15, NULL, '2017-07-28 05:57:49', '2019-12-04 17:34:27'),
(1686, 15, 2, '', '15_1501241269_2_png', 'uploads/timesheets/15_1501241269_2_png', 'pdf', 0, 1, 15, NULL, '2017-07-28 05:57:49', '2019-12-04 17:34:27'),
(1691, 15, 2, 'error data', '', '', '', 0, 1, 15, NULL, '2017-07-28 05:59:06', '2019-12-04 17:34:27'),
(1692, 15, 2, '', '15_1501241346_2_png', 'uploads/timesheets/15_1501241346_2_png', 'pdf', 0, 1, 15, NULL, '2017-07-28 05:59:06', '2019-12-04 17:34:27'),
(1693, 15, 2, 'error data', '', '', '', 0, 1, 15, NULL, '2017-07-28 08:01:43', '2019-12-04 17:34:27'),
(1694, 15, 2, '', '15_1501248703_2_jpg', 'uploads/timesheets/15_1501248703_2_jpg', 'pdf', 0, 1, 15, NULL, '2017-07-28 08:01:43', '2019-12-04 17:34:27'),
(1695, 15, 2, 'error data', '', '', '', 0, 1, 15, NULL, '2017-07-28 08:09:47', '2019-12-04 17:34:27'),
(1696, 15, 2, '', '15_1501249187_2_png', 'uploads/timesheets/15_1501249187_2_png', 'pdf', 0, 1, 15, NULL, '2017-07-28 08:09:47', '2019-12-04 17:34:27'),
(1697, 15, 2, '', '15_1501249205_2_png', 'uploads/timesheets/15_1501249205_2_png', 'pdf', 0, 1, 15, NULL, '2017-07-28 08:10:05', '2019-12-04 17:34:27'),
(1698, 15, 2, '', '15_1501249255_2_png', 'uploads/timesheets/15_1501249255_2_png', 'pdf', 0, 1, 15, NULL, '2017-07-28 08:10:55', '2019-12-04 17:34:27'),
(1699, 15, 2, 'sdfg', '', '', '', 0, 1, 15, NULL, '2017-07-28 08:10:59', '2019-12-04 17:34:27'),
(1700, 15, 2, '', '15_1501249259_2_png', 'uploads/timesheets/15_1501249259_2_png', 'pdf', 0, 1, 15, NULL, '2017-07-28 08:10:59', '2019-12-04 17:34:27'),
(1701, 402, 2, 'this is venky', '', '', '', 0, 1, 402, NULL, '2017-07-28 09:10:59', '2017-07-31 02:27:58'),
(1702, 15, 2, 'sdfg', '', '', '', 0, 1, 15, NULL, '2017-07-30 23:00:35', '2019-12-04 17:34:27'),
(1703, 248, 3, 'its ok', '', '', '', 1, 0, 1, NULL, '2017-07-31 04:32:31', '2017-07-31 00:32:31'),
(1704, 42, 5, 'fgg', '', '', '', 1, 0, 1, NULL, '2017-07-31 04:32:54', '2017-07-31 00:32:54'),
(1705, 42, 5, 'ggdgdf', '', '', '', 1, 0, 1, NULL, '2017-07-31 04:32:57', '2017-07-31 00:32:57'),
(1706, 42, 5, 'dfgdfgf', '', '', '', 1, 0, 1, NULL, '2017-07-31 04:33:02', '2017-07-31 00:33:02'),
(1707, 42, 5, 'ttttttttttttttt', '', '', '', 1, 0, 1, NULL, '2017-07-31 04:33:06', '2017-07-31 00:33:06'),
(1708, 15, 2, 'its ok', '', '', '', 1, 1, 1, NULL, '2017-07-31 04:34:20', '2019-11-27 10:28:18'),
(1709, 410, 1, 'hi', '', '', '', 0, 1, 410, NULL, '2017-08-01 07:47:24', '2019-11-28 12:05:39'),
(1710, 410, 1, 'hello\n', '', '', '', 0, 1, 410, NULL, '2017-08-01 07:48:00', '2019-11-28 12:05:39'),
(1711, 410, 1, 'test\n\n\n', '', '', '', 0, 1, 410, NULL, '2017-08-01 07:48:33', '2019-11-28 12:05:39'),
(1712, 410, 1, 'xasfdsa', '', '', '', 0, 1, 410, NULL, '2017-08-01 07:48:55', '2019-11-28 12:05:39'),
(1713, 410, 1, 'sdsdsdfgs', '', '', '', 0, 1, 410, NULL, '2017-08-01 07:50:11', '2019-11-28 12:05:39'),
(1714, 410, 2, 'hi this is time sheet', '', '', '', 0, 1, 410, NULL, '2017-08-01 09:05:19', '2019-11-19 01:41:18'),
(1715, 410, 2, '', '410_1501598119_2.png', 'uploads/timesheets/thumbs/410_1501598119_2.png', 'img', 0, 1, 410, NULL, '2017-08-01 09:05:19', '2019-11-19 01:41:18'),
(1716, 410, 2, '', '410_1501598335_2.png', 'uploads/timesheets/thumbs/410_1501598335_2.png', 'img', 0, 1, 410, NULL, '2017-08-01 09:08:55', '2019-11-19 01:41:18'),
(1717, 410, 2, 'adassa', '', '', '', 0, 1, 410, NULL, '2017-08-01 09:12:26', '2019-11-19 01:41:18'),
(1718, 410, 2, '', '410_1501598546_2.png', 'uploads/timesheets/thumbs/410_1501598546_2.png', 'img', 0, 1, 410, NULL, '2017-08-01 09:12:26', '2019-11-19 01:41:18'),
(1719, 410, 2, '', '410_1501598644_2.png', 'uploads/timesheets/thumbs/410_1501598644_2.png', 'img', 0, 1, 410, NULL, '2017-08-01 09:14:04', '2019-11-19 01:41:18'),
(1720, 410, 2, 'dadsa', '', '', '', 0, 1, 410, NULL, '2017-08-01 09:14:23', '2019-11-19 01:41:18'),
(1721, 410, 2, '', '410_1501598663_2.png', 'uploads/timesheets/thumbs/410_1501598663_2.png', 'img', 0, 1, 410, NULL, '2017-08-01 09:14:23', '2019-11-19 01:41:18'),
(1722, 410, 2, '', '410_1501599643_2_', 'uploads/timesheets/410_1501599643_2_', 'pdf', 0, 1, 410, NULL, '2017-08-01 09:30:43', '2019-11-19 01:41:18'),
(1723, 410, 2, '', '410_1501601762_2.png', 'uploads/timesheets/thumbs/410_1501601762_2.png', 'img', 0, 1, 410, NULL, '2017-08-01 10:06:02', '2019-11-19 01:41:18'),
(1724, 410, 2, '', '410_1501601803_2.png', 'uploads/timesheets/thumbs/410_1501601803_2.png', 'img', 0, 1, 410, NULL, '2017-08-01 10:06:43', '2019-11-19 01:41:18'),
(1725, 410, 2, '', '410_1501602771_2.png', 'uploads/timesheets/thumbs/410_1501602771_2.png', 'img', 0, 1, 410, NULL, '2017-08-01 10:22:51', '2019-11-19 01:41:18'),
(1726, 410, 2, '', '410_1501602922_2.png', 'uploads/timesheets/thumbs/410_1501602922_2.png', 'img', 0, 1, 410, NULL, '2017-08-01 10:25:23', '2019-11-19 01:41:18'),
(1727, 410, 2, '', '410_1501602943_2.png', 'uploads/timesheets/thumbs/410_1501602943_2.png', 'img', 0, 1, 410, NULL, '2017-08-01 10:25:43', '2019-11-19 01:41:18'),
(1728, 410, 2, '', '410_1501602966_2.png', 'uploads/timesheets/thumbs/410_1501602966_2.png', 'img', 0, 1, 410, NULL, '2017-08-01 10:26:06', '2019-11-19 01:41:18'),
(1729, 410, 2, '', '410_1501603033_2.png', 'uploads/timesheets/thumbs/410_1501603033_2.png', 'img', 0, 1, 410, NULL, '2017-08-01 10:27:13', '2019-11-19 01:41:18'),
(1730, 410, 2, '', '410_1501603597_2.png', 'uploads/timesheets/thumbs/410_1501603597_2.png', 'img', 0, 1, 410, NULL, '2017-08-01 10:36:37', '2019-11-19 01:41:18'),
(1731, 410, 2, '', '410_1501603614_2.png', 'uploads/timesheets/thumbs/410_1501603614_2.png', 'img', 0, 1, 410, NULL, '2017-08-01 10:36:54', '2019-11-19 01:41:18'),
(1732, 410, 2, '', '410_1501603818_2.png', 'uploads/timesheets/thumbs/410_1501603818_2.png', 'img', 0, 1, 410, NULL, '2017-08-01 10:40:18', '2019-11-19 01:41:18'),
(1733, 15, 2, 'sdfg', '', '', '', 0, 1, 15, NULL, '2017-08-02 06:02:01', '2019-12-04 17:34:27'),
(1734, 15, 2, 'sd', '', '', '', 0, 1, 15, NULL, '2017-08-02 06:09:17', '2019-12-04 17:34:27'),
(1735, 408, 2, '', '408_1501674337_2.png', 'uploads/timesheets/thumbs/408_1501674337_2.png', 'img', 0, 1, 408, NULL, '2017-08-02 06:15:38', '2019-12-06 09:59:47'),
(1736, 408, 2, '', '408_1501674359_2.png', 'uploads/timesheets/thumbs/408_1501674359_2.png', 'img', 0, 1, 408, NULL, '2017-08-02 06:16:00', '2019-12-06 09:59:47'),
(1737, 408, 2, '', '408_1501675486_2.png', 'uploads/timesheets/thumbs/408_1501675486_2.png', 'img', 0, 1, 408, NULL, '2017-08-02 06:34:47', '2019-12-06 09:59:47'),
(1738, 15, 2, 'sd', '', '', '', 0, 1, 15, NULL, '2017-08-07 09:01:22', '2019-12-04 17:34:27'),
(1739, 15, 2, '', '15_1502116282_2_png', 'uploads/timesheets/15_1502116282_2_png', 'pdf', 0, 1, 15, NULL, '2017-08-07 09:01:22', '2019-12-04 17:34:27'),
(1749, 15, 2, 'sdfg', '', '', '', 0, 1, 15, NULL, '2017-08-10 04:39:23', '2019-12-04 17:34:27'),
(1750, 410, 1, 'test', '', '', '', 1, 1, 1, NULL, '2019-10-30 01:04:40', '2019-12-10 14:32:53'),
(1751, 410, 1, 'hi', '', '', '', 1, 1, 1, NULL, '2019-10-31 04:28:31', '2019-12-10 14:32:53'),
(1752, 410, 1, 'how r u', '', '', '', 1, 1, 1, NULL, '2019-10-31 04:28:37', '2019-12-10 14:32:53'),
(1753, 410, 1, 'kishor there', '', '', '', 1, 1, 1, NULL, '2019-10-31 04:28:43', '2019-12-10 14:32:53'),
(1754, 236, 4, 'im', '', '', '', 1, 0, 1, NULL, '2019-10-31 04:32:26', '2019-10-31 04:32:26'),
(1755, 236, 4, 'yuuu', '', '', '', 1, 0, 1, NULL, '2019-10-31 04:32:43', '2019-10-31 04:32:43'),
(1756, 238, 5, 'xcvxc', '', '', '', 1, 1, 1, 1, '2019-10-31 04:34:28', '2020-03-16 12:50:20'),
(1757, 343, 3, 'sdfs', '', '', '', 1, 0, 1, NULL, '2019-10-31 04:34:54', '2019-10-31 04:34:54'),
(1758, 84, 2, 'sdf', '', '', '', 1, 0, 1, NULL, '2019-10-31 04:35:41', '2019-10-31 04:35:41'),
(1759, 238, 1, 'fgdf', '', '', '', 1, 1, 1, NULL, '2019-10-31 04:36:09', '2019-11-22 06:57:00'),
(1760, 238, 1, 'testing', '', '', '', 1, 1, 1, NULL, '2019-10-31 06:36:35', '2019-11-22 06:57:00'),
(1761, 15, 1, 'cdfvgbf', '', '', '', 0, 1, 15, NULL, '2019-11-08 06:32:33', '2020-03-23 14:59:27'),
(1762, 15, 1, 'this is venky', '', '', '', 0, 1, 15, NULL, '2019-11-08 07:30:56', '2020-03-23 14:59:27'),
(1763, 15, 1, 'its ok', '', '', '', 0, 1, 15, NULL, '2019-11-08 08:23:02', '2020-03-23 14:59:27'),
(1764, 15, 1, 'dd', '', '', '', 0, 1, 15, NULL, '2019-11-08 08:23:49', '2020-03-23 14:59:27'),
(1765, 15, 1, 'df', '', '', '', 0, 1, 15, NULL, '2019-11-08 08:32:52', '2020-03-23 14:59:27'),
(1766, 15, 1, 'fsgb', '', '', '', 0, 1, 15, NULL, '2019-11-08 08:33:21', '2020-03-23 14:59:27'),
(1767, 15, 1, 'its ok no problems', '', '', '', 1, 1, 1, NULL, '2019-11-08 08:35:01', '2019-12-10 14:32:56'),
(1768, 15, 1, 'how is was ur trim', '', '', '', 1, 1, 1, NULL, '2019-11-08 08:35:28', '2019-12-10 14:32:56'),
(1769, 15, 1, 'good', '', '', '', 0, 1, 15, NULL, '2019-11-08 08:35:40', '2020-03-23 14:59:27'),
(1770, 15, 1, 'ok fine', '', '', '', 1, 1, 1, NULL, '2019-11-08 08:46:02', '2019-12-10 14:32:56'),
(1771, 15, 1, 'no thing mam', '', '', '', 0, 1, 15, NULL, '2019-11-08 08:46:10', '2020-03-23 14:59:27'),
(1772, 15, 1, 'oh nooo', '', '', '', 1, 1, 1, NULL, '2019-11-08 08:46:21', '2019-12-10 14:32:56'),
(1773, 15, 1, 'dd', '', '', '', 1, 1, 1, NULL, '2019-11-08 09:33:24', '2019-12-10 14:32:56'),
(1774, 15, 1, 'df', '', '', '', 1, 1, 1, NULL, '2019-11-08 09:33:38', '2019-12-10 14:32:56'),
(1775, 15, 1, 'vfzdhz', '', '', '', 0, 1, 15, NULL, '2019-11-09 00:47:16', '2020-03-23 14:59:27'),
(1776, 15, 1, 'dsvfbg', '', '', '', 1, 1, 1, NULL, '2019-11-09 00:47:52', '2019-12-10 14:32:56'),
(1777, 15, 1, 'ff', '', '', '', 0, 1, 15, NULL, '2019-11-09 01:27:59', '2020-03-23 14:59:27'),
(1778, 15, 1, 'zzz', '', '', '', 0, 1, 15, NULL, '2019-11-09 01:28:16', '2020-03-23 14:59:27'),
(1779, 15, 1, 'dfgb', '', '', '', 0, 1, 15, NULL, '2019-11-09 01:29:02', '2020-03-23 14:59:27'),
(1780, 15, 1, 'dd', '', '', '', 0, 1, 15, NULL, '2019-11-09 01:29:37', '2020-03-23 14:59:27'),
(1781, 84, 1, 'hello.. how are you doing today?', '', '', '', 0, 1, 84, NULL, '2019-11-09 02:43:40', '2019-11-20 07:40:57'),
(1782, 84, 1, 'well.. how about yourself?', '', '', '', 0, 1, 84, NULL, '2019-11-09 02:44:17', '2019-11-20 07:40:57'),
(1783, 15, 1, '', '15_1573289935_1_pdf', 'uploads/others/15_1573289935_1_pdf', 'pdf', 0, 1, 15, NULL, '2019-11-09 03:28:55', '2020-03-23 14:59:27'),
(1784, 15, 1, '', '15_1573289990_1.pdf', 'uploads/others/15_1573289990_1.pdf', 'pdf', 0, 1, 15, NULL, '2019-11-09 03:29:50', '2020-03-23 14:59:27'),
(1785, 15, 1, '', '15_1573290050_1.png', 'uploads/others/15_1573290050_1.png', 'png', 0, 1, 15, NULL, '2019-11-09 03:30:50', '2020-03-23 14:59:27'),
(1786, 15, 1, '', '15_1573290572_1.png', 'uploads/others/15_1573290572_1.png', 'png', 0, 1, 15, NULL, '2019-11-09 03:39:32', '2020-03-23 14:59:27'),
(1787, 15, 1, 'hope ur doing good', '', '', '', 0, 1, 15, NULL, '2019-11-09 04:18:37', '2020-03-23 14:59:27'),
(1788, 15, 1, 'how is ur work and everythig is goif n good', '', '', '', 0, 1, 15, NULL, '2019-11-09 04:18:52', '2020-03-23 14:59:27'),
(1789, 15, 1, '', '15_1573292950_1.jpg', 'uploads/others/15_1573292950_1.jpg', 'jpg', 0, 1, 15, NULL, '2019-11-09 04:19:10', '2020-03-23 14:59:27'),
(1790, 15, 1, 'cds', '', '', '', 0, 1, 15, NULL, '2019-11-09 04:19:25', '2020-03-23 14:59:27'),
(1791, 15, 1, 'is ther any iissue with you', '', '', '', 0, 1, 15, NULL, '2019-11-09 04:19:47', '2020-03-23 14:59:27'),
(1792, 15, 1, 'i am doing good', '', '', '', 1, 1, 1, NULL, '2019-11-09 04:22:01', '2019-12-10 14:32:56'),
(1793, 15, 1, 'hope everying good', '', '', '', 1, 1, 1, NULL, '2019-11-09 04:22:18', '2019-12-10 14:32:56'),
(1794, 15, 1, 'thits good', '', '', '', 0, 1, 15, NULL, '2019-11-09 04:23:00', '2020-03-23 14:59:27'),
(1795, 15, 1, 'may time sit happneinig', '', '', '', 0, 1, 15, NULL, '2019-11-09 04:23:14', '2020-03-23 14:59:27'),
(1796, 15, 1, 'ok fine', '', '', '', 1, 1, 1, NULL, '2019-11-09 06:59:27', '2019-12-10 14:32:56'),
(1797, 15, 1, 'then how', '', '', '', 0, 1, 15, NULL, '2019-11-09 06:59:41', '2020-03-23 14:59:27'),
(1798, 15, 1, 'defsgrdthyujkilokl;', '', '', '', 0, 1, 15, NULL, '2019-11-11 03:02:57', '2020-03-23 14:59:27'),
(1799, 15, 1, 'hi how ar u', '', '', '', 0, 1, 15, NULL, '2019-11-11 08:01:05', '2020-03-23 14:59:27'),
(1800, 15, 1, '', '15_1573479117_1.jpg', 'uploads/others/15_1573479117_1.jpg', 'jpg', 0, 1, 15, NULL, '2019-11-11 08:01:57', '2020-03-23 14:59:27'),
(1801, 15, 1, 'okk', '', '', '', 0, 1, 15, NULL, '2019-11-11 08:20:33', '2020-03-23 14:59:27'),
(1802, 15, 1, 'hi', '', '', '', 0, 1, 15, NULL, '2019-11-11 08:32:33', '2020-03-23 14:59:27'),
(1803, 15, 1, '', '15_1573551924_1.png', 'uploads/others/15_1573551924_1.png', 'png', 1, 1, 1, NULL, '2019-11-12 04:15:24', '2019-12-10 14:32:56'),
(1804, 15, 1, 'ok', '', '', '', 1, 1, 1, NULL, '2019-11-12 04:15:42', '2019-12-10 14:32:56'),
(1805, 15, 1, '', '15_1573551958_1.png', 'uploads/others/15_1573551958_1.png', 'png', 0, 1, 15, NULL, '2019-11-12 04:15:58', '2020-03-23 14:59:27'),
(1806, 15, 1, 'user avatar', '', '', '', 0, 1, 15, NULL, '2019-11-12 04:16:04', '2020-03-23 14:59:27'),
(1807, 15, 1, '', '15_1573552096_1.pdf', 'uploads/others/15_1573552096_1.pdf', 'pdf', 0, 1, 15, NULL, '2019-11-12 04:18:16', '2020-03-23 14:59:27'),
(1808, 15, 5, 'Hello, good morning! I got to know from my Manager that my project will end on scheduled  date - 22 November. Please find a new placement for me.', '', '', '', 0, 1, 15, NULL, '2019-11-12 04:47:44', '2019-12-04 17:06:17'),
(1809, 15, 3, 'hello - I had 10 OT hours in the previous week. please check and reflect that in my upcoming pay', '', '', '', 0, 1, 15, NULL, '2019-11-12 04:49:08', '2019-12-04 18:47:56'),
(1810, 15, 4, 'Hello team.. what do you want from me?', '', '', '', 0, 1, 15, NULL, '2019-11-12 04:49:38', '2019-12-04 18:59:01'),
(1811, 15, 1, 'sdf', '', '', '', 0, 1, 15, NULL, '2019-11-12 05:53:46', '2020-03-23 14:59:27'),
(1812, 15, 1, '', '15_1573557851_1.png', 'uploads/others/15_1573557851_1.png', 'png', 0, 1, 15, NULL, '2019-11-12 05:54:11', '2020-03-23 14:59:27'),
(1813, 15, 1, 'ok fine', '', '', '', 0, 1, 15, NULL, '2019-11-12 05:59:39', '2020-03-23 14:59:27'),
(1814, 15, 1, 'its good', '', '', '', 1, 1, 1, NULL, '2019-11-12 06:01:05', '2019-12-10 14:32:56'),
(1815, 15, 1, 'any idea about this ?', '', '', '', 1, 1, 1, NULL, '2019-11-12 06:01:17', '2019-12-10 14:32:56'),
(1816, 15, 1, 'no mam', '', '', '', 0, 1, 15, NULL, '2019-11-12 06:01:26', '2020-03-23 14:59:27'),
(1817, 15, 1, 'jj', '', '', '', 0, 1, 15, NULL, '2019-11-12 07:32:50', '2020-03-23 14:59:27'),
(1818, 15, 2, 'submitted my time sheets for 10/28 to 11/1 and 11/4 to 11/8. Please check and confirm', '', '', '', 0, 1, 15, NULL, '2019-11-13 05:53:26', '2019-12-04 17:34:27'),
(1819, 15, 3, 'Did you get time to look at my request sent yesterday?', '', '', '', 0, 1, 15, NULL, '2019-11-13 05:54:13', '2019-12-04 18:47:56'),
(1820, 15, 1, 'ok fine', '', '', '', 1, 1, 1, NULL, '2019-11-15 02:08:22', '2019-12-10 14:32:56'),
(1821, 15, 1, '', '15_1574257214_1.jpg', 'uploads/others/15_1574257214_1.jpg', 'jpg', 1, 1, 1, NULL, '2019-11-20 08:10:14', '2019-12-10 14:32:56'),
(1822, 20, 5, 'hiu', '', '', '', 0, 1, 20, NULL, '2019-11-21 00:50:16', '2019-12-04 18:49:29'),
(1823, 20, 1, 'hi', '', '', '', 0, 1, 20, NULL, '2019-11-21 00:52:59', '2019-11-26 09:32:43'),
(1824, 1, 1, 'Hi', '', '', '', 0, 1, 1, NULL, '2019-11-22 04:28:58', '2019-11-26 11:45:40'),
(1825, 1, 1, 'hi', '', '', '', 2, 1, 0, NULL, '2019-11-22 09:13:52', '2019-12-10 19:38:32'),
(1826, 15, 1, '', '15_1574435216_1.docx', 'uploads/others/15_1574435216_1.docx', 'docx', 1, 1, 1, NULL, '2019-11-22 09:36:56', '2019-12-10 14:32:56'),
(1827, 15, 1, '', '15_1574435320_1.xlsx', 'uploads/others/15_1574435320_1.xlsx', 'xlsx', 1, 1, 1, NULL, '2019-11-22 09:38:40', '2019-12-10 14:32:56'),
(1828, 1, 2, 'Hi', '', '', '', 2, 1, 0, NULL, '2019-11-22 10:05:49', '2019-11-30 05:51:27'),
(1829, 15, 2, 'hi', '', '', '', 2, 1, 0, NULL, '2019-11-25 09:58:40', '2019-11-27 10:28:18'),
(1830, 15, 4, 'hi', '', '', '', 2, 1, 0, NULL, '2019-11-25 10:02:21', '2019-11-26 11:49:11'),
(1831, 15, 4, 'hello good morning', '', '', '', 1, 1, 1, NULL, '2019-11-25 10:04:36', '2019-11-26 11:49:11'),
(1832, 15, 2, 'hi', '', '', '', 1, 1, 1, NULL, '2019-11-25 10:17:51', '2019-11-27 10:28:18'),
(1833, 15, 3, 'hi', '', '', '', 1, 1, 1, NULL, '2019-11-25 10:20:59', '2019-11-30 16:16:31'),
(1834, 15, 3, 'hi', '', '', '', 2, 1, 0, NULL, '2019-11-25 10:27:08', '2019-11-30 16:16:31'),
(1835, 85, 1, 'hi', '', '', '', 2, 1, 0, NULL, '2019-11-25 10:29:15', '2019-11-29 12:40:27'),
(1836, 15, 1, 'hi', '', '', '', 2, 1, 0, NULL, '2019-11-25 10:31:53', '2019-12-10 14:32:56'),
(1837, 15, 1, 'testing from android mobile', '', '', '', 2, 1, 0, NULL, '2019-11-25 10:34:05', '2019-12-10 14:32:56'),
(1838, 15, 1, 'ok test', '', '', '', 1, 1, 1, NULL, '2019-11-25 10:34:33', '2019-12-10 14:32:56'),
(1839, 15, 1, 'testing', '', '', '', 2, 1, 0, NULL, '2019-11-25 10:52:22', '2019-12-10 14:32:56'),
(1840, 15, 1, 'hi', '', '', '', 2, 1, 0, NULL, '2019-11-25 10:53:05', '2019-12-10 14:32:56'),
(1841, 15, 1, 'hi', '', '', '', 2, 1, 0, NULL, '2019-11-25 10:57:09', '2019-12-10 14:32:56'),
(1842, 15, 5, 'testing', '', '', '', 2, 1, 0, NULL, '2019-11-25 11:02:32', '2019-11-25 12:12:57'),
(1843, 15, 5, 'hello', '', '', '', 2, 1, 0, NULL, '2019-11-25 11:08:13', '2019-11-25 12:12:57'),
(1844, 15, 6, 'test', '', '', '', 2, 1, 0, NULL, '2019-11-25 11:27:40', '2019-11-29 10:00:28'),
(1845, 15, 5, 'hi', '', '', '', 2, 1, 0, NULL, '2019-11-25 12:10:25', '2019-11-25 12:12:57'),
(1846, 15, 1, 'hello', '', '', '', 2, 1, 0, NULL, '2019-11-25 13:00:06', '2019-12-10 14:32:56'),
(1847, 15, 1, 'hi', '', '', '', 2, 1, 0, NULL, '2019-11-25 13:56:17', '2019-12-10 14:32:56'),
(1848, 238, 5, 'hi', '', '', '', 2, 1, 0, 1, '2019-11-25 14:07:51', '2020-03-16 12:50:20'),
(1849, 15, 1, 'hi tst', '', '', '', 2, 1, 0, NULL, '2019-11-25 14:28:10', '2019-12-10 14:32:56'),
(1850, 15, 1, 'testing android', '', '', '', 1, 1, 1, NULL, '2019-11-25 14:29:36', '2019-12-10 14:32:56'),
(1851, 15, 2, 'testing android', '', '', '', 2, 1, 0, NULL, '2019-11-25 14:31:40', '2019-11-27 10:28:18'),
(1852, 15, 1, 'Hi', '', '', '', 2, 1, 0, NULL, '2019-11-25 14:39:44', '2019-12-10 14:32:56'),
(1853, 15, 1, 'hi test', '', '', '', 1, 1, 1, NULL, '2019-11-25 14:40:11', '2019-12-10 14:32:56'),
(1854, 15, 1, 'Hi', '', '', '', 2, 1, 0, NULL, '2019-11-25 14:46:36', '2019-12-10 14:32:56'),
(1855, 15, 3, 'Hi team', '', '', '', 2, 1, 0, NULL, '2019-11-25 14:48:36', '2019-11-30 16:16:31'),
(1856, 15, 3, 'hello', '', '', '', 1, 1, 1, NULL, '2019-11-25 14:49:54', '2019-11-30 16:16:31'),
(1857, 15, 3, 'test', '', '', '', 1, 1, 1, NULL, '2019-11-25 15:11:42', '2019-11-30 16:16:31'),
(1858, 15, 3, 'Test1', '', '', '', 2, 1, 0, NULL, '2019-11-25 15:12:03', '2019-11-30 16:16:31'),
(1859, 408, 1, 'Hi', '', '', '', 2, 1, 0, NULL, '2019-11-25 15:42:31', '2019-12-11 10:07:06'),
(1860, 408, 4, 'Hi', '', '', '', 2, 1, 0, NULL, '2019-11-25 15:45:57', '2019-12-10 19:07:24'),
(1861, 408, 1, 'Hi', '', '', '', 2, 1, 0, NULL, '2019-11-25 15:47:50', '2019-12-11 10:07:06'),
(1862, 408, 1, 'Hello', '', '', '', 2, 1, 0, NULL, '2019-11-25 15:52:36', '2019-12-11 10:07:06'),
(1863, 15, 5, 'Hello', '', '', '', 2, 0, 0, NULL, '2019-11-25 15:53:26', '2019-11-25 15:53:26'),
(1864, 15, 2, 'Hi', '', '', '', 2, 1, 0, NULL, '2019-11-25 15:54:43', '2019-11-27 10:28:18'),
(1865, 408, 1, 'Hi', '', '', '', 2, 1, 0, NULL, '2019-11-25 16:03:51', '2019-12-11 10:07:06'),
(1866, 236, 4, 'Hi', '', '', '', 2, 0, 0, NULL, '2019-11-25 16:07:31', '2019-11-25 16:07:31'),
(1867, 236, 4, 'Hello', '', '', '', 2, 0, 0, NULL, '2019-11-25 16:07:55', '2019-11-25 16:07:55'),
(1868, 15, 6, 'Hi', '', '', '', 2, 1, 0, NULL, '2019-11-25 16:09:24', '2019-11-29 10:00:28'),
(1869, 15, 1, 'hi', '', '', '', 1, 1, 1, NULL, '2019-11-25 16:16:30', '2019-12-10 14:32:56'),
(1870, 15, 1, 'Good evening', '', '', '', 2, 1, 0, NULL, '2019-11-25 16:17:10', '2019-12-10 14:32:56'),
(1871, 408, 1, 'H8', '', '', '', 2, 1, 0, NULL, '2019-11-25 17:44:20', '2019-12-11 10:07:06'),
(1872, 1, 1, 'Hi', '', '', '', 2, 1, 0, NULL, '2019-11-26 09:38:24', '2019-12-10 19:38:32'),
(1873, 408, 1, 'hi', '', '', '', 1, 1, 1, NULL, '2019-11-26 09:39:04', '2019-12-11 10:07:06'),
(1874, 408, 1, 'hi', '', '', '', 0, 1, 408, NULL, '2019-11-26 09:40:32', '2020-03-23 14:59:18'),
(1875, 408, 1, 'hi', '', '', '', 0, 1, 408, NULL, '2019-11-26 09:40:32', '2020-03-23 14:59:18'),
(1876, 408, 1, 'test', '', '', '', 1, 1, 85, NULL, '2019-11-26 09:42:13', '2019-12-11 10:07:06'),
(1877, 408, 1, 'Testing', '', '', '', 2, 1, 0, NULL, '2019-11-26 10:17:03', '2019-12-11 10:07:06'),
(1878, 408, 2, 'Time sheets', '', '', '', 2, 1, 0, NULL, '2019-11-26 10:33:35', '2019-12-10 19:04:57'),
(1879, 408, 1, 'Test', '', '', '', 2, 1, 0, NULL, '2019-11-26 11:14:28', '2019-12-11 10:07:06'),
(1880, 408, 1, 'from admin', '', '', '', 1, 1, 1, NULL, '2019-11-26 11:14:48', '2019-12-11 10:07:06'),
(1881, 408, 1, 'Follow up applications', '', '', '', 2, 1, 1, NULL, '2019-11-26 11:16:36', '2019-12-11 10:07:06'),
(1882, 408, 1, 'Applications 2', '', '', '', 2, 1, 408, NULL, '2019-11-26 11:19:15', '2020-03-23 14:59:18'),
(1883, 408, 4, 'hi usm', '', '', '', 1, 1, 1, NULL, '2019-11-26 11:25:37', '2019-12-10 19:07:24'),
(1884, 408, 4, 'Hi team', '', '', '', 2, 1, 408, NULL, '2019-11-26 11:26:09', '2019-12-04 18:58:57'),
(1885, 408, 1, 'Hi', '', '', '', 2, 1, 408, NULL, '2019-11-26 11:30:09', '2020-03-23 14:59:18'),
(1886, 408, 1, 'Hi', '', '', '', 2, 1, 408, NULL, '2019-11-26 11:30:50', '2020-03-23 14:59:18'),
(1887, 408, 1, 'Hi', '', '', '', 2, 1, 408, NULL, '2019-11-26 11:34:20', '2020-03-23 14:59:18'),
(1888, 15, 4, 'Hello team', '', '', '', 2, 1, 15, NULL, '2019-11-26 11:37:52', '2019-12-04 18:59:01'),
(1889, 15, 4, 'gm', '', '', '', 1, 1, 1, NULL, '2019-11-26 11:38:09', '2019-11-26 11:49:11'),
(1890, 15, 1, 'Test', '', '', '', 2, 1, 15, NULL, '2019-11-26 11:45:25', '2020-03-23 14:59:27'),
(1891, 15, 1, 'Test', '', '', '', 2, 1, 15, NULL, '2019-11-26 11:47:59', '2020-03-23 14:59:27'),
(1892, 15, 4, 'Hi', '', '', '', 2, 1, 15, NULL, '2019-11-26 11:49:05', '2019-12-04 18:59:01'),
(1893, 410, 1, 'Test', '', '', '', 2, 1, 410, NULL, '2019-11-26 11:55:36', '2019-11-28 12:05:39'),
(1894, 408, 1, 'Tester', '', '', '', 2, 1, 408, NULL, '2019-11-26 11:57:17', '2020-03-23 14:59:18'),
(1895, 408, 1, 'Test', '', '', '', 2, 1, 408, NULL, '2019-11-26 11:58:12', '2020-03-23 14:59:18'),
(1896, 408, 1, 'Test', '', '', '', 2, 1, 408, NULL, '2019-11-26 12:00:00', '2020-03-23 14:59:18'),
(1897, 408, 1, 'Testing Human Resource’s', '', '', '', 2, 1, 408, NULL, '2019-11-26 12:01:38', '2020-03-23 14:59:18'),
(1898, 408, 1, 'Test', '', '', '', 2, 1, 408, NULL, '2019-11-26 12:05:19', '2020-03-23 14:59:18'),
(1899, 408, 1, 'Usm', '', '', '', 2, 1, 408, NULL, '2019-11-26 12:07:31', '2020-03-23 14:59:18'),
(1900, 408, 1, 'test', '', '', '', 1, 1, 1, NULL, '2019-11-26 12:09:01', '2019-12-11 10:07:06'),
(1901, 408, 1, 'Test', '', '', '', 2, 1, 408, NULL, '2019-11-26 12:10:48', '2020-03-23 14:59:18'),
(1902, 408, 1, 'iOS', '', '', '', 2, 1, 408, NULL, '2019-11-26 12:11:38', '2020-03-23 14:59:18'),
(1903, 408, 1, 'Test', '', '', '', 2, 1, 408, NULL, '2019-11-26 12:12:42', '2020-03-23 14:59:18'),
(1904, 408, 1, 'R', '', '', '', 2, 1, 408, NULL, '2019-11-26 12:13:16', '2020-03-23 14:59:18'),
(1905, 408, 1, 'Test', '', '', '', 2, 1, 408, NULL, '2019-11-26 12:20:06', '2020-03-23 14:59:18'),
(1906, 408, 1, 'Helvitica neue', '', '', '', 2, 1, 408, NULL, '2019-11-26 12:26:29', '2020-03-23 14:59:18'),
(1907, 408, 1, 'Test', '', '', '', 2, 1, 408, NULL, '2019-11-26 12:27:06', '2020-03-23 14:59:18'),
(1908, 408, 1, 'plz check . my attendance details', '', '', '', 1, 1, 1, NULL, '2019-11-26 12:28:04', '2019-12-11 10:07:06'),
(1909, 408, 1, 'plz check . my attendance details', '', '', '', 1, 1, 1, NULL, '2019-11-26 12:28:04', '2019-12-11 10:07:06'),
(1910, 408, 1, 'plz check . my attendance details', '', '', '', 1, 1, 1, NULL, '2019-11-26 12:28:15', '2019-12-11 10:07:06'),
(1911, 408, 1, 'Please update timesheet', '', '', '', 2, 1, 408, NULL, '2019-11-26 12:59:17', '2020-03-23 14:59:18'),
(1912, 408, 1, 'Updated time sheets', '', '', '', 2, 1, 408, NULL, '2019-11-26 13:01:27', '2020-03-23 14:59:18'),
(1913, 408, 1, 'Test', '', '', '', 2, 1, 408, NULL, '2019-11-26 13:04:52', '2020-03-23 14:59:18'),
(1914, 408, 1, 'Testing iOS and android', '', '', '', 2, 1, 408, NULL, '2019-11-26 13:07:39', '2020-03-23 14:59:18'),
(1915, 408, 1, 'Test', '', '', '', 2, 1, 408, NULL, '2019-11-26 13:09:40', '2020-03-23 14:59:18'),
(1916, 408, 1, 'Okay', '', '', '', 2, 1, 408, NULL, '2019-11-26 13:10:13', '2020-03-23 14:59:18'),
(1917, 408, 1, 'Testing iOS and android', '', '', '', 2, 1, 408, NULL, '2019-11-26 13:11:44', '2020-03-23 14:59:18'),
(1918, 408, 1, 'Testing iOS and android', '', '', '', 2, 1, 408, NULL, '2019-11-26 13:12:10', '2020-03-23 14:59:18'),
(1919, 408, 1, 'Testing iOS and android', '', '', '', 2, 1, 408, NULL, '2019-11-26 13:13:40', '2020-03-23 14:59:18'),
(1920, 408, 1, 'Testing iOS and android', '', '', '', 2, 1, 408, NULL, '2019-11-26 13:52:37', '2020-03-23 14:59:18'),
(1921, 408, 1, 'Testing iOS and android', '', '', '', 2, 1, 1, NULL, '2019-11-26 13:56:46', '2019-12-11 10:07:06'),
(1922, 408, 1, 'Test', '', '', '', 2, 1, 408, NULL, '2019-11-26 13:58:43', '2020-03-23 14:59:18'),
(1923, 408, 1, 'Test', '', '', '', 2, 1, 1, NULL, '2019-11-26 13:59:16', '2019-12-11 10:07:06'),
(1924, 408, 1, 'hi test', '', '', '', 1, 1, 1, NULL, '2019-11-26 14:31:00', '2019-12-11 10:07:06'),
(1925, 408, 2, '', '408_1574766143_2_pdf', 'uploads/timesheets/408_1574766143_2_pdf', 'pdf', 0, 1, 0, NULL, '2019-11-26 16:02:23', '2019-12-10 19:04:57'),
(1926, 408, 2, '', '408_1574766392_2.doc', 'uploads/timesheets/408_1574766392_2.doc', 'doc', 1, 1, 1, NULL, '2019-11-26 16:06:32', '2019-12-10 19:04:57'),
(1927, 1, 2, '', '1_1574766704_2_pdf', 'uploads/timesheets/1_1574766704_2_pdf', 'pdf', 0, 1, 0, NULL, '2019-11-26 16:11:44', '2019-11-30 05:51:27'),
(1928, 408, 1, 'testing for notification', '', '', '', 1, 1, 1, NULL, '2019-11-27 10:11:15', '2019-12-11 10:07:06'),
(1929, 410, 1, 'testing kishore msg', '', '', '', 1, 1, 1, NULL, '2019-11-27 10:12:02', '2019-12-10 14:32:53'),
(1930, 410, 1, 'Hello', '', '', '', 2, 1, 0, NULL, '2019-11-27 10:21:29', '2019-12-10 14:32:53'),
(1931, 15, 2, 'Hello', '', '', '', 2, 1, 0, NULL, '2019-11-27 10:25:57', '2019-11-27 10:28:18'),
(1932, 15, 2, 'Good morning', '', '', '', 2, 1, 0, NULL, '2019-11-27 10:27:46', '2019-11-27 10:28:18'),
(1933, 408, 1, 'test', '', '', '', 1, 1, 1, NULL, '2019-11-27 10:39:54', '2019-12-11 10:07:06'),
(1934, 236, 4, 'Hello', '', '', '', 2, 1, 236, NULL, '2019-11-27 10:42:09', '2019-12-04 18:58:59'),
(1935, 408, 2, 'hello team', '', '', '', 0, 1, 408, NULL, '2019-11-27 11:00:01', '2019-12-06 09:59:47'),
(1936, 408, 1, 'hi', '', '', '', 0, 1, 408, NULL, '2019-11-27 12:21:46', '2020-03-23 14:59:18'),
(1937, 15, 2, 'hello time sheet team ,can i submitt my hours in the next week,waiting for the approval from manager', '', '', '', 0, 1, 15, NULL, '2019-11-27 17:26:09', '2019-12-04 17:34:27'),
(1938, 15, 2, '', '15_1574857597_2.JPG', 'uploads/timesheets/15_1574857597_2.JPG', 'jpg', 0, 1, 15, NULL, '2019-11-27 17:26:37', '2019-12-04 17:34:27'),
(1939, 15, 2, '', '15_1574857758_2.xlsx', 'uploads/timesheets/15_1574857758_2.xlsx', 'xlsx', 0, 1, 15, NULL, '2019-11-27 17:29:18', '2019-12-04 17:34:27'),
(1940, 15, 2, '', '15_1574857961_2.docx', 'uploads/timesheets/15_1574857961_2.docx', 'docx', 0, 1, 15, NULL, '2019-11-27 17:32:41', '2019-12-04 17:34:27'),
(1941, 15, 5, '', '15_1574858134_5.docx', 'uploads/others/15_1574858134_5.docx', 'docx', 0, 1, 15, NULL, '2019-11-27 17:35:34', '2019-12-04 17:06:17'),
(1942, 408, 1, 'hi team', '', '', '', 1, 1, 1, NULL, '2019-11-28 12:05:29', '2019-12-11 10:07:06'),
(1943, 410, 1, 'hi test', '', '', '', 1, 1, 1, NULL, '2019-11-28 12:05:46', '2019-12-10 14:32:53'),
(1944, 15, 1, 'hi team', '', '', '', 1, 1, 1, NULL, '2019-11-28 12:08:15', '2019-12-10 14:32:56'),
(1945, 408, 1, 'mobile?', '', '', '', 1, 1, 1, NULL, '2019-11-28 14:09:11', '2019-12-11 10:07:06'),
(1946, 392, 1, 'Hi', '', '', '', 2, 0, 1, NULL, '2019-11-28 15:31:59', '2019-11-28 15:31:59'),
(1947, 408, 1, 'Hi', '', '', '', 2, 1, 1, NULL, '2019-11-28 15:32:47', '2019-12-11 10:07:06'),
(1948, 15, 1, 'Test', '', '', '', 2, 1, 1, NULL, '2019-11-28 15:34:04', '2019-12-10 14:32:56'),
(1949, 15, 1, 'mobile test', '', '', '', 1, 1, 1, NULL, '2019-11-28 15:34:42', '2019-12-10 14:32:56'),
(1950, 15, 1, 'Good', '', '', '', 2, 1, 15, NULL, '2019-11-28 15:34:49', '2020-03-23 14:59:27'),
(1951, 15, 1, 'Hello', '', '', '', 2, 1, 15, NULL, '2019-11-28 15:35:09', '2020-03-23 14:59:27'),
(1952, 15, 1, 'Hi', '', '', '', 2, 1, 15, NULL, '2019-11-28 15:36:03', '2020-03-23 14:59:27'),
(1953, 15, 1, 'Ok', '', '', '', 2, 1, 1, NULL, '2019-11-28 15:37:06', '2019-12-10 14:32:56'),
(1954, 408, 1, 'Hi', '', '', '', 2, 1, 408, NULL, '2019-11-28 15:51:21', '2020-03-23 14:59:18'),
(1955, 408, 1, 'Good', '', '', '', 2, 1, 412, NULL, '2019-11-28 15:52:49', '2019-12-11 10:07:06'),
(1956, 408, 1, 'Hello', '', '', '', 2, 1, 408, NULL, '2019-11-28 16:02:10', '2020-03-23 14:59:18'),
(1957, 408, 1, 'Hello', '', '', '', 2, 1, 408, NULL, '2019-11-28 16:03:52', '2020-03-23 14:59:18'),
(1958, 408, 1, 'Hello hyderabad', '', '', '', 2, 1, 408, NULL, '2019-11-28 16:04:06', '2020-03-23 14:59:18'),
(1959, 408, 1, 'Test', '', '', '', 2, 1, 408, NULL, '2019-11-28 16:06:04', '2020-03-23 14:59:18'),
(1960, 424, 1, 'Test', '', '', '', 2, 1, 424, NULL, '2019-11-28 16:39:50', '2020-03-23 14:59:23'),
(1961, 424, 1, 'Testing', '', '', '', 2, 1, 424, NULL, '2019-11-28 17:10:17', '2020-03-23 14:59:23'),
(1962, 439, 1, 'Hi', '', '', '', 2, 1, 439, NULL, '2019-11-28 17:12:36', '2019-12-03 18:24:19'),
(1963, 439, 1, 'good eveng', '', '', '', 2, 1, 439, NULL, '2019-11-28 17:13:51', '2019-12-03 18:24:19'),
(1964, 424, 1, 'Test', '', '', '', 2, 1, 424, NULL, '2019-11-28 17:16:39', '2020-03-23 14:59:23'),
(1965, 424, 1, 'Superadmin', '', '', '', 2, 1, 412, NULL, '2019-11-28 17:18:52', '2019-12-04 17:39:09'),
(1966, 424, 1, 'Test', '', '', '', 2, 1, 412, NULL, '2019-11-28 17:19:10', '2019-12-04 17:39:09'),
(1967, 424, 1, 'Superadmin', '', '', '', 2, 1, 412, NULL, '2019-11-28 17:20:55', '2019-12-04 17:39:09'),
(1968, 424, 1, 'tes', '', '', '', 1, 1, 1, NULL, '2019-11-28 17:21:41', '2019-12-04 17:39:09'),
(1969, 424, 1, 'Test', '', '', '', 2, 1, 1, NULL, '2019-11-28 17:30:38', '2019-12-04 17:39:09'),
(1970, 424, 1, 'Test', '', '', '', 2, 1, 424, NULL, '2019-11-28 17:30:56', '2020-03-23 14:59:23'),
(1971, 424, 1, 'PositiveEdge', '', '', '', 2, 1, 424, NULL, '2019-11-28 17:32:30', '2020-03-23 14:59:23'),
(1972, 424, 1, 'Hello', '', '', '', 2, 1, 424, NULL, '2019-11-28 17:36:35', '2020-03-23 14:59:23'),
(1973, 424, 1, 'Superadmin', '', '', '', 2, 1, 1, NULL, '2019-11-28 17:38:20', '2019-12-04 17:39:09'),
(1974, 408, 1, 'Tes', '', '', '', 2, 1, 408, NULL, '2019-11-28 19:14:03', '2020-03-23 14:59:18'),
(1975, 402, 1, 'Test', '', '', '', 2, 1, 1, NULL, '2019-11-28 19:15:01', '2019-12-10 14:25:04'),
(1976, 402, 1, 'Testing', '', '', '', 2, 1, 1, NULL, '2019-11-28 19:16:07', '2019-12-10 14:25:04'),
(1977, 408, 1, 'Test', '', '', '', 2, 1, 1, NULL, '2019-11-28 19:18:54', '2019-12-11 10:07:06'),
(1978, 408, 1, 'Thank you', '', '', '', 2, 1, 408, NULL, '2019-11-28 19:19:39', '2020-03-23 14:59:18'),
(1979, 408, 1, 'Superadmin', '', '', '', 2, 1, 1, NULL, '2019-11-28 19:21:59', '2019-12-11 10:07:06'),
(1980, 408, 2, 'Superadmin', '', '', '', 2, 1, 1, NULL, '2019-11-28 19:24:15', '2019-12-10 19:04:57'),
(1981, 408, 2, 'Superadmin', '', '', '', 2, 1, 1, NULL, '2019-11-28 19:24:36', '2019-12-10 19:04:57'),
(1982, 408, 2, 'Superadmin', '', '', '', 2, 1, 1, NULL, '2019-11-28 19:24:58', '2019-12-10 19:04:57'),
(1983, 408, 1, 'Test', '', '', '', 2, 1, 1, NULL, '2019-11-28 19:27:04', '2019-12-11 10:07:06'),
(1984, 408, 1, 'Superadmin', '', '', '', 2, 1, 408, NULL, '2019-11-28 19:30:33', '2020-03-23 14:59:18'),
(1985, 408, 1, 'Superadmin', '', '', '', 2, 1, 408, NULL, '2019-11-28 19:32:08', '2020-03-23 14:59:18'),
(1986, 408, 1, 'Hello', '', '', '', 2, 1, 408, NULL, '2019-11-29 09:12:27', '2020-03-23 14:59:18'),
(1987, 408, 1, 'Please update', '', '', '', 2, 1, 408, NULL, '2019-11-29 09:18:59', '2020-03-23 14:59:18'),
(1988, 408, 4, 'Update on visa', '', '', '', 2, 1, 408, NULL, '2019-11-29 09:23:41', '2019-12-04 18:58:57'),
(1989, 15, 6, 'Are weekend reports done', '', '', '', 2, 1, 15, NULL, '2019-11-29 09:58:52', '2019-12-04 18:49:19'),
(1990, 15, 6, 'will update you by eod', '', '', '', 2, 1, 15, NULL, '2019-11-29 09:59:54', '2019-12-04 18:49:19'),
(1991, 408, 2, 'hi', '', '', '', 1, 1, 1, NULL, '2019-11-29 10:58:29', '2019-12-10 19:04:57'),
(1992, 408, 1, 'test', '', '', '', 1, 1, 1, NULL, '2019-11-29 11:56:05', '2019-12-11 10:07:06'),
(1993, 408, 1, 'test', '', '', '', 1, 1, 1, NULL, '2019-11-29 12:04:34', '2019-12-11 10:07:06'),
(1994, 408, 1, 'test', '', '', '', 2, 1, 412, NULL, '2019-11-29 12:07:05', '2019-12-11 10:07:06'),
(1995, 439, 1, 'Test', '', '', '', 2, 1, 400, NULL, '2019-11-29 12:27:12', '2019-11-29 12:28:21'),
(1996, 439, 1, 'Test', '', '', '', 2, 1, 400, NULL, '2019-11-29 12:27:42', '2019-11-29 12:28:21'),
(1997, 439, 1, 'Thank you', '', '', '', 1, 1, 439, NULL, '2019-11-29 12:28:25', '2019-12-03 18:24:19'),
(1998, 424, 1, 'Superadmin', '', '', '', 1, 1, 424, NULL, '2019-11-29 12:32:30', '2020-03-23 14:59:23'),
(1999, 424, 1, 'Thank you', '', '', '', 2, 1, 1, NULL, '2019-11-29 12:33:29', '2019-12-04 17:39:09'),
(2000, 424, 1, 'Ok', '', '', '', 2, 1, 411, NULL, '2019-11-29 12:35:36', '2019-12-04 17:39:09'),
(2001, 424, 1, 'Ok', '', '', '', 1, 1, 424, NULL, '2019-11-29 12:36:09', '2020-03-23 14:59:23'),
(2002, 424, 6, 'Superadmin', '', '', '', 1, 1, 424, NULL, '2019-11-29 12:38:51', '2019-12-04 18:57:13'),
(2003, 424, 1, 'Superadmin', '', '', '', 1, 1, 424, NULL, '2019-11-29 12:39:08', '2020-03-23 14:59:23'),
(2004, 424, 1, 'Global', '', '', '', 1, 1, 424, NULL, '2019-11-29 12:40:52', '2020-03-23 14:59:23'),
(2005, 424, 1, 'Superadmin', '', '', '', 1, 1, 424, NULL, '2019-11-29 12:41:32', '2020-03-23 14:59:23'),
(2006, 424, 1, 'Superadmin', '', '', '', 1, 1, 424, NULL, '2019-11-29 12:42:05', '2020-03-23 14:59:23'),
(2007, 424, 1, 'Superadmin', '', '', '', 1, 1, 424, NULL, '2019-11-29 12:42:40', '2020-03-23 14:59:23');
INSERT INTO `messages` (`message_id`, `user_id`, `dept_id`, `message`, `upload_doc`, `upload_path`, `doc_type`, `message_type`, `read_status`, `posted_by`, `read_by`, `created_at`, `updated_at`) VALUES
(2008, 424, 1, 'Superadmin', '', '', '', 1, 1, 424, NULL, '2019-11-29 12:42:58', '2020-03-23 14:59:23'),
(2009, 424, 1, 'Superadmin', '', '', '', 1, 1, 424, NULL, '2019-11-29 12:43:28', '2020-03-23 14:59:23'),
(2010, 424, 1, 'Test testing applications', '', '', '', 1, 1, 424, NULL, '2019-11-29 12:43:46', '2020-03-23 14:59:23'),
(2011, 408, 1, 'Hi', '', '', '', 1, 1, 408, NULL, '2019-11-29 12:52:27', '2020-03-23 14:59:18'),
(2012, 392, 3, 'Hello', '', '', '', 2, 0, 412, NULL, '2019-11-29 12:52:45', '2019-11-29 12:52:45'),
(2013, 424, 1, 'Test', '', '', '', 2, 1, 412, NULL, '2019-11-29 12:55:58', '2019-12-04 17:39:09'),
(2014, 424, 3, 'Hi', '', '', '', 1, 1, 424, NULL, '2019-11-29 12:56:13', '2019-12-04 17:04:08'),
(2015, 15, 1, 'hi team', '', '', '', 0, 1, 15, NULL, '2019-11-29 13:08:06', '2020-03-23 14:59:27'),
(2016, 15, 1, 'hi kishore', '', '', '', 1, 1, 1, NULL, '2019-11-29 13:08:40', '2019-12-10 14:32:56'),
(2017, 15, 1, 'i nee help', '', '', '', 0, 1, 15, NULL, '2019-11-29 13:09:19', '2020-03-23 14:59:27'),
(2018, 15, 1, '', '15_1575014996_1.docx', 'uploads/others/15_1575014996_1.docx', 'docx', 0, 1, 15, NULL, '2019-11-29 13:09:56', '2020-03-23 14:59:27'),
(2019, 408, 1, 'test', '', '', '', 1, 1, 1, NULL, '2019-11-29 14:25:52', '2019-12-11 10:07:06'),
(2020, 408, 1, 'testing', '', '', '', 1, 1, 1, NULL, '2019-11-29 14:26:03', '2019-12-11 10:07:06'),
(2021, 424, 4, 'Hi first message', '', '', '', 2, 1, 412, NULL, '2019-11-29 14:43:13', '2019-11-29 14:45:07'),
(2022, 424, 4, 'How r u', '', '', '', 2, 1, 412, NULL, '2019-11-29 14:44:44', '2019-11-29 14:45:07'),
(2023, 424, 4, 'Hello', '', '', '', 2, 0, 412, NULL, '2019-11-29 14:46:42', '2019-11-29 14:46:42'),
(2024, 424, 1, 'test', '', '', '', 1, 1, 1, NULL, '2019-11-29 18:31:11', '2019-12-04 17:39:09'),
(2025, 424, 1, 'test', '', '', '', 1, 1, 1, NULL, '2019-11-29 18:31:14', '2019-12-04 17:39:09'),
(2026, 424, 1, 'hi', '', '', '', 1, 1, 1, NULL, '2019-11-29 18:31:58', '2019-12-04 17:39:09'),
(2027, 424, 4, 'hi', '', '', '', 1, 0, 1, NULL, '2019-11-29 18:37:42', '2019-11-29 18:37:42'),
(2028, 424, 4, 'ny upate', '', '', '', 1, 0, 1, NULL, '2019-11-29 18:37:45', '2019-11-29 18:37:45'),
(2029, 424, 4, 'on immigartion', '', '', '', 1, 0, 1, NULL, '2019-11-29 18:38:24', '2019-11-29 18:38:24'),
(2030, 424, 4, 'please inform', '', '', '', 1, 0, 1, NULL, '2019-11-29 18:43:59', '2019-11-29 18:43:59'),
(2031, 424, 4, 'me', '', '', '', 1, 0, 1, NULL, '2019-11-29 18:44:01', '2019-11-29 18:44:01'),
(2032, 424, 4, 'that', '', '', '', 1, 0, 1, NULL, '2019-11-29 18:44:04', '2019-11-29 18:44:04'),
(2033, 424, 3, 'hi', '', '', '', 1, 0, 1, NULL, '2019-11-29 18:54:24', '2019-11-29 18:54:24'),
(2034, 424, 3, 'am', '', '', '', 1, 0, 1, NULL, '2019-11-29 18:54:27', '2019-11-29 18:54:27'),
(2035, 424, 3, 'how r u', '', '', '', 1, 0, 1, NULL, '2019-11-29 18:54:33', '2019-11-29 18:54:33'),
(2036, 424, 3, 'frday', '', '', '', 1, 0, 1, NULL, '2019-11-29 18:57:30', '2019-11-29 18:57:30'),
(2037, 424, 1, 'please', '', '', '', 1, 1, 1, NULL, '2019-11-29 18:59:54', '2019-12-04 17:39:09'),
(2038, 424, 1, 'update attendance', '', '', '', 1, 1, 1, NULL, '2019-11-29 19:00:16', '2019-12-04 17:39:09'),
(2039, 424, 1, 'of', '', '', '', 1, 1, 1, NULL, '2019-11-29 19:01:08', '2019-12-04 17:39:09'),
(2040, 424, 1, 'this month', '', '', '', 1, 1, 1, NULL, '2019-11-29 19:01:12', '2019-12-04 17:39:09'),
(2041, 408, 2, 'test', '', '', '', 1, 1, 408, NULL, '2019-11-30 09:22:45', '2019-12-06 09:59:47'),
(2042, 408, 2, '', '408_1575089196_2_', 'uploads/timesheets/408_1575089196_2_', 'pdf', 0, 1, 0, NULL, '2019-11-30 09:46:36', '2019-12-10 19:04:57'),
(2043, 408, 2, 'Test', '', '', '', 1, 1, 408, NULL, '2019-11-30 09:47:31', '2019-12-06 09:59:47'),
(2044, 408, 1, 'Test', '', '', '', 1, 1, 408, NULL, '2019-11-30 12:49:24', '2020-03-23 14:59:18'),
(2045, 15, 1, 'good morning team', '', '', '', 1, 1, 1, NULL, '2019-12-03 09:16:17', '2019-12-10 14:32:56'),
(2046, 15, 1, 'hi', '', '', '', 1, 1, 1, NULL, '2019-12-03 09:35:46', '2019-12-10 14:32:56'),
(2047, 15, 1, 'any update', '', '', '', 1, 1, 1, NULL, '2019-12-03 09:36:39', '2019-12-10 14:32:56'),
(2048, 15, 1, 'hi team', '', '', '', 0, 1, 15, NULL, '2019-12-03 19:26:53', '2020-03-23 14:59:27'),
(2049, 15, 1, '', '15_1575383236_1.jpg', 'uploads/others/15_1575383236_1.jpg', 'jpg', 0, 1, 15, NULL, '2019-12-03 19:27:16', '2020-03-23 14:59:27'),
(2050, 408, 2, 'working fone', '', '', '', 1, 1, 85, NULL, '2019-12-03 21:01:28', '2019-12-10 19:04:57'),
(2051, 440, 2, '', '440_1575460687_2.docx', 'uploads/timesheets/440_1575460687_2.docx', 'docx', 0, 1, 440, NULL, '2019-12-04 16:58:07', '2019-12-04 19:00:49'),
(2052, 440, 1, '', '440_1575460720_1.JPG', 'uploads/others/440_1575460720_1.JPG', 'jpg', 0, 1, 440, NULL, '2019-12-04 16:58:40', '2019-12-04 18:50:16'),
(2053, 15, 1, 'hello there Bharath \'', '', '', '', 1, 1, 414, NULL, '2019-12-04 16:59:29', '2019-12-10 14:32:56'),
(2054, 440, 4, '', '440_1575460777_4.xlsx', 'uploads/immigration/440_1575460777_4.xlsx', 'xlsx', 0, 1, 440, NULL, '2019-12-04 16:59:37', '2019-12-04 18:59:04'),
(2055, 0, 2, '', '0_1575460801_2.jpg', 'uploads/timesheets/0_1575460801_2.jpg', 'jpg', 1, 0, 414, NULL, '2019-12-04 17:00:01', '2019-12-04 17:00:01'),
(2056, 0, 2, '', '0_1575460864_2.PNG', 'uploads/timesheets/0_1575460864_2.PNG', 'png', 1, 0, 414, NULL, '2019-12-04 17:01:04', '2019-12-04 17:01:04'),
(2057, 440, 4, '', '440_1575460925_4.docx', 'uploads/immigration/440_1575460925_4.docx', 'docx', 0, 1, 440, NULL, '2019-12-04 17:02:05', '2019-12-04 18:59:04'),
(2058, 424, 3, '', '424_1575461029_3.PNG', 'uploads/others/424_1575461029_3.PNG', 'png', 1, 0, 414, NULL, '2019-12-04 17:03:49', '2019-12-04 17:03:49'),
(2059, 15, 3, 'test 12', '', '', '', 1, 0, 414, NULL, '2019-12-04 17:05:04', '2019-12-04 17:05:04'),
(2060, 15, 3, 'wdjlnw c', '', '', '', 1, 0, 414, NULL, '2019-12-04 17:05:07', '2019-12-04 17:05:07'),
(2061, 15, 3, '', '15_1575461118_3.PNG', 'uploads/others/15_1575461118_3.PNG', 'png', 1, 0, 414, NULL, '2019-12-04 17:05:18', '2019-12-04 17:05:18'),
(2062, 15, 3, '', '15_1575461136_3.docx', 'uploads/others/15_1575461136_3.docx', 'docx', 1, 0, 414, NULL, '2019-12-04 17:05:36', '2019-12-04 17:05:36'),
(2063, 440, 4, '', '440_1575461154_4.docx', 'uploads/immigration/440_1575461154_4.docx', 'docx', 1, 1, 414, NULL, '2019-12-04 17:05:54', '2019-12-04 21:56:52'),
(2064, 440, 4, '', '440_1575461168_4.PNG', 'uploads/immigration/440_1575461168_4.PNG', 'png', 1, 1, 414, NULL, '2019-12-04 17:06:08', '2019-12-04 21:56:52'),
(2065, 238, 5, 'testing the aoo', '', '', '', 1, 1, 414, 1, '2019-12-04 17:06:40', '2020-03-16 12:50:20'),
(2066, 238, 5, 'uploading excel', '', '', '', 1, 1, 414, 1, '2019-12-04 17:07:01', '2020-03-16 12:50:20'),
(2067, 238, 5, '', '238_1575461235_5.xlsx', 'uploads/others/238_1575461235_5.xlsx', 'xlsx', 1, 1, 414, 1, '2019-12-04 17:07:15', '2020-03-16 12:50:20'),
(2068, 238, 5, 'test sucess', '', '', '', 1, 1, 414, 1, '2019-12-04 17:07:23', '2020-03-16 12:50:20'),
(2069, 42, 6, 'hello accounts department', '', '', '', 1, 0, 414, NULL, '2019-12-04 17:08:21', '2019-12-04 17:08:21'),
(2070, 42, 6, 'how many  billing hours for the month of novmeber', '', '', '', 1, 0, 414, NULL, '2019-12-04 17:08:52', '2019-12-04 17:08:52'),
(2071, 347, 7, 'payment done', '', '', '', 1, 0, 414, NULL, '2019-12-04 17:09:16', '2019-12-04 17:09:16'),
(2072, 347, 7, 'plz confirm', '', '', '', 1, 0, 414, NULL, '2019-12-04 17:09:21', '2019-12-04 17:09:21'),
(2073, 347, 7, 'forward me the receipt', '', '', '', 1, 0, 414, NULL, '2019-12-04 17:09:33', '2019-12-04 17:09:33'),
(2074, 347, 7, '', '347_1575461385_7.PNG', 'uploads/others/347_1575461385_7.PNG', 'png', 1, 0, 414, NULL, '2019-12-04 17:09:45', '2019-12-04 17:09:45'),
(2075, 440, 1, 'eff', '', '', '', 0, 1, 440, NULL, '2019-12-04 17:19:05', '2019-12-04 18:50:16'),
(2076, 440, 1, '', '440_1575461955_1.PNG', 'uploads/others/440_1575461955_1.PNG', 'png', 0, 1, 440, NULL, '2019-12-04 17:19:15', '2019-12-04 18:50:16'),
(2077, 440, 2, '', '440_1575462928_2.xlsx', 'uploads/timesheets/440_1575462928_2.xlsx', 'xlsx', 1, 1, 414, NULL, '2019-12-04 17:35:28', '2019-12-04 19:00:34'),
(2078, 408, 2, '', '408_1575462943_2.docx', 'uploads/timesheets/408_1575462943_2.docx', 'docx', 1, 1, 414, NULL, '2019-12-04 17:35:43', '2019-12-10 19:04:57'),
(2079, 440, 2, 'Hello team', '', '', '', 1, 1, 440, NULL, '2019-12-04 18:29:14', '2019-12-04 19:00:49'),
(2080, 440, 4, 'Hello team', '', '', '', 1, 1, 440, NULL, '2019-12-04 18:46:48', '2019-12-04 18:59:04'),
(2081, 440, 3, 'Hi', '', '', '', 1, 1, 440, NULL, '2019-12-04 18:47:47', '2019-12-04 18:47:57'),
(2082, 440, 4, 'Hibteam', '', '', '', 1, 1, 440, NULL, '2019-12-04 18:48:30', '2019-12-04 18:59:04'),
(2083, 440, 4, 'Hello team', '', '', '', 1, 1, 440, NULL, '2019-12-04 18:48:34', '2019-12-04 18:59:04'),
(2084, 440, 4, 'I need status of my H1 filing', '', '', '', 1, 1, 440, NULL, '2019-12-04 18:49:09', '2019-12-04 18:59:04'),
(2085, 440, 2, 'Hi', '', '', '', 1, 1, 440, NULL, '2019-12-04 18:54:13', '2019-12-04 19:00:49'),
(2086, 440, 2, 'Test', '', '', '', 1, 1, 440, NULL, '2019-12-04 18:54:42', '2019-12-04 19:00:49'),
(2087, 440, 2, 'Hxcuc', '', '', '', 1, 1, 440, NULL, '2019-12-04 18:54:45', '2019-12-04 19:00:49'),
(2088, 440, 5, 'Helo team', '', '', '', 1, 1, 440, NULL, '2019-12-04 18:56:53', '2019-12-04 19:37:07'),
(2089, 440, 4, 'sure Raja', '', '', '', 1, 1, 414, NULL, '2019-12-04 18:57:47', '2019-12-04 21:56:52'),
(2090, 440, 4, 'test', '', '', '', 1, 1, 414, NULL, '2019-12-04 18:58:16', '2019-12-04 21:56:52'),
(2091, 440, 2, 'Hi', '', '', '', 1, 1, 440, NULL, '2019-12-04 18:58:28', '2019-12-04 19:00:49'),
(2092, 440, 2, 'Hello team', '', '', '', 1, 1, 440, NULL, '2019-12-04 18:59:24', '2019-12-04 19:00:49'),
(2093, 440, 2, 'Hi', '', '', '', 1, 1, 440, NULL, '2019-12-04 18:59:58', '2019-12-04 19:00:49'),
(2094, 440, 2, 'Hellllllllloooi', '', '', '', 1, 1, 440, NULL, '2019-12-04 19:00:29', '2019-12-04 19:00:49'),
(2095, 440, 5, 'Test', '', '', '', 1, 1, 440, NULL, '2019-12-04 19:35:12', '2019-12-04 19:37:07'),
(2096, 440, 5, 'okay baharath', '', '', '', 1, 1, 414, NULL, '2019-12-04 19:38:13', '2019-12-04 19:40:54'),
(2097, 440, 5, 'Yeh hey', '', '', '', 1, 0, 440, NULL, '2019-12-04 19:38:41', '2019-12-04 19:38:41'),
(2098, 440, 5, 'Vycyc', '', '', '', 1, 0, 440, NULL, '2019-12-04 19:38:46', '2019-12-04 19:38:46'),
(2099, 440, 5, 'Testing the app', '', '', '', 1, 0, 440, NULL, '2019-12-04 19:40:38', '2019-12-04 19:40:38'),
(2100, 440, 5, 'Testing Naush', '', '', '', 1, 0, 440, NULL, '2019-12-04 19:40:47', '2019-12-04 19:40:47'),
(2101, 440, 5, 'History cleared', '', '', '', 1, 0, 440, NULL, '2019-12-04 19:41:06', '2019-12-04 19:41:06'),
(2102, 408, 5, 'Testing', '', '', '', 1, 1, 408, 1, '2019-12-05 10:12:25', '2020-03-16 12:49:45'),
(2103, 408, 5, 'Superadmin', '', '', '', 1, 1, 408, 1, '2019-12-05 10:12:50', '2020-03-16 12:49:45'),
(2104, 408, 4, 'Superadmin', '', '', '', 1, 0, 408, NULL, '2019-12-05 10:13:01', '2019-12-05 10:13:01'),
(2105, 408, 3, 'Superadmin', '', '', '', 1, 0, 408, NULL, '2019-12-05 10:13:14', '2019-12-05 10:13:15'),
(2106, 408, 3, 'Test', '', '', '', 1, 0, 408, NULL, '2019-12-05 10:13:25', '2019-12-05 10:13:25'),
(2107, 408, 1, 'Superadmin', '', '', '', 1, 1, 408, NULL, '2019-12-05 10:14:18', '2020-03-23 14:59:18'),
(2108, 408, 1, 'Test', '', '', '', 1, 1, 408, NULL, '2019-12-05 10:14:41', '2020-03-23 14:59:18'),
(2109, 408, 1, 'Hello', '', '', '', 1, 1, 408, NULL, '2019-12-05 10:14:55', '2020-03-23 14:59:18'),
(2110, 408, 1, 'Test', '', '', '', 1, 1, 408, NULL, '2019-12-05 20:34:10', '2020-03-23 14:59:18'),
(2111, 408, 2, 'Superadmin', '', '', '', 1, 1, 408, NULL, '2019-12-05 20:34:32', '2019-12-06 09:59:47'),
(2112, 408, 3, 'Test', '', '', '', 1, 0, 408, NULL, '2019-12-05 20:35:04', '2019-12-05 20:35:04'),
(2113, 408, 4, 'Please update immigration', '', '', '', 1, 0, 408, NULL, '2019-12-05 20:35:49', '2019-12-05 20:35:49'),
(2114, 408, 4, 'Please update inmate', '', '', '', 1, 0, 408, NULL, '2019-12-05 20:36:21', '2019-12-05 20:36:21'),
(2115, 408, 1, 'friday', '', '', '', 1, 1, 1, NULL, '2019-12-06 09:57:50', '2019-12-11 10:07:06'),
(2116, 408, 2, 'hello', '', '', '', 1, 1, 1, NULL, '2019-12-06 09:59:52', '2019-12-10 19:04:57'),
(2117, 408, 1, 'hi', '', '', '', 1, 1, 408, NULL, '2019-12-06 10:00:35', '2020-03-23 14:59:18'),
(2118, 408, 1, 'hello', '', '', '', 1, 1, 1, NULL, '2019-12-06 10:01:33', '2019-12-11 10:07:06'),
(2119, 408, 1, 'friday', '', '', '', 1, 1, 1, NULL, '2019-12-06 10:29:15', '2019-12-11 10:07:06'),
(2120, 408, 1, 'december', '', '', '', 1, 1, 1, NULL, '2019-12-06 10:32:34', '2019-12-11 10:07:06'),
(2121, 408, 1, 'Tes', '', '', '', 1, 1, 408, NULL, '2019-12-08 12:14:43', '2020-03-23 14:59:18'),
(2122, 233, 1, 'Test', '', '', '', 2, 1, 1, NULL, '2019-12-08 19:02:56', '2019-12-10 14:31:22'),
(2123, 408, 2, '', '408_1575964935_2.', 'uploads/timesheets/408_1575964935_2.', '', 0, 0, 408, NULL, '2019-12-10 13:02:15', '2019-12-10 13:02:15'),
(2124, 408, 1, 'Test', '', '', '', 0, 1, 408, NULL, '2019-12-10 19:04:34', '2020-03-23 14:59:18'),
(2125, 408, 1, 'Test', '', '', '', 0, 1, 408, NULL, '2019-12-11 10:05:48', '2020-03-23 14:59:18'),
(2126, 408, 1, 'hi venky', '', '', '', 1, 1, 1, NULL, '2019-12-11 10:06:32', '2019-12-11 10:07:06'),
(2127, 408, 1, 'how can i help you?', '', '', '', 1, 1, 1, NULL, '2019-12-11 10:06:55', '2019-12-11 10:07:06'),
(2128, 408, 5, 'hi', '', '', '', 1, 0, 1, NULL, '2020-03-16 12:49:49', '2020-03-16 12:49:49');

-- --------------------------------------------------------

--
-- Table structure for table `migrations`
--

CREATE TABLE IF NOT EXISTS `migrations` (
  `migration` varchar(255) COLLATE utf8_unicode_ci NOT NULL,
  `batch` int(11) NOT NULL
) ENGINE=InnoDB DEFAULT CHARSET=utf8 COLLATE=utf8_unicode_ci;

--
-- RELATIONSHIPS FOR TABLE `migrations`:
--

-- --------------------------------------------------------

--
-- Table structure for table `notes`
--

CREATE TABLE IF NOT EXISTS `notes` (
  `id` int(10) UNSIGNED NOT NULL AUTO_INCREMENT,
  `user_id` int(10) UNSIGNED NOT NULL,
  `note_text` varchar(500) DEFAULT NULL,
  `call_type_id` tinyint(1) UNSIGNED DEFAULT NULL COMMENT '1-General, 2-Project',
  `category_id` tinyint(5) DEFAULT NULL,
  `created_by` int(10) UNSIGNED NOT NULL,
  `created_at` timestamp NOT NULL DEFAULT CURRENT_TIMESTAMP ON UPDATE CURRENT_TIMESTAMP,
  PRIMARY KEY (`id`),
  KEY `user_id` (`user_id`),
  KEY `created_by` (`created_by`)
) ENGINE=InnoDB AUTO_INCREMENT=116 DEFAULT CHARSET=utf8;

--
-- RELATIONSHIPS FOR TABLE `notes`:
--

--
-- Dumping data for table `notes`
--

INSERT INTO `notes` (`id`, `user_id`, `note_text`, `call_type_id`, `category_id`, `created_by`, `created_at`) VALUES
(1, 16, 'test', NULL, NULL, 1, '2019-11-09 11:32:56'),
(2, 15, 'kaladhar notest', NULL, NULL, 1, '2019-11-09 05:32:00'),
(3, 20, 'yadhul is here and text empoyee', NULL, NULL, 1, '2019-11-11 03:21:27'),
(4, 23, 'yadhul testing the data here in the room', NULL, NULL, 1, '2019-11-11 03:42:53'),
(5, 15, 'test doing', NULL, NULL, 1, '2019-11-11 03:48:43'),
(6, 25, 'Added notes to Alekhya on 11th November 2019', NULL, NULL, 1, '2019-11-11 04:33:54'),
(7, 15, 'Connected with Kishore at 9:30am today. He has an issue with HR about time sheet. Told him that We will check and update him sonnest possible', NULL, NULL, 1, '2019-11-12 03:27:44'),
(8, 16, 'dfsgjhcvbshfgweuriwetruy guyf mnbc sdfgshdjkfhuiertyuoripkdjhdfjksafb sdfjdshflskfjss fkjhfjkrfyuf fjhfajskfwueirtyeroipwdcb;d]d[wpf]ofpkl;vjxcvknfjghdfgjkf dfg ufgyehkdfhdjkvhdjb', NULL, NULL, 1, '2019-11-12 07:26:30'),
(9, 16, 'The 16-inch MacBook Pro will replace the current 15-inch model, which starts at $2,399. The new laptop will cost about the same and is expected to go on sale this week, the people said. It won’t be the last Mac launch of the year. Apple plans to release the revamped Mac Pro desktop computer in December, one of the people said. An Apple spokesman declined to comment.', NULL, NULL, 85, '2019-11-13 00:30:24'),
(10, 15, 'test', NULL, NULL, 1, '2019-11-13 09:57:11'),
(11, 21, 'Connected Ajay to check on his new assignment. He said it is good and an opportunity to learn new things', NULL, NULL, 85, '2019-11-14 00:24:08'),
(12, 1, 'test', NULL, NULL, 1, '2019-11-14 07:37:44'),
(13, 1, 'new test', NULL, NULL, 1, '2019-11-14 07:39:13'),
(14, 1, 'one more test', NULL, NULL, 1, '2019-11-14 07:42:36'),
(15, 1, 'test g', NULL, NULL, 1, '2019-11-14 07:42:51'),
(16, 19, 'test', NULL, NULL, 1, '2019-11-14 07:44:29'),
(17, 19, 'textttt', NULL, NULL, 1, '2019-11-14 07:44:54'),
(18, 1, 'Notes added on 15 Nov.. to check where this gets moved to upon submit..', NULL, NULL, 1, '2019-11-14 23:32:10'),
(19, 15, 'Hi ERM team.. need to update my Immigration info..', NULL, NULL, 15, '2019-11-14 23:33:45'),
(20, 1, 'test details', NULL, NULL, 1, '2019-11-15 00:08:45'),
(21, 1, 'test123', NULL, NULL, 1, '2019-11-15 00:14:23'),
(33, 1, '123 test', NULL, NULL, 1, '2019-11-15 03:00:50'),
(34, 1, '111 test', NULL, NULL, 1, '2019-11-15 03:01:58'),
(35, 15, 'Kishore, Consultant adding notes on Profile.. request to correct Visa Expiry date.. it is 05 Feb 2020', NULL, NULL, 15, '2019-11-15 03:32:44'),
(36, 15, 'Add a new note from Kishore Kumar.. Check in Amoeba system under Venky Record - Profile id 5105', NULL, NULL, 15, '2019-11-15 03:45:50'),
(37, 20, 'guy with long email id..', NULL, NULL, 1, '2019-11-19 00:12:49'),
(38, 420, 'test', 2, NULL, 1, '2019-11-19 04:11:48'),
(39, 1, 'test', 2, NULL, 1, '2019-11-19 04:40:44'),
(40, 1, 'test', 1, NULL, 1, '2019-11-19 04:41:47'),
(41, 16, 'Add note to see it in the log.. 19th Nov, 3:46pm', 1, NULL, 85, '2019-11-19 04:46:21'),
(42, 417, 'first update', 2, NULL, 1, '2019-11-19 05:25:40'),
(43, 417, 'project extended', 2, NULL, 1, '2019-11-19 05:26:18'),
(44, 15, 'test', 1, NULL, 85, '2019-11-26 19:17:44'),
(45, 35, 'project is going good', 2, NULL, 85, '2019-11-26 19:18:15'),
(46, 42, 'not answering the phone', 1, NULL, 85, '2019-11-26 19:18:30'),
(47, 63, 'project extended', 2, NULL, 85, '2019-11-26 19:18:42'),
(48, 156, 'referral successful', 1, NULL, 85, '2019-11-26 19:18:59'),
(49, 440, 'test 123', 1, NULL, 85, '2019-11-26 19:19:11'),
(50, 16, 'good', 2, NULL, 1, '2019-12-03 20:04:23'),
(51, 41, 'his project is going good no issues', 1, NULL, 1, '2019-12-03 20:07:18'),
(52, 41, 'project is good', 2, NULL, 1, '2019-12-03 20:07:37'),
(53, 62, 'testr', 1, NULL, 85, '2019-12-03 21:40:42'),
(54, 325, 'salary hike requested', 1, NULL, 85, '2019-12-03 21:41:36'),
(55, 367, 'Project ending on 19/20', 2, NULL, 414, '2019-12-04 16:52:39'),
(56, 22, 'project is good..!!', 2, NULL, 414, '2019-12-04 16:55:43'),
(57, 41, 'project is good no issues', 2, NULL, 414, '2019-12-04 17:54:36'),
(58, 24, 'all good', 1, NULL, 414, '2019-12-04 17:55:08'),
(59, 37, 'all good', 1, NULL, 414, '2019-12-04 17:55:30'),
(60, 33, 'hi', 1, NULL, 414, '2019-12-04 17:56:00'),
(61, 16, 'dcdsvcd', 1, NULL, 414, '2019-12-04 17:57:03'),
(62, 38, 'hello team', 1, NULL, 414, '2019-12-04 17:58:47'),
(63, 32, 'hello team can you please start marketing my profile my project is ending on 12/20/2019', 1, NULL, 414, '2019-12-04 17:59:19'),
(64, 15, 'project is going good', 1, NULL, 414, '2019-12-04 18:03:41'),
(65, 602, 'Hi this is test message to Isher s', 1, NULL, 1, '2021-02-09 04:49:41'),
(66, 602, 'HI this is POC User with testing message to consultant', 1, NULL, 603, '2021-02-09 04:54:18'),
(67, 593, 'HI hello This is jVijay Maragoni', 1, NULL, 606, '2021-02-09 05:50:16'),
(68, 593, 'This is Vijay Maragoni', 1, NULL, 606, '2021-02-09 05:54:25'),
(69, 607, 'Hi this is testing, Project is going on', 1, NULL, 1, '2021-03-15 01:04:00'),
(72, 607, 'HI this is testing email', 1, NULL, 606, '2021-03-15 01:08:09'),
(73, 607, 'Hi this is another testing message', 1, NULL, 606, '2021-03-15 01:15:47'),
(74, 607, 'His project is working fine.please look into it', 2, NULL, 603, '2021-03-15 01:20:54'),
(75, 607, 'Hi test message', 1, NULL, 606, '2021-03-16 00:59:45'),
(76, 607, 'saff', 1, NULL, 606, '2021-03-16 01:02:47'),
(77, 608, 'Hii testing purpose', 1, NULL, 606, '2021-03-16 03:12:46'),
(78, 608, 'hii testing', 2, NULL, 606, '2021-03-16 03:49:52'),
(79, 608, 'testing consultant profile', 2, NULL, 606, '2021-03-16 04:29:59'),
(80, 19, 'Hi This is testing Scenario.', 3, NULL, 1, '2021-04-05 07:21:57'),
(81, 20, 'These are updated status', 3, NULL, 1, '2021-04-05 07:35:24'),
(82, 21, 'Hi this is testing Purpose. Please chexck it', 3, NULL, 1, '2021-04-05 07:35:59'),
(83, 21, 'One this', 3, NULL, 1, '2021-04-05 07:36:19'),
(84, 22, 'zxc dsgdg  sgsg', 2, NULL, 1, '2021-04-05 07:37:01'),
(85, 20, 'Hi Test This environment', 3, NULL, 1, '2021-04-06 02:13:20'),
(86, 20, 'Hi this is project', 2, NULL, 1, '2021-04-06 02:13:49'),
(87, 529, 'Testing purpose', 1, NULL, 1, '2021-04-06 04:04:36'),
(88, 529, 'Testing purpsoe', 2, NULL, 1, '2021-04-06 04:06:50'),
(89, 529, 'project', 2, NULL, 1, '2021-04-06 04:07:30'),
(90, 609, 'genral profile', 1, NULL, 1, '2021-04-06 04:25:18'),
(91, 609, 'project profile', 2, NULL, 1, '2021-04-06 04:25:31'),
(92, 609, 'concern profile', 3, NULL, 1, '2021-04-06 04:25:45'),
(93, 609, 'concern call log', 3, NULL, 1, '2021-04-06 04:26:46'),
(94, 39, '1004 general', 1, NULL, 415, '2021-04-06 07:18:30'),
(95, 42, 'chandra genral', 1, NULL, 415, '2021-04-06 07:19:19'),
(96, 42, 'chnadra project', 2, NULL, 415, '2021-04-06 07:19:30'),
(97, 42, 'chandra concern', 3, NULL, 415, '2021-04-06 07:19:52'),
(98, 78, 'sureh concern', 3, NULL, 415, '2021-04-06 07:21:36'),
(99, 602, 'Hi this is testign note for concern', 3, NULL, 1, '2021-04-07 02:04:17'),
(100, 589, 'Hi Hello', 3, NULL, 1, '2021-04-07 02:06:07'),
(101, 16, 'dgxfdgdxfb dgdfgdf', 3, 2, 1, '2023-06-06 17:29:44'),
(102, 19, 'Immigration related issues raised', 3, 4, 1, '2023-06-06 19:09:49'),
(103, 19, 'payroll related issues', 3, 2, 1, '2023-06-06 19:11:59'),
(104, 16, 'test comment related payroll concerns', 3, 1, 1, '2023-06-06 19:25:44'),
(105, 19, 'immigration concerns', 3, 3, 1, '2023-06-06 19:27:06'),
(106, 19, 'Payroll issues', 3, 1, 1, '2023-06-06 19:29:34'),
(107, 19, 'SZcsdgd efwsewse', 3, 2, 1, '2023-06-06 19:31:35'),
(108, 22, 'changes updated', 3, 1, 1, '2023-06-06 19:34:05'),
(109, 22, 'immigration chages', 3, 3, 1, '2023-06-06 19:34:28'),
(110, 22, 'Timesheet Related issues fixed', 3, 4, 1, '2023-06-06 19:42:34'),
(111, 25, 'scsdgdb', 3, 2, 1, '2023-06-09 15:46:45'),
(112, 28, 'Immigration', 3, 3, 1, '2023-06-09 16:27:30'),
(113, 15, 'Lorem Ipsum is simply dummy text of the printing and typesetting industry. Lorem Ipsum has been the industry\'s standard dummy text ever since the 1500s, when', 3, 3, 1, '2023-06-20 14:36:58'),
(114, 15, 'sadvszdvfsfs dsfadfa', 2, NULL, 1, '2023-06-20 14:39:12'),
(115, 15, 'xdfsrgdfv  q3erfsgsd w3twsef w3erwse', 3, 1, 1, '2023-06-20 14:39:23');

-- --------------------------------------------------------

--
-- Table structure for table `notifications`
--

CREATE TABLE IF NOT EXISTS `notifications` (
  `notification_id` bigint(20) UNSIGNED NOT NULL AUTO_INCREMENT,
  `category_id` tinyint(3) UNSIGNED DEFAULT NULL,
  `title` varchar(255) COLLATE utf8_unicode_ci NOT NULL,
  `message` text COLLATE utf8_unicode_ci NOT NULL,
  `status` tinyint(4) NOT NULL DEFAULT '1',
  `created_by` bigint(20) DEFAULT NULL,
  `updated_by` bigint(20) DEFAULT NULL,
  `created_at` timestamp NULL DEFAULT CURRENT_TIMESTAMP,
  `updated_at` timestamp NULL DEFAULT NULL ON UPDATE CURRENT_TIMESTAMP,
  PRIMARY KEY (`notification_id`),
  KEY `notifications_dept_id_index` (`category_id`)
) ENGINE=InnoDB AUTO_INCREMENT=7 DEFAULT CHARSET=utf8 COLLATE=utf8_unicode_ci;

--
-- RELATIONSHIPS FOR TABLE `notifications`:
--   `category_id`
--       `notification_category` -> `category_id`
--

--
-- Dumping data for table `notifications`
--

INSERT INTO `notifications` (`notification_id`, `category_id`, `title`, `message`, `status`, `created_by`, `updated_by`, `created_at`, `updated_at`) VALUES
(3, 2, 'Christmas Greetings', 'Greetings', 1, NULL, 1, '2016-11-04 14:29:44', '2016-12-19 12:36:26'),
(4, 1, 'kdsha', 'fasfdsasdfdsf sdaf sadfasdfdasf dsafasdf das fdsa fdasfdsf dsfdas fads fsadfdasfdasf dsfasdfdsfdasfdas fdsafadsf dsfdsfd fds fdsf d ds sdfasd afsf sadfsdafds fadsa fsdf dsf dsfsdf sdfds ds fdsf dsf ds fsdf dsfds fdsfads sadfsdfdas fdasf dasf dsafdsaf das fads fadsf dasf dsaf dsf dasf dsf ds ds ds dsfdsfdsafdsf adsf adsf', 1, NULL, 1, '2019-10-30 01:42:07', '2019-10-31 04:51:12'),
(5, 3, 'kdsha7', '123........', 1, NULL, 1, '2019-10-31 04:51:46', '2019-11-04 08:19:32'),
(6, 3, 'etye', 'tetye', 1, NULL, NULL, '2019-11-06 00:12:17', '2019-11-06 00:12:17');

-- --------------------------------------------------------

--
-- Table structure for table `notification_banners`
--

CREATE TABLE IF NOT EXISTS `notification_banners` (
  `notification_id` bigint(20) UNSIGNED NOT NULL AUTO_INCREMENT,
  `category_id` tinyint(3) UNSIGNED DEFAULT NULL,
  `title` varchar(255) NOT NULL,
  `message` text NOT NULL,
  `status` tinyint(4) NOT NULL DEFAULT '1',
  `created_by` bigint(20) UNSIGNED DEFAULT NULL,
  `updated_by` bigint(20) UNSIGNED DEFAULT NULL,
  `created_at` timestamp NULL DEFAULT NULL,
  `updated_at` timestamp NULL DEFAULT NULL,
  PRIMARY KEY (`notification_id`)
) ENGINE=MyISAM AUTO_INCREMENT=3 DEFAULT CHARSET=latin1;

--
-- RELATIONSHIPS FOR TABLE `notification_banners`:
--

--
-- Dumping data for table `notification_banners`
--

INSERT INTO `notification_banners` (`notification_id`, `category_id`, `title`, `message`, `status`, `created_by`, `updated_by`, `created_at`, `updated_at`) VALUES
(1, 1, 'Welcome Banner', '<table width=\"100%\" bgcolor=\"#ffffff\" cellpadding=\"0\" cellspacing=\"0\"\r\n		border=\"0\" class=\"backgroundTable\" st-sortable=\"preheader\">\r\n		<tbody>\r\n			<tr>\r\n				<td>\r\n					<table width=\"600\" bgcolor=\"#f9f9f9\" cellpadding=\"0\"\r\n						cellspacing=\"0\" border=\"0\" align=\"center\" class=\"devicewidth\">\r\n						<tbody>\r\n							<tr>\r\n								<td width=\"100%\">\r\n									<table width=\"100%\" cellpadding=\"0\" cellspacing=\"0\" border=\"0\"\r\n										align=\"center\" class=\"devicewidth\">\r\n										<tbody>\r\n											<tr>\r\n												<td>\r\n													<table class=\"logo-area\" align=\"left\" border=\"0\"\r\n														cellpadding=\"5\" cellspacing=\"0\">\r\n														<tbody>\r\n															<tr>\r\n																<td width=\"129\" height=\"45\" align=\"center\">\r\n																	<div class=\"imgpop\">\r\n																		<a target=\"_blank\" href=\"http://www.usmsystems.com\"> <img\r\n																			src=\"http://www.myapp.usmsystems.com/mobile/img/usmlogo.png\" alt=\"\" border=\"0\"\r\n																			width=\"130\" height=\"68\"\r\n																			style=\"display: block; border: none; outline: none; padding: 0px 0px 4px 16px; text-decoration: none; margin-top: 8px;\"></a>\r\n																	</div>\r\n																</td>\r\n															</tr>\r\n														</tbody>\r\n													</table>\r\n													<table class=\"logo-area\" align=\"right\" border=\"0\"\r\n														cellpadding=\"5\" cellspacing=\"0\"\r\n														class=\"templateColumnContainer phmail\">\r\n														<tbody>\r\n															<tr>\r\n																<td>\r\n																	<tr>\r\n																		<td align=\"left\" class=\"templateColumnContainer\">\r\n																			<div class=\"imgpop\">\r\n																				<img src=\"http://www.myapp.usmsystems.com/mobile/img/phone.png\" alt=\"\"\r\n																					border=\"0\" width=\"20\" height=\"20\"\r\n																					style=\"display: inline; border: none; outline: none; text-decoration: none;\">\r\n																					<a href=\"tel:1 703-263-0855 X380\"\r\n																					style=\"color: #2f2f2f; font-size: 16px; font-family: Roboto, arial, sans-serif;\">\r\n																						+1 703-263-0855 X380 </a>\r\n																			\r\n																			</div>\r\n																		</td>\r\n																	</tr>\r\n																	<tr>\r\n																		<td align=\"left\" class=\"templateColumnContainer\">\r\n																			<div class=\"imgpop\">\r\n																				<a href=\"mailto:ermhelpdesk@usmsystems.com\"\r\n																					style=\"color: #2f2f2f; font-size: 16px; font-family: Roboto, arial, sans-serif;\">\r\n																					<img src=\"http://www.myapp.usmsystems.com/mobile/img/mail.png\" alt=\"\"\r\n																					border=\"0\" width=\"20\" height=\"20\"\r\n																					style=\"display: inline; border: none; outline: none; text-decoration: none;\">\r\n																						ermhelpdesk@usmsystems.com \r\n																				\r\n																				</a>\r\n																			</div>\r\n																		</td>\r\n																	</tr>\r\n																</td>\r\n															</tr>\r\n														</tbody>\r\n													</table>\r\n												</td>\r\n											</tr>\r\n\r\n										</tbody>\r\n									</table>\r\n								</td>\r\n							</tr>\r\n						</tbody>\r\n					</table>\r\n				</td>\r\n			</tr>\r\n		</tbody>\r\n	</table>\r\n\r\n	<table width=\"100%\" bgcolor=\"#ffffff\" cellpadding=\"0\" cellspacing=\"0\"\r\n		border=\"0\" class=\"backgroundTable\" st-sortable=\"banner\">\r\n		<tbody>\r\n			<tr>\r\n				<td>\r\n					<table width=\"600\" cellpadding=\"0\" cellspacing=\"0\" border=\"0\"\r\n						align=\"center\" class=\"devicewidth\">\r\n						<tbody>\r\n							<tr>\r\n								<td width=\"100%\">\r\n									<table width=\"100%\" align=\"center\" cellspacing=\"0\"\r\n										cellpadding=\"0\" border=\"0\" class=\"devicewidth\">\r\n										<tbody>\r\n											<tr>\r\n\r\n												<td align=\"center\" st-image=\"banner-image\">\r\n													<div class=\"imgpop\">\r\n\r\n														<img width=\"600\" border=\"0\" height=\"240\" alt=\"\" border=\"0\"\r\n															style=\"display: block; border: none; outline: none; text-decoration: none;\"\r\n															src=\"http://www.myapp.usmsystems.com/mobile/img/banner.jpg\" class=\"banner\">\r\n													\r\n													</div>\r\n												</td>\r\n											</tr>\r\n										</tbody>\r\n									</table>\r\n\r\n								</td>\r\n							</tr>\r\n						</tbody>\r\n					</table>\r\n				</td>\r\n			</tr>\r\n		</tbody>\r\n	</table>\r\n\r\n\r\n	<table width=\"100%\" bgcolor=\"#ffffff\" cellpadding=\"0\" cellspacing=\"0\"\r\n		border=\"0\" id=\"backgroundTable\">\r\n		<tbody>\r\n			<tr>\r\n				<td>\r\n					<table width=\"600\" bgcolor=\"#efefef\" cellpadding=\"0\"\r\n						cellspacing=\"0\" border=\"0\" align=\"center\" class=\"devicewidth\">\r\n						<tbody>\r\n							<tr>\r\n								<td>\r\n\r\n									<table class=\"contact-scr\" width=\"290\" align=\"left\" border=\"0\"\r\n										cellpadding=\"0\" cellspacing=\"0\" class=\"devicewidth\">\r\n										<tbody>\r\n											<tr>\r\n												<td width=\"100%\" height=\"10\"></td>\r\n											</tr>\r\n											<tr>\r\n												<td width=\"100%\" align=\"center\" class=\"devicewidth\"><img\r\n													src=\"http://www.myapp.usmsystems.com/mobile/img/contact.jpg\" alt=\"\" border=\"0\" width=\"260\"\r\n													height=\"409\"\r\n													style=\"display: block; border: none; outline: none; text-decoration: none;\"></td>\r\n											</tr>\r\n										</tbody>\r\n									</table>\r\n\r\n									<table width=\"10\" align=\"left\" border=\"0\" cellpadding=\"0\"\r\n										cellspacing=\"0\" class=\"removeMobile\">\r\n										<tbody>\r\n											<tr>\r\n												<td width=\"100%\" height=\"15\"\r\n													style=\"font-size: 1px; line-height: 1px; mso-line-height-rule: exactly;\">\r\n												</td>\r\n											</tr>\r\n										</tbody>\r\n									</table>\r\n									<table class=\"message-scr\" width=\"290\" align=\"right\" border=\"0\"\r\n										cellpadding=\"0\" cellspacing=\"0\" class=\"devicewidth\">\r\n										<tbody>\r\n											<tr>\r\n												<td width=\"100%\" height=\"10\"></td>\r\n											</tr>\r\n											<tr>\r\n												<td width=\"100%\" align=\"center\" class=\"devicewidth\"><img\r\n													src=\"http://www.myapp.usmsystems.com/mobile/img/message.jpg\" alt=\"\" border=\"0\" width=\"260\"\r\n													height=\"409\"\r\n													style=\"display: block; border: none; outline: none; text-decoration: none;\"></td>\r\n											</tr>\r\n										</tbody>\r\n									</table>\r\n\r\n\r\n								</td>\r\n							</tr>\r\n						</tbody>\r\n					</table>\r\n				</td>\r\n			</tr>\r\n		</tbody>\r\n	</table>', 0, NULL, NULL, NULL, '2017-06-06 10:10:59'),
(2, 3, 'USM Myapp New Version is Available', '<p><strong>USM Myapp New Version is Available. Please update.&nbsp;<a href=\"javascript:void(0)\" onclick=\"window.open(\'http://onelink.to/2whr2e\', \'_system\');\" target=\"__blank\">http://onelink.to/2whr2e</a></strong></p>\r\n', 1, 1, NULL, '2017-06-06 14:10:59', '2017-06-06 10:10:59');

-- --------------------------------------------------------

--
-- Table structure for table `notification_category`
--

CREATE TABLE IF NOT EXISTS `notification_category` (
  `category_id` tinyint(3) UNSIGNED NOT NULL AUTO_INCREMENT,
  `category` varchar(255) NOT NULL,
  `status` tinyint(4) NOT NULL DEFAULT '1',
  `created_at` timestamp NOT NULL DEFAULT CURRENT_TIMESTAMP,
  `updated_at` timestamp NULL DEFAULT NULL ON UPDATE CURRENT_TIMESTAMP,
  PRIMARY KEY (`category_id`)
) ENGINE=InnoDB AUTO_INCREMENT=4 DEFAULT CHARSET=latin1;

--
-- RELATIONSHIPS FOR TABLE `notification_category`:
--

--
-- Dumping data for table `notification_category`
--

INSERT INTO `notification_category` (`category_id`, `category`, `status`, `created_at`, `updated_at`) VALUES
(1, 'Job Post', 1, '2016-05-25 07:08:29', NULL),
(2, 'Greetings', 1, '2016-05-25 07:08:29', NULL),
(3, 'Announcements', 1, '2016-05-25 07:08:40', NULL);

-- --------------------------------------------------------

--
-- Table structure for table `password_resets`
--

CREATE TABLE IF NOT EXISTS `password_resets` (
  `email` varchar(255) COLLATE utf8_unicode_ci NOT NULL,
  `token` varchar(255) COLLATE utf8_unicode_ci NOT NULL,
  `created_at` timestamp NULL DEFAULT NULL,
  `updated_at` timestamp NULL DEFAULT NULL,
  KEY `password_resets_email_index` (`email`),
  KEY `password_resets_token_index` (`token`)
) ENGINE=InnoDB DEFAULT CHARSET=utf8 COLLATE=utf8_unicode_ci;

--
-- RELATIONSHIPS FOR TABLE `password_resets`:
--

-- --------------------------------------------------------

--
-- Table structure for table `permissions`
--

CREATE TABLE IF NOT EXISTS `permissions` (
  `id` int(10) UNSIGNED NOT NULL AUTO_INCREMENT,
  `parent` int(10) UNSIGNED DEFAULT NULL,
  `name` varchar(128) COLLATE utf8_unicode_ci NOT NULL,
  `display_name` varchar(128) COLLATE utf8_unicode_ci DEFAULT NULL,
  `description` varchar(255) COLLATE utf8_unicode_ci DEFAULT NULL,
  `status` tinyint(1) DEFAULT '1',
  `created_at` timestamp NOT NULL DEFAULT '0000-00-00 00:00:00',
  `updated_at` timestamp NOT NULL DEFAULT '0000-00-00 00:00:00',
  PRIMARY KEY (`id`),
  UNIQUE KEY `permissions_name_unique` (`name`)
) ENGINE=InnoDB AUTO_INCREMENT=53 DEFAULT CHARSET=utf8 COLLATE=utf8_unicode_ci;



-- --------------------------------------------------------

--
-- Table structure for table `permission_role`
--

CREATE TABLE IF NOT EXISTS `permission_role` (
  `permission_id` int(10) UNSIGNED NOT NULL,
  `role_id` int(10) UNSIGNED NOT NULL,
  PRIMARY KEY (`permission_id`,`role_id`),
  KEY `permission_role_role_id_foreign` (`role_id`)
) ENGINE=InnoDB DEFAULT CHARSET=utf8 COLLATE=utf8_unicode_ci;

--
-- RELATIONSHIPS FOR TABLE `permission_role`:
--   `permission_id`
--       `permissions` -> `id`
--   `role_id`
--       `roles` -> `id`
--

--
-- Dumping data for table `permission_role`
--

INSERT INTO `permission_role` (`permission_id`, `role_id`) VALUES
(1, 31),
(2, 16),
(2, 17),
(2, 19),
(2, 24),
(3, 17),
(3, 24),
(4, 17),
(4, 24),
(5, 17),
(7, 17),
(7, 24),
(8, 17),
(10, 16),
(10, 17),
(10, 19),
(10, 24),
(11, 17),
(11, 24),
(12, 17),
(12, 24),
(13, 17),
(15, 16),
(15, 17),
(15, 19),
(15, 20),
(15, 21),
(15, 24),
(16, 17),
(16, 19),
(16, 21),
(16, 24),
(16, 26),
(17, 17),
(17, 19),
(17, 21),
(17, 22),
(17, 24),
(18, 17),
(18, 19),
(18, 21),
(18, 24),
(18, 25),
(19, 17),
(19, 19),
(19, 21),
(19, 24),
(19, 27),
(20, 17),
(20, 19),
(20, 21),
(20, 24),
(20, 28),
(29, 16),
(29, 17),
(29, 19),
(29, 23),
(29, 24),
(30, 16),
(30, 17),
(30, 19),
(30, 23),
(30, 24),
(31, 16),
(31, 17),
(31, 19),
(31, 23),
(31, 24),
(34, 16),
(34, 17),
(34, 19),
(34, 20),
(34, 24),
(36, 16),
(36, 17),
(36, 24),
(37, 16),
(37, 17),
(37, 19),
(37, 20),
(37, 24),
(38, 17),
(38, 24),
(39, 17),
(39, 24),
(40, 16),
(40, 17),
(40, 24),
(41, 16),
(41, 17),
(41, 24),
(42, 17),
(42, 24),
(43, 17),
(43, 24),
(44, 16),
(44, 17),
(44, 24),
(45, 17),
(45, 19),
(45, 21),
(45, 24),
(45, 29),
(46, 19),
(49, 17),
(49, 19),
(49, 21),
(50, 17),
(50, 19),
(50, 21),
(51, 17),
(51, 19),
(51, 21),
(52, 17);

-- --------------------------------------------------------

--
-- Table structure for table `placements_history`
--

CREATE TABLE IF NOT EXISTS `placements_history` (
  `id` int(10) UNSIGNED NOT NULL,
  `consultant_id` int(10) UNSIGNED DEFAULT NULL,
  `workforce_id` int(10) UNSIGNED DEFAULT NULL,
  `placement_id` int(10) UNSIGNED DEFAULT NULL,
  `project_start_date` date DEFAULT NULL,
  `project_end_date` date DEFAULT NULL,
  `current_client` varchar(128) CHARACTER SET utf8 COLLATE utf8_unicode_ci DEFAULT NULL,
  `end_client` varchar(128) CHARACTER SET utf8 COLLATE utf8_unicode_ci DEFAULT NULL,
  `client_id` int(10) UNSIGNED DEFAULT NULL,
  `end_client_id` int(10) UNSIGNED DEFAULT NULL,
  `rm_name` varchar(128) CHARACTER SET utf8 COLLATE utf8_unicode_ci DEFAULT NULL,
  `poc_name` varchar(128) CHARACTER SET utf8 COLLATE utf8_unicode_ci DEFAULT NULL,
  `timesheet_cycle_id` int(10) UNSIGNED NOT NULL,
  `status_id` tinyint(3) DEFAULT '1',
  `created_at` timestamp NULL DEFAULT CURRENT_TIMESTAMP,
  `updated_at` timestamp NULL DEFAULT CURRENT_TIMESTAMP ON UPDATE CURRENT_TIMESTAMP
) ENGINE=InnoDB DEFAULT CHARSET=latin1;

--
-- RELATIONSHIPS FOR TABLE `placements_history`:
--

--
-- Dumping data for table `placements_history`
--

INSERT INTO `placements_history` (`id`, `consultant_id`, `workforce_id`, `placement_id`, `project_start_date`, `project_end_date`, `current_client`, `end_client`, `client_id`, `end_client_id`, `rm_name`, `poc_name`, `timesheet_cycle_id`, `status_id`, `created_at`, `updated_at`) VALUES
(0, 0, 103, 1, '2019-12-11', '2020-12-12', '', '', 11116, 11157, '', '', 21, 1, '2023-03-17 12:30:10', '2023-03-17 12:30:10'),
(0, 0, 104, 2, '2019-10-01', '2019-10-16', '', '', 11058, 11064, '', '', 21, 1, '2023-03-17 12:30:10', '2023-03-17 12:30:10'),
(0, 0, 12, 3, '2019-10-23', '2019-10-30', '', '', 11058, 11064, '', '', 21, 1, '2023-03-17 12:30:10', '2023-03-17 12:30:10'),
(0, 0, 105, 4, '2019-11-14', '2021-12-17', '', '', 11105, 11105, '', '', 21, 1, '2023-03-17 12:30:10', '2023-03-17 12:30:10'),
(0, 0, 106, 5, '2019-11-26', '2019-12-06', '', '', 11105, 11105, '', '', 21, 1, '2023-03-17 12:30:10', '2023-03-17 12:30:10'),
(0, 421, 24, 6, '2019-10-01', '2019-10-30', '', '', 11073, 11073, '', '', 21, 1, '2023-03-17 12:30:10', '2023-03-17 12:30:49'),
(0, 0, 107, 7, '2019-10-08', '2019-10-22', '', '', 11073, 10975, '', '', 21, 1, '2023-03-17 12:30:10', '2023-03-17 12:30:10'),
(0, 0, 109, 8, '2019-12-17', '2021-01-31', '', '', 11073, 11073, '', '', 21, 1, '2023-03-17 12:30:10', '2023-03-17 12:30:10'),
(0, 0, 110, 9, '2019-12-17', '2021-12-01', '', '', 11105, 11105, '', '', 21, 1, '2023-03-17 12:30:10', '2023-03-17 12:30:10'),
(0, 0, 111, 10, '2015-08-25', '2020-12-04', '', '', 12264, 11069, '', '', 21, 1, '2023-03-17 12:30:10', '2023-03-17 12:30:10'),
(0, 0, 112, 11, '2019-12-10', '2021-02-19', '', '', 12264, 11069, '', '', 21, 1, '2023-03-17 12:30:10', '2023-03-17 12:30:10'),
(0, 0, 113, 12, '2019-10-04', '2019-11-06', '', '', 11063, 11063, '', '', 21, 1, '2023-03-17 12:30:10', '2023-03-17 12:30:10'),
(0, 0, 108, 13, '2019-10-05', '2019-10-31', '', '', 11081, 11081, '', '', 21, 1, '2023-03-17 12:30:10', '2023-03-17 12:30:10'),
(0, 0, 114, 14, '2019-12-10', '2020-02-02', '', '', 11063, 11063, '', '', 21, 1, '2023-03-17 12:30:10', '2023-03-17 12:30:10'),
(0, 0, 115, 15, '2019-10-01', '2020-05-31', '', '', 11063, 11063, '', '', 21, 1, '2023-03-17 12:30:10', '2023-03-17 12:30:10'),
(0, 0, 117, 17, '2019-12-11', '2020-04-05', '', '', 1336, 1336, '', '', 21, 1, '2023-03-17 12:30:10', '2023-03-17 12:30:10'),
(0, 0, 118, 18, '2019-12-10', '2020-03-01', '', '', 11063, 11063, '', '', 21, 1, '2023-03-17 12:30:10', '2023-03-17 12:30:10'),
(0, 0, 119, 19, '2019-12-10', '2020-06-07', '', '', 11112, 11112, '', '', 21, 1, '2023-03-17 12:30:10', '2023-03-17 12:30:10'),
(0, 442, 120, 20, '2019-12-11', '2020-03-31', '', '', 11112, 10975, '', '', 21, 1, '2023-03-17 12:30:10', '2023-03-17 12:30:49'),
(0, 0, 122, 22, '2019-11-20', '2019-11-29', '', '', 11321, 11321, '', '', 21, 1, '2023-03-17 12:30:10', '2023-03-17 12:30:10'),
(0, 0, 123, 23, '2019-10-08', '2019-12-08', '', '', 11083, 11083, '', '', 21, 1, '2023-03-17 12:30:10', '2023-03-17 12:30:10'),
(0, 0, 124, 24, '2019-11-15', '2019-12-11', '', '', 11187, 10975, '', '', 21, 1, '2023-03-17 12:30:10', '2023-03-17 12:30:10'),
(0, 0, 126, 25, '2019-10-08', '2019-12-08', '', '', 11083, 11083, '', '', 21, 1, '2023-03-17 12:30:10', '2023-03-17 12:30:10'),
(0, 0, 127, 26, '2019-12-11', '2020-05-03', '', '', 11112, 10975, '', '', 21, 1, '2023-03-17 12:30:10', '2023-03-17 12:30:10'),
(0, 0, 128, 27, '2019-10-02', '2019-12-08', '', '', 11083, 11083, '', '', 21, 1, '2023-03-17 12:30:10', '2023-03-17 12:30:10'),
(0, 0, 129, 28, '2019-10-16', '2019-11-05', '', '', 11112, 10975, '', '', 21, 1, '2023-03-17 12:30:10', '2023-03-17 12:30:10'),
(0, 0, 130, 29, '2019-10-08', '2019-12-08', '', '', 11083, 11083, '', '', 21, 1, '2023-03-17 12:30:10', '2023-03-17 12:30:10'),
(0, 0, 132, 30, '2019-11-21', '2019-11-30', '', '', 11086, 3695, '', '', 21, 1, '2023-03-17 12:30:10', '2023-03-17 12:30:10'),
(0, 0, 44, 31, '2019-11-20', '2019-11-30', '', '', 11086, 3695, '', '', 21, 1, '2023-03-17 12:30:10', '2023-03-17 12:30:10'),
(0, 0, 133, 33, '2019-12-11', '2020-05-31', '', '', 11112, 10975, '', '', 21, 1, '2023-03-17 12:30:10', '2023-03-17 12:30:10'),
(0, 0, 136, 34, '2019-12-01', '2019-12-11', '', '', 11086, 11086, '', '', 21, 1, '2023-03-17 12:30:10', '2023-03-17 12:30:10'),
(0, 0, 137, 35, '2019-10-15', '2019-10-31', '', '', 11086, 11086, '', '', 21, 1, '2023-03-17 12:30:10', '2023-03-17 12:30:10'),
(0, 0, 21, 36, '2019-10-15', '2019-10-31', '', '', 11080, 11080, '', '', 21, 1, '2023-03-17 12:30:10', '2023-03-17 12:30:10'),
(0, 0, 138, 37, '2019-12-18', '2020-04-30', '', '', 11112, 10975, '', '', 21, 1, '2023-03-17 12:30:10', '2023-03-17 12:30:10'),
(0, 0, 140, 38, '2019-10-16', '2019-10-30', '', '', 11103, 11103, '', '', 21, 1, '2023-03-17 12:30:10', '2023-03-17 12:30:10'),
(0, 0, 141, 39, '2019-10-01', '2019-10-30', '', '', 11108, 11108, '', '', 21, 1, '2023-03-17 12:30:10', '2023-03-17 12:30:10'),
(0, 0, 139, 40, '2019-10-15', '2019-11-16', '', '', 10860, 11066, '', '', 21, 1, '2023-03-17 12:30:10', '2023-03-17 12:30:10'),
(0, 0, 106, 41, '2019-10-16', '2019-10-31', '', '', 11103, 11103, '', '', 21, 1, '2023-03-17 12:30:10', '2023-03-17 12:30:10'),
(0, 0, 142, 42, '2014-10-01', '2019-11-02', '', '', 11108, 11108, '', '', 21, 1, '2023-03-17 12:30:10', '2023-03-17 12:30:10'),
(0, 0, 63, 43, '2019-11-12', '2019-11-30', '', '', 11064, 11066, '', '', 21, 1, '2023-03-17 12:30:10', '2023-03-17 12:30:10'),
(0, 0, 144, 44, '2019-10-15', '2019-12-15', '', '', 11084, 11084, '', '', 21, 1, '2023-03-17 12:30:10', '2023-03-17 12:30:10'),
(0, 0, 145, 45, '2019-10-15', '2019-12-15', '', '', 11084, 11084, '', '', 21, 1, '2023-03-17 12:30:10', '2023-03-17 12:30:10'),
(0, 0, 143, 46, '2019-12-16', '2020-01-15', '', '', 11075, 11075, '', '', 21, 1, '2023-03-17 12:30:10', '2023-03-17 12:30:10'),
(0, 0, 146, 47, '2019-12-15', '2019-12-31', '', '', 11057, 11057, '', '', 22, 1, '2023-03-17 12:30:10', '2023-03-17 12:30:10'),
(0, 0, 146, 48, '2019-12-15', '2019-12-31', '', '', 11057, 11057, '', '', 21, 1, '2023-03-17 12:30:10', '2023-03-17 12:30:10'),
(0, 0, 147, 49, '2019-11-12', '2019-12-25', '', '', 11801, 11801, '', '', 22, 1, '2023-03-17 12:30:10', '2023-03-17 12:30:10'),
(0, 0, 147, 50, '2019-12-15', '2020-02-03', '', '', 11801, 11801, '', '', 21, 1, '2023-03-17 12:30:10', '2023-03-17 12:30:10'),
(0, 0, 148, 51, '2019-12-17', '2020-02-17', '', '', 11801, 11801, '', '', 21, 1, '2023-03-17 12:30:10', '2023-03-17 12:30:10'),
(0, 0, 148, 52, '2019-12-17', '2020-02-17', '', '', 11801, 11801, '', '', 21, 1, '2023-03-17 12:30:10', '2023-03-17 12:30:10'),
(0, 0, 151, 55, '2019-12-18', '2020-01-19', '', '', 16012, 16012, '', '', 21, 1, '2023-03-17 12:30:10', '2023-03-17 12:30:10'),
(0, 0, 4, 57, '2019-12-11', '2019-12-23', '', '', 11064, 11064, '', '', 21, 1, '2023-03-17 12:30:10', '2023-03-17 12:30:10'),
(0, 0, 154, 59, '2019-12-12', '2019-12-19', '', '', 3695, 11070, '', '', 21, 1, '2023-03-17 12:30:10', '2023-03-17 12:30:10'),
(0, 0, 155, 60, '2019-11-11', '2019-11-30', '', '', 11075, 11075, '', '', 21, 1, '2023-03-17 12:30:10', '2023-03-17 12:30:10'),
(0, 0, 157, 62, '2019-12-18', '2020-01-18', '', '', 11083, 11086, '', '', 21, 1, '2023-03-17 12:30:10', '2023-03-17 12:30:10'),
(0, 0, 160, 64, '2019-12-18', '2020-01-21', '', '', 11083, 11083, '', '', 21, 1, '2023-03-17 12:30:10', '2023-03-17 12:30:10'),
(0, 0, 159, 65, '2019-12-19', '2020-01-22', '', '', 11801, 11801, '', '', 21, 1, '2023-03-17 12:30:10', '2023-03-17 12:30:10'),
(0, 0, 161, 66, '2019-12-21', '2020-01-02', '', '', 11081, 11081, '', '', 21, 1, '2023-03-17 12:30:10', '2023-03-17 12:30:10'),
(0, 0, 162, 67, '2019-12-19', '2020-01-19', '', '', 3695, 3695, '', '', 21, 1, '2023-03-17 12:30:10', '2023-03-17 12:30:10'),
(0, 0, 163, 69, '2019-12-20', '2020-01-22', '', '', 3695, 11066, '', '', 21, 1, '2023-03-17 12:30:10', '2023-03-17 12:30:10'),
(0, 0, 164, 70, '2019-12-20', '2020-01-31', '', '', 3695, 11066, '', '', 21, 1, '2023-03-17 12:30:10', '2023-03-17 12:30:10'),
(0, 0, 165, 71, '2019-12-01', '2019-12-19', '', '', 11127, 11127, '', '', 21, 1, '2023-03-17 12:30:10', '2023-03-17 12:30:10'),
(0, 0, 166, 72, '2019-12-19', '2020-03-19', '', '', 11081, 11067, '', '', 21, 1, '2023-03-17 12:30:10', '2023-03-17 12:30:10'),
(0, 531, 168, 73, '2019-12-20', '2020-01-17', '', '', 15468, 15468, '', '', 21, 1, '2023-03-17 12:30:10', '2023-03-17 12:30:49'),
(0, 0, 169, 74, '2019-12-21', '2020-01-08', '', '', 11082, 11067, '', '', 21, 1, '2023-03-17 12:30:10', '2023-03-17 12:30:10'),
(0, 0, 170, 75, '2019-12-21', '2020-04-05', '', '', 15468, 15468, '', '', 21, 1, '2023-03-17 12:30:10', '2023-03-17 12:30:10'),
(0, 0, 171, 76, '2019-12-13', '2019-12-18', '', '', 2204, 11081, '', '', 21, 1, '2023-03-17 12:30:10', '2023-03-17 12:30:10'),
(0, 0, 174, 78, '2019-12-24', '2020-02-25', '', '', 11057, 11096, '', '', 21, 1, '2023-03-17 12:30:10', '2023-03-17 12:30:10'),
(0, 0, 15, 80, '2019-08-28', '2019-12-30', '', '', 11080, 11078, '', '', 21, 1, '2023-03-17 12:30:10', '2023-03-17 12:30:10'),
(0, 0, 177, 81, '2019-12-31', '2020-03-31', '', '', 11099, 13059, '', '', 21, 1, '2023-03-17 12:30:10', '2023-03-17 12:30:10'),
(0, 0, 177, 82, '2019-12-31', '2020-03-31', '', '', 11099, 13059, '', '', 21, 1, '2023-03-17 12:30:10', '2023-03-17 12:30:10'),
(0, 439, 3, 83, '2019-12-24', '2020-01-05', '', '', 11066, 11066, '', '', 21, 1, '2023-03-17 12:30:10', '2023-03-17 12:30:49'),
(0, 439, 3, 84, '2019-12-24', '2020-01-05', '', '', 11066, 11066, '', '', 21, 1, '2023-03-17 12:30:10', '2023-03-17 12:30:49'),
(0, 0, 178, 85, '2019-12-31', '2020-03-31', '', '', 13125, 13059, '', '', 21, 1, '2023-03-17 12:30:10', '2023-03-17 12:30:10'),
(0, 448, 2, 86, '2020-01-01', '2020-01-05', '', '', 11063, 11081, '', '', 21, 1, '2023-03-17 12:30:10', '2023-03-17 12:30:49'),
(0, 0, 104, 87, '2004-07-16', '2020-01-25', '', '', 11063, NULL, '', '', 21, 1, '2023-03-17 12:30:10', '2023-03-17 12:30:10'),
(0, 0, 181, 88, '2020-01-01', '2020-05-31', '', '', 11099, 11099, '', '', 21, 1, '2023-03-17 12:30:10', '2023-03-17 12:30:10'),
(0, 0, 195, 92, '2020-01-06', '2020-01-06', '', '', 11060, 11079, '', '', 21, 1, '2023-03-17 12:30:10', '2023-03-17 12:30:10'),
(0, 448, 2, 93, '2020-01-07', '2020-01-07', '', '', 11108, 11105, '', '', 21, 1, '2023-03-17 12:30:10', '2023-03-17 12:30:49'),
(0, 0, 12, 97, '2020-01-09', '2020-01-24', '', '', 3695, NULL, '', '', 21, 1, '2023-03-17 12:30:10', '2023-03-17 12:30:10'),
(0, 0, 19, 98, '2020-01-10', '2020-01-10', '', '', 3695, NULL, '', '', 21, 1, '2023-03-17 12:30:10', '2023-03-17 12:30:10'),
(0, 0, 199, 99, '2020-01-14', '2020-01-14', '', '', 12264, 11064, '', '', 21, 1, '2023-03-17 12:30:10', '2023-03-17 12:30:10'),
(0, 0, 202, 100, '2020-01-14', '2020-01-24', '', '', 11060, NULL, '', '', 21, 1, '2023-03-17 12:30:10', '2023-03-17 12:30:10'),
(0, 0, 204, 101, '2020-01-20', '2020-02-06', '', '', 11063, 10975, '', '', 21, 1, '2023-03-17 12:30:10', '2023-03-17 12:30:10'),
(0, 0, 206, 103, '2020-01-21', '2020-04-17', '', '', 12264, 10781, '', '', 21, 1, '2023-03-17 12:30:10', '2023-03-17 12:30:10'),
(0, 0, 210, 104, '2020-01-22', '2020-04-11', '', '', 11079, NULL, '', '', 21, 1, '2023-03-17 12:30:10', '2023-03-17 12:30:10'),
(0, 0, 211, 105, '2020-01-22', '2020-04-17', '', '', 11079, NULL, '', '', 21, 1, '2023-03-17 12:30:10', '2023-03-17 12:30:10'),
(0, 0, 212, 106, '2020-01-22', '2020-01-23', '', '', 11060, 11072, '', '', 21, 1, '2023-03-17 12:30:10', '2023-03-17 12:30:10'),
(0, 0, 213, 107, '2020-01-22', '2020-03-06', '', '', 11063, 11063, '', '', 21, 1, '2023-03-17 12:30:10', '2023-03-17 12:30:10'),
(0, 0, 214, 108, '2020-01-23', '2020-01-23', '', '', 12264, 10781, '', '', 21, 1, '2023-03-17 12:30:10', '2023-03-17 12:30:10'),
(0, 0, 215, 109, '2020-01-02', '2020-07-01', '', '', 15165, 15165, '', '', 21, 1, '2023-03-17 12:30:10', '2023-03-17 12:30:10'),
(0, 0, 216, 110, '2019-11-07', '2020-03-12', '', '', 2985, 2985, '', '', 21, 1, '2023-03-17 12:30:10', '2023-03-17 12:30:10'),
(0, 0, 217, 111, '2020-01-27', '2020-07-01', '', '', 15165, 15165, '', '', 21, 1, '2023-03-17 12:30:10', '2023-03-17 12:30:10'),
(0, 0, 218, 112, '2020-01-29', '2020-04-10', '', '', 12253, 3695, '', '', 21, 1, '2023-03-17 12:30:10', '2023-03-17 12:30:10'),
(0, 0, 126, 113, '2020-01-30', '2020-04-09', '', '', 12261, 12261, '', '', 21, 1, '2023-03-17 12:30:10', '2023-03-17 12:30:10'),
(0, 0, 219, 114, '2020-01-23', '2020-04-05', '', '', 15165, 15165, '', '', 21, 1, '2023-03-17 12:30:10', '2023-03-17 12:30:10'),
(0, 0, 220, 115, '2020-01-29', '2020-04-22', '', '', 11711, 11068, '', '', 21, 1, '2023-03-17 12:30:10', '2023-03-17 12:30:10'),
(0, 0, 221, 116, '2020-02-01', '2020-03-06', '', '', 12253, 3695, '', '', 21, 1, '2023-03-17 12:30:10', '2023-03-17 12:30:10'),
(0, 0, 223, 118, '2020-02-01', '2020-02-29', '', '', 12253, NULL, '', '', 21, 1, '2023-03-17 12:30:10', '2023-03-17 12:30:10'),
(0, 0, 224, 119, '2019-12-05', '2020-03-13', '', '', 12253, 19, '', '', 21, 1, '2023-03-17 12:30:10', '2023-03-17 12:30:10'),
(0, 0, 226, 121, '2020-02-05', '2020-03-08', '', '', 11069, 3695, '', '', 21, 1, '2023-03-17 12:30:10', '2023-03-17 12:30:10'),
(0, 0, 227, 122, '2020-02-05', '2020-04-23', '', '', 11069, NULL, '', '', 21, 1, '2023-03-17 12:30:10', '2023-03-17 12:30:10'),
(0, 0, 230, 125, '2019-11-14', '2022-02-19', '', '', 12334, 12334, '', '', 21, 1, '2023-03-17 12:30:10', '2023-03-17 12:30:10'),
(0, 0, 230, 126, '2019-11-14', '2022-02-19', '', '', 12334, 12334, '', '', 21, 1, '2023-03-17 12:30:10', '2023-03-17 12:30:10'),
(0, 0, 230, 127, '2019-11-14', '2022-02-19', '', '', 12334, 12334, '', '', 21, 1, '2023-03-17 12:30:10', '2023-03-17 12:30:10'),
(0, 0, 231, 128, '2020-02-10', '2020-08-20', '', '', 3695, NULL, '', '', 21, 1, '2023-03-17 12:30:10', '2023-03-17 12:30:10'),
(0, 0, 1, 129, '2019-12-26', '2020-01-11', '', '', 11075, NULL, '', '', 21, 1, '2023-03-17 12:30:10', '2023-03-17 12:30:10'),
(0, 0, 1, 130, '2019-12-26', '2020-01-11', '', '', 11075, NULL, '', '', 21, 1, '2023-03-17 12:30:10', '2023-03-17 12:30:10'),
(0, 0, 1, 131, '2019-12-26', '2020-01-11', '', '', 11075, NULL, '', '', 21, 1, '2023-03-17 12:30:10', '2023-03-17 12:30:10'),
(0, 0, 234, 134, '2020-02-10', '2020-04-10', '', '', 11069, NULL, '', '', 21, 1, '2023-03-17 12:30:10', '2023-03-17 12:30:10'),
(0, 0, 102, 140, '2020-02-04', '2020-02-28', '', '', 11072, 11119, '', '', 21, 1, '2023-03-17 12:30:10', '2023-03-17 12:30:10'),
(0, 0, 240, 141, '2020-02-11', '2020-02-29', '', '', 11711, 11081, '', '', 21, 1, '2023-03-17 12:30:10', '2023-03-17 12:30:10'),
(0, 0, 241, 142, '2020-02-13', '2020-02-05', '', '', 11078, NULL, '', '', 21, 1, '2023-03-17 12:30:10', '2023-03-17 12:30:10'),
(0, 0, 242, 143, '2020-02-12', '2020-02-05', '', '', 14210, NULL, '', '', 21, 1, '2023-03-17 12:30:10', '2023-03-17 12:30:10'),
(0, 0, 243, 144, '2020-02-15', '2020-04-16', '', '', 11071, 11086, '', '', 21, 1, '2023-03-17 12:30:10', '2023-03-17 12:30:10'),
(0, 0, 245, 145, '2020-02-14', '2020-08-20', '', '', 11711, 11081, '', '', 21, 1, '2023-03-17 12:30:10', '2023-03-17 12:30:10'),
(0, 0, 247, 146, '2020-02-16', '2020-05-21', '', '', 13632, 11105, '', '', 21, 1, '2023-03-17 12:30:10', '2023-03-17 12:30:10'),
(0, 0, 250, 147, '2020-02-14', '2020-02-29', '', '', 11104, NULL, '', '', 21, 1, '2023-03-17 12:30:10', '2023-03-17 12:30:10'),
(0, 443, 251, 148, '2020-02-17', '2020-06-17', '', '', 11072, NULL, '', '', 21, 1, '2023-03-17 12:30:10', '2023-03-17 12:30:49'),
(0, 444, 252, 149, '2020-02-17', '2020-08-14', '', '', 11069, NULL, '', '', 21, 1, '2023-03-17 12:30:10', '2023-03-17 12:30:49'),
(0, 445, 253, 150, '2020-02-17', '2020-06-04', '', '', 13632, 11105, '', '', 21, 1, '2023-03-17 12:30:10', '2023-03-17 12:30:49'),
(0, 446, 254, 151, '2020-02-20', '2020-04-29', '', '', 11069, 11084, '', '', 21, 1, '2023-03-17 12:30:10', '2023-03-17 12:30:49'),
(0, 447, 255, 152, '2020-02-19', '2020-04-17', '', '', 11071, 11086, '', '', 21, 1, '2023-03-17 12:30:10', '2023-03-17 12:30:49'),
(0, 448, 2, 153, '2020-02-19', '2020-05-21', '', '', 11071, 11086, '', '', 21, 1, '2023-03-17 12:30:10', '2023-03-17 12:30:49'),
(0, 449, 256, 154, '2020-02-19', '2020-04-22', '', '', 11067, NULL, '', '', 21, 1, '2023-03-17 12:30:10', '2023-03-17 12:30:49'),
(0, 450, 257, 155, '2020-02-19', '2020-05-28', '', '', 11069, 11132, '', '', 21, 1, '2023-03-17 12:30:10', '2023-03-17 12:30:49'),
(0, 451, 258, 156, '2020-03-05', '2020-02-29', '', '', 11148, 11086, '', '', 21, 1, '2023-03-17 12:30:10', '2023-03-17 12:30:49'),
(0, 453, 260, 158, '2020-02-25', '2020-06-26', '', '', 14207, 3695, '', '', 23, 1, '2023-03-17 12:30:10', '2023-03-17 12:30:49'),
(0, 454, 261, 159, '2020-02-25', '2020-04-03', '', '', 14207, 3695, '', '', 21, 1, '2023-03-17 12:30:10', '2023-03-17 12:30:49'),
(0, 455, 262, 160, '2020-02-25', '2020-06-25', '', '', 14207, 3695, '', '', 21, 1, '2023-03-17 12:30:10', '2023-03-17 12:30:49'),
(0, 456, 263, 161, '2020-02-25', '2020-02-29', '', '', 11069, 11132, '', '', 21, 1, '2023-03-17 12:30:10', '2023-03-17 12:30:49'),
(0, 457, 264, 162, '2020-02-25', '2020-09-23', '', '', 11078, 11128, '', '', 21, 1, '2023-03-17 12:30:10', '2023-03-17 12:30:49'),
(0, 458, 265, 163, '2020-02-25', '2020-07-02', '', '', 11070, 3695, '', '', 21, 1, '2023-03-17 12:30:10', '2023-03-17 12:30:49'),
(0, 459, 266, 164, '2020-02-28', '2020-06-06', '', '', 13632, NULL, '', '', 21, 1, '2023-03-17 12:30:10', '2023-03-17 12:30:49'),
(0, 460, 267, 165, '2020-02-26', '2020-05-22', '', '', 11104, NULL, '', '', 21, 1, '2023-03-17 12:30:10', '2023-03-17 12:30:49'),
(0, 461, 268, 166, '2020-03-01', '2020-06-17', '', '', 12227, 11075, '', '', 21, 1, '2023-03-17 12:30:10', '2023-03-17 12:30:49'),
(0, 462, 269, 167, '2020-02-28', '2020-05-28', '', '', 12227, 11058, '', '', 21, 1, '2023-03-17 12:30:10', '2023-03-17 12:30:49'),
(0, 463, 270, 168, '2020-02-28', '2020-04-22', '', '', 12227, NULL, '', '', 21, 1, '2023-03-17 12:30:10', '2023-03-17 12:30:49'),
(0, 464, 271, 169, '2020-02-28', '2020-05-29', '', '', 12227, 11075, '', '', 21, 1, '2023-03-17 12:30:10', '2023-03-17 12:30:49'),
(0, 465, 272, 170, '2020-02-28', '2020-06-17', '', '', 13632, NULL, '', '', 21, 1, '2023-03-17 12:30:10', '2023-03-17 12:30:49'),
(0, 466, 273, 171, '2020-02-28', '2020-05-07', '', '', 11070, NULL, '', '', 21, 1, '2023-03-17 12:30:10', '2023-03-17 12:30:49'),
(0, 467, 274, 172, '2020-02-28', '2020-06-17', '', '', 12227, 11075, '', '', 21, 1, '2023-03-17 12:30:10', '2023-03-17 12:30:49'),
(0, 0, 275, 173, '2020-02-28', '2020-04-16', '', '', 12227, NULL, '', '', 21, 1, '2023-03-17 12:30:10', '2023-03-17 12:30:10'),
(0, 469, 276, 174, '2020-02-28', '2020-02-28', '', '', 11073, NULL, '', '', 21, 1, '2023-03-17 12:30:10', '2023-03-17 12:30:49'),
(0, 472, 279, 177, '2020-03-03', '2020-07-22', '', '', 10931, 11134, '', '', 21, 1, '2023-03-17 12:30:10', '2023-03-17 12:30:49'),
(0, 473, 280, 178, '2020-03-03', '2020-07-24', '', '', 12423, NULL, '', '', 21, 1, '2023-03-17 12:30:10', '2023-03-17 12:30:49'),
(0, 474, 281, 179, '2020-03-03', '2020-07-18', '', '', 11074, NULL, '', '', 21, 1, '2023-03-17 12:30:10', '2023-03-17 12:30:49'),
(0, 475, 282, 180, '2020-03-03', '2020-07-18', '', '', 14207, NULL, '', '', 21, 1, '2023-03-17 12:30:10', '2023-03-17 12:30:49'),
(0, 476, 283, 181, '2020-03-09', '2020-06-11', '', '', 12423, NULL, '', '', 21, 1, '2023-03-17 12:30:10', '2023-03-17 12:30:49'),
(0, 477, 284, 182, '2020-03-10', '2020-05-07', '', '', 11070, NULL, '', '', 21, 1, '2023-03-17 12:30:10', '2023-03-17 12:30:49'),
(0, 481, 289, 186, '2020-03-11', '2020-06-05', '', '', 12227, NULL, '', '', 21, 1, '2023-03-17 12:30:10', '2023-03-17 12:30:49'),
(0, 482, 290, 187, '2020-03-12', '2020-05-21', '', '', 13632, 11169, '', '', 21, 1, '2023-03-17 12:30:10', '2023-03-17 12:30:49'),
(0, 483, 291, 188, '2020-03-12', '2020-07-01', '', '', 12227, NULL, '', '', 21, 1, '2023-03-17 12:30:10', '2023-03-17 12:30:49'),
(0, 486, 294, 191, '2020-03-13', '2020-05-14', '', '', 14491, NULL, '', '', 21, 1, '2023-03-17 12:30:10', '2023-03-17 12:30:49'),
(0, 487, 295, 192, '2020-03-13', '2020-07-15', '', '', 10931, NULL, '', '', 21, 1, '2023-03-17 12:30:10', '2023-03-17 12:30:49'),
(0, 490, 298, 195, '2020-03-18', '2020-07-17', '', '', 12227, NULL, '', '', 21, 1, '2023-03-17 12:30:10', '2023-03-17 12:30:49'),
(0, 491, 299, 196, '2020-03-18', '2020-05-15', '', '', 11282, 11282, '', '', 21, 1, '2023-03-17 12:30:10', '2023-03-17 12:30:49'),
(0, 493, 301, 198, '2020-03-19', '2020-06-16', '', '', 12423, 11086, '', '', 21, 1, '2023-03-17 12:30:10', '2023-03-17 12:30:49'),
(0, 494, 302, 199, '2020-03-23', '2020-06-19', '', '', 11355, 11075, '', '', 21, 1, '2023-03-17 12:30:10', '2023-03-17 12:30:49'),
(0, 495, 303, 200, '2020-03-23', '2020-05-22', '', '', 12227, 14208, '', '', 21, 1, '2023-03-17 12:30:10', '2023-03-17 12:30:49'),
(0, 496, 304, 201, '2020-03-26', '2020-03-26', '', '', 11058, 10975, '', '', 21, 1, '2023-03-17 12:30:10', '2023-03-17 12:30:49'),
(0, 497, 305, 202, '2020-03-26', '2020-05-28', '', '', 13632, 12227, '', '', 21, 1, '2023-03-17 12:30:10', '2023-03-17 12:30:49'),
(0, 498, 306, 203, '2020-03-07', '2020-06-17', '', '', 11069, 11068, '', '', 21, 1, '2023-03-17 12:30:10', '2023-03-17 12:30:49'),
(0, 499, 307, 204, '2020-03-27', '2020-06-19', '', '', 11103, NULL, '', '', 21, 1, '2023-03-17 12:30:10', '2023-03-17 12:30:49'),
(0, 500, 308, 205, '2020-03-27', '2020-06-04', '', '', 13385, 11086, '', '', 21, 1, '2023-03-17 12:30:10', '2023-03-17 12:30:49'),
(0, 501, 309, 206, '2020-03-27', '2020-05-21', '', '', 11107, NULL, '', '', 21, 1, '2023-03-17 12:30:10', '2023-03-17 12:30:49'),
(0, 502, 310, 207, '2020-01-17', '2020-05-06', '', '', 11107, NULL, '', '', 21, 1, '2023-03-17 12:30:10', '2023-03-17 12:30:49'),
(0, 503, 312, 208, '2020-04-01', '2020-09-10', '', '', 14491, 11098, '', '', 21, 1, '2023-03-17 12:30:10', '2023-03-17 12:30:49'),
(0, 506, 315, 211, '2020-04-03', '2020-08-13', '', '', 10975, 10975, '', '', 21, 1, '2023-03-17 12:30:10', '2023-03-17 12:30:49'),
(0, 508, 317, 213, '2020-04-06', '2020-07-11', '', '', 14491, 11110, '', '', 21, 1, '2023-03-17 12:30:10', '2023-03-17 12:30:49'),
(0, 509, 318, 214, '2020-02-26', '2020-06-18', '', '', 14491, 11110, '', '', 21, 1, '2023-03-17 12:30:10', '2023-03-17 12:30:49'),
(0, 510, 319, 215, '2020-01-18', '2020-07-30', '', '', 14491, 14491, '', '', 21, 1, '2023-03-17 12:30:10', '2023-03-17 12:30:49'),
(0, 511, 320, 216, '2020-04-09', '2020-07-22', '', '', 14491, 14491, '', '', 21, 1, '2023-03-17 12:30:10', '2023-03-17 12:30:49'),
(0, 512, 321, 217, '2020-01-17', '2020-08-05', '', '', 14491, 11104, '', '', 21, 1, '2023-03-17 12:30:10', '2023-03-17 12:30:49'),
(0, 513, 322, 218, '2020-01-18', '2020-08-20', '', '', 14491, 14491, '', '', 21, 1, '2023-03-17 12:30:10', '2023-03-17 12:30:49'),
(0, 514, 323, 219, '2020-05-08', '2020-07-15', '', '', 14491, 11110, '', '', 21, 1, '2023-03-17 12:30:10', '2023-03-17 12:30:49'),
(0, 515, 324, 220, '2020-01-01', '2020-09-11', '', '', 14491, NULL, '', '', 21, 1, '2023-03-17 12:30:10', '2023-03-17 12:30:49'),
(0, 516, 325, 221, '2020-01-16', '2020-07-14', '', '', 14491, 11109, '', '', 21, 1, '2023-03-17 12:30:10', '2023-03-17 12:30:49'),
(0, 518, 327, 223, '2020-01-17', '2020-07-09', '', '', 14491, NULL, '', '', 21, 1, '2023-03-17 12:30:10', '2023-03-17 12:30:49'),
(0, 520, 329, 225, '2020-04-16', '2020-05-16', '', '', 14491, 11109, '', '', 21, 1, '2023-03-17 12:30:10', '2023-03-17 12:30:49'),
(0, 522, 331, 227, '2020-05-06', '2020-07-17', '', '', 14491, 11112, '', '', 21, 1, '2023-03-17 12:30:10', '2023-03-17 12:30:49'),
(0, 523, 333, 228, '2020-04-21', '2020-10-08', '', '', 14491, NULL, '', '', 21, 1, '2023-03-17 12:30:10', '2023-03-17 12:30:49'),
(0, 524, 334, 229, '2020-04-23', '2020-09-24', '', '', 3695, 11060, '', '', 21, 1, '2023-03-17 12:30:10', '2023-03-17 12:30:49'),
(0, 525, 335, 230, '2020-04-27', '2020-07-17', '', '', 14491, 11105, '', '', 21, 1, '2023-03-17 12:30:10', '2023-03-17 12:30:49'),
(0, 525, 335, 231, '2020-04-27', '2020-07-17', '', '', 11112, 11105, '', '', 21, 1, '2023-03-17 12:30:10', '2023-03-17 12:30:49'),
(0, 526, 336, 232, '2020-04-27', '2020-07-30', '', '', 14491, 11105, '', '', 21, 1, '2023-03-17 12:30:10', '2023-03-17 12:30:49'),
(0, 528, 338, 234, '2020-05-04', '2020-09-10', '', '', 11112, 11112, '', '', 21, 1, '2023-03-17 12:30:10', '2023-03-17 12:30:49'),
(0, 529, 339, 235, '2020-05-06', '2020-08-13', '', '', 14491, 11105, '', '', 21, 1, '2023-03-17 12:30:10', '2023-03-17 12:30:49'),
(0, 530, 340, 236, '2020-05-08', '2020-08-13', '', '', 14491, 14491, '', '', 21, 1, '2023-03-17 12:30:10', '2023-03-17 12:30:49'),
(0, 531, 168, 237, '2020-05-11', '2020-12-17', '', '', 14491, 11113, '', '', 21, 1, '2023-03-17 12:30:10', '2023-03-17 12:30:49'),
(0, 532, 341, 238, '2020-05-13', '2020-09-16', '', '', 14491, 11113, '', '', 21, 1, '2023-03-17 12:30:10', '2023-03-17 12:30:49'),
(0, 533, 342, 239, '2020-05-15', '2020-09-18', '', '', 11113, 11114, '', '', 21, 1, '2023-03-17 12:30:10', '2023-03-17 12:30:49'),
(0, 534, 343, 240, '2020-06-01', '2020-05-15', '', '', 11113, 11112, '', '', 21, 1, '2023-03-17 12:30:10', '2023-03-17 12:30:49'),
(0, 535, 344, 241, '2020-05-18', '2020-09-23', '', '', 14491, 11112, '', '', 21, 1, '2023-03-17 12:30:10', '2023-03-17 12:30:49'),
(0, 536, 345, 242, '2020-06-04', '2020-08-12', '', '', 11112, 11113, '', '', 21, 1, '2023-03-17 12:30:10', '2023-03-17 12:30:49'),
(0, 537, 347, 243, '2020-05-18', '2020-10-29', '', '', 14491, 11115, '', '', 21, 1, '2023-03-17 12:30:10', '2023-03-17 12:30:49'),
(0, 538, 348, 244, '2020-05-20', '2020-09-16', '', '', 14491, 11113, '', '', 21, 1, '2023-03-17 12:30:10', '2023-03-17 12:30:49'),
(0, 539, 349, 245, '2020-06-01', '2020-11-13', '', '', 14491, 11113, '', '', 21, 1, '2023-03-17 12:30:10', '2023-03-17 12:30:49'),
(0, 0, 350, 246, '2020-07-02', '2020-09-16', '', '', 14491, 11113, '', '', 21, 1, '2023-03-17 12:30:10', '2023-03-17 12:30:10'),
(0, 541, 352, 247, '2020-07-02', '2020-11-03', '', '', 10975, 10975, '', '', 21, 1, '2023-03-17 12:30:10', '2023-03-17 12:30:49'),
(0, 542, 353, 248, '2020-06-02', '2020-10-22', '', '', 11112, 11117, '', '', 21, 1, '2023-03-17 12:30:10', '2023-03-17 12:30:49'),
(0, 544, 356, 250, '2020-06-23', '2020-11-19', '', '', 14491, 11113, '', '', 21, 1, '2023-03-17 12:30:10', '2023-03-17 12:30:49'),
(0, 545, 357, 251, '2020-07-13', '2020-10-30', '', '', 14491, 11099, '', '', 21, 1, '2023-03-17 12:30:10', '2023-03-17 12:30:49'),
(0, 546, 358, 252, '2020-07-13', '2020-09-17', '', '', 14491, 11112, '', '', 21, 1, '2023-03-17 12:30:10', '2023-03-17 12:30:49'),
(0, 547, 359, 253, '2020-07-14', '2020-10-09', '', '', 14491, 11121, '', '', 21, 1, '2023-03-17 12:30:10', '2023-03-17 12:30:49'),
(0, 548, 360, 254, '2020-07-14', '2020-08-14', '', '', 11112, 11122, '', '', 21, 1, '2023-03-17 12:30:10', '2023-03-17 12:30:49'),
(0, 549, 361, 255, '2020-07-14', '2020-09-11', '', '', 11060, 11066, '', '', 21, 1, '2023-03-17 12:30:10', '2023-03-17 12:30:49'),
(0, 550, 362, 256, '2020-07-14', '2020-10-21', '', '', 11113, 11123, '', '', 21, 1, '2023-03-17 12:30:10', '2023-03-17 12:30:49'),
(0, 551, 363, 257, '2020-07-15', '2020-09-17', '', '', 14491, 11124, '', '', 21, 1, '2023-03-17 12:30:10', '2023-03-17 12:30:49'),
(0, 553, 365, 259, '2020-07-21', '2020-07-30', '', '', 14491, 11112, '', '', 21, 1, '2023-03-17 12:30:10', '2023-03-17 12:30:49'),
(0, 553, 365, 260, '2020-07-21', '2020-07-30', '', '', 14491, 11112, '', '', 21, 1, '2023-03-17 12:30:10', '2023-03-17 12:30:49'),
(0, 554, 366, 261, '2020-07-06', '2020-11-03', '', '', 14491, 11112, '', '', 21, 1, '2023-03-17 12:30:10', '2023-03-17 12:30:49'),
(0, 554, 366, 262, '2020-07-06', '2020-11-03', '', '', 14491, 11112, '', '', 21, 1, '2023-03-17 12:30:10', '2023-03-17 12:30:49'),
(0, 554, 366, 263, '2020-07-06', '2020-11-03', '', '', 14491, 11112, '', '', 21, 1, '2023-03-17 12:30:10', '2023-03-17 12:30:49'),
(0, 554, 366, 264, '2020-07-06', '2020-11-03', '', '', 14491, 11112, '', '', 21, 1, '2023-03-17 12:30:10', '2023-03-17 12:30:49'),
(0, 555, 189, 265, '2020-01-02', '2020-01-25', '', '', 11066, 11066, '', '', 21, 1, '2023-03-17 12:30:10', '2023-03-17 12:30:49'),
(0, 556, 367, 266, '2020-07-23', '2020-09-10', '', '', 11113, NULL, '', '', 21, 1, '2023-03-17 12:30:10', '2023-03-17 12:30:49'),
(0, 557, 368, 267, '2020-07-29', '2020-10-21', '', '', 14491, NULL, '', '', 21, 1, '2023-03-17 12:30:10', '2023-03-17 12:30:49'),
(0, 558, 369, 268, '2020-08-03', '2020-10-02', '', '', 14491, 14491, '', '', 21, 1, '2023-03-17 12:30:10', '2023-03-17 12:30:49'),
(0, 559, 370, 269, '2020-08-04', '2020-12-17', '', '', 11112, NULL, '', '', 21, 1, '2023-03-17 12:30:10', '2023-03-17 12:30:49'),
(0, 561, 372, 271, '2020-08-06', '2020-11-13', '', '', 14491, NULL, '', '', 21, 1, '2023-03-17 12:30:10', '2023-03-17 12:30:49'),
(0, 562, 373, 272, '2010-02-12', '2020-12-25', '', '', 14491, NULL, '', '', 21, 1, '2023-03-17 12:30:10', '2023-03-17 12:30:49'),
(0, 0, 375, 274, '1999-08-31', '2020-11-13', '', '', 11112, NULL, '', '', 21, 1, '2023-03-17 12:30:10', '2023-03-17 12:30:10'),
(0, 565, 376, 275, '2020-08-12', '2020-12-24', '', '', 11112, NULL, '', '', 21, 1, '2023-03-17 12:30:10', '2023-03-17 12:30:49'),
(0, 566, 377, 276, '2020-08-15', '2020-12-25', '', '', 11112, NULL, '', '', 21, 1, '2023-03-17 12:30:10', '2023-03-17 12:30:49'),
(0, 567, 378, 277, '2020-08-17', '2020-11-04', '', '', 11112, NULL, '', '', 21, 1, '2023-03-17 12:30:10', '2023-03-17 12:30:49'),
(0, 568, 379, 278, '2020-08-01', '2020-12-31', '', '', 11070, 3695, '', '', 21, 1, '2023-03-17 12:30:10', '2023-03-17 12:30:49'),
(0, 569, 380, 279, '2020-08-20', '2020-12-31', '', '', 11114, 11125, '', '', 21, 1, '2023-03-17 12:30:10', '2023-03-17 12:30:49'),
(0, 0, 381, 280, '2020-08-20', '2020-10-22', '', '', 11113, NULL, '', '', 21, 1, '2023-03-17 12:30:10', '2023-03-17 12:30:10'),
(0, 573, 384, 283, '2020-08-26', '2020-10-14', '', '', 14491, 11130, '', '', 21, 1, '2023-03-17 12:30:10', '2023-03-17 12:30:49'),
(0, 574, 385, 284, '2020-08-28', '2020-11-19', '', '', 11114, NULL, '', '', 21, 1, '2023-03-17 12:30:10', '2023-03-17 12:30:49'),
(0, 575, 386, 285, '2020-08-28', '2020-11-26', '', '', 14491, NULL, '', '', 21, 1, '2023-03-17 12:30:10', '2023-03-17 12:30:49'),
(0, 576, 387, 286, '2020-08-31', '2020-12-25', '', '', 11075, 11075, '', '', 21, 1, '2023-03-17 12:30:10', '2023-03-17 12:30:49'),
(0, 577, 388, 287, '2020-08-31', '2020-12-31', '', '', 11112, NULL, '', '', 21, 1, '2023-03-17 12:30:10', '2023-03-17 12:30:49'),
(0, 578, 389, 288, '2020-08-31', '2021-06-09', '', '', 11112, 11133, '', '', 21, 1, '2023-03-17 12:30:10', '2023-03-17 12:30:49'),
(0, 579, 390, 289, '2020-08-31', '2020-12-25', '', '', 3695, 11105, '', '', 21, 1, '2023-03-17 12:30:10', '2023-03-17 12:30:49'),
(0, 580, 391, 290, '2020-08-31', '2020-12-22', '', '', 14491, 11136, '', '', 21, 1, '2023-03-17 12:30:10', '2023-03-17 12:30:49'),
(0, 583, 394, 293, '2020-09-14', '2020-09-30', '', '', 11084, 2204, '', '', 21, 1, '2023-03-17 12:30:10', '2023-03-17 12:30:49'),
(0, 586, 395, 294, '2020-08-31', '2020-12-31', '', '', 11114, NULL, '', '', 21, 1, '2023-03-17 12:30:10', '2023-03-17 12:30:49'),
(0, 580, 391, 295, '2019-12-31', '2020-01-03', '', '', 11063, 11081, '', '', 21, 1, '2023-03-17 12:30:10', '2023-03-17 12:30:49'),
(0, 574, 385, 296, '2020-06-09', '2020-10-15', '', '', 14491, 11113, '', '', 21, 1, '2023-03-17 12:30:10', '2023-03-17 12:30:49'),
(0, 0, 396, 297, '2020-10-12', '2020-11-05', '', '', 11114, NULL, '', '', 21, 1, '2023-03-17 12:30:10', '2023-03-17 12:30:10'),
(0, 583, 394, 301, '2020-01-01', '2020-05-31', '', '', 11472, 11064, '', '', 21, 1, '2023-03-17 12:30:10', '2023-03-17 12:30:49'),
(0, 589, 397, 302, '2020-10-12', '2021-02-26', '', '', 11112, NULL, '', '', 21, 1, '2023-03-17 12:30:10', '2023-03-17 12:30:49'),
(0, 0, 398, 303, '2020-10-12', '2020-12-18', '', '', 14491, NULL, '', '', 21, 1, '2023-03-17 12:30:10', '2023-03-17 12:30:10'),
(0, 591, 399, 304, '2020-10-12', '2021-02-27', '', '', 11112, NULL, '', '', 21, 1, '2023-03-17 12:30:10', '2023-03-17 12:30:49'),
(0, 0, 401, 305, '2020-10-12', '2020-12-11', '', '', 14491, 14491, '', '', 21, 1, '2023-03-17 12:30:10', '2023-03-17 12:30:10'),
(0, 593, 403, 306, '2020-10-20', '2020-12-24', '', '', 14491, NULL, '', '', 21, 1, '2023-03-17 12:30:10', '2023-03-17 12:30:49'),
(0, 0, 405, 307, '2020-11-11', '2020-12-31', '', '', 14491, NULL, '', '', 21, 1, '2023-03-17 12:30:10', '2023-03-17 12:30:10'),
(0, 594, 406, 308, '2020-12-16', '2021-03-03', '', '', 11112, NULL, '', '', 21, 1, '2023-03-17 12:30:10', '2023-03-17 12:30:49'),
(0, 595, 407, 309, '2020-08-31', '2020-12-15', '', '', 14491, 11135, '', '', 21, 1, '2023-03-17 12:30:10', '2023-03-17 12:30:49'),
(0, 596, 408, 310, '2020-11-12', '2020-12-31', '', '', 14491, NULL, '', '', 21, 1, '2023-03-17 12:30:10', '2023-03-17 12:30:49'),
(0, 597, 409, 311, '2020-12-17', '2021-03-03', '', '', 11120, 11141, '', '', 21, 1, '2023-03-17 12:30:10', '2023-03-17 12:30:49'),
(0, 0, 410, 312, '2020-12-17', '2021-01-07', '', '', 11112, NULL, '', '', 21, 1, '2023-03-17 12:30:10', '2023-03-17 12:30:10'),
(0, 599, 411, 313, '2020-12-17', '2021-02-12', '', '', 11112, 14491, '', '', 21, 1, '2023-03-17 12:30:10', '2023-03-17 12:30:49'),
(0, 600, 412, 314, '2020-12-18', '2021-02-11', '', '', 11112, NULL, '', '', 21, 1, '2023-03-17 12:30:10', '2023-03-17 12:30:49'),
(0, 601, 413, 315, '2020-12-18', '2021-02-11', '', '', 11113, 11143, '', '', 21, 1, '2023-03-17 12:30:10', '2023-03-17 12:30:49'),
(0, 602, 414, 316, '2020-12-21', '2021-03-25', '', '', 11120, 11145, '', '', 21, 1, '2023-03-17 12:30:10', '2023-03-17 12:30:49'),
(0, 589, 397, 317, '2021-02-05', '2021-07-31', '', '', 14491, 11134, '', '', 21, 1, '2023-03-17 12:30:10', '2023-03-17 12:30:49'),
(0, 607, 404, 318, '2020-10-22', '2020-12-17', '', '', 14491, NULL, '', '', 21, 1, '2023-03-17 12:30:10', '2023-03-17 12:30:49'),
(0, 608, 415, 319, '2021-03-20', '2021-03-21', '', '', 11114, 11114, '', '', 21, 1, '2023-03-17 12:30:10', '2023-03-17 12:30:49'),
(0, 609, 416, 320, '2021-05-01', '2021-06-11', '', '', 11114, 11114, '', '', 21, 1, '2023-03-17 12:30:10', '2023-03-17 12:30:49'),
(0, 0, 417, 321, '2021-04-15', '2021-06-17', '', '', 11112, NULL, '', '', 21, 1, '2023-03-17 12:30:10', '2023-03-17 12:30:10'),
(0, 612, 418, 322, '2021-04-24', '2021-05-13', '', '', 14491, NULL, '', '', 21, 1, '2023-03-17 12:30:10', '2023-03-17 12:30:49'),
(0, 613, 419, 323, '2021-04-27', '2021-06-18', '', '', 11112, 11112, '', '', 21, 1, '2023-03-17 12:30:10', '2023-03-17 12:30:49'),
(0, 0, 420, 324, '2020-05-01', '2020-06-03', '', '', 14491, 11113, '', '', 21, 1, '2023-03-17 12:30:10', '2023-03-17 12:30:10'),
(0, 615, 421, 325, '2021-04-24', '2021-11-02', '', '', 11112, 14491, '', '', 21, 1, '2023-03-17 12:30:10', '2023-03-17 12:30:49'),
(0, 618, 422, 326, '2021-05-05', '2022-04-30', '', '', 11114, 11146, '', '', 21, 1, '2023-03-17 12:30:10', '2023-03-17 12:30:49'),
(0, 619, 423, 327, '2021-05-07', '2021-09-24', '', '', 11114, 11147, '', '', 21, 1, '2023-03-17 12:30:10', '2023-03-17 12:30:49'),
(0, 0, 424, 328, '2021-05-07', '2021-06-19', '', '', 14491, 14491, '', '', 21, 1, '2023-03-17 12:30:10', '2023-03-17 12:30:10'),
(0, 621, 425, 329, '2021-05-07', '2021-06-23', '', '', 11114, 11148, '', '', 21, 1, '2023-03-17 12:30:10', '2023-03-17 12:30:49'),
(0, 622, 427, 330, '2021-06-30', '2021-06-30', '', '', 11150, NULL, '', '', 21, 1, '2023-03-17 12:30:10', '2023-03-17 12:30:49'),
(0, 623, 428, 331, '2021-04-23', '2021-06-18', '', '', 11114, 11114, '', '', 21, 1, '2023-03-17 12:30:10', '2023-03-17 12:30:49'),
(0, 624, 429, 332, '2021-11-01', '2021-10-21', '', '', 11114, 11112, '', '', 21, 1, '2023-03-17 12:30:10', '2023-03-17 12:30:49'),
(0, 627, 432, 335, '2021-10-20', '2021-10-21', '', '', 11111, NULL, '', '', 21, 1, '2023-03-17 12:30:10', '2023-03-17 12:30:49'),
(0, 633, 435, 336, '2021-12-08', '2021-12-07', '', '', 11114, 11114, '', '', 21, 1, '2023-03-17 12:30:10', '2023-03-17 12:30:49'),
(0, 638, 441, 337, '2022-02-01', '2022-02-08', '', '', 11111, NULL, '', '', 21, 1, '2023-03-17 12:30:10', '2023-03-17 12:30:49'),
(0, 638, 441, 338, '2022-02-01', '2022-02-08', '', '', 11111, NULL, '', '', 21, 1, '2023-03-17 12:30:10', '2023-03-17 12:30:49'),
(0, 639, 442, 339, '2021-10-05', '2021-10-04', '', '', 11114, NULL, '', '', 21, 1, '2023-03-17 12:30:10', '2023-03-17 12:30:49'),
(0, 640, 443, 340, '2022-02-01', '2022-02-07', '', '', 11114, NULL, '', '', 21, 1, '2023-03-17 12:30:10', '2023-03-17 12:30:49');

-- --------------------------------------------------------

--
-- Table structure for table `posts`
--

CREATE TABLE IF NOT EXISTS `posts` (
  `post_id` int(10) UNSIGNED NOT NULL AUTO_INCREMENT,
  `post_cat_id` tinyint(3) UNSIGNED NOT NULL,
  `post_desc` text COLLATE utf8mb4_unicode_ci,
  `status` tinyint(3) UNSIGNED NOT NULL DEFAULT '1',
  `created_by` int(10) UNSIGNED NOT NULL,
  `updated_by` int(10) UNSIGNED DEFAULT NULL,
  `created_at` timestamp NOT NULL DEFAULT '0000-00-00 00:00:00',
  `updated_at` timestamp NOT NULL DEFAULT CURRENT_TIMESTAMP ON UPDATE CURRENT_TIMESTAMP,
  PRIMARY KEY (`post_id`),
  KEY `post_cat_id` (`post_cat_id`),
  KEY `status` (`status`),
  KEY `created_by` (`created_by`),
  KEY `updated_by` (`updated_by`),
  KEY `updated_at` (`updated_at`)
) ENGINE=InnoDB AUTO_INCREMENT=43 DEFAULT CHARSET=utf8mb4 COLLATE=utf8mb4_unicode_ci;

--
-- RELATIONSHIPS FOR TABLE `posts`:
--

--
-- Dumping data for table `posts`
--

INSERT INTO `posts` (`post_id`, `post_cat_id`, `post_desc`, `status`, `created_by`, `updated_by`, `created_at`, `updated_at`) VALUES
(1, 2, 'Lorem Ipsum is simply dummy text of the printing and typesetting industry. Lorem Ipsum has been the industry\'s standard dummy text ever since the 1500s, when an unknown printer took a galley of type and scrambled it to make a type specimen book. It has survived not only five centuries, but also the leap into electronic typesetting, remaining essentially unchanged.', 1, 1, 1, '2019-01-05 07:04:23', '2019-11-20 13:23:22'),
(2, 2, 'greetings', 4, 1, 1, '2018-11-05 07:04:44', '2019-11-20 07:55:12'),
(3, 3, 'immigration updates 3: None as of now..', 1, 1, 1, '2019-10-05 07:18:44', '2019-11-20 13:22:53'),
(4, 2, 'greetings', 1, 5, NULL, '2019-11-05 07:48:03', '2019-11-11 08:59:13'),
(5, 3, 'immigration updates 2. This is second post on  Immigration', 1, 1, 1, '2019-11-05 07:49:03', '2019-11-15 07:09:23'),
(6, 4, 'from ceo desk', 1, 1, NULL, '2019-11-05 07:49:25', '2019-11-05 07:49:25'),
(7, 1, 'company news', 1, 1, 1, '2019-11-05 07:52:33', '2019-11-05 08:31:53'),
(8, 1, 'Lorem Ipsum is simply dummy text of the printing and typesetting industry. Lorem Ipsum has been the industry\'s standard dummy text ever since the 1500s, when an unknown printer took a galley of type and scrambled it to make a type specimen book. It has survived not only five centuries, but also the leap into electronic typesetting, remaining essentially unchanged.', 1, 1, NULL, '2019-11-05 08:41:01', '2019-11-05 08:41:01'),
(9, 3, 'immigration updates', 1, 1, NULL, '2019-11-05 23:15:02', '2019-11-05 23:15:02'),
(10, 2, 'greetings', 1, 1, NULL, '2019-11-06 00:06:05', '2019-11-06 00:06:05'),
(13, 1, 'company news', 1, 1, 1, '2019-11-06 00:09:50', '2019-11-06 00:15:24'),
(14, 4, 'from management desk\r\nkdsha', 4, 1, 1, '2019-11-06 00:23:23', '2019-11-08 05:46:09'),
(15, 2, 'greetings', 1, 1, NULL, '2019-11-06 00:23:35', '2019-11-06 00:23:35'),
(16, 4, 'from management desk', 1, 1, 1, '2019-11-06 00:24:09', '2019-11-11 04:21:25'),
(17, 2, 'greetings', 1, 1, NULL, '2019-11-06 00:24:32', '2019-11-06 00:24:32'),
(18, 1, 'Company news-  We have moved into a new location', 1, 1, 1, '2019-11-06 00:25:12', '2019-11-06 01:52:13'),
(19, 2, 'greetings', 4, 1, 1, '2019-11-06 00:58:48', '2019-11-06 04:16:15'),
(20, 2, 'greetings', 4, 1, 1, '2019-11-06 04:13:46', '2019-11-06 04:13:58'),
(21, 3, 'New $10 fee added to H1-B Filings:\r\nThe United States will charge employers a fee of $10 to register every foreign worker they plan to propose for H-1B visas starting December 9, when it plans to switch to an electronic registration system.', 1, 1, NULL, '2019-11-08 04:55:55', '2019-11-08 04:55:55'),
(22, 2, 'Greetings from USM Systems! We are excited to bring you \"amigo\", a new look ERM solution for communications.', 1, 1, NULL, '2019-11-08 05:43:26', '2019-11-08 05:43:26'),
(23, 1, 'Company News- working on building excitement at work everyday. Help participate in making our day better', 1, 1, NULL, '2019-11-11 04:12:26', '2019-11-11 04:12:26'),
(24, 5, 'Gallery', 1, 1, 1, '2019-11-14 01:18:19', '2019-11-19 04:51:59'),
(25, 5, 'Gallery', 1, 1, NULL, '2019-11-14 02:02:16', '2019-11-14 02:02:16'),
(26, 1, 'Updates to the Sales and marketing team...', 1, 1, NULL, '2019-11-14 02:04:41', '2019-11-14 02:04:41'),
(27, 5, 'Gallery', 1, 1, NULL, '2019-11-15 06:35:07', '2019-11-15 06:35:07'),
(28, 5, 'Gallery', 1, 1, NULL, '2019-11-29 13:07:08', '2019-11-29 13:07:08'),
(29, 0, '', 1, 1, NULL, '2023-06-07 18:08:39', '2023-06-07 18:08:39'),
(30, 0, '', 1, 1, NULL, '2023-06-07 18:37:49', '2023-06-07 18:37:49'),
(32, 5, 'Gallery', 1, 1, NULL, '2023-06-09 15:51:38', '2023-06-09 15:51:38'),
(33, 5, 'Gallery', 1, 1, NULL, '2023-06-09 16:49:23', '2023-06-09 16:49:23'),
(34, 5, 'Gallery', 1, 1, NULL, '2023-06-09 16:52:51', '2023-06-09 16:52:51'),
(35, 5, 'Gallery', 1, 1, NULL, '2023-06-09 16:53:45', '2023-06-09 16:53:45'),
(36, 5, 'Gallery', 1, 1, NULL, '2023-06-09 16:55:36', '2023-06-09 16:55:36'),
(37, 5, 'Gallery', 1, 1, NULL, '2023-06-09 16:55:58', '2023-06-09 16:55:58'),
(38, 3, 'immigration updates', 1, 1, NULL, '2023-06-14 19:36:54', '2023-06-14 19:36:54'),
(39, 0, '', 1, 1, NULL, '2023-06-14 21:13:41', '2023-06-14 21:13:41'),
(40, 0, '', 1, 1, NULL, '2023-06-14 21:35:00', '2023-06-14 21:35:00'),
(41, 5, 'Gallery', 1, 1, NULL, '2023-06-15 20:10:28', '2023-06-15 20:10:28'),
(42, 5, 'Gallery', 1, 1, NULL, '2023-06-15 20:12:20', '2023-06-15 20:12:20');

-- --------------------------------------------------------

--
-- Table structure for table `post_attributes`
--

CREATE TABLE IF NOT EXISTS `post_attributes` (
  `post_attr_id` int(10) UNSIGNED NOT NULL AUTO_INCREMENT,
  `post_id` int(10) UNSIGNED NOT NULL,
  `attribute_path` varchar(255) NOT NULL,
  `status` tinyint(2) UNSIGNED NOT NULL DEFAULT '1',
  `created_by` int(10) UNSIGNED NOT NULL,
  `created_at` datetime NOT NULL,
  `updated_by` int(10) UNSIGNED DEFAULT NULL,
  `updated_at` timestamp NULL DEFAULT NULL,
  PRIMARY KEY (`post_attr_id`)
) ENGINE=InnoDB AUTO_INCREMENT=51 DEFAULT CHARSET=latin1;

--
-- RELATIONSHIPS FOR TABLE `post_attributes`:
--

--
-- Dumping data for table `post_attributes`
--

INSERT INTO `post_attributes` (`post_attr_id`, `post_id`, `attribute_path`, `status`, `created_by`, `created_at`, `updated_by`, `updated_at`) VALUES
(1, 2, 'uploads/posts/201911051234_1_39-291-shd1.jpg', 1, 1, '2019-11-05 12:34:44', NULL, NULL),
(2, 2, 'uploads/posts/201911051242_1_40-286-gorh.jpg', 1, 1, '2019-11-05 12:42:02', 2019, '0000-00-00 00:00:00'),
(3, 3, 'uploads/posts/201911051306_1_40-286-gorh.jpg', 2, 1, '2019-11-05 13:06:02', 1, '2019-11-05 07:45:14'),
(4, 3, 'uploads/posts/201911051314_1_6-02.jpg', 2, 1, '2019-11-05 13:14:56', 1, '2019-11-15 07:08:39'),
(5, 3, 'uploads/posts/201911051314_1_6-01.png', 2, 1, '2019-11-05 13:14:56', 1, '2019-11-15 07:08:39'),
(6, 3, 'uploads/posts/201911051315_1_thumb-448-gorh.png', 2, 1, '2019-11-05 13:15:56', 1, '2019-11-15 07:08:39'),
(7, 3, 'uploads/posts/201911051315_1_37-292-shd1.png', 2, 1, '2019-11-05 13:15:57', 1, '2019-11-15 07:08:39'),
(8, 3, 'uploads/posts/201911051316_1_423-shd1.jpg', 2, 1, '2019-11-05 13:16:48', 1, '2019-11-05 08:32:13'),
(9, 3, 'uploads/posts/201911051316_1_345-bph2.jpg', 2, 1, '2019-11-05 13:16:48', 1, '2019-11-15 07:08:39'),
(10, 1, 'uploads/posts/201911051317_1_322-gorh.png', 1, 1, '2019-11-05 13:17:27', 1, '2019-11-05 07:47:27'),
(11, 4, 'uploads/posts/201911051318_1_50-291-shd1.jpg', 1, 1, '2019-11-05 13:18:03', NULL, NULL),
(12, 5, 'uploads/posts/201911051319_1_409-shd1.png', 1, 1, '2019-11-05 13:19:04', NULL, NULL),
(13, 6, 'uploads/posts/201911051319_1_352-gorh.jpg', 1, 1, '2019-11-05 13:19:25', NULL, NULL),
(14, 7, 'uploads/posts/201911051322_1_40-286-gorh.jpg', 1, 1, '2019-11-05 13:22:33', NULL, NULL),
(15, 24, 'uploads/posts/201911140648_1_382-shd1.jpg', 1, 1, '2019-11-14 06:48:20', NULL, NULL),
(16, 25, 'uploads/posts/201911140732_1_quote.png', 1, 1, '2019-11-14 07:32:17', NULL, NULL),
(17, 25, 'uploads/posts/201911140732_1_Skype_Picture_2019_11_11_ATS3.jpeg', 1, 1, '2019-11-14 07:32:18', NULL, NULL),
(18, 24, 'uploads/posts/201911190519_1_image23 (1).png', 2, 1, '2019-11-19 05:19:14', 1, '2019-11-19 04:51:59'),
(19, 28, 'uploads/posts/201911290807_1_word.png', 1, 1, '2019-11-29 08:07:08', NULL, NULL),
(20, 28, 'uploads/posts/201911290807_1_icon.png', 1, 1, '2019-11-29 08:07:08', NULL, NULL),
(21, 28, 'uploads/posts/201911290807_1_1.png', 1, 1, '2019-11-29 08:07:09', NULL, NULL),
(22, 28, 'uploads/posts/201911290807_1_Chart.jpg', 1, 1, '2019-11-29 08:07:09', NULL, NULL),
(23, 29, 'uploads/posts/202306071108_1_House Warming Invitation.jpeg', 1, 1, '2023-06-07 11:08:40', NULL, NULL),
(24, 29, 'uploads/posts/202306071108_1_Call@Janani Asia(00919123587097)_20230422084839.mp3', 1, 1, '2023-06-07 11:08:40', NULL, NULL),
(25, 29, 'uploads/posts/202306071108_1_WhatsApp Video 2023-01-19 at 00.28.52.mp4', 1, 1, '2023-06-07 11:08:40', NULL, NULL),
(26, 30, 'uploads/posts/202306071137_1_MicrosoftTeams-image (4).png', 1, 1, '2023-06-07 11:37:50', NULL, NULL),
(27, 30, 'uploads/posts/202306071137_1_Call@Janani Asia(00919123587097)_20230422084839.mp3', 1, 1, '2023-06-07 11:37:50', NULL, NULL),
(28, 30, 'uploads/posts/202306071137_1_WhatsApp Video 2023-01-19 at 00.28.52.mp4', 1, 1, '2023-06-07 11:37:50', NULL, NULL),
(29, 32, 'uploads/posts/202306090851_1_butterfly_flower_insect_nature_515.mp4', 1, 1, '2023-06-09 08:51:38', NULL, NULL),
(30, 32, 'uploads/posts/202306090851_1_download.jpg', 1, 1, '2023-06-09 08:51:38', NULL, NULL),
(31, 33, 'uploads/posts/202306090949_1_butterfly_flower_insect_nature_515.mp4', 1, 1, '2023-06-09 09:49:23', NULL, NULL),
(32, 34, 'uploads/posts/202306090952_1_butterfly_flower_insect_nature_515.mp4', 1, 1, '2023-06-09 09:52:51', NULL, NULL),
(33, 35, 'uploads/posts/202306090953_1_butterfly_flower_insect_nature_515.mp4', 1, 1, '2023-06-09 09:53:45', NULL, NULL),
(34, 36, 'uploads/posts/202306090955_1_butterfly_flower_insect_nature_515.mp4', 1, 1, '2023-06-09 09:55:36', NULL, NULL),
(35, 37, 'uploads/posts/202306090955_1_AdobeStock_223057347.jpeg', 1, 1, '2023-06-09 09:55:58', NULL, NULL),
(36, 37, 'uploads/posts/202306090955_1_AdobeStock_280310708.jpeg', 1, 1, '2023-06-09 09:55:58', NULL, NULL),
(37, 38, 'uploads/posts/202306141236_1_202306141115_1_WhatsApp Video 2023-01-19 at 00.28.52.mp4', 1, 1, '2023-06-14 12:36:54', NULL, NULL),
(38, 38, 'uploads/posts/202306141236_1_Call@Janani Asia(00919123587097)_20230422084839.mp3', 1, 1, '2023-06-14 12:36:54', NULL, NULL),
(39, 39, 'uploads/posts/202306141413_1_202306141115_1_WhatsApp Video 2023-01-19 at 00.28.52.mp4', 1, 1, '2023-06-14 14:13:41', NULL, NULL),
(40, 39, 'uploads/posts/202306141413_1_Call@Janani Asia(00919123587097)_20230422084839.mp3', 1, 1, '2023-06-14 14:13:41', NULL, NULL),
(41, 39, 'uploads/posts/202306141413_1_MicrosoftTeams-image (4).png', 1, 1, '2023-06-14 14:13:41', NULL, NULL),
(42, 39, 'uploads/posts/202306141413_1_MicrosoftTeams-image (3).png', 1, 1, '2023-06-14 14:13:42', NULL, NULL),
(43, 39, 'uploads/posts/202306141413_1_MicrosoftTeams-image (2).png', 1, 1, '2023-06-14 14:13:42', NULL, NULL),
(44, 39, 'uploads/posts/202306141413_1_MicrosoftTeams-image (1).png', 1, 1, '2023-06-14 14:13:42', NULL, NULL),
(45, 39, 'uploads/posts/202306141413_1_MicrosoftTeams-image.png', 1, 1, '2023-06-14 14:13:42', NULL, NULL),
(46, 40, 'uploads/posts/202306141435_1_202306141423_1_video1 (1).mp4', 1, 1, '2023-06-14 14:35:00', NULL, NULL),
(47, 41, 'uploads/posts/202306151310_1_202306141423_1_video1 (2).mp4', 1, 1, '2023-06-15 13:10:28', NULL, NULL),
(48, 42, 'uploads/posts/202306151312_1_202306141423_1_video1.mp4', 1, 1, '2023-06-15 13:12:20', NULL, NULL),
(49, 42, 'uploads/posts/202306151312_1_passport_photo_new (2).jpg', 1, 1, '2023-06-15 13:12:22', NULL, NULL),
(50, 42, 'uploads/posts/202306151312_1_202306141423_1_video1 (2).mp4', 1, 1, '2023-06-15 13:12:22', NULL, NULL);

-- --------------------------------------------------------

--
-- Table structure for table `post_categories`
--

CREATE TABLE IF NOT EXISTS `post_categories` (
  `id` tinyint(3) UNSIGNED NOT NULL AUTO_INCREMENT,
  `category_name` varchar(64) NOT NULL,
  `description` text,
  `status` tinyint(2) NOT NULL DEFAULT '1',
  `created_at` timestamp NOT NULL DEFAULT CURRENT_TIMESTAMP ON UPDATE CURRENT_TIMESTAMP,
  `created_by` int(10) UNSIGNED NOT NULL,
  `updated_by` int(10) UNSIGNED DEFAULT NULL,
  `updated_at` timestamp NOT NULL DEFAULT CURRENT_TIMESTAMP ON UPDATE CURRENT_TIMESTAMP,
  PRIMARY KEY (`id`),
  KEY `status` (`status`)
) ENGINE=InnoDB AUTO_INCREMENT=6 DEFAULT CHARSET=latin1;

--
-- RELATIONSHIPS FOR TABLE `post_categories`:
--

--
-- Dumping data for table `post_categories`
--

INSERT INTO `post_categories` (`id`, `category_name`, `description`, `status`, `created_at`, `created_by`, `updated_by`, `updated_at`) VALUES
(1, 'Company News', 'company news', 1, '2018-04-24 07:09:49', 1, NULL, '2019-11-04 12:51:58'),
(2, 'Greetings', 'greetings', 1, '2018-04-24 07:09:49', 1, NULL, '2019-11-04 12:51:58'),
(3, 'Immigration Updates', 'immigration updates', 1, '2019-11-05 12:03:08', 1, NULL, '2019-11-05 12:03:08'),
(4, 'From Management Desk', 'From Management Desk', 1, '2019-11-08 10:24:19', 1, NULL, '2019-11-08 10:24:19'),
(5, 'Gallery', 'Gallery', 1, '2019-11-08 10:24:19', 1, NULL, '2019-11-14 06:34:46');

-- --------------------------------------------------------

--
-- Table structure for table `roles`
--

CREATE TABLE IF NOT EXISTS `roles` (
  `id` int(10) UNSIGNED NOT NULL AUTO_INCREMENT,
  `name` varchar(255) COLLATE utf8_unicode_ci NOT NULL,
  `display_name` varchar(255) COLLATE utf8_unicode_ci DEFAULT NULL,
  `status` tinyint(4) NOT NULL DEFAULT '1',
  `created_by` int(20) NOT NULL,
  `role_type` tinyint(4) NOT NULL DEFAULT '1',
  `created_at` timestamp NULL DEFAULT NULL,
  `updated_at` timestamp NULL DEFAULT NULL,
  PRIMARY KEY (`id`),
  UNIQUE KEY `name` (`name`)
) ENGINE=InnoDB AUTO_INCREMENT=35 DEFAULT CHARSET=utf8 COLLATE=utf8_unicode_ci;

--
-- RELATIONSHIPS FOR TABLE `roles`:
--

--
-- Dumping data for table `roles`
--

INSERT INTO `roles` (`id`, `name`, `display_name`, `status`, `created_by`, `role_type`, `created_at`, `updated_at`) VALUES
(1, 'admin', 'Administrator', 1, 1, -1, '2016-05-09 12:07:54', '2016-05-09 12:07:54'),
(16, 'human-resource-manager1', 'Human Resource Manager1', 1, 1, 1, '2016-06-10 15:41:55', '2019-11-07 03:55:31'),
(17, 'administrator', 'Administrator', 1, 1, 1, '2016-10-05 06:30:54', '2019-11-12 07:26:07'),
(19, 'audit', 'Audit', 1, 1, 1, '2016-11-04 22:47:18', '2017-07-24 23:58:13'),
(20, 'hr', 'HR', 1, 1, 1, '2016-11-04 23:24:36', '2017-07-25 00:00:17'),
(21, 'hr-us', 'HR US', 1, 1, 1, '2016-11-04 23:25:22', '2017-07-25 00:00:27'),
(22, 'payroll', 'Payroll', 1, 1, 1, '2016-11-04 23:26:56', '2017-07-25 00:00:42'),
(23, 'sales-recruiting', 'Sales/ recruiting', 1, 1, 1, '2016-11-04 23:27:37', '2017-07-25 00:00:57'),
(24, 'erm', 'ERM', 1, 1, 1, '2016-12-09 22:19:39', '2019-11-12 05:30:52'),
(25, 'immigration', 'Immigration', 1, 1, 1, '2017-07-20 09:31:03', '2017-07-25 00:01:37'),
(26, 'time-sheets', 'Time Sheets', 1, 1, 1, '2017-07-20 09:31:03', '2017-07-25 00:01:51'),
(27, 'end-of-assignment', 'End of Assignment', 1, 1, 1, '2017-07-20 09:31:03', '2017-07-25 00:02:07'),
(28, 'accounts-receivable', 'Accounts Receivable', 1, 1, 1, '2017-07-20 09:31:03', '2017-07-25 00:02:20'),
(29, 'accounts-payable', 'Accounts Payable', 1, 1, 1, '2017-07-20 09:31:03', '2017-07-25 00:02:30'),
(31, 'axis', 'Axis', 1, 1, 1, '2019-11-07 03:06:04', '2023-04-18 15:29:22'),
(32, 'company-policy', 'Company Policy Upload', 1, 1, 1, '2023-06-09 07:00:00', '2023-06-09 07:00:00'),
(33, 'todo-tasks', 'TO DO', 1, 1, 1, NULL, NULL),
(34, 'todo-reports', 'TO DO Reports', 1, 1, 1, NULL, NULL);

-- --------------------------------------------------------

--
-- Table structure for table `role_user`
--

CREATE TABLE IF NOT EXISTS `role_user` (
  `user_id` bigint(20) NOT NULL,
  `role_id` int(10) UNSIGNED NOT NULL,
  PRIMARY KEY (`user_id`,`role_id`),
  KEY `role_user_user_id` (`user_id`),
  KEY `role_user_role_id` (`role_id`)
) ENGINE=InnoDB DEFAULT CHARSET=latin1;

--
-- RELATIONSHIPS FOR TABLE `role_user`:
--

--
-- Dumping data for table `role_user`
--

INSERT INTO `role_user` (`user_id`, `role_id`) VALUES
(1, 16),
(1, 17),
(1, 19),
(1, 20),
(1, 21),
(1, 22),
(1, 23),
(1, 24),
(1, 25),
(1, 26),
(1, 27),
(1, 28),
(1, 29),
(1, 31),
(1, 32),
(1, 33),
(1, 34),
(2, 17),
(5, 17),
(6, 17),
(8, 17),
(11, 16),
(15, 19),
(66, 19),
(67, 22),
(68, 22),
(69, 23),
(70, 23),
(71, 20),
(72, 21),
(79, 22),
(81, 22),
(82, 19),
(82, 24),
(83, 16),
(85, 19),
(85, 20),
(85, 22),
(85, 25),
(92, 22),
(151, 19),
(151, 21),
(279, 23),
(395, 22),
(400, 25),
(411, 28),
(412, 17),
(413, 19),
(414, 19),
(415, 16),
(415, 17),
(415, 19),
(415, 20),
(415, 21),
(415, 22),
(415, 23),
(415, 24),
(415, 25),
(415, 26),
(415, 27),
(415, 28),
(415, 29),
(415, 31),
(603, 16),
(603, 17),
(603, 19),
(603, 20),
(603, 21),
(603, 22),
(603, 23),
(603, 24),
(603, 25),
(603, 26),
(603, 27),
(603, 28),
(603, 29),
(603, 31),
(606, 16),
(606, 17),
(606, 19),
(606, 20),
(606, 21),
(606, 22),
(606, 23),
(606, 24),
(606, 25),
(606, 26),
(606, 27),
(606, 28),
(606, 29),
(606, 31),
(637, 26),
(637, 33);

-- --------------------------------------------------------

--
-- Table structure for table `sessions`
--

CREATE TABLE IF NOT EXISTS `sessions` (
  `id` varchar(255) NOT NULL,
  `user_id` int(10) UNSIGNED DEFAULT NULL,
  `ip_address` varchar(45) DEFAULT NULL,
  `user_agent` text,
  `payload` text NOT NULL,
  `last_activity` int(11) NOT NULL,
  UNIQUE KEY `sessions_id_unique` (`id`)
) ENGINE=InnoDB DEFAULT CHARSET=utf8;

--
-- RELATIONSHIPS FOR TABLE `sessions`:
--

--
-- Dumping data for table `sessions`
--

INSERT INTO `sessions` (`id`, `user_id`, `ip_address`, `user_agent`, `payload`, `last_activity`) VALUES
('JdJFrIRdI6eUvu6Gtoeu95fAb3I1M3o4duoyhso8', NULL, '::1', 'Mozilla/5.0 (Windows NT 10.0; Win64; x64) AppleWebKit/537.36 (KHTML, like Gecko) Chrome/78.0.3904.97 Safari/537.36', 'YTozOntzOjY6Il90b2tlbiI7czo0MDoiV1NhaUNVeUFqQ0VCSFZMcXdhZUlkbVpkZTh6NGZhaWdINlc1UkNoTiI7czo5OiJfcHJldmlvdXMiO2E6MTp7czozOiJ1cmwiO3M6MjUyOiJodHRwOi8vbG9jYWxob3N0L2NybS9sb2dpbi11c2luZy1pZC9leUpwZGlJNklrOUZTbkYyZG1OTGJIaE9Ra01yYzA1NFJXbHJRbmM5UFNJc0luWmhiSFZsSWpvaVpucFRZa2R1V21WRGFYQkhjRkEwYWpWWlFUSjJNRFJpTmtsYUszRllXV2hLY0V0d1RqSnJXR2w0WXowaUxDSnRZV01pT2lKbU9Ea3lOREUwWlRVNVpUTmpOREUwTjJZNU4yTmtNREl6T0RZMU5UZG1Zamt6TVRWa01qWmpNemswTmpWbU1XTmxPV0ZoWVdVeFpXRTBZalE1WldNMEluMD0iO31zOjY6Il9mbGFzaCI7YToyOntzOjM6Im9sZCI7YTowOnt9czozOiJuZXciO2E6MDp7fX19', 1573809943);

-- --------------------------------------------------------

--
-- Table structure for table `sliders`
--

CREATE TABLE IF NOT EXISTS `sliders` (
  `id` int(10) UNSIGNED NOT NULL AUTO_INCREMENT,
  `name` varchar(128) DEFAULT NULL,
  `slider_path` varchar(255) DEFAULT NULL,
  `size` int(10) UNSIGNED DEFAULT NULL,
  `sort` int(10) UNSIGNED DEFAULT NULL,
  `status` tinyint(1) UNSIGNED DEFAULT NULL,
  `start_date` date DEFAULT NULL,
  `end_date` date DEFAULT NULL,
  `created_by` int(10) UNSIGNED DEFAULT NULL,
  `created_at` datetime DEFAULT NULL,
  PRIMARY KEY (`id`)
) ENGINE=InnoDB AUTO_INCREMENT=5 DEFAULT CHARSET=utf8;

--
-- RELATIONSHIPS FOR TABLE `sliders`:
--

--
-- Dumping data for table `sliders`
--

INSERT INTO `sliders` (`id`, `name`, `slider_path`, `size`, `sort`, `status`, `start_date`, `end_date`, `created_by`, `created_at`) VALUES
(3, 'one', 'images/sliders/3-img2.jpg', 100563, 2, 1, NULL, NULL, 1, '2019-11-22 05:48:21'),
(4, 'two', 'images/sliders/4-img1.jpg', 94831, 1, 1, NULL, NULL, 1, '2019-11-22 05:48:34');

-- --------------------------------------------------------

--
-- Table structure for table `sms_logs`
--

CREATE TABLE IF NOT EXISTS `sms_logs` (
  `id` int(10) UNSIGNED NOT NULL AUTO_INCREMENT,
  `sms_purpose` varchar(255) NOT NULL,
  `sms_type` tinyint(3) UNSIGNED NOT NULL COMMENT '1-Notificatiom, 2-Single, 3-Bulk',
  `sms_text` varchar(500) DEFAULT NULL,
  `group_id` varchar(32) DEFAULT NULL COMMENT '1-Active All, 2-Active USM W2, 3-Active C2C/1099, 4-Active Others',
  `single_no` varchar(16) DEFAULT NULL,
  `group_nos` text,
  `other_nos` text,
  `status_id` tinyint(1) UNSIGNED NOT NULL DEFAULT '1',
  `response_status` varchar(500) DEFAULT NULL,
  `send_by` int(10) UNSIGNED DEFAULT NULL,
  `send_date` timestamp NOT NULL DEFAULT CURRENT_TIMESTAMP ON UPDATE CURRENT_TIMESTAMP,
  PRIMARY KEY (`id`),
  KEY `sms_type` (`sms_type`)
) ENGINE=InnoDB AUTO_INCREMENT=20 DEFAULT CHARSET=utf8;

--
-- RELATIONSHIPS FOR TABLE `sms_logs`:
--

--
-- Dumping data for table `sms_logs`
--

INSERT INTO `sms_logs` (`id`, `sms_purpose`, `sms_type`, `sms_text`, `group_id`, `single_no`, `group_nos`, `other_nos`, `status_id`, `response_status`, `send_by`, `send_date`) VALUES
(1, 'Text to Management', 1, 'trest', NULL, '918121323221', NULL, NULL, 1, '', 408, '2019-11-27 12:44:49'),
(2, 'Text to Management', 1, 'Yes', NULL, '918121323221', NULL, NULL, 1, '', 408, '2019-11-27 13:17:15'),
(3, 'Text to Management', 1, 'hello ERM team can you please contact me on my number', NULL, '918121323221', NULL, NULL, 1, '', 15, '2019-11-27 17:22:45'),
(4, 'Text to Management', 1, 'Test', NULL, '918121323221', NULL, NULL, 1, '', 408, '2019-11-30 18:45:10'),
(5, 'immigration', 2, 'hello', NULL, '918099324422', NULL, NULL, 1, '', 1, '2019-12-03 20:08:21'),
(6, 'Text to Management', 1, 'hello', NULL, '918121323221', NULL, NULL, 1, '', 440, '2019-12-04 17:13:26'),
(7, 'Text to Management', 1, 'test by erm team Bharath', NULL, '918121323221', NULL, NULL, 1, '', 440, '2019-12-04 17:18:01'),
(8, 'Text to Management', 1, 'Test', NULL, '918121323221', NULL, NULL, 1, '', 440, '2019-12-04 18:48:44'),
(9, 'Text to Management', 1, 'Rrffeder', NULL, '918121323221', NULL, NULL, 1, '', 440, '2019-12-04 18:49:12'),
(10, 'Text to Management', 1, 'Rrffeder', NULL, '918121323221', NULL, NULL, 1, '', 440, '2019-12-04 18:49:12'),
(11, 'Text to Management', 1, 'Rrffeder', NULL, '918121323221', NULL, NULL, 1, '', 440, '2019-12-04 18:49:13'),
(12, 'Text to Management', 1, 'Test', NULL, '918121323221', NULL, NULL, 1, '', 440, '2019-12-04 18:50:07'),
(13, 'Timesheet Reminder', 1, 'USM Amigo: Dear Employee please submit your timesheet for the current week ASAP in Amigo App.\nUSM Management', NULL, NULL, '19798979897,,10326598741,,17868686878,,17895785795,14695839617,,17328229204,,,18588698888,46576868787979,97927872789798,19753467324,98545645675,,,17033406745,18472198991,19897827638,,,,,,,,17896541236,7896544156545,,78965412367,,,,18594498349,54645747472,17896541265,13194310681,,,18594498349,76767509787,16786987987,,098530958398,17436473476,,,,,,7676767688989,878788889788,,17436473476,15166295825,66767867846786,13365668725,17837384844,14077315983,14077315983,,78546583352,46681656623,,000965456221,12406768122,17896541235,17896541236,17896541236,17896541236,17896541236,78965412365,78965412365,,17896541230,19658745622,17854125632,19658745622,17896541236,17896541236,17896541236,19548058744,17896541236,785694523155,785694523155,17896541236,17896541236,19143561496,17856945612,17896546352,17856412362,18965412365,17896541223,14846789638,17856412362,89654712365,14077315983,15632145203,18965412352,18965412365,18965412350,18965412365,10011225544,19802260089,10231654987', NULL, 1, ',', 1, '2020-10-09 18:33:20'),
(14, 'Timesheet Reminder', 1, 'USM Amigo: Dear Employee please submit your timesheet for the current week ASAP in Amigo App.\nUSM Management', NULL, NULL, '19798979897,,10326598741,,17868686878,,17895785795,14695839617,,17328229204,,,18588698888,46576868787979,97927872789798,19753467324,98545645675,,,17033406745,18472198991,19897827638,,,,,,,,17896541236,7896544156545,,78965412367,,,,18594498349,54645747472,17896541265,13194310681,,,18594498349,76767509787,16786987987,,098530958398,17436473476,,,,,,7676767688989,878788889788,,17436473476,15166295825,66767867846786,13365668725,17837384844,14077315983,14077315983,,78546583352,46681656623,,000965456221,12406768122,17896541235,17896541236,17896541236,17896541236,17896541236,78965412365,78965412365,,17896541230,19658745622,17854125632,19658745622,17896541236,17896541236,17896541236,19548058744,17896541236,785694523155,785694523155,17896541236,17896541236,19143561496,17856945612,17896546352,17856412362,18965412365,17896541223,14846789638,17856412362,89654712365,14077315983,15632145203,18965412352,18965412365,18965412350,18965412365,10011225544,19802260089,10231654987', NULL, 1, ',', 1, '2020-10-10 14:57:29'),
(15, 'Timesheet Reminder', 1, 'USM Amigo: Dear Employee please submit your timesheet for the current week ASAP in Amigo App.\nUSM Management', NULL, NULL, '19798979897', NULL, 1, '', 1, '2020-10-10 15:01:24'),
(16, 'Timesheet Reminder', 1, 'USM Amigo: Dear Employee please submit your timesheet for the current week ASAP in Amigo App.\nUSM Management', NULL, NULL, ',10326598741,,17868686878,,17895785795,14695839617,,17328229204,,,18588698888,46576868787979,97927872789798,19753467324,98545645675,,,17033406745,18472198991,19897827638,,,,,,,,17896541236,7896544156545,,78965412367,,,,18594498349,54645747472,17896541265,13194310681,,,18594498349,76767509787,16786987987,,098530958398,17436473476,,,,,,7676767688989,878788889788,,17436473476,15166295825,66767867846786,13365668725,17837384844,14077315983,14077315983,,78546583352,46681656623,,000965456221,12406768122,17896541235,17896541236,17896541236,17896541236,17896541236,78965412365,78965412365,,17896541230,19658745622,17854125632,19658745622,17896541236,17896541236,17896541236,19548058744,17896541236,785694523155,785694523155,17896541236,17896541236,19143561496,17856945612,17896546352,17856412362,18965412365,17896541223,14846789638,17856412362,89654712365,14077315983,15632145203,18965412352,18965412365,18965412350,18965412365,10011225544,19802260089,10231654987', NULL, 1, ',', 1, '2020-10-12 13:46:27'),
(17, 'Timesheet Reminder', 1, 'USM Amigo: Dear Employee please submit your timesheet for the current week ASAP in Amigo App.\nUSM Management', NULL, NULL, '18975845878,18106176863,0987685444645747,,10326598741,,17868686878,,17895785795,14695839617,,17328229204,,,18588698888,46576868787979,97927872789798,19753467324,98545645675,,,17033406745,18472198991,19897827638,,,,,,,,17896541236,7896544156545,,78965412367,,,,18594498349,54645747472,17896541265,13194310681,,,18594498349,76767509787,16786987987,,098530958398,17436473476,,,,,,7676767688989,878788889788,,17436473476,15166295825,66767867846786,13365668725,17837384844,14077315983,14077315983,,78546583352,46681656623,,000965456221,12406768122,17896541235,17896541236,17896541236,17896541236,17896541236,78965412365,78965412365,,17896541230,19658745622,17854125632,19658745622,17896541236,17896541236,17896541236,19548058744,17896541236,785694523155,785694523155,17896541236,17896541236,19143561496,17856945612,17896546352,17856412362,18965412365,17896541223,14846789638,17856412362,89654712365,14077315983,15632145203,18965412352,18965412365,18965412350,18965412365,10011225544,19802260089,10231654987', NULL, 1, ',', 1, '2020-10-12 16:20:10'),
(18, 'Timesheet Reminder', 1, 'USM Amigo: Dear Employee please submit your timesheet for the current week ASAP in Amigo App.\nUSM Management', NULL, NULL, '18975845878,18106176863,0987685444645747,,10326598741,,17868686878,,17895785795,14695839617', NULL, 1, '', 1, '2020-10-12 16:26:52'),
(19, 'Timesheet Reminder', 1, 'USM Amigo: Dear Employee please submit your timesheet for the current week ASAP in Amigo App.\nUSM Management', NULL, NULL, '18975845878,18106176863,0987685444645747,,10326598741,,17868686878,,17895785795,14695839617', NULL, 1, '', 1, '2020-10-12 16:29:18');

-- --------------------------------------------------------

--
-- Table structure for table `sms_templates`
--

CREATE TABLE IF NOT EXISTS `sms_templates` (
  `id` int(11) NOT NULL,
  `sms_type` int(11) NOT NULL,
  `sms_text` text NOT NULL,
  `created_at` timestamp NOT NULL DEFAULT CURRENT_TIMESTAMP,
  `updated_at` timestamp NOT NULL DEFAULT CURRENT_TIMESTAMP ON UPDATE CURRENT_TIMESTAMP,
  `status` tinyint(1) NOT NULL DEFAULT '1',
  PRIMARY KEY (`id`)
) ENGINE=InnoDB DEFAULT CHARSET=latin1;

--
-- RELATIONSHIPS FOR TABLE `sms_templates`:
--

--
-- Dumping data for table `sms_templates`
--

INSERT INTO `sms_templates` (`id`, `sms_type`, `sms_text`, `created_at`, `updated_at`, `status`) VALUES
(1, 1, 'Welcome to USM MyApp.\r\nYour registration is successful. Your login details are below.\r\nEmail: ##username##\r\nPassword: ##password##\r\nDownload App: http://onelink.to/2whr2e', '2017-05-12 04:05:34', '2019-10-31 04:53:09', 1),
(2, 2, 'Dear ##username## ,\r\nWish you many more happy returns of the Day.\r\n\r\nFrom,\r\nUSM Group', '2017-05-12 04:16:27', '2017-05-15 15:19:50', 1);

-- --------------------------------------------------------

--
-- Table structure for table `sms_type`
--

CREATE TABLE IF NOT EXISTS `sms_type` (
  `type_id` int(11) NOT NULL,
  `type_name` varchar(128) NOT NULL,
  `created_at` timestamp NOT NULL DEFAULT CURRENT_TIMESTAMP,
  `updated_at` timestamp NOT NULL DEFAULT CURRENT_TIMESTAMP ON UPDATE CURRENT_TIMESTAMP,
  `status` tinyint(1) NOT NULL DEFAULT '1',
  PRIMARY KEY (`type_id`)
) ENGINE=InnoDB DEFAULT CHARSET=latin1;

--
-- RELATIONSHIPS FOR TABLE `sms_type`:
--

--
-- Dumping data for table `sms_type`
--

INSERT INTO `sms_type` (`type_id`, `type_name`, `created_at`, `updated_at`, `status`) VALUES
(1, 'User Registration', '2017-05-12 02:14:18', '2017-05-12 02:14:18', 1),
(2, 'Birthday', '2017-05-12 02:14:18', '2017-05-12 02:14:18', 1);

-- --------------------------------------------------------

--
-- Table structure for table `states`
--

CREATE TABLE IF NOT EXISTS `states` (
  `id` int(10) UNSIGNED NOT NULL AUTO_INCREMENT,
  `name` varchar(255) NOT NULL,
  `country_id` int(10) UNSIGNED DEFAULT NULL,
  `is_active` tinyint(1) NOT NULL DEFAULT '1',
  PRIMARY KEY (`id`),
  KEY `country_id` (`country_id`),
  KEY `is_active` (`is_active`)
) ENGINE=InnoDB AUTO_INCREMENT=4121 DEFAULT CHARSET=utf8;

--
-- RELATIONSHIPS FOR TABLE `states`:
--

--
-- Dumping data for table `states`
--

INSERT INTO `states` (`id`, `name`, `country_id`, `is_active`) VALUES
(1, 'Andaman and Nicobar Islands', 101, 1),
(2, 'Andhra Pradesh', 101, 1),
(3, 'Arunachal Pradesh', 101, 1),
(4, 'Assam', 101, 1),
(5, 'Bihar', 101, 1),
(6, 'Chandigarh', 101, 1),
(7, 'Chhattisgarh', 101, 1),
(8, 'Dadra and Nagar Haveli', 101, 1),
(9, 'Daman and Diu', 101, 1),
(10, 'Delhi', 101, 1),
(11, 'Goa', 101, 1),
(12, 'Gujarat', 101, 1),
(13, 'Haryana', 101, 1),
(14, 'Himachal Pradesh', 101, 1),
(15, 'Jammu and Kashmir', 101, 1),
(16, 'Jharkhand', 101, 1),
(17, 'Karnataka', 101, 1),
(18, 'Kenmore', 101, 1),
(19, 'Kerala', 101, 1),
(20, 'Lakshadweep', 101, 1),
(21, 'Madhya Pradesh', 101, 1),
(22, 'Maharashtra', 101, 1),
(23, 'Manipur', 101, 1),
(24, 'Meghalaya', 101, 1),
(25, 'Mizoram', 101, 1),
(26, 'Nagaland', 101, 1),
(27, 'Narora', 101, 1),
(28, 'Natwar', 101, 1),
(29, 'Odisha', 101, 1),
(30, 'Paschim Medinipur', 101, 1),
(31, 'Pondicherry', 101, 1),
(32, 'Punjab', 101, 1),
(33, 'Rajasthan', 101, 1),
(34, 'Sikkim', 101, 1),
(35, 'Tamil Nadu', 101, 1),
(36, 'Telangana', 101, 1),
(37, 'Tripura', 101, 1),
(38, 'Uttar Pradesh', 101, 1),
(39, 'Uttarakhand', 101, 1),
(40, 'Vaishali', 101, 1),
(41, 'West Bengal', 101, 1),
(42, 'Badakhshan', 1, 1),
(43, 'Badgis', 1, 1),
(44, 'Baglan', 1, 1),
(45, 'Balkh', 1, 1),
(46, 'Bamiyan', 1, 1),
(47, 'Farah', 1, 1),
(48, 'Faryab', 1, 1),
(49, 'Gawr', 1, 1),
(50, 'Gazni', 1, 1),
(51, 'Herat', 1, 1),
(52, 'Hilmand', 1, 1),
(53, 'Jawzjan', 1, 1),
(54, 'Kabul', 1, 1),
(55, 'Kapisa', 1, 1),
(56, 'Khawst', 1, 1),
(57, 'Kunar', 1, 1),
(58, 'Lagman', 1, 1),
(59, 'Lawghar', 1, 1),
(60, 'Nangarhar', 1, 1),
(61, 'Nimruz', 1, 1),
(62, 'Nuristan', 1, 1),
(63, 'Paktika', 1, 1),
(64, 'Paktiya', 1, 1),
(65, 'Parwan', 1, 1),
(66, 'Qandahar', 1, 1),
(67, 'Qunduz', 1, 1),
(68, 'Samangan', 1, 1),
(69, 'Sar-e Pul', 1, 1),
(70, 'Takhar', 1, 1),
(71, 'Uruzgan', 1, 1),
(72, 'Wardag', 1, 1),
(73, 'Zabul', 1, 1),
(74, 'Berat', 2, 1),
(75, 'Bulqize', 2, 1),
(76, 'Delvine', 2, 1),
(77, 'Devoll', 2, 1),
(78, 'Dibre', 2, 1),
(79, 'Durres', 2, 1),
(80, 'Elbasan', 2, 1),
(81, 'Fier', 2, 1),
(82, 'Gjirokaster', 2, 1),
(83, 'Gramsh', 2, 1),
(84, 'Has', 2, 1),
(85, 'Kavaje', 2, 1),
(86, 'Kolonje', 2, 1),
(87, 'Korce', 2, 1),
(88, 'Kruje', 2, 1),
(89, 'Kucove', 2, 1),
(90, 'Kukes', 2, 1),
(91, 'Kurbin', 2, 1),
(92, 'Lezhe', 2, 1),
(93, 'Librazhd', 2, 1),
(94, 'Lushnje', 2, 1),
(95, 'Mallakaster', 2, 1),
(96, 'Malsi e Madhe', 2, 1),
(97, 'Mat', 2, 1),
(98, 'Mirdite', 2, 1),
(99, 'Peqin', 2, 1),
(100, 'Permet', 2, 1),
(101, 'Pogradec', 2, 1),
(102, 'Puke', 2, 1),
(103, 'Sarande', 2, 1),
(104, 'Shkoder', 2, 1),
(105, 'Skrapar', 2, 1),
(106, 'Tepelene', 2, 1),
(107, 'Tirane', 2, 1),
(108, 'Tropoje', 2, 1),
(109, 'Vlore', 2, 1),
(110, '\'Ayn Daflah', 3, 1),
(111, '\'Ayn Tamushanat', 3, 1),
(112, 'Adrar', 3, 1),
(113, 'Algiers', 3, 1),
(114, 'Annabah', 3, 1),
(115, 'Bashshar', 3, 1),
(116, 'Batnah', 3, 1),
(117, 'Bijayah', 3, 1),
(118, 'Biskrah', 3, 1),
(119, 'Blidah', 3, 1),
(120, 'Buirah', 3, 1),
(121, 'Bumardas', 3, 1),
(122, 'Burj Bu Arririj', 3, 1),
(123, 'Ghalizan', 3, 1),
(124, 'Ghardayah', 3, 1),
(125, 'Ilizi', 3, 1),
(126, 'Jijili', 3, 1),
(127, 'Jilfah', 3, 1),
(128, 'Khanshalah', 3, 1),
(129, 'Masilah', 3, 1),
(130, 'Midyah', 3, 1),
(131, 'Milah', 3, 1),
(132, 'Muaskar', 3, 1),
(133, 'Mustaghanam', 3, 1),
(134, 'Naama', 3, 1),
(135, 'Oran', 3, 1),
(136, 'Ouargla', 3, 1),
(137, 'Qalmah', 3, 1),
(138, 'Qustantinah', 3, 1),
(139, 'Sakikdah', 3, 1),
(140, 'Satif', 3, 1),
(141, 'Sayda\'', 3, 1),
(142, 'Sidi ban-al-\'Abbas', 3, 1),
(143, 'Suq Ahras', 3, 1),
(144, 'Tamanghasat', 3, 1),
(145, 'Tibazah', 3, 1),
(146, 'Tibissah', 3, 1),
(147, 'Tilimsan', 3, 1),
(148, 'Tinduf', 3, 1),
(149, 'Tisamsilt', 3, 1),
(150, 'Tiyarat', 3, 1),
(151, 'Tizi Wazu', 3, 1),
(152, 'Umm-al-Bawaghi', 3, 1),
(153, 'Wahran', 3, 1),
(154, 'Warqla', 3, 1),
(155, 'Wilaya d Alger', 3, 1),
(156, 'Wilaya de Bejaia', 3, 1),
(157, 'Wilaya de Constantine', 3, 1),
(158, 'al-Aghwat', 3, 1),
(159, 'al-Bayadh', 3, 1),
(160, 'al-Jaza\'ir', 3, 1),
(161, 'al-Wad', 3, 1),
(162, 'ash-Shalif', 3, 1),
(163, 'at-Tarif', 3, 1),
(164, 'Eastern', 4, 1),
(165, 'Manu\'a', 4, 1),
(166, 'Swains Island', 4, 1),
(167, 'Western', 4, 1),
(168, 'Andorra la Vella', 5, 1),
(169, 'Canillo', 5, 1),
(170, 'Encamp', 5, 1),
(171, 'La Massana', 5, 1),
(172, 'Les Escaldes', 5, 1),
(173, 'Ordino', 5, 1),
(174, 'Sant Julia de Loria', 5, 1),
(175, 'Bengo', 6, 1),
(176, 'Benguela', 6, 1),
(177, 'Bie', 6, 1),
(178, 'Cabinda', 6, 1),
(179, 'Cunene', 6, 1),
(180, 'Huambo', 6, 1),
(181, 'Huila', 6, 1),
(182, 'Kuando-Kubango', 6, 1),
(183, 'Kwanza Norte', 6, 1),
(184, 'Kwanza Sul', 6, 1),
(185, 'Luanda', 6, 1),
(186, 'Lunda Norte', 6, 1),
(187, 'Lunda Sul', 6, 1),
(188, 'Malanje', 6, 1),
(189, 'Moxico', 6, 1),
(190, 'Namibe', 6, 1),
(191, 'Uige', 6, 1),
(192, 'Zaire', 6, 1),
(193, 'Other Provinces', 7, 1),
(194, 'Sector claimed by Argentina/Ch', 8, 1),
(195, 'Sector claimed by Argentina/UK', 8, 1),
(196, 'Sector claimed by Australia', 8, 1),
(197, 'Sector claimed by France', 8, 1),
(198, 'Sector claimed by New Zealand', 8, 1),
(199, 'Sector claimed by Norway', 8, 1),
(200, 'Unclaimed Sector', 8, 1),
(201, 'Barbuda', 9, 1),
(202, 'Saint George', 9, 1),
(203, 'Saint John', 9, 1),
(204, 'Saint Mary', 9, 1),
(205, 'Saint Paul', 9, 1),
(206, 'Saint Peter', 9, 1),
(207, 'Saint Philip', 9, 1),
(208, 'Buenos Aires', 10, 1),
(209, 'Catamarca', 10, 1),
(210, 'Chaco', 10, 1),
(211, 'Chubut', 10, 1),
(212, 'Cordoba', 10, 1),
(213, 'Corrientes', 10, 1),
(214, 'Distrito Federal', 10, 1),
(215, 'Entre Rios', 10, 1),
(216, 'Formosa', 10, 1),
(217, 'Jujuy', 10, 1),
(218, 'La Pampa', 10, 1),
(219, 'La Rioja', 10, 1),
(220, 'Mendoza', 10, 1),
(221, 'Misiones', 10, 1),
(222, 'Neuquen', 10, 1),
(223, 'Rio Negro', 10, 1),
(224, 'Salta', 10, 1),
(225, 'San Juan', 10, 1),
(226, 'San Luis', 10, 1),
(227, 'Santa Cruz', 10, 1),
(228, 'Santa Fe', 10, 1),
(229, 'Santiago del Estero', 10, 1),
(230, 'Tierra del Fuego', 10, 1),
(231, 'Tucuman', 10, 1),
(232, 'Aragatsotn', 11, 1),
(233, 'Ararat', 11, 1),
(234, 'Armavir', 11, 1),
(235, 'Gegharkunik', 11, 1),
(236, 'Kotaik', 11, 1),
(237, 'Lori', 11, 1),
(238, 'Shirak', 11, 1),
(239, 'Stepanakert', 11, 1),
(240, 'Syunik', 11, 1),
(241, 'Tavush', 11, 1),
(242, 'Vayots Dzor', 11, 1),
(243, 'Yerevan', 11, 1),
(244, 'Aruba', 12, 1),
(245, 'Auckland', 13, 1),
(246, 'Australian Capital Territory', 13, 1),
(247, 'Balgowlah', 13, 1),
(248, 'Balmain', 13, 1),
(249, 'Bankstown', 13, 1),
(250, 'Baulkham Hills', 13, 1),
(251, 'Bonnet Bay', 13, 1),
(252, 'Camberwell', 13, 1),
(253, 'Carole Park', 13, 1),
(254, 'Castle Hill', 13, 1),
(255, 'Caulfield', 13, 1),
(256, 'Chatswood', 13, 1),
(257, 'Cheltenham', 13, 1),
(258, 'Cherrybrook', 13, 1),
(259, 'Clayton', 13, 1),
(260, 'Collingwood', 13, 1),
(261, 'Frenchs Forest', 13, 1),
(262, 'Hawthorn', 13, 1),
(263, 'Jannnali', 13, 1),
(264, 'Knoxfield', 13, 1),
(265, 'Melbourne', 13, 1),
(266, 'New South Wales', 13, 1),
(267, 'Northern Territory', 13, 1),
(268, 'Perth', 13, 1),
(269, 'Queensland', 13, 1),
(270, 'South Australia', 13, 1),
(271, 'Tasmania', 13, 1),
(272, 'Templestowe', 13, 1),
(273, 'Victoria', 13, 1),
(274, 'Werribee south', 13, 1),
(275, 'Western Australia', 13, 1),
(276, 'Wheeler', 13, 1),
(277, 'Bundesland Salzburg', 14, 1),
(278, 'Bundesland Steiermark', 14, 1),
(279, 'Bundesland Tirol', 14, 1),
(280, 'Burgenland', 14, 1),
(281, 'Carinthia', 14, 1),
(282, 'Karnten', 14, 1),
(283, 'Liezen', 14, 1),
(284, 'Lower Austria', 14, 1),
(285, 'Niederosterreich', 14, 1),
(286, 'Oberosterreich', 14, 1),
(287, 'Salzburg', 14, 1),
(288, 'Schleswig-Holstein', 14, 1),
(289, 'Steiermark', 14, 1),
(290, 'Styria', 14, 1),
(291, 'Tirol', 14, 1),
(292, 'Upper Austria', 14, 1),
(293, 'Vorarlberg', 14, 1),
(294, 'Wien', 14, 1),
(295, 'Abseron', 15, 1),
(296, 'Baki Sahari', 15, 1),
(297, 'Ganca', 15, 1),
(298, 'Ganja', 15, 1),
(299, 'Kalbacar', 15, 1),
(300, 'Lankaran', 15, 1),
(301, 'Mil-Qarabax', 15, 1),
(302, 'Mugan-Salyan', 15, 1),
(303, 'Nagorni-Qarabax', 15, 1),
(304, 'Naxcivan', 15, 1),
(305, 'Priaraks', 15, 1),
(306, 'Qazax', 15, 1),
(307, 'Saki', 15, 1),
(308, 'Sirvan', 15, 1),
(309, 'Xacmaz', 15, 1),
(310, 'Abaco', 16, 1),
(311, 'Acklins Island', 16, 1),
(312, 'Andros', 16, 1),
(313, 'Berry Islands', 16, 1),
(314, 'Biminis', 16, 1),
(315, 'Cat Island', 16, 1),
(316, 'Crooked Island', 16, 1),
(317, 'Eleuthera', 16, 1),
(318, 'Exuma and Cays', 16, 1),
(319, 'Grand Bahama', 16, 1),
(320, 'Inagua Islands', 16, 1),
(321, 'Long Island', 16, 1),
(322, 'Mayaguana', 16, 1),
(323, 'New Providence', 16, 1),
(324, 'Ragged Island', 16, 1),
(325, 'Rum Cay', 16, 1),
(326, 'San Salvador', 16, 1),
(327, '\'Isa', 17, 1),
(328, 'Badiyah', 17, 1),
(329, 'Hidd', 17, 1),
(330, 'Jidd Hafs', 17, 1),
(331, 'Mahama', 17, 1),
(332, 'Manama', 17, 1),
(333, 'Sitrah', 17, 1),
(334, 'al-Manamah', 17, 1),
(335, 'al-Muharraq', 17, 1),
(336, 'ar-Rifa\'a', 17, 1),
(337, 'Bagar Hat', 18, 1),
(338, 'Bandarban', 18, 1),
(339, 'Barguna', 18, 1),
(340, 'Barisal', 18, 1),
(341, 'Bhola', 18, 1),
(342, 'Bogora', 18, 1),
(343, 'Brahman Bariya', 18, 1),
(344, 'Chandpur', 18, 1),
(345, 'Chattagam', 18, 1),
(346, 'Chittagong Division', 18, 1),
(347, 'Chuadanga', 18, 1),
(348, 'Dhaka', 18, 1),
(349, 'Dinajpur', 18, 1),
(350, 'Faridpur', 18, 1),
(351, 'Feni', 18, 1),
(352, 'Gaybanda', 18, 1),
(353, 'Gazipur', 18, 1),
(354, 'Gopalganj', 18, 1),
(355, 'Habiganj', 18, 1),
(356, 'Jaipur Hat', 18, 1),
(357, 'Jamalpur', 18, 1),
(358, 'Jessor', 18, 1),
(359, 'Jhalakati', 18, 1),
(360, 'Jhanaydah', 18, 1),
(361, 'Khagrachhari', 18, 1),
(362, 'Khulna', 18, 1),
(363, 'Kishorganj', 18, 1),
(364, 'Koks Bazar', 18, 1),
(365, 'Komilla', 18, 1),
(366, 'Kurigram', 18, 1),
(367, 'Kushtiya', 18, 1),
(368, 'Lakshmipur', 18, 1),
(369, 'Lalmanir Hat', 18, 1),
(370, 'Madaripur', 18, 1),
(371, 'Magura', 18, 1),
(372, 'Maimansingh', 18, 1),
(373, 'Manikganj', 18, 1),
(374, 'Maulvi Bazar', 18, 1),
(375, 'Meherpur', 18, 1),
(376, 'Munshiganj', 18, 1),
(377, 'Naral', 18, 1),
(378, 'Narayanganj', 18, 1),
(379, 'Narsingdi', 18, 1),
(380, 'Nator', 18, 1),
(381, 'Naugaon', 18, 1),
(382, 'Nawabganj', 18, 1),
(383, 'Netrakona', 18, 1),
(384, 'Nilphamari', 18, 1),
(385, 'Noakhali', 18, 1),
(386, 'Pabna', 18, 1),
(387, 'Panchagarh', 18, 1),
(388, 'Patuakhali', 18, 1),
(389, 'Pirojpur', 18, 1),
(390, 'Rajbari', 18, 1),
(391, 'Rajshahi', 18, 1),
(392, 'Rangamati', 18, 1),
(393, 'Rangpur', 18, 1),
(394, 'Satkhira', 18, 1),
(395, 'Shariatpur', 18, 1),
(396, 'Sherpur', 18, 1),
(397, 'Silhat', 18, 1),
(398, 'Sirajganj', 18, 1),
(399, 'Sunamganj', 18, 1),
(400, 'Tangayal', 18, 1),
(401, 'Thakurgaon', 18, 1),
(402, 'Christ Church', 19, 1),
(403, 'Saint Andrew', 19, 1),
(404, 'Saint George', 19, 1),
(405, 'Saint James', 19, 1),
(406, 'Saint John', 19, 1),
(407, 'Saint Joseph', 19, 1),
(408, 'Saint Lucy', 19, 1),
(409, 'Saint Michael', 19, 1),
(410, 'Saint Peter', 19, 1),
(411, 'Saint Philip', 19, 1),
(412, 'Saint Thomas', 19, 1),
(413, 'Brest', 20, 1),
(414, 'Homjel\'', 20, 1),
(415, 'Hrodna', 20, 1),
(416, 'Mahiljow', 20, 1),
(417, 'Mahilyowskaya Voblasts', 20, 1),
(418, 'Minsk', 20, 1),
(419, 'Minskaja Voblasts\'', 20, 1),
(420, 'Petrik', 20, 1),
(421, 'Vicebsk', 20, 1),
(422, 'Antwerpen', 21, 1),
(423, 'Berchem', 21, 1),
(424, 'Brabant', 21, 1),
(425, 'Brabant Wallon', 21, 1),
(426, 'Brussel', 21, 1),
(427, 'East Flanders', 21, 1),
(428, 'Hainaut', 21, 1),
(429, 'Liege', 21, 1),
(430, 'Limburg', 21, 1),
(431, 'Luxembourg', 21, 1),
(432, 'Namur', 21, 1),
(433, 'Ontario', 21, 1),
(434, 'Oost-Vlaanderen', 21, 1),
(435, 'Provincie Brabant', 21, 1),
(436, 'Vlaams-Brabant', 21, 1),
(437, 'Wallonne', 21, 1),
(438, 'West-Vlaanderen', 21, 1),
(439, 'Belize', 22, 1),
(440, 'Cayo', 22, 1),
(441, 'Corozal', 22, 1),
(442, 'Orange Walk', 22, 1),
(443, 'Stann Creek', 22, 1),
(444, 'Toledo', 22, 1),
(445, 'Alibori', 23, 1),
(446, 'Atacora', 23, 1),
(447, 'Atlantique', 23, 1),
(448, 'Borgou', 23, 1),
(449, 'Collines', 23, 1),
(450, 'Couffo', 23, 1),
(451, 'Donga', 23, 1),
(452, 'Littoral', 23, 1),
(453, 'Mono', 23, 1),
(454, 'Oueme', 23, 1),
(455, 'Plateau', 23, 1),
(456, 'Zou', 23, 1),
(457, 'Hamilton', 24, 1),
(458, 'Saint George', 24, 1),
(459, 'Bumthang', 25, 1),
(460, 'Chhukha', 25, 1),
(461, 'Chirang', 25, 1),
(462, 'Daga', 25, 1),
(463, 'Geylegphug', 25, 1),
(464, 'Ha', 25, 1),
(465, 'Lhuntshi', 25, 1),
(466, 'Mongar', 25, 1),
(467, 'Pemagatsel', 25, 1),
(468, 'Punakha', 25, 1),
(469, 'Rinpung', 25, 1),
(470, 'Samchi', 25, 1),
(471, 'Samdrup Jongkhar', 25, 1),
(472, 'Shemgang', 25, 1),
(473, 'Tashigang', 25, 1),
(474, 'Timphu', 25, 1),
(475, 'Tongsa', 25, 1),
(476, 'Wangdiphodrang', 25, 1),
(477, 'Beni', 26, 1),
(478, 'Chuquisaca', 26, 1),
(479, 'Cochabamba', 26, 1),
(480, 'La Paz', 26, 1),
(481, 'Oruro', 26, 1),
(482, 'Pando', 26, 1),
(483, 'Potosi', 26, 1),
(484, 'Santa Cruz', 26, 1),
(485, 'Tarija', 26, 1),
(486, 'Federacija Bosna i Hercegovina', 27, 1),
(487, 'Republika Srpska', 27, 1),
(488, 'Central Bobonong', 28, 1),
(489, 'Central Boteti', 28, 1),
(490, 'Central Mahalapye', 28, 1),
(491, 'Central Serowe-Palapye', 28, 1),
(492, 'Central Tutume', 28, 1),
(493, 'Chobe', 28, 1),
(494, 'Francistown', 28, 1),
(495, 'Gaborone', 28, 1),
(496, 'Ghanzi', 28, 1),
(497, 'Jwaneng', 28, 1),
(498, 'Kgalagadi North', 28, 1),
(499, 'Kgalagadi South', 28, 1),
(500, 'Kgatleng', 28, 1),
(501, 'Kweneng', 28, 1),
(502, 'Lobatse', 28, 1),
(503, 'Ngamiland', 28, 1),
(504, 'Ngwaketse', 28, 1),
(505, 'North East', 28, 1),
(506, 'Okavango', 28, 1),
(507, 'Orapa', 28, 1),
(508, 'Selibe Phikwe', 28, 1),
(509, 'South East', 28, 1),
(510, 'Sowa', 28, 1),
(511, 'Bouvet Island', 29, 1),
(512, 'Acre', 30, 1),
(513, 'Alagoas', 30, 1),
(514, 'Amapa', 30, 1),
(515, 'Amazonas', 30, 1),
(516, 'Bahia', 30, 1),
(517, 'Ceara', 30, 1),
(518, 'Distrito Federal', 30, 1),
(519, 'Espirito Santo', 30, 1),
(520, 'Estado de Sao Paulo', 30, 1),
(521, 'Goias', 30, 1),
(522, 'Maranhao', 30, 1),
(523, 'Mato Grosso', 30, 1),
(524, 'Mato Grosso do Sul', 30, 1),
(525, 'Minas Gerais', 30, 1),
(526, 'Para', 30, 1),
(527, 'Paraiba', 30, 1),
(528, 'Parana', 30, 1),
(529, 'Pernambuco', 30, 1),
(530, 'Piaui', 30, 1),
(531, 'Rio Grande do Norte', 30, 1),
(532, 'Rio Grande do Sul', 30, 1),
(533, 'Rio de Janeiro', 30, 1),
(534, 'Rondonia', 30, 1),
(535, 'Roraima', 30, 1),
(536, 'Santa Catarina', 30, 1),
(537, 'Sao Paulo', 30, 1),
(538, 'Sergipe', 30, 1),
(539, 'Tocantins', 30, 1),
(540, 'British Indian Ocean Territory', 31, 1),
(541, 'Belait', 32, 1),
(542, 'Brunei-Muara', 32, 1),
(543, 'Temburong', 32, 1),
(544, 'Tutong', 32, 1),
(545, 'Blagoevgrad', 33, 1),
(546, 'Burgas', 33, 1),
(547, 'Dobrich', 33, 1),
(548, 'Gabrovo', 33, 1),
(549, 'Haskovo', 33, 1),
(550, 'Jambol', 33, 1),
(551, 'Kardzhali', 33, 1),
(552, 'Kjustendil', 33, 1),
(553, 'Lovech', 33, 1),
(554, 'Montana', 33, 1),
(555, 'Oblast Sofiya-Grad', 33, 1),
(556, 'Pazardzhik', 33, 1),
(557, 'Pernik', 33, 1),
(558, 'Pleven', 33, 1),
(559, 'Plovdiv', 33, 1),
(560, 'Razgrad', 33, 1),
(561, 'Ruse', 33, 1),
(562, 'Shumen', 33, 1),
(563, 'Silistra', 33, 1),
(564, 'Sliven', 33, 1),
(565, 'Smoljan', 33, 1),
(566, 'Sofija grad', 33, 1),
(567, 'Sofijska oblast', 33, 1),
(568, 'Stara Zagora', 33, 1),
(569, 'Targovishte', 33, 1),
(570, 'Varna', 33, 1),
(571, 'Veliko Tarnovo', 33, 1),
(572, 'Vidin', 33, 1),
(573, 'Vraca', 33, 1),
(574, 'Yablaniza', 33, 1),
(575, 'Bale', 34, 1),
(576, 'Bam', 34, 1),
(577, 'Bazega', 34, 1),
(578, 'Bougouriba', 34, 1),
(579, 'Boulgou', 34, 1),
(580, 'Boulkiemde', 34, 1),
(581, 'Comoe', 34, 1),
(582, 'Ganzourgou', 34, 1),
(583, 'Gnagna', 34, 1),
(584, 'Gourma', 34, 1),
(585, 'Houet', 34, 1),
(586, 'Ioba', 34, 1),
(587, 'Kadiogo', 34, 1),
(588, 'Kenedougou', 34, 1),
(589, 'Komandjari', 34, 1),
(590, 'Kompienga', 34, 1),
(591, 'Kossi', 34, 1),
(592, 'Kouritenga', 34, 1),
(593, 'Kourweogo', 34, 1),
(594, 'Leraba', 34, 1),
(595, 'Mouhoun', 34, 1),
(596, 'Nahouri', 34, 1),
(597, 'Namentenga', 34, 1),
(598, 'Noumbiel', 34, 1),
(599, 'Oubritenga', 34, 1),
(600, 'Oudalan', 34, 1),
(601, 'Passore', 34, 1),
(602, 'Poni', 34, 1),
(603, 'Sanguie', 34, 1),
(604, 'Sanmatenga', 34, 1),
(605, 'Seno', 34, 1),
(606, 'Sissili', 34, 1),
(607, 'Soum', 34, 1),
(608, 'Sourou', 34, 1),
(609, 'Tapoa', 34, 1),
(610, 'Tuy', 34, 1),
(611, 'Yatenga', 34, 1),
(612, 'Zondoma', 34, 1),
(613, 'Zoundweogo', 34, 1),
(614, 'Bubanza', 35, 1),
(615, 'Bujumbura', 35, 1),
(616, 'Bururi', 35, 1),
(617, 'Cankuzo', 35, 1),
(618, 'Cibitoke', 35, 1),
(619, 'Gitega', 35, 1),
(620, 'Karuzi', 35, 1),
(621, 'Kayanza', 35, 1),
(622, 'Kirundo', 35, 1),
(623, 'Makamba', 35, 1),
(624, 'Muramvya', 35, 1),
(625, 'Muyinga', 35, 1),
(626, 'Ngozi', 35, 1),
(627, 'Rutana', 35, 1),
(628, 'Ruyigi', 35, 1),
(629, 'Banteay Mean Chey', 36, 1),
(630, 'Bat Dambang', 36, 1),
(631, 'Kampong Cham', 36, 1),
(632, 'Kampong Chhnang', 36, 1),
(633, 'Kampong Spoeu', 36, 1),
(634, 'Kampong Thum', 36, 1),
(635, 'Kampot', 36, 1),
(636, 'Kandal', 36, 1),
(637, 'Kaoh Kong', 36, 1),
(638, 'Kracheh', 36, 1),
(639, 'Krong Kaeb', 36, 1),
(640, 'Krong Pailin', 36, 1),
(641, 'Krong Preah Sihanouk', 36, 1),
(642, 'Mondol Kiri', 36, 1),
(643, 'Otdar Mean Chey', 36, 1),
(644, 'Phnum Penh', 36, 1),
(645, 'Pousat', 36, 1),
(646, 'Preah Vihear', 36, 1),
(647, 'Prey Veaeng', 36, 1),
(648, 'Rotanak Kiri', 36, 1),
(649, 'Siem Reab', 36, 1),
(650, 'Stueng Traeng', 36, 1),
(651, 'Svay Rieng', 36, 1),
(652, 'Takaev', 36, 1),
(653, 'Adamaoua', 37, 1),
(654, 'Centre', 37, 1),
(655, 'Est', 37, 1),
(656, 'Littoral', 37, 1),
(657, 'Nord', 37, 1),
(658, 'Nord Extreme', 37, 1),
(659, 'Nordouest', 37, 1),
(660, 'Ouest', 37, 1),
(661, 'Sud', 37, 1),
(662, 'Sudouest', 37, 1),
(663, 'Alberta', 38, 1),
(664, 'British Columbia', 38, 1),
(665, 'Manitoba', 38, 1),
(666, 'New Brunswick', 38, 1),
(667, 'Newfoundland and Labrador', 38, 1),
(668, 'Northwest Territories', 38, 1),
(669, 'Nova Scotia', 38, 1),
(670, 'Nunavut', 38, 1),
(671, 'Ontario', 38, 1),
(672, 'Prince Edward Island', 38, 1),
(673, 'Quebec', 38, 1),
(674, 'Saskatchewan', 38, 1),
(675, 'Yukon', 38, 1),
(676, 'Boavista', 39, 1),
(677, 'Brava', 39, 1),
(678, 'Fogo', 39, 1),
(679, 'Maio', 39, 1),
(680, 'Sal', 39, 1),
(681, 'Santo Antao', 39, 1),
(682, 'Sao Nicolau', 39, 1),
(683, 'Sao Tiago', 39, 1),
(684, 'Sao Vicente', 39, 1),
(685, 'Grand Cayman', 40, 1),
(686, 'Bamingui-Bangoran', 41, 1),
(687, 'Bangui', 41, 1),
(688, 'Basse-Kotto', 41, 1),
(689, 'Haut-Mbomou', 41, 1),
(690, 'Haute-Kotto', 41, 1),
(691, 'Kemo', 41, 1),
(692, 'Lobaye', 41, 1),
(693, 'Mambere-Kadei', 41, 1),
(694, 'Mbomou', 41, 1),
(695, 'Nana-Gribizi', 41, 1),
(696, 'Nana-Mambere', 41, 1),
(697, 'Ombella Mpoko', 41, 1),
(698, 'Ouaka', 41, 1),
(699, 'Ouham', 41, 1),
(700, 'Ouham-Pende', 41, 1),
(701, 'Sangha-Mbaere', 41, 1),
(702, 'Vakaga', 41, 1),
(703, 'Batha', 42, 1),
(704, 'Biltine', 42, 1),
(705, 'Bourkou-Ennedi-Tibesti', 42, 1),
(706, 'Chari-Baguirmi', 42, 1),
(707, 'Guera', 42, 1),
(708, 'Kanem', 42, 1),
(709, 'Lac', 42, 1),
(710, 'Logone Occidental', 42, 1),
(711, 'Logone Oriental', 42, 1),
(712, 'Mayo-Kebbi', 42, 1),
(713, 'Moyen-Chari', 42, 1),
(714, 'Ouaddai', 42, 1),
(715, 'Salamat', 42, 1),
(716, 'Tandjile', 42, 1),
(717, 'Aisen', 43, 1),
(718, 'Antofagasta', 43, 1),
(719, 'Araucania', 43, 1),
(720, 'Atacama', 43, 1),
(721, 'Bio Bio', 43, 1),
(722, 'Coquimbo', 43, 1),
(723, 'Libertador General Bernardo O\'', 43, 1),
(724, 'Los Lagos', 43, 1),
(725, 'Magellanes', 43, 1),
(726, 'Maule', 43, 1),
(727, 'Metropolitana', 43, 1),
(728, 'Metropolitana de Santiago', 43, 1),
(729, 'Tarapaca', 43, 1),
(730, 'Valparaiso', 43, 1),
(731, 'Anhui', 44, 1),
(732, 'Anhui Province', 44, 1),
(733, 'Anhui Sheng', 44, 1),
(734, 'Aomen', 44, 1),
(735, 'Beijing', 44, 1),
(736, 'Beijing Shi', 44, 1),
(737, 'Chongqing', 44, 1),
(738, 'Fujian', 44, 1),
(739, 'Fujian Sheng', 44, 1),
(740, 'Gansu', 44, 1),
(741, 'Guangdong', 44, 1),
(742, 'Guangdong Sheng', 44, 1),
(743, 'Guangxi', 44, 1),
(744, 'Guizhou', 44, 1),
(745, 'Hainan', 44, 1),
(746, 'Hebei', 44, 1),
(747, 'Heilongjiang', 44, 1),
(748, 'Henan', 44, 1),
(749, 'Hubei', 44, 1),
(750, 'Hunan', 44, 1),
(751, 'Jiangsu', 44, 1),
(752, 'Jiangsu Sheng', 44, 1),
(753, 'Jiangxi', 44, 1),
(754, 'Jilin', 44, 1),
(755, 'Liaoning', 44, 1),
(756, 'Liaoning Sheng', 44, 1),
(757, 'Nei Monggol', 44, 1),
(758, 'Ningxia Hui', 44, 1),
(759, 'Qinghai', 44, 1),
(760, 'Shaanxi', 44, 1),
(761, 'Shandong', 44, 1),
(762, 'Shandong Sheng', 44, 1),
(763, 'Shanghai', 44, 1),
(764, 'Shanxi', 44, 1),
(765, 'Sichuan', 44, 1),
(766, 'Tianjin', 44, 1),
(767, 'Xianggang', 44, 1),
(768, 'Xinjiang', 44, 1),
(769, 'Xizang', 44, 1),
(770, 'Yunnan', 44, 1),
(771, 'Zhejiang', 44, 1),
(772, 'Zhejiang Sheng', 44, 1),
(773, 'Christmas Island', 45, 1),
(774, 'Cocos (Keeling) Islands', 46, 1),
(775, 'Amazonas', 47, 1),
(776, 'Antioquia', 47, 1),
(777, 'Arauca', 47, 1),
(778, 'Atlantico', 47, 1),
(779, 'Bogota', 47, 1),
(780, 'Bolivar', 47, 1),
(781, 'Boyaca', 47, 1),
(782, 'Caldas', 47, 1),
(783, 'Caqueta', 47, 1),
(784, 'Casanare', 47, 1),
(785, 'Cauca', 47, 1),
(786, 'Cesar', 47, 1),
(787, 'Choco', 47, 1),
(788, 'Cordoba', 47, 1),
(789, 'Cundinamarca', 47, 1),
(790, 'Guainia', 47, 1),
(791, 'Guaviare', 47, 1),
(792, 'Huila', 47, 1),
(793, 'La Guajira', 47, 1),
(794, 'Magdalena', 47, 1),
(795, 'Meta', 47, 1),
(796, 'Narino', 47, 1),
(797, 'Norte de Santander', 47, 1),
(798, 'Putumayo', 47, 1),
(799, 'Quindio', 47, 1),
(800, 'Risaralda', 47, 1),
(801, 'San Andres y Providencia', 47, 1),
(802, 'Santander', 47, 1),
(803, 'Sucre', 47, 1),
(804, 'Tolima', 47, 1),
(805, 'Valle del Cauca', 47, 1),
(806, 'Vaupes', 47, 1),
(807, 'Vichada', 47, 1),
(808, 'Mwali', 48, 1),
(809, 'Njazidja', 48, 1),
(810, 'Nzwani', 48, 1),
(811, 'Bouenza', 49, 1),
(812, 'Brazzaville', 49, 1),
(813, 'Cuvette', 49, 1),
(814, 'Kouilou', 49, 1),
(815, 'Lekoumou', 49, 1),
(816, 'Likouala', 49, 1),
(817, 'Niari', 49, 1),
(818, 'Plateaux', 49, 1),
(819, 'Pool', 49, 1),
(820, 'Sangha', 49, 1),
(821, 'Bandundu', 50, 1),
(822, 'Bas-Congo', 50, 1),
(823, 'Equateur', 50, 1),
(824, 'Haut-Congo', 50, 1),
(825, 'Kasai-Occidental', 50, 1),
(826, 'Kasai-Oriental', 50, 1),
(827, 'Katanga', 50, 1),
(828, 'Kinshasa', 50, 1),
(829, 'Maniema', 50, 1),
(830, 'Nord-Kivu', 50, 1),
(831, 'Sud-Kivu', 50, 1),
(832, 'Aitutaki', 51, 1),
(833, 'Atiu', 51, 1),
(834, 'Mangaia', 51, 1),
(835, 'Manihiki', 51, 1),
(836, 'Mauke', 51, 1),
(837, 'Mitiaro', 51, 1),
(838, 'Nassau', 51, 1),
(839, 'Pukapuka', 51, 1),
(840, 'Rakahanga', 51, 1),
(841, 'Rarotonga', 51, 1),
(842, 'Tongareva', 51, 1),
(843, 'Alajuela', 52, 1),
(844, 'Cartago', 52, 1),
(845, 'Guanacaste', 52, 1),
(846, 'Heredia', 52, 1),
(847, 'Limon', 52, 1),
(848, 'Puntarenas', 52, 1),
(849, 'San Jose', 52, 1),
(850, 'Abidjan', 53, 1),
(851, 'Agneby', 53, 1),
(852, 'Bafing', 53, 1),
(853, 'Denguele', 53, 1),
(854, 'Dix-huit Montagnes', 53, 1),
(855, 'Fromager', 53, 1),
(856, 'Haut-Sassandra', 53, 1),
(857, 'Lacs', 53, 1),
(858, 'Lagunes', 53, 1),
(859, 'Marahoue', 53, 1),
(860, 'Moyen-Cavally', 53, 1),
(861, 'Moyen-Comoe', 53, 1),
(862, 'N\'zi-Comoe', 53, 1),
(863, 'Sassandra', 53, 1),
(864, 'Savanes', 53, 1),
(865, 'Sud-Bandama', 53, 1),
(866, 'Sud-Comoe', 53, 1),
(867, 'Vallee du Bandama', 53, 1),
(868, 'Worodougou', 53, 1),
(869, 'Zanzan', 53, 1),
(870, 'Bjelovar-Bilogora', 54, 1),
(871, 'Dubrovnik-Neretva', 54, 1),
(872, 'Grad Zagreb', 54, 1),
(873, 'Istra', 54, 1),
(874, 'Karlovac', 54, 1),
(875, 'Koprivnica-Krizhevci', 54, 1),
(876, 'Krapina-Zagorje', 54, 1),
(877, 'Lika-Senj', 54, 1),
(878, 'Medhimurje', 54, 1),
(879, 'Medimurska Zupanija', 54, 1),
(880, 'Osijek-Baranja', 54, 1),
(881, 'Osjecko-Baranjska Zupanija', 54, 1),
(882, 'Pozhega-Slavonija', 54, 1),
(883, 'Primorje-Gorski Kotar', 54, 1),
(884, 'Shibenik-Knin', 54, 1),
(885, 'Sisak-Moslavina', 54, 1),
(886, 'Slavonski Brod-Posavina', 54, 1),
(887, 'Split-Dalmacija', 54, 1),
(888, 'Varazhdin', 54, 1),
(889, 'Virovitica-Podravina', 54, 1),
(890, 'Vukovar-Srijem', 54, 1),
(891, 'Zadar', 54, 1),
(892, 'Zagreb', 54, 1),
(893, 'Camaguey', 55, 1),
(894, 'Ciego de Avila', 55, 1),
(895, 'Cienfuegos', 55, 1),
(896, 'Ciudad de la Habana', 55, 1),
(897, 'Granma', 55, 1),
(898, 'Guantanamo', 55, 1),
(899, 'Habana', 55, 1),
(900, 'Holguin', 55, 1),
(901, 'Isla de la Juventud', 55, 1),
(902, 'La Habana', 55, 1),
(903, 'Las Tunas', 55, 1),
(904, 'Matanzas', 55, 1),
(905, 'Pinar del Rio', 55, 1),
(906, 'Sancti Spiritus', 55, 1),
(907, 'Santiago de Cuba', 55, 1),
(908, 'Villa Clara', 55, 1),
(909, 'Government controlled area', 56, 1),
(910, 'Limassol', 56, 1),
(911, 'Nicosia District', 56, 1),
(912, 'Paphos', 56, 1),
(913, 'Turkish controlled area', 56, 1),
(914, 'Central Bohemian', 57, 1),
(915, 'Frycovice', 57, 1),
(916, 'Jihocesky Kraj', 57, 1),
(917, 'Jihochesky', 57, 1),
(918, 'Jihomoravsky', 57, 1),
(919, 'Karlovarsky', 57, 1),
(920, 'Klecany', 57, 1),
(921, 'Kralovehradecky', 57, 1),
(922, 'Liberecky', 57, 1),
(923, 'Lipov', 57, 1),
(924, 'Moravskoslezsky', 57, 1),
(925, 'Olomoucky', 57, 1),
(926, 'Olomoucky Kraj', 57, 1),
(927, 'Pardubicky', 57, 1),
(928, 'Plzensky', 57, 1),
(929, 'Praha', 57, 1),
(930, 'Rajhrad', 57, 1),
(931, 'Smirice', 57, 1),
(932, 'South Moravian', 57, 1),
(933, 'Straz nad Nisou', 57, 1),
(934, 'Stredochesky', 57, 1),
(935, 'Unicov', 57, 1),
(936, 'Ustecky', 57, 1),
(937, 'Valletta', 57, 1),
(938, 'Velesin', 57, 1),
(939, 'Vysochina', 57, 1),
(940, 'Zlinsky', 57, 1),
(941, 'Arhus', 58, 1),
(942, 'Bornholm', 58, 1),
(943, 'Frederiksborg', 58, 1),
(944, 'Fyn', 58, 1),
(945, 'Hovedstaden', 58, 1),
(946, 'Kobenhavn', 58, 1),
(947, 'Kobenhavns Amt', 58, 1),
(948, 'Kobenhavns Kommune', 58, 1),
(949, 'Nordjylland', 58, 1),
(950, 'Ribe', 58, 1),
(951, 'Ringkobing', 58, 1),
(952, 'Roervig', 58, 1),
(953, 'Roskilde', 58, 1),
(954, 'Roslev', 58, 1),
(955, 'Sjaelland', 58, 1),
(956, 'Soeborg', 58, 1),
(957, 'Sonderjylland', 58, 1),
(958, 'Storstrom', 58, 1),
(959, 'Syddanmark', 58, 1),
(960, 'Toelloese', 58, 1),
(961, 'Vejle', 58, 1),
(962, 'Vestsjalland', 58, 1),
(963, 'Viborg', 58, 1),
(964, '\'Ali Sabih', 59, 1),
(965, 'Dikhil', 59, 1),
(966, 'Jibuti', 59, 1),
(967, 'Tajurah', 59, 1),
(968, 'Ubuk', 59, 1),
(969, 'Saint Andrew', 60, 1),
(970, 'Saint David', 60, 1),
(971, 'Saint George', 60, 1),
(972, 'Saint John', 60, 1),
(973, 'Saint Joseph', 60, 1),
(974, 'Saint Luke', 60, 1),
(975, 'Saint Mark', 60, 1),
(976, 'Saint Patrick', 60, 1),
(977, 'Saint Paul', 60, 1),
(978, 'Saint Peter', 60, 1),
(979, 'Azua', 61, 1),
(980, 'Bahoruco', 61, 1),
(981, 'Barahona', 61, 1),
(982, 'Dajabon', 61, 1),
(983, 'Distrito Nacional', 61, 1),
(984, 'Duarte', 61, 1),
(985, 'El Seybo', 61, 1),
(986, 'Elias Pina', 61, 1),
(987, 'Espaillat', 61, 1),
(988, 'Hato Mayor', 61, 1),
(989, 'Independencia', 61, 1),
(990, 'La Altagracia', 61, 1),
(991, 'La Romana', 61, 1),
(992, 'La Vega', 61, 1),
(993, 'Maria Trinidad Sanchez', 61, 1),
(994, 'Monsenor Nouel', 61, 1),
(995, 'Monte Cristi', 61, 1),
(996, 'Monte Plata', 61, 1),
(997, 'Pedernales', 61, 1),
(998, 'Peravia', 61, 1),
(999, 'Puerto Plata', 61, 1),
(1000, 'Salcedo', 61, 1),
(1001, 'Samana', 61, 1),
(1002, 'San Cristobal', 61, 1),
(1003, 'San Juan', 61, 1),
(1004, 'San Pedro de Macoris', 61, 1),
(1005, 'Sanchez Ramirez', 61, 1),
(1006, 'Santiago', 61, 1),
(1007, 'Santiago Rodriguez', 61, 1),
(1008, 'Valverde', 61, 1),
(1009, 'Aileu', 62, 1),
(1010, 'Ainaro', 62, 1),
(1011, 'Ambeno', 62, 1),
(1012, 'Baucau', 62, 1),
(1013, 'Bobonaro', 62, 1),
(1014, 'Cova Lima', 62, 1),
(1015, 'Dili', 62, 1),
(1016, 'Ermera', 62, 1),
(1017, 'Lautem', 62, 1),
(1018, 'Liquica', 62, 1),
(1019, 'Manatuto', 62, 1),
(1020, 'Manufahi', 62, 1),
(1021, 'Viqueque', 62, 1),
(1022, 'Azuay', 63, 1),
(1023, 'Bolivar', 63, 1),
(1024, 'Canar', 63, 1),
(1025, 'Carchi', 63, 1),
(1026, 'Chimborazo', 63, 1),
(1027, 'Cotopaxi', 63, 1),
(1028, 'El Oro', 63, 1),
(1029, 'Esmeraldas', 63, 1),
(1030, 'Galapagos', 63, 1),
(1031, 'Guayas', 63, 1),
(1032, 'Imbabura', 63, 1),
(1033, 'Loja', 63, 1),
(1034, 'Los Rios', 63, 1),
(1035, 'Manabi', 63, 1),
(1036, 'Morona Santiago', 63, 1),
(1037, 'Napo', 63, 1),
(1038, 'Orellana', 63, 1),
(1039, 'Pastaza', 63, 1),
(1040, 'Pichincha', 63, 1),
(1041, 'Sucumbios', 63, 1),
(1042, 'Tungurahua', 63, 1),
(1043, 'Zamora Chinchipe', 63, 1),
(1044, 'Aswan', 64, 1),
(1045, 'Asyut', 64, 1),
(1046, 'Bani Suwayf', 64, 1),
(1047, 'Bur Sa\'id', 64, 1),
(1048, 'Cairo', 64, 1),
(1049, 'Dumyat', 64, 1),
(1050, 'Kafr-ash-Shaykh', 64, 1),
(1051, 'Matruh', 64, 1),
(1052, 'Muhafazat ad Daqahliyah', 64, 1),
(1053, 'Muhafazat al Fayyum', 64, 1),
(1054, 'Muhafazat al Gharbiyah', 64, 1),
(1055, 'Muhafazat al Iskandariyah', 64, 1),
(1056, 'Muhafazat al Qahirah', 64, 1),
(1057, 'Qina', 64, 1),
(1058, 'Sawhaj', 64, 1),
(1059, 'Sina al-Janubiyah', 64, 1),
(1060, 'Sina ash-Shamaliyah', 64, 1),
(1061, 'ad-Daqahliyah', 64, 1),
(1062, 'al-Bahr-al-Ahmar', 64, 1),
(1063, 'al-Buhayrah', 64, 1),
(1064, 'al-Fayyum', 64, 1),
(1065, 'al-Gharbiyah', 64, 1),
(1066, 'al-Iskandariyah', 64, 1),
(1067, 'al-Ismailiyah', 64, 1),
(1068, 'al-Jizah', 64, 1),
(1069, 'al-Minufiyah', 64, 1),
(1070, 'al-Minya', 64, 1),
(1071, 'al-Qahira', 64, 1),
(1072, 'al-Qalyubiyah', 64, 1),
(1073, 'al-Uqsur', 64, 1),
(1074, 'al-Wadi al-Jadid', 64, 1),
(1075, 'as-Suways', 64, 1),
(1076, 'ash-Sharqiyah', 64, 1),
(1077, 'Ahuachapan', 65, 1),
(1078, 'Cabanas', 65, 1),
(1079, 'Chalatenango', 65, 1),
(1080, 'Cuscatlan', 65, 1),
(1081, 'La Libertad', 65, 1),
(1082, 'La Paz', 65, 1),
(1083, 'La Union', 65, 1),
(1084, 'Morazan', 65, 1),
(1085, 'San Miguel', 65, 1),
(1086, 'San Salvador', 65, 1),
(1087, 'San Vicente', 65, 1),
(1088, 'Santa Ana', 65, 1),
(1089, 'Sonsonate', 65, 1),
(1090, 'Usulutan', 65, 1),
(1091, 'Annobon', 66, 1),
(1092, 'Bioko Norte', 66, 1),
(1093, 'Bioko Sur', 66, 1),
(1094, 'Centro Sur', 66, 1),
(1095, 'Kie-Ntem', 66, 1),
(1096, 'Litoral', 66, 1),
(1097, 'Wele-Nzas', 66, 1),
(1098, 'Anseba', 67, 1),
(1099, 'Debub', 67, 1),
(1100, 'Debub-Keih-Bahri', 67, 1),
(1101, 'Gash-Barka', 67, 1),
(1102, 'Maekel', 67, 1),
(1103, 'Semien-Keih-Bahri', 67, 1),
(1104, 'Harju', 68, 1),
(1105, 'Hiiu', 68, 1),
(1106, 'Ida-Viru', 68, 1),
(1107, 'Jarva', 68, 1),
(1108, 'Jogeva', 68, 1),
(1109, 'Laane', 68, 1),
(1110, 'Laane-Viru', 68, 1),
(1111, 'Parnu', 68, 1),
(1112, 'Polva', 68, 1),
(1113, 'Rapla', 68, 1),
(1114, 'Saare', 68, 1),
(1115, 'Tartu', 68, 1),
(1116, 'Valga', 68, 1),
(1117, 'Viljandi', 68, 1),
(1118, 'Voru', 68, 1),
(1119, 'Addis Abeba', 69, 1),
(1120, 'Afar', 69, 1),
(1121, 'Amhara', 69, 1),
(1122, 'Benishangul', 69, 1),
(1123, 'Diredawa', 69, 1),
(1124, 'Gambella', 69, 1),
(1125, 'Harar', 69, 1),
(1126, 'Jigjiga', 69, 1),
(1127, 'Mekele', 69, 1),
(1128, 'Oromia', 69, 1),
(1129, 'Somali', 69, 1),
(1130, 'Southern', 69, 1),
(1131, 'Tigray', 69, 1),
(1132, 'Christmas Island', 70, 1),
(1133, 'Cocos Islands', 70, 1),
(1134, 'Coral Sea Islands', 70, 1),
(1135, 'Falkland Islands', 71, 1),
(1136, 'South Georgia', 71, 1),
(1137, 'Klaksvik', 72, 1),
(1138, 'Nor ara Eysturoy', 72, 1),
(1139, 'Nor oy', 72, 1),
(1140, 'Sandoy', 72, 1),
(1141, 'Streymoy', 72, 1),
(1142, 'Su uroy', 72, 1),
(1143, 'Sy ra Eysturoy', 72, 1),
(1144, 'Torshavn', 72, 1),
(1145, 'Vaga', 72, 1),
(1146, 'Central', 73, 1),
(1147, 'Eastern', 73, 1),
(1148, 'Northern', 73, 1),
(1149, 'South Pacific', 73, 1),
(1150, 'Western', 73, 1),
(1151, 'Ahvenanmaa', 74, 1),
(1152, 'Etela-Karjala', 74, 1),
(1153, 'Etela-Pohjanmaa', 74, 1),
(1154, 'Etela-Savo', 74, 1),
(1155, 'Etela-Suomen Laani', 74, 1),
(1156, 'Ita-Suomen Laani', 74, 1),
(1157, 'Ita-Uusimaa', 74, 1),
(1158, 'Kainuu', 74, 1),
(1159, 'Kanta-Hame', 74, 1),
(1160, 'Keski-Pohjanmaa', 74, 1),
(1161, 'Keski-Suomi', 74, 1),
(1162, 'Kymenlaakso', 74, 1),
(1163, 'Lansi-Suomen Laani', 74, 1),
(1164, 'Lappi', 74, 1),
(1165, 'Northern Savonia', 74, 1),
(1166, 'Ostrobothnia', 74, 1),
(1167, 'Oulun Laani', 74, 1),
(1168, 'Paijat-Hame', 74, 1),
(1169, 'Pirkanmaa', 74, 1),
(1170, 'Pohjanmaa', 74, 1),
(1171, 'Pohjois-Karjala', 74, 1),
(1172, 'Pohjois-Pohjanmaa', 74, 1),
(1173, 'Pohjois-Savo', 74, 1),
(1174, 'Saarijarvi', 74, 1),
(1175, 'Satakunta', 74, 1),
(1176, 'Southern Savonia', 74, 1),
(1177, 'Tavastia Proper', 74, 1),
(1178, 'Uleaborgs Lan', 74, 1),
(1179, 'Uusimaa', 74, 1),
(1180, 'Varsinais-Suomi', 74, 1),
(1181, 'Ain', 75, 1),
(1182, 'Aisne', 75, 1),
(1183, 'Albi Le Sequestre', 75, 1),
(1184, 'Allier', 75, 1),
(1185, 'Alpes-Cote dAzur', 75, 1),
(1186, 'Alpes-Maritimes', 75, 1),
(1187, 'Alpes-de-Haute-Provence', 75, 1),
(1188, 'Alsace', 75, 1),
(1189, 'Aquitaine', 75, 1),
(1190, 'Ardeche', 75, 1),
(1191, 'Ardennes', 75, 1),
(1192, 'Ariege', 75, 1),
(1193, 'Aube', 75, 1),
(1194, 'Aude', 75, 1),
(1195, 'Auvergne', 75, 1),
(1196, 'Aveyron', 75, 1),
(1197, 'Bas-Rhin', 75, 1),
(1198, 'Basse-Normandie', 75, 1),
(1199, 'Bouches-du-Rhone', 75, 1),
(1200, 'Bourgogne', 75, 1),
(1201, 'Bretagne', 75, 1),
(1202, 'Brittany', 75, 1),
(1203, 'Burgundy', 75, 1),
(1204, 'Calvados', 75, 1),
(1205, 'Cantal', 75, 1),
(1206, 'Cedex', 75, 1),
(1207, 'Centre', 75, 1),
(1208, 'Charente', 75, 1),
(1209, 'Charente-Maritime', 75, 1),
(1210, 'Cher', 75, 1),
(1211, 'Correze', 75, 1),
(1212, 'Corse-du-Sud', 75, 1),
(1213, 'Cote-d\'Or', 75, 1),
(1214, 'Cotes-d\'Armor', 75, 1),
(1215, 'Creuse', 75, 1),
(1216, 'Crolles', 75, 1),
(1217, 'Deux-Sevres', 75, 1),
(1218, 'Dordogne', 75, 1),
(1219, 'Doubs', 75, 1),
(1220, 'Drome', 75, 1),
(1221, 'Essonne', 75, 1),
(1222, 'Eure', 75, 1),
(1223, 'Eure-et-Loir', 75, 1),
(1224, 'Feucherolles', 75, 1),
(1225, 'Finistere', 75, 1),
(1226, 'Franche-Comte', 75, 1),
(1227, 'Gard', 75, 1),
(1228, 'Gers', 75, 1),
(1229, 'Gironde', 75, 1),
(1230, 'Haut-Rhin', 75, 1),
(1231, 'Haute-Corse', 75, 1),
(1232, 'Haute-Garonne', 75, 1),
(1233, 'Haute-Loire', 75, 1),
(1234, 'Haute-Marne', 75, 1),
(1235, 'Haute-Saone', 75, 1),
(1236, 'Haute-Savoie', 75, 1),
(1237, 'Haute-Vienne', 75, 1),
(1238, 'Hautes-Alpes', 75, 1),
(1239, 'Hautes-Pyrenees', 75, 1),
(1240, 'Hauts-de-Seine', 75, 1),
(1241, 'Herault', 75, 1),
(1242, 'Ile-de-France', 75, 1),
(1243, 'Ille-et-Vilaine', 75, 1),
(1244, 'Indre', 75, 1),
(1245, 'Indre-et-Loire', 75, 1),
(1246, 'Isere', 75, 1),
(1247, 'Jura', 75, 1),
(1248, 'Klagenfurt', 75, 1),
(1249, 'Landes', 75, 1),
(1250, 'Languedoc-Roussillon', 75, 1),
(1251, 'Larcay', 75, 1),
(1252, 'Le Castellet', 75, 1),
(1253, 'Le Creusot', 75, 1),
(1254, 'Limousin', 75, 1),
(1255, 'Loir-et-Cher', 75, 1),
(1256, 'Loire', 75, 1),
(1257, 'Loire-Atlantique', 75, 1),
(1258, 'Loiret', 75, 1),
(1259, 'Lorraine', 75, 1),
(1260, 'Lot', 75, 1),
(1261, 'Lot-et-Garonne', 75, 1),
(1262, 'Lower Normandy', 75, 1),
(1263, 'Lozere', 75, 1),
(1264, 'Maine-et-Loire', 75, 1),
(1265, 'Manche', 75, 1),
(1266, 'Marne', 75, 1),
(1267, 'Mayenne', 75, 1),
(1268, 'Meurthe-et-Moselle', 75, 1),
(1269, 'Meuse', 75, 1),
(1270, 'Midi-Pyrenees', 75, 1),
(1271, 'Morbihan', 75, 1),
(1272, 'Moselle', 75, 1),
(1273, 'Nievre', 75, 1),
(1274, 'Nord', 75, 1),
(1275, 'Nord-Pas-de-Calais', 75, 1),
(1276, 'Oise', 75, 1),
(1277, 'Orne', 75, 1),
(1278, 'Paris', 75, 1),
(1279, 'Pas-de-Calais', 75, 1),
(1280, 'Pays de la Loire', 75, 1),
(1281, 'Pays-de-la-Loire', 75, 1),
(1282, 'Picardy', 75, 1),
(1283, 'Puy-de-Dome', 75, 1),
(1284, 'Pyrenees-Atlantiques', 75, 1),
(1285, 'Pyrenees-Orientales', 75, 1),
(1286, 'Quelmes', 75, 1),
(1287, 'Rhone', 75, 1),
(1288, 'Rhone-Alpes', 75, 1),
(1289, 'Saint Ouen', 75, 1),
(1290, 'Saint Viatre', 75, 1),
(1291, 'Saone-et-Loire', 75, 1),
(1292, 'Sarthe', 75, 1),
(1293, 'Savoie', 75, 1),
(1294, 'Seine-Maritime', 75, 1),
(1295, 'Seine-Saint-Denis', 75, 1),
(1296, 'Seine-et-Marne', 75, 1),
(1297, 'Somme', 75, 1),
(1298, 'Sophia Antipolis', 75, 1),
(1299, 'Souvans', 75, 1),
(1300, 'Tarn', 75, 1),
(1301, 'Tarn-et-Garonne', 75, 1),
(1302, 'Territoire de Belfort', 75, 1),
(1303, 'Treignac', 75, 1),
(1304, 'Upper Normandy', 75, 1),
(1305, 'Val-d\'Oise', 75, 1),
(1306, 'Val-de-Marne', 75, 1),
(1307, 'Var', 75, 1),
(1308, 'Vaucluse', 75, 1),
(1309, 'Vellise', 75, 1),
(1310, 'Vendee', 75, 1),
(1311, 'Vienne', 75, 1),
(1312, 'Vosges', 75, 1),
(1313, 'Yonne', 75, 1),
(1314, 'Yvelines', 75, 1),
(1315, 'Cayenne', 76, 1),
(1316, 'Saint-Laurent-du-Maroni', 76, 1),
(1317, 'Iles du Vent', 77, 1),
(1318, 'Iles sous le Vent', 77, 1),
(1319, 'Marquesas', 77, 1),
(1320, 'Tuamotu', 77, 1),
(1321, 'Tubuai', 77, 1),
(1322, 'Amsterdam', 78, 1),
(1323, 'Crozet Islands', 78, 1),
(1324, 'Kerguelen', 78, 1),
(1325, 'Estuaire', 79, 1),
(1326, 'Haut-Ogooue', 79, 1),
(1327, 'Moyen-Ogooue', 79, 1),
(1328, 'Ngounie', 79, 1),
(1329, 'Nyanga', 79, 1),
(1330, 'Ogooue-Ivindo', 79, 1),
(1331, 'Ogooue-Lolo', 79, 1),
(1332, 'Ogooue-Maritime', 79, 1),
(1333, 'Woleu-Ntem', 79, 1),
(1334, 'Banjul', 80, 1),
(1335, 'Basse', 80, 1),
(1336, 'Brikama', 80, 1),
(1337, 'Janjanbureh', 80, 1),
(1338, 'Kanifing', 80, 1),
(1339, 'Kerewan', 80, 1),
(1340, 'Kuntaur', 80, 1),
(1341, 'Mansakonko', 80, 1),
(1342, 'Abhasia', 81, 1),
(1343, 'Ajaria', 81, 1),
(1344, 'Guria', 81, 1),
(1345, 'Imereti', 81, 1),
(1346, 'Kaheti', 81, 1),
(1347, 'Kvemo Kartli', 81, 1),
(1348, 'Mcheta-Mtianeti', 81, 1),
(1349, 'Racha', 81, 1),
(1350, 'Samagrelo-Zemo Svaneti', 81, 1),
(1351, 'Samche-Zhavaheti', 81, 1),
(1352, 'Shida Kartli', 81, 1),
(1353, 'Tbilisi', 81, 1),
(1354, 'Auvergne', 82, 1),
(1355, 'Baden-Wurttemberg', 82, 1),
(1356, 'Bavaria', 82, 1),
(1357, 'Bayern', 82, 1),
(1358, 'Beilstein Wurtt', 82, 1),
(1359, 'Berlin', 82, 1),
(1360, 'Brandenburg', 82, 1),
(1361, 'Bremen', 82, 1),
(1362, 'Dreisbach', 82, 1),
(1363, 'Freistaat Bayern', 82, 1),
(1364, 'Hamburg', 82, 1),
(1365, 'Hannover', 82, 1),
(1366, 'Heroldstatt', 82, 1),
(1367, 'Hessen', 82, 1),
(1368, 'Kortenberg', 82, 1),
(1369, 'Laasdorf', 82, 1),
(1370, 'Land Baden-Wurttemberg', 82, 1),
(1371, 'Land Bayern', 82, 1),
(1372, 'Land Brandenburg', 82, 1),
(1373, 'Land Hessen', 82, 1),
(1374, 'Land Mecklenburg-Vorpommern', 82, 1),
(1375, 'Land Nordrhein-Westfalen', 82, 1),
(1376, 'Land Rheinland-Pfalz', 82, 1),
(1377, 'Land Sachsen', 82, 1),
(1378, 'Land Sachsen-Anhalt', 82, 1),
(1379, 'Land Thuringen', 82, 1),
(1380, 'Lower Saxony', 82, 1),
(1381, 'Mecklenburg-Vorpommern', 82, 1),
(1382, 'Mulfingen', 82, 1),
(1383, 'Munich', 82, 1),
(1384, 'Neubeuern', 82, 1),
(1385, 'Niedersachsen', 82, 1),
(1386, 'Noord-Holland', 82, 1),
(1387, 'Nordrhein-Westfalen', 82, 1),
(1388, 'North Rhine-Westphalia', 82, 1),
(1389, 'Osterode', 82, 1),
(1390, 'Rheinland-Pfalz', 82, 1),
(1391, 'Rhineland-Palatinate', 82, 1),
(1392, 'Saarland', 82, 1),
(1393, 'Sachsen', 82, 1),
(1394, 'Sachsen-Anhalt', 82, 1),
(1395, 'Saxony', 82, 1),
(1396, 'Schleswig-Holstein', 82, 1),
(1397, 'Thuringia', 82, 1),
(1398, 'Webling', 82, 1),
(1399, 'Weinstrabe', 82, 1),
(1400, 'schlobborn', 82, 1),
(1401, 'Ashanti', 83, 1),
(1402, 'Brong-Ahafo', 83, 1),
(1403, 'Central', 83, 1),
(1404, 'Eastern', 83, 1),
(1405, 'Greater Accra', 83, 1),
(1406, 'Northern', 83, 1),
(1407, 'Upper East', 83, 1),
(1408, 'Upper West', 83, 1),
(1409, 'Volta', 83, 1),
(1410, 'Western', 83, 1),
(1411, 'Gibraltar', 84, 1),
(1412, 'Acharnes', 85, 1),
(1413, 'Ahaia', 85, 1),
(1414, 'Aitolia kai Akarnania', 85, 1),
(1415, 'Argolis', 85, 1),
(1416, 'Arkadia', 85, 1),
(1417, 'Arta', 85, 1),
(1418, 'Attica', 85, 1),
(1419, 'Attiki', 85, 1),
(1420, 'Ayion Oros', 85, 1),
(1421, 'Crete', 85, 1),
(1422, 'Dodekanisos', 85, 1),
(1423, 'Drama', 85, 1),
(1424, 'Evia', 85, 1),
(1425, 'Evritania', 85, 1),
(1426, 'Evros', 85, 1),
(1427, 'Evvoia', 85, 1),
(1428, 'Florina', 85, 1),
(1429, 'Fokis', 85, 1),
(1430, 'Fthiotis', 85, 1),
(1431, 'Grevena', 85, 1),
(1432, 'Halandri', 85, 1),
(1433, 'Halkidiki', 85, 1),
(1434, 'Hania', 85, 1),
(1435, 'Heraklion', 85, 1),
(1436, 'Hios', 85, 1),
(1437, 'Ilia', 85, 1),
(1438, 'Imathia', 85, 1),
(1439, 'Ioannina', 85, 1),
(1440, 'Iraklion', 85, 1),
(1441, 'Karditsa', 85, 1),
(1442, 'Kastoria', 85, 1),
(1443, 'Kavala', 85, 1),
(1444, 'Kefallinia', 85, 1),
(1445, 'Kerkira', 85, 1),
(1446, 'Kiklades', 85, 1),
(1447, 'Kilkis', 85, 1),
(1448, 'Korinthia', 85, 1),
(1449, 'Kozani', 85, 1),
(1450, 'Lakonia', 85, 1),
(1451, 'Larisa', 85, 1),
(1452, 'Lasithi', 85, 1),
(1453, 'Lesvos', 85, 1),
(1454, 'Levkas', 85, 1),
(1455, 'Magnisia', 85, 1),
(1456, 'Messinia', 85, 1),
(1457, 'Nomos Attikis', 85, 1),
(1458, 'Nomos Zakynthou', 85, 1),
(1459, 'Pella', 85, 1),
(1460, 'Pieria', 85, 1),
(1461, 'Piraios', 85, 1),
(1462, 'Preveza', 85, 1),
(1463, 'Rethimni', 85, 1),
(1464, 'Rodopi', 85, 1),
(1465, 'Samos', 85, 1),
(1466, 'Serrai', 85, 1),
(1467, 'Thesprotia', 85, 1),
(1468, 'Thessaloniki', 85, 1),
(1469, 'Trikala', 85, 1),
(1470, 'Voiotia', 85, 1),
(1471, 'West Greece', 85, 1),
(1472, 'Xanthi', 85, 1),
(1473, 'Zakinthos', 85, 1),
(1474, 'Aasiaat', 86, 1),
(1475, 'Ammassalik', 86, 1),
(1476, 'Illoqqortoormiut', 86, 1),
(1477, 'Ilulissat', 86, 1),
(1478, 'Ivittuut', 86, 1),
(1479, 'Kangaatsiaq', 86, 1),
(1480, 'Maniitsoq', 86, 1),
(1481, 'Nanortalik', 86, 1),
(1482, 'Narsaq', 86, 1),
(1483, 'Nuuk', 86, 1),
(1484, 'Paamiut', 86, 1),
(1485, 'Qaanaaq', 86, 1),
(1486, 'Qaqortoq', 86, 1),
(1487, 'Qasigiannguit', 86, 1),
(1488, 'Qeqertarsuaq', 86, 1),
(1489, 'Sisimiut', 86, 1),
(1490, 'Udenfor kommunal inddeling', 86, 1),
(1491, 'Upernavik', 86, 1),
(1492, 'Uummannaq', 86, 1),
(1493, 'Carriacou-Petite Martinique', 87, 1),
(1494, 'Saint Andrew', 87, 1),
(1495, 'Saint Davids', 87, 1),
(1496, 'Saint George\'s', 87, 1),
(1497, 'Saint John', 87, 1),
(1498, 'Saint Mark', 87, 1),
(1499, 'Saint Patrick', 87, 1),
(1500, 'Basse-Terre', 88, 1),
(1501, 'Grande-Terre', 88, 1),
(1502, 'Iles des Saintes', 88, 1),
(1503, 'La Desirade', 88, 1),
(1504, 'Marie-Galante', 88, 1),
(1505, 'Saint Barthelemy', 88, 1),
(1506, 'Saint Martin', 88, 1),
(1507, 'Agana Heights', 89, 1),
(1508, 'Agat', 89, 1),
(1509, 'Barrigada', 89, 1),
(1510, 'Chalan-Pago-Ordot', 89, 1),
(1511, 'Dededo', 89, 1),
(1512, 'Hagatna', 89, 1),
(1513, 'Inarajan', 89, 1),
(1514, 'Mangilao', 89, 1),
(1515, 'Merizo', 89, 1),
(1516, 'Mongmong-Toto-Maite', 89, 1),
(1517, 'Santa Rita', 89, 1),
(1518, 'Sinajana', 89, 1),
(1519, 'Talofofo', 89, 1),
(1520, 'Tamuning', 89, 1),
(1521, 'Yigo', 89, 1),
(1522, 'Yona', 89, 1),
(1523, 'Alta Verapaz', 90, 1),
(1524, 'Baja Verapaz', 90, 1),
(1525, 'Chimaltenango', 90, 1),
(1526, 'Chiquimula', 90, 1),
(1527, 'El Progreso', 90, 1),
(1528, 'Escuintla', 90, 1),
(1529, 'Guatemala', 90, 1),
(1530, 'Huehuetenango', 90, 1),
(1531, 'Izabal', 90, 1),
(1532, 'Jalapa', 90, 1),
(1533, 'Jutiapa', 90, 1),
(1534, 'Peten', 90, 1),
(1535, 'Quezaltenango', 90, 1),
(1536, 'Quiche', 90, 1),
(1537, 'Retalhuleu', 90, 1),
(1538, 'Sacatepequez', 90, 1),
(1539, 'San Marcos', 90, 1),
(1540, 'Santa Rosa', 90, 1),
(1541, 'Solola', 90, 1),
(1542, 'Suchitepequez', 90, 1),
(1543, 'Totonicapan', 90, 1),
(1544, 'Zacapa', 90, 1),
(1545, 'Alderney', 91, 1),
(1546, 'Castel', 91, 1),
(1547, 'Forest', 91, 1),
(1548, 'Saint Andrew', 91, 1),
(1549, 'Saint Martin', 91, 1),
(1550, 'Saint Peter Port', 91, 1),
(1551, 'Saint Pierre du Bois', 91, 1),
(1552, 'Saint Sampson', 91, 1),
(1553, 'Saint Saviour', 91, 1),
(1554, 'Sark', 91, 1),
(1555, 'Torteval', 91, 1),
(1556, 'Vale', 91, 1),
(1557, 'Beyla', 92, 1),
(1558, 'Boffa', 92, 1),
(1559, 'Boke', 92, 1),
(1560, 'Conakry', 92, 1),
(1561, 'Coyah', 92, 1),
(1562, 'Dabola', 92, 1),
(1563, 'Dalaba', 92, 1),
(1564, 'Dinguiraye', 92, 1),
(1565, 'Faranah', 92, 1),
(1566, 'Forecariah', 92, 1),
(1567, 'Fria', 92, 1),
(1568, 'Gaoual', 92, 1),
(1569, 'Gueckedou', 92, 1),
(1570, 'Kankan', 92, 1),
(1571, 'Kerouane', 92, 1),
(1572, 'Kindia', 92, 1),
(1573, 'Kissidougou', 92, 1),
(1574, 'Koubia', 92, 1),
(1575, 'Koundara', 92, 1),
(1576, 'Kouroussa', 92, 1),
(1577, 'Labe', 92, 1),
(1578, 'Lola', 92, 1),
(1579, 'Macenta', 92, 1),
(1580, 'Mali', 92, 1),
(1581, 'Mamou', 92, 1),
(1582, 'Mandiana', 92, 1),
(1583, 'Nzerekore', 92, 1),
(1584, 'Pita', 92, 1),
(1585, 'Siguiri', 92, 1),
(1586, 'Telimele', 92, 1),
(1587, 'Tougue', 92, 1),
(1588, 'Yomou', 92, 1),
(1589, 'Bafata', 93, 1),
(1590, 'Bissau', 93, 1),
(1591, 'Bolama', 93, 1),
(1592, 'Cacheu', 93, 1),
(1593, 'Gabu', 93, 1),
(1594, 'Oio', 93, 1),
(1595, 'Quinara', 93, 1),
(1596, 'Tombali', 93, 1),
(1597, 'Barima-Waini', 94, 1),
(1598, 'Cuyuni-Mazaruni', 94, 1),
(1599, 'Demerara-Mahaica', 94, 1),
(1600, 'East Berbice-Corentyne', 94, 1),
(1601, 'Essequibo Islands-West Demerar', 94, 1),
(1602, 'Mahaica-Berbice', 94, 1),
(1603, 'Pomeroon-Supenaam', 94, 1),
(1604, 'Potaro-Siparuni', 94, 1),
(1605, 'Upper Demerara-Berbice', 94, 1),
(1606, 'Upper Takutu-Upper Essequibo', 94, 1),
(1607, 'Artibonite', 95, 1),
(1608, 'Centre', 95, 1),
(1609, 'Grand\'Anse', 95, 1),
(1610, 'Nord', 95, 1),
(1611, 'Nord-Est', 95, 1),
(1612, 'Nord-Ouest', 95, 1),
(1613, 'Ouest', 95, 1),
(1614, 'Sud', 95, 1),
(1615, 'Sud-Est', 95, 1),
(1616, 'Heard and McDonald Islands', 96, 1),
(1617, 'Atlantida', 97, 1),
(1618, 'Choluteca', 97, 1),
(1619, 'Colon', 97, 1),
(1620, 'Comayagua', 97, 1),
(1621, 'Copan', 97, 1),
(1622, 'Cortes', 97, 1),
(1623, 'Distrito Central', 97, 1),
(1624, 'El Paraiso', 97, 1),
(1625, 'Francisco Morazan', 97, 1),
(1626, 'Gracias a Dios', 97, 1),
(1627, 'Intibuca', 97, 1),
(1628, 'Islas de la Bahia', 97, 1),
(1629, 'La Paz', 97, 1),
(1630, 'Lempira', 97, 1),
(1631, 'Ocotepeque', 97, 1),
(1632, 'Olancho', 97, 1),
(1633, 'Santa Barbara', 97, 1),
(1634, 'Valle', 97, 1),
(1635, 'Yoro', 97, 1),
(1636, 'Hong Kong', 98, 1),
(1637, 'Bacs-Kiskun', 99, 1),
(1638, 'Baranya', 99, 1),
(1639, 'Bekes', 99, 1),
(1640, 'Borsod-Abauj-Zemplen', 99, 1),
(1641, 'Budapest', 99, 1),
(1642, 'Csongrad', 99, 1),
(1643, 'Fejer', 99, 1),
(1644, 'Gyor-Moson-Sopron', 99, 1),
(1645, 'Hajdu-Bihar', 99, 1),
(1646, 'Heves', 99, 1),
(1647, 'Jasz-Nagykun-Szolnok', 99, 1),
(1648, 'Komarom-Esztergom', 99, 1),
(1649, 'Nograd', 99, 1),
(1650, 'Pest', 99, 1),
(1651, 'Somogy', 99, 1),
(1652, 'Szabolcs-Szatmar-Bereg', 99, 1),
(1653, 'Tolna', 99, 1),
(1654, 'Vas', 99, 1),
(1655, 'Veszprem', 99, 1),
(1656, 'Zala', 99, 1),
(1657, 'Austurland', 100, 1),
(1658, 'Gullbringusysla', 100, 1),
(1659, 'Hofu borgarsva i', 100, 1),
(1660, 'Nor urland eystra', 100, 1),
(1661, 'Nor urland vestra', 100, 1),
(1662, 'Su urland', 100, 1),
(1663, 'Su urnes', 100, 1),
(1664, 'Vestfir ir', 100, 1),
(1665, 'Vesturland', 100, 1),
(1666, 'Aceh', 102, 1),
(1667, 'Bali', 102, 1),
(1668, 'Bangka-Belitung', 102, 1),
(1669, 'Banten', 102, 1),
(1670, 'Bengkulu', 102, 1),
(1671, 'Gandaria', 102, 1),
(1672, 'Gorontalo', 102, 1),
(1673, 'Jakarta', 102, 1),
(1674, 'Jambi', 102, 1),
(1675, 'Jawa Barat', 102, 1),
(1676, 'Jawa Tengah', 102, 1),
(1677, 'Jawa Timur', 102, 1),
(1678, 'Kalimantan Barat', 102, 1),
(1679, 'Kalimantan Selatan', 102, 1),
(1680, 'Kalimantan Tengah', 102, 1),
(1681, 'Kalimantan Timur', 102, 1),
(1682, 'Kendal', 102, 1),
(1683, 'Lampung', 102, 1),
(1684, 'Maluku', 102, 1),
(1685, 'Maluku Utara', 102, 1),
(1686, 'Nusa Tenggara Barat', 102, 1),
(1687, 'Nusa Tenggara Timur', 102, 1),
(1688, 'Papua', 102, 1),
(1689, 'Riau', 102, 1),
(1690, 'Riau Kepulauan', 102, 1),
(1691, 'Solo', 102, 1),
(1692, 'Sulawesi Selatan', 102, 1),
(1693, 'Sulawesi Tengah', 102, 1),
(1694, 'Sulawesi Tenggara', 102, 1),
(1695, 'Sulawesi Utara', 102, 1),
(1696, 'Sumatera Barat', 102, 1),
(1697, 'Sumatera Selatan', 102, 1),
(1698, 'Sumatera Utara', 102, 1),
(1699, 'Yogyakarta', 102, 1),
(1700, 'Ardabil', 103, 1),
(1701, 'Azarbayjan-e Bakhtari', 103, 1),
(1702, 'Azarbayjan-e Khavari', 103, 1),
(1703, 'Bushehr', 103, 1),
(1704, 'Chahar Mahal-e Bakhtiari', 103, 1),
(1705, 'Esfahan', 103, 1),
(1706, 'Fars', 103, 1),
(1707, 'Gilan', 103, 1),
(1708, 'Golestan', 103, 1),
(1709, 'Hamadan', 103, 1),
(1710, 'Hormozgan', 103, 1),
(1711, 'Ilam', 103, 1),
(1712, 'Kerman', 103, 1),
(1713, 'Kermanshah', 103, 1),
(1714, 'Khorasan', 103, 1),
(1715, 'Khuzestan', 103, 1),
(1716, 'Kohgiluyeh-e Boyerahmad', 103, 1),
(1717, 'Kordestan', 103, 1),
(1718, 'Lorestan', 103, 1),
(1719, 'Markazi', 103, 1),
(1720, 'Mazandaran', 103, 1),
(1721, 'Ostan-e Esfahan', 103, 1),
(1722, 'Qazvin', 103, 1),
(1723, 'Qom', 103, 1),
(1724, 'Semnan', 103, 1),
(1725, 'Sistan-e Baluchestan', 103, 1),
(1726, 'Tehran', 103, 1),
(1727, 'Yazd', 103, 1),
(1728, 'Zanjan', 103, 1),
(1729, 'Babil', 104, 1),
(1730, 'Baghdad', 104, 1),
(1731, 'Dahuk', 104, 1),
(1732, 'Dhi Qar', 104, 1),
(1733, 'Diyala', 104, 1),
(1734, 'Erbil', 104, 1),
(1735, 'Irbil', 104, 1),
(1736, 'Karbala', 104, 1),
(1737, 'Kurdistan', 104, 1),
(1738, 'Maysan', 104, 1),
(1739, 'Ninawa', 104, 1),
(1740, 'Salah-ad-Din', 104, 1),
(1741, 'Wasit', 104, 1),
(1742, 'al-Anbar', 104, 1),
(1743, 'al-Basrah', 104, 1),
(1744, 'al-Muthanna', 104, 1),
(1745, 'al-Qadisiyah', 104, 1),
(1746, 'an-Najaf', 104, 1),
(1747, 'as-Sulaymaniyah', 104, 1),
(1748, 'at-Ta\'mim', 104, 1),
(1749, 'Armagh', 105, 1),
(1750, 'Carlow', 105, 1),
(1751, 'Cavan', 105, 1),
(1752, 'Clare', 105, 1),
(1753, 'Cork', 105, 1),
(1754, 'Donegal', 105, 1),
(1755, 'Dublin', 105, 1),
(1756, 'Galway', 105, 1),
(1757, 'Kerry', 105, 1),
(1758, 'Kildare', 105, 1),
(1759, 'Kilkenny', 105, 1),
(1760, 'Laois', 105, 1),
(1761, 'Leinster', 105, 1),
(1762, 'Leitrim', 105, 1),
(1763, 'Limerick', 105, 1),
(1764, 'Loch Garman', 105, 1),
(1765, 'Longford', 105, 1),
(1766, 'Louth', 105, 1),
(1767, 'Mayo', 105, 1),
(1768, 'Meath', 105, 1),
(1769, 'Monaghan', 105, 1),
(1770, 'Offaly', 105, 1),
(1771, 'Roscommon', 105, 1),
(1772, 'Sligo', 105, 1),
(1773, 'Tipperary North Riding', 105, 1),
(1774, 'Tipperary South Riding', 105, 1),
(1775, 'Ulster', 105, 1),
(1776, 'Waterford', 105, 1),
(1777, 'Westmeath', 105, 1),
(1778, 'Wexford', 105, 1),
(1779, 'Wicklow', 105, 1),
(1780, 'Beit Hanania', 106, 1),
(1781, 'Ben Gurion Airport', 106, 1),
(1782, 'Bethlehem', 106, 1),
(1783, 'Caesarea', 106, 1),
(1784, 'Centre', 106, 1),
(1785, 'Gaza', 106, 1),
(1786, 'Hadaron', 106, 1),
(1787, 'Haifa District', 106, 1),
(1788, 'Hamerkaz', 106, 1),
(1789, 'Hazafon', 106, 1),
(1790, 'Hebron', 106, 1),
(1791, 'Jaffa', 106, 1),
(1792, 'Jerusalem', 106, 1),
(1793, 'Khefa', 106, 1),
(1794, 'Kiryat Yam', 106, 1),
(1795, 'Lower Galilee', 106, 1),
(1796, 'Qalqilya', 106, 1),
(1797, 'Talme Elazar', 106, 1),
(1798, 'Tel Aviv', 106, 1),
(1799, 'Tsafon', 106, 1),
(1800, 'Umm El Fahem', 106, 1),
(1801, 'Yerushalayim', 106, 1),
(1802, 'Abruzzi', 107, 1),
(1803, 'Abruzzo', 107, 1),
(1804, 'Agrigento', 107, 1),
(1805, 'Alessandria', 107, 1),
(1806, 'Ancona', 107, 1),
(1807, 'Arezzo', 107, 1),
(1808, 'Ascoli Piceno', 107, 1),
(1809, 'Asti', 107, 1),
(1810, 'Avellino', 107, 1),
(1811, 'Bari', 107, 1),
(1812, 'Basilicata', 107, 1),
(1813, 'Belluno', 107, 1),
(1814, 'Benevento', 107, 1),
(1815, 'Bergamo', 107, 1),
(1816, 'Biella', 107, 1),
(1817, 'Bologna', 107, 1),
(1818, 'Bolzano', 107, 1),
(1819, 'Brescia', 107, 1),
(1820, 'Brindisi', 107, 1),
(1821, 'Calabria', 107, 1),
(1822, 'Campania', 107, 1),
(1823, 'Cartoceto', 107, 1),
(1824, 'Caserta', 107, 1),
(1825, 'Catania', 107, 1),
(1826, 'Chieti', 107, 1),
(1827, 'Como', 107, 1),
(1828, 'Cosenza', 107, 1),
(1829, 'Cremona', 107, 1),
(1830, 'Cuneo', 107, 1),
(1831, 'Emilia-Romagna', 107, 1),
(1832, 'Ferrara', 107, 1),
(1833, 'Firenze', 107, 1),
(1834, 'Florence', 107, 1),
(1835, 'Forli-Cesena ', 107, 1),
(1836, 'Friuli-Venezia Giulia', 107, 1),
(1837, 'Frosinone', 107, 1),
(1838, 'Genoa', 107, 1),
(1839, 'Gorizia', 107, 1),
(1840, 'L\'Aquila', 107, 1),
(1841, 'Lazio', 107, 1),
(1842, 'Lecce', 107, 1),
(1843, 'Lecco', 107, 1),
(1844, 'Lecco Province', 107, 1),
(1845, 'Liguria', 107, 1),
(1846, 'Lodi', 107, 1),
(1847, 'Lombardia', 107, 1),
(1848, 'Lombardy', 107, 1),
(1849, 'Macerata', 107, 1),
(1850, 'Mantova', 107, 1),
(1851, 'Marche', 107, 1),
(1852, 'Messina', 107, 1),
(1853, 'Milan', 107, 1),
(1854, 'Modena', 107, 1),
(1855, 'Molise', 107, 1),
(1856, 'Molteno', 107, 1),
(1857, 'Montenegro', 107, 1),
(1858, 'Monza and Brianza', 107, 1),
(1859, 'Naples', 107, 1),
(1860, 'Novara', 107, 1),
(1861, 'Padova', 107, 1),
(1862, 'Parma', 107, 1),
(1863, 'Pavia', 107, 1),
(1864, 'Perugia', 107, 1),
(1865, 'Pesaro-Urbino', 107, 1),
(1866, 'Piacenza', 107, 1),
(1867, 'Piedmont', 107, 1),
(1868, 'Piemonte', 107, 1),
(1869, 'Pisa', 107, 1),
(1870, 'Pordenone', 107, 1),
(1871, 'Potenza', 107, 1),
(1872, 'Puglia', 107, 1),
(1873, 'Reggio Emilia', 107, 1),
(1874, 'Rimini', 107, 1),
(1875, 'Roma', 107, 1),
(1876, 'Salerno', 107, 1),
(1877, 'Sardegna', 107, 1),
(1878, 'Sassari', 107, 1),
(1879, 'Savona', 107, 1),
(1880, 'Sicilia', 107, 1),
(1881, 'Siena', 107, 1),
(1882, 'Sondrio', 107, 1),
(1883, 'South Tyrol', 107, 1),
(1884, 'Taranto', 107, 1),
(1885, 'Teramo', 107, 1),
(1886, 'Torino', 107, 1),
(1887, 'Toscana', 107, 1),
(1888, 'Trapani', 107, 1),
(1889, 'Trentino-Alto Adige', 107, 1),
(1890, 'Trento', 107, 1),
(1891, 'Treviso', 107, 1),
(1892, 'Udine', 107, 1),
(1893, 'Umbria', 107, 1),
(1894, 'Valle d\'Aosta', 107, 1),
(1895, 'Varese', 107, 1),
(1896, 'Veneto', 107, 1),
(1897, 'Venezia', 107, 1),
(1898, 'Verbano-Cusio-Ossola', 107, 1),
(1899, 'Vercelli', 107, 1),
(1900, 'Verona', 107, 1),
(1901, 'Vicenza', 107, 1),
(1902, 'Viterbo', 107, 1),
(1903, 'Buxoro Viloyati', 108, 1),
(1904, 'Clarendon', 108, 1),
(1905, 'Hanover', 108, 1),
(1906, 'Kingston', 108, 1),
(1907, 'Manchester', 108, 1),
(1908, 'Portland', 108, 1),
(1909, 'Saint Andrews', 108, 1),
(1910, 'Saint Ann', 108, 1),
(1911, 'Saint Catherine', 108, 1),
(1912, 'Saint Elizabeth', 108, 1),
(1913, 'Saint James', 108, 1),
(1914, 'Saint Mary', 108, 1),
(1915, 'Saint Thomas', 108, 1),
(1916, 'Trelawney', 108, 1),
(1917, 'Westmoreland', 108, 1),
(1918, 'Aichi', 109, 1),
(1919, 'Akita', 109, 1),
(1920, 'Aomori', 109, 1),
(1921, 'Chiba', 109, 1),
(1922, 'Ehime', 109, 1),
(1923, 'Fukui', 109, 1),
(1924, 'Fukuoka', 109, 1),
(1925, 'Fukushima', 109, 1),
(1926, 'Gifu', 109, 1),
(1927, 'Gumma', 109, 1),
(1928, 'Hiroshima', 109, 1),
(1929, 'Hokkaido', 109, 1),
(1930, 'Hyogo', 109, 1),
(1931, 'Ibaraki', 109, 1),
(1932, 'Ishikawa', 109, 1),
(1933, 'Iwate', 109, 1),
(1934, 'Kagawa', 109, 1),
(1935, 'Kagoshima', 109, 1);
INSERT INTO `states` (`id`, `name`, `country_id`, `is_active`) VALUES
(1936, 'Kanagawa', 109, 1),
(1937, 'Kanto', 109, 1),
(1938, 'Kochi', 109, 1),
(1939, 'Kumamoto', 109, 1),
(1940, 'Kyoto', 109, 1),
(1941, 'Mie', 109, 1),
(1942, 'Miyagi', 109, 1),
(1943, 'Miyazaki', 109, 1),
(1944, 'Nagano', 109, 1),
(1945, 'Nagasaki', 109, 1),
(1946, 'Nara', 109, 1),
(1947, 'Niigata', 109, 1),
(1948, 'Oita', 109, 1),
(1949, 'Okayama', 109, 1),
(1950, 'Okinawa', 109, 1),
(1951, 'Osaka', 109, 1),
(1952, 'Saga', 109, 1),
(1953, 'Saitama', 109, 1),
(1954, 'Shiga', 109, 1),
(1955, 'Shimane', 109, 1),
(1956, 'Shizuoka', 109, 1),
(1957, 'Tochigi', 109, 1),
(1958, 'Tokushima', 109, 1),
(1959, 'Tokyo', 109, 1),
(1960, 'Tottori', 109, 1),
(1961, 'Toyama', 109, 1),
(1962, 'Wakayama', 109, 1),
(1963, 'Yamagata', 109, 1),
(1964, 'Yamaguchi', 109, 1),
(1965, 'Yamanashi', 109, 1),
(1966, 'Grouville', 110, 1),
(1967, 'Saint Brelade', 110, 1),
(1968, 'Saint Clement', 110, 1),
(1969, 'Saint Helier', 110, 1),
(1970, 'Saint John', 110, 1),
(1971, 'Saint Lawrence', 110, 1),
(1972, 'Saint Martin', 110, 1),
(1973, 'Saint Mary', 110, 1),
(1974, 'Saint Peter', 110, 1),
(1975, 'Saint Saviour', 110, 1),
(1976, 'Trinity', 110, 1),
(1977, '\'Ajlun', 111, 1),
(1978, 'Amman', 111, 1),
(1979, 'Irbid', 111, 1),
(1980, 'Jarash', 111, 1),
(1981, 'Ma\'an', 111, 1),
(1982, 'Madaba', 111, 1),
(1983, 'al-\'Aqabah', 111, 1),
(1984, 'al-Balqa\'', 111, 1),
(1985, 'al-Karak', 111, 1),
(1986, 'al-Mafraq', 111, 1),
(1987, 'at-Tafilah', 111, 1),
(1988, 'az-Zarqa\'', 111, 1),
(1989, 'Akmecet', 112, 1),
(1990, 'Akmola', 112, 1),
(1991, 'Aktobe', 112, 1),
(1992, 'Almati', 112, 1),
(1993, 'Atirau', 112, 1),
(1994, 'Batis Kazakstan', 112, 1),
(1995, 'Burlinsky Region', 112, 1),
(1996, 'Karagandi', 112, 1),
(1997, 'Kostanay', 112, 1),
(1998, 'Mankistau', 112, 1),
(1999, 'Ontustik Kazakstan', 112, 1),
(2000, 'Pavlodar', 112, 1),
(2001, 'Sigis Kazakstan', 112, 1),
(2002, 'Soltustik Kazakstan', 112, 1),
(2003, 'Taraz', 112, 1),
(2004, 'Central', 113, 1),
(2005, 'Coast', 113, 1),
(2006, 'Eastern', 113, 1),
(2007, 'Nairobi', 113, 1),
(2008, 'North Eastern', 113, 1),
(2009, 'Nyanza', 113, 1),
(2010, 'Rift Valley', 113, 1),
(2011, 'Western', 113, 1),
(2012, 'Abaiang', 114, 1),
(2013, 'Abemana', 114, 1),
(2014, 'Aranuka', 114, 1),
(2015, 'Arorae', 114, 1),
(2016, 'Banaba', 114, 1),
(2017, 'Beru', 114, 1),
(2018, 'Butaritari', 114, 1),
(2019, 'Kiritimati', 114, 1),
(2020, 'Kuria', 114, 1),
(2021, 'Maiana', 114, 1),
(2022, 'Makin', 114, 1),
(2023, 'Marakei', 114, 1),
(2024, 'Nikunau', 114, 1),
(2025, 'Nonouti', 114, 1),
(2026, 'Onotoa', 114, 1),
(2027, 'Phoenix Islands', 114, 1),
(2028, 'Tabiteuea North', 114, 1),
(2029, 'Tabiteuea South', 114, 1),
(2030, 'Tabuaeran', 114, 1),
(2031, 'Tamana', 114, 1),
(2032, 'Tarawa North', 114, 1),
(2033, 'Tarawa South', 114, 1),
(2034, 'Teraina', 114, 1),
(2035, 'Chagangdo', 115, 1),
(2036, 'Hamgyeongbukto', 115, 1),
(2037, 'Hamgyeongnamdo', 115, 1),
(2038, 'Hwanghaebukto', 115, 1),
(2039, 'Hwanghaenamdo', 115, 1),
(2040, 'Kaeseong', 115, 1),
(2041, 'Kangweon', 115, 1),
(2042, 'Nampo', 115, 1),
(2043, 'Pyeonganbukto', 115, 1),
(2044, 'Pyeongannamdo', 115, 1),
(2045, 'Pyeongyang', 115, 1),
(2046, 'Yanggang', 115, 1),
(2047, 'Busan', 116, 1),
(2048, 'Cheju', 116, 1),
(2049, 'Chollabuk', 116, 1),
(2050, 'Chollanam', 116, 1),
(2051, 'Chungbuk', 116, 1),
(2052, 'Chungcheongbuk', 116, 1),
(2053, 'Chungcheongnam', 116, 1),
(2054, 'Chungnam', 116, 1),
(2055, 'Daegu', 116, 1),
(2056, 'Gangwon-do', 116, 1),
(2057, 'Goyang-si', 116, 1),
(2058, 'Gyeonggi-do', 116, 1),
(2059, 'Gyeongsang ', 116, 1),
(2060, 'Gyeongsangnam-do', 116, 1),
(2061, 'Incheon', 116, 1),
(2062, 'Jeju-Si', 116, 1),
(2063, 'Jeonbuk', 116, 1),
(2064, 'Kangweon', 116, 1),
(2065, 'Kwangju', 116, 1),
(2066, 'Kyeonggi', 116, 1),
(2067, 'Kyeongsangbuk', 116, 1),
(2068, 'Kyeongsangnam', 116, 1),
(2069, 'Kyonggi-do', 116, 1),
(2070, 'Kyungbuk-Do', 116, 1),
(2071, 'Kyunggi-Do', 116, 1),
(2072, 'Kyunggi-do', 116, 1),
(2073, 'Pusan', 116, 1),
(2074, 'Seoul', 116, 1),
(2075, 'Sudogwon', 116, 1),
(2076, 'Taegu', 116, 1),
(2077, 'Taejeon', 116, 1),
(2078, 'Taejon-gwangyoksi', 116, 1),
(2079, 'Ulsan', 116, 1),
(2080, 'Wonju', 116, 1),
(2081, 'gwangyoksi', 116, 1),
(2082, 'Al Asimah', 117, 1),
(2083, 'Hawalli', 117, 1),
(2084, 'Mishref', 117, 1),
(2085, 'Qadesiya', 117, 1),
(2086, 'Safat', 117, 1),
(2087, 'Salmiya', 117, 1),
(2088, 'al-Ahmadi', 117, 1),
(2089, 'al-Farwaniyah', 117, 1),
(2090, 'al-Jahra', 117, 1),
(2091, 'al-Kuwayt', 117, 1),
(2092, 'Batken', 118, 1),
(2093, 'Bishkek', 118, 1),
(2094, 'Chui', 118, 1),
(2095, 'Issyk-Kul', 118, 1),
(2096, 'Jalal-Abad', 118, 1),
(2097, 'Naryn', 118, 1),
(2098, 'Osh', 118, 1),
(2099, 'Talas', 118, 1),
(2100, 'Attopu', 119, 1),
(2101, 'Bokeo', 119, 1),
(2102, 'Bolikhamsay', 119, 1),
(2103, 'Champasak', 119, 1),
(2104, 'Houaphanh', 119, 1),
(2105, 'Khammouane', 119, 1),
(2106, 'Luang Nam Tha', 119, 1),
(2107, 'Luang Prabang', 119, 1),
(2108, 'Oudomxay', 119, 1),
(2109, 'Phongsaly', 119, 1),
(2110, 'Saravan', 119, 1),
(2111, 'Savannakhet', 119, 1),
(2112, 'Sekong', 119, 1),
(2113, 'Viangchan Prefecture', 119, 1),
(2114, 'Viangchan Province', 119, 1),
(2115, 'Xaignabury', 119, 1),
(2116, 'Xiang Khuang', 119, 1),
(2117, 'Aizkraukles', 120, 1),
(2118, 'Aluksnes', 120, 1),
(2119, 'Balvu', 120, 1),
(2120, 'Bauskas', 120, 1),
(2121, 'Cesu', 120, 1),
(2122, 'Daugavpils', 120, 1),
(2123, 'Daugavpils City', 120, 1),
(2124, 'Dobeles', 120, 1),
(2125, 'Gulbenes', 120, 1),
(2126, 'Jekabspils', 120, 1),
(2127, 'Jelgava', 120, 1),
(2128, 'Jelgavas', 120, 1),
(2129, 'Jurmala City', 120, 1),
(2130, 'Kraslavas', 120, 1),
(2131, 'Kuldigas', 120, 1),
(2132, 'Liepaja', 120, 1),
(2133, 'Liepajas', 120, 1),
(2134, 'Limbazhu', 120, 1),
(2135, 'Ludzas', 120, 1),
(2136, 'Madonas', 120, 1),
(2137, 'Ogres', 120, 1),
(2138, 'Preilu', 120, 1),
(2139, 'Rezekne', 120, 1),
(2140, 'Rezeknes', 120, 1),
(2141, 'Riga', 120, 1),
(2142, 'Rigas', 120, 1),
(2143, 'Saldus', 120, 1),
(2144, 'Talsu', 120, 1),
(2145, 'Tukuma', 120, 1),
(2146, 'Valkas', 120, 1),
(2147, 'Valmieras', 120, 1),
(2148, 'Ventspils', 120, 1),
(2149, 'Ventspils City', 120, 1),
(2150, 'Beirut', 121, 1),
(2151, 'Jabal Lubnan', 121, 1),
(2152, 'Mohafazat Liban-Nord', 121, 1),
(2153, 'Mohafazat Mont-Liban', 121, 1),
(2154, 'Sidon', 121, 1),
(2155, 'al-Biqa', 121, 1),
(2156, 'al-Janub', 121, 1),
(2157, 'an-Nabatiyah', 121, 1),
(2158, 'ash-Shamal', 121, 1),
(2159, 'Berea', 122, 1),
(2160, 'Butha-Buthe', 122, 1),
(2161, 'Leribe', 122, 1),
(2162, 'Mafeteng', 122, 1),
(2163, 'Maseru', 122, 1),
(2164, 'Mohale\'s Hoek', 122, 1),
(2165, 'Mokhotlong', 122, 1),
(2166, 'Qacha\'s Nek', 122, 1),
(2167, 'Quthing', 122, 1),
(2168, 'Thaba-Tseka', 122, 1),
(2169, 'Bomi', 123, 1),
(2170, 'Bong', 123, 1),
(2171, 'Grand Bassa', 123, 1),
(2172, 'Grand Cape Mount', 123, 1),
(2173, 'Grand Gedeh', 123, 1),
(2174, 'Loffa', 123, 1),
(2175, 'Margibi', 123, 1),
(2176, 'Maryland and Grand Kru', 123, 1),
(2177, 'Montserrado', 123, 1),
(2178, 'Nimba', 123, 1),
(2179, 'Rivercess', 123, 1),
(2180, 'Sinoe', 123, 1),
(2181, 'Ajdabiya', 124, 1),
(2182, 'Fezzan', 124, 1),
(2183, 'Banghazi', 124, 1),
(2184, 'Darnah', 124, 1),
(2185, 'Ghadamis', 124, 1),
(2186, 'Gharyan', 124, 1),
(2187, 'Misratah', 124, 1),
(2188, 'Murzuq', 124, 1),
(2189, 'Sabha', 124, 1),
(2190, 'Sawfajjin', 124, 1),
(2191, 'Surt', 124, 1),
(2192, 'Tarabulus', 124, 1),
(2193, 'Tarhunah', 124, 1),
(2194, 'Tripolitania', 124, 1),
(2195, 'Tubruq', 124, 1),
(2196, 'Yafran', 124, 1),
(2197, 'Zlitan', 124, 1),
(2198, 'al-\'Aziziyah', 124, 1),
(2199, 'al-Fatih', 124, 1),
(2200, 'al-Jabal al Akhdar', 124, 1),
(2201, 'al-Jufrah', 124, 1),
(2202, 'al-Khums', 124, 1),
(2203, 'al-Kufrah', 124, 1),
(2204, 'an-Nuqat al-Khams', 124, 1),
(2205, 'ash-Shati\'', 124, 1),
(2206, 'az-Zawiyah', 124, 1),
(2207, 'Balzers', 125, 1),
(2208, 'Eschen', 125, 1),
(2209, 'Gamprin', 125, 1),
(2210, 'Mauren', 125, 1),
(2211, 'Planken', 125, 1),
(2212, 'Ruggell', 125, 1),
(2213, 'Schaan', 125, 1),
(2214, 'Schellenberg', 125, 1),
(2215, 'Triesen', 125, 1),
(2216, 'Triesenberg', 125, 1),
(2217, 'Vaduz', 125, 1),
(2218, 'Alytaus', 126, 1),
(2219, 'Anyksciai', 126, 1),
(2220, 'Kauno', 126, 1),
(2221, 'Klaipedos', 126, 1),
(2222, 'Marijampoles', 126, 1),
(2223, 'Panevezhio', 126, 1),
(2224, 'Panevezys', 126, 1),
(2225, 'Shiauliu', 126, 1),
(2226, 'Taurages', 126, 1),
(2227, 'Telshiu', 126, 1),
(2228, 'Telsiai', 126, 1),
(2229, 'Utenos', 126, 1),
(2230, 'Vilniaus', 126, 1),
(2231, 'Capellen', 127, 1),
(2232, 'Clervaux', 127, 1),
(2233, 'Diekirch', 127, 1),
(2234, 'Echternach', 127, 1),
(2235, 'Esch-sur-Alzette', 127, 1),
(2236, 'Grevenmacher', 127, 1),
(2237, 'Luxembourg', 127, 1),
(2238, 'Mersch', 127, 1),
(2239, 'Redange', 127, 1),
(2240, 'Remich', 127, 1),
(2241, 'Vianden', 127, 1),
(2242, 'Wiltz', 127, 1),
(2243, 'Macau', 128, 1),
(2244, 'Berovo', 129, 1),
(2245, 'Bitola', 129, 1),
(2246, 'Brod', 129, 1),
(2247, 'Debar', 129, 1),
(2248, 'Delchevo', 129, 1),
(2249, 'Demir Hisar', 129, 1),
(2250, 'Gevgelija', 129, 1),
(2251, 'Gostivar', 129, 1),
(2252, 'Kavadarci', 129, 1),
(2253, 'Kichevo', 129, 1),
(2254, 'Kochani', 129, 1),
(2255, 'Kratovo', 129, 1),
(2256, 'Kriva Palanka', 129, 1),
(2257, 'Krushevo', 129, 1),
(2258, 'Kumanovo', 129, 1),
(2259, 'Negotino', 129, 1),
(2260, 'Ohrid', 129, 1),
(2261, 'Prilep', 129, 1),
(2262, 'Probishtip', 129, 1),
(2263, 'Radovish', 129, 1),
(2264, 'Resen', 129, 1),
(2265, 'Shtip', 129, 1),
(2266, 'Skopje', 129, 1),
(2267, 'Struga', 129, 1),
(2268, 'Strumica', 129, 1),
(2269, 'Sveti Nikole', 129, 1),
(2270, 'Tetovo', 129, 1),
(2271, 'Valandovo', 129, 1),
(2272, 'Veles', 129, 1),
(2273, 'Vinica', 129, 1),
(2274, 'Antananarivo', 130, 1),
(2275, 'Antsiranana', 130, 1),
(2276, 'Fianarantsoa', 130, 1),
(2277, 'Mahajanga', 130, 1),
(2278, 'Toamasina', 130, 1),
(2279, 'Toliary', 130, 1),
(2280, 'Balaka', 131, 1),
(2281, 'Blantyre City', 131, 1),
(2282, 'Chikwawa', 131, 1),
(2283, 'Chiradzulu', 131, 1),
(2284, 'Chitipa', 131, 1),
(2285, 'Dedza', 131, 1),
(2286, 'Dowa', 131, 1),
(2287, 'Karonga', 131, 1),
(2288, 'Kasungu', 131, 1),
(2289, 'Lilongwe City', 131, 1),
(2290, 'Machinga', 131, 1),
(2291, 'Mangochi', 131, 1),
(2292, 'Mchinji', 131, 1),
(2293, 'Mulanje', 131, 1),
(2294, 'Mwanza', 131, 1),
(2295, 'Mzimba', 131, 1),
(2296, 'Mzuzu City', 131, 1),
(2297, 'Nkhata Bay', 131, 1),
(2298, 'Nkhotakota', 131, 1),
(2299, 'Nsanje', 131, 1),
(2300, 'Ntcheu', 131, 1),
(2301, 'Ntchisi', 131, 1),
(2302, 'Phalombe', 131, 1),
(2303, 'Rumphi', 131, 1),
(2304, 'Salima', 131, 1),
(2305, 'Thyolo', 131, 1),
(2306, 'Zomba Municipality', 131, 1),
(2307, 'Johor', 132, 1),
(2308, 'Kedah', 132, 1),
(2309, 'Kelantan', 132, 1),
(2310, 'Kuala Lumpur', 132, 1),
(2311, 'Labuan', 132, 1),
(2312, 'Melaka', 132, 1),
(2313, 'Negeri Johor', 132, 1),
(2314, 'Negeri Sembilan', 132, 1),
(2315, 'Pahang', 132, 1),
(2316, 'Penang', 132, 1),
(2317, 'Perak', 132, 1),
(2318, 'Perlis', 132, 1),
(2319, 'Pulau Pinang', 132, 1),
(2320, 'Sabah', 132, 1),
(2321, 'Sarawak', 132, 1),
(2322, 'Selangor', 132, 1),
(2323, 'Sembilan', 132, 1),
(2324, 'Terengganu', 132, 1),
(2325, 'Alif Alif', 133, 1),
(2326, 'Alif Dhaal', 133, 1),
(2327, 'Baa', 133, 1),
(2328, 'Dhaal', 133, 1),
(2329, 'Faaf', 133, 1),
(2330, 'Gaaf Alif', 133, 1),
(2331, 'Gaaf Dhaal', 133, 1),
(2332, 'Ghaviyani', 133, 1),
(2333, 'Haa Alif', 133, 1),
(2334, 'Haa Dhaal', 133, 1),
(2335, 'Kaaf', 133, 1),
(2336, 'Laam', 133, 1),
(2337, 'Lhaviyani', 133, 1),
(2338, 'Male', 133, 1),
(2339, 'Miim', 133, 1),
(2340, 'Nuun', 133, 1),
(2341, 'Raa', 133, 1),
(2342, 'Shaviyani', 133, 1),
(2343, 'Siin', 133, 1),
(2344, 'Thaa', 133, 1),
(2345, 'Vaav', 133, 1),
(2346, 'Bamako', 134, 1),
(2347, 'Gao', 134, 1),
(2348, 'Kayes', 134, 1),
(2349, 'Kidal', 134, 1),
(2350, 'Koulikoro', 134, 1),
(2351, 'Mopti', 134, 1),
(2352, 'Segou', 134, 1),
(2353, 'Sikasso', 134, 1),
(2354, 'Tombouctou', 134, 1),
(2355, 'Gozo and Comino', 135, 1),
(2356, 'Inner Harbour', 135, 1),
(2357, 'Northern', 135, 1),
(2358, 'Outer Harbour', 135, 1),
(2359, 'South Eastern', 135, 1),
(2360, 'Valletta', 135, 1),
(2361, 'Western', 135, 1),
(2362, 'Castletown', 136, 1),
(2363, 'Douglas', 136, 1),
(2364, 'Laxey', 136, 1),
(2365, 'Onchan', 136, 1),
(2366, 'Peel', 136, 1),
(2367, 'Port Erin', 136, 1),
(2368, 'Port Saint Mary', 136, 1),
(2369, 'Ramsey', 136, 1),
(2370, 'Ailinlaplap', 137, 1),
(2371, 'Ailuk', 137, 1),
(2372, 'Arno', 137, 1),
(2373, 'Aur', 137, 1),
(2374, 'Bikini', 137, 1),
(2375, 'Ebon', 137, 1),
(2376, 'Enewetak', 137, 1),
(2377, 'Jabat', 137, 1),
(2378, 'Jaluit', 137, 1),
(2379, 'Kili', 137, 1),
(2380, 'Kwajalein', 137, 1),
(2381, 'Lae', 137, 1),
(2382, 'Lib', 137, 1),
(2383, 'Likiep', 137, 1),
(2384, 'Majuro', 137, 1),
(2385, 'Maloelap', 137, 1),
(2386, 'Mejit', 137, 1),
(2387, 'Mili', 137, 1),
(2388, 'Namorik', 137, 1),
(2389, 'Namu', 137, 1),
(2390, 'Rongelap', 137, 1),
(2391, 'Ujae', 137, 1),
(2392, 'Utrik', 137, 1),
(2393, 'Wotho', 137, 1),
(2394, 'Wotje', 137, 1),
(2395, 'Fort-de-France', 138, 1),
(2396, 'La Trinite', 138, 1),
(2397, 'Le Marin', 138, 1),
(2398, 'Saint-Pierre', 138, 1),
(2399, 'Adrar', 139, 1),
(2400, 'Assaba', 139, 1),
(2401, 'Brakna', 139, 1),
(2402, 'Dhakhlat Nawadibu', 139, 1),
(2403, 'Hudh-al-Gharbi', 139, 1),
(2404, 'Hudh-ash-Sharqi', 139, 1),
(2405, 'Inshiri', 139, 1),
(2406, 'Nawakshut', 139, 1),
(2407, 'Qidimagha', 139, 1),
(2408, 'Qurqul', 139, 1),
(2409, 'Taqant', 139, 1),
(2410, 'Tiris Zammur', 139, 1),
(2411, 'Trarza', 139, 1),
(2412, 'Black River', 140, 1),
(2413, 'Eau Coulee', 140, 1),
(2414, 'Flacq', 140, 1),
(2415, 'Floreal', 140, 1),
(2416, 'Grand Port', 140, 1),
(2417, 'Moka', 140, 1),
(2418, 'Pamplempousses', 140, 1),
(2419, 'Plaines Wilhelm', 140, 1),
(2420, 'Port Louis', 140, 1),
(2421, 'Riviere du Rempart', 140, 1),
(2422, 'Rodrigues', 140, 1),
(2423, 'Rose Hill', 140, 1),
(2424, 'Savanne', 140, 1),
(2425, 'Mayotte', 141, 1),
(2426, 'Pamanzi', 141, 1),
(2427, 'Aguascalientes', 142, 1),
(2428, 'Baja California', 142, 1),
(2429, 'Baja California Sur', 142, 1),
(2430, 'Campeche', 142, 1),
(2431, 'Chiapas', 142, 1),
(2432, 'Chihuahua', 142, 1),
(2433, 'Coahuila', 142, 1),
(2434, 'Colima', 142, 1),
(2435, 'Distrito Federal', 142, 1),
(2436, 'Durango', 142, 1),
(2437, 'Estado de Mexico', 142, 1),
(2438, 'Guanajuato', 142, 1),
(2439, 'Guerrero', 142, 1),
(2440, 'Hidalgo', 142, 1),
(2441, 'Jalisco', 142, 1),
(2442, 'Mexico', 142, 1),
(2443, 'Michoacan', 142, 1),
(2444, 'Morelos', 142, 1),
(2445, 'Nayarit', 142, 1),
(2446, 'Nuevo Leon', 142, 1),
(2447, 'Oaxaca', 142, 1),
(2448, 'Puebla', 142, 1),
(2449, 'Queretaro', 142, 1),
(2450, 'Quintana Roo', 142, 1),
(2451, 'San Luis Potosi', 142, 1),
(2452, 'Sinaloa', 142, 1),
(2453, 'Sonora', 142, 1),
(2454, 'Tabasco', 142, 1),
(2455, 'Tamaulipas', 142, 1),
(2456, 'Tlaxcala', 142, 1),
(2457, 'Veracruz', 142, 1),
(2458, 'Yucatan', 142, 1),
(2459, 'Zacatecas', 142, 1),
(2460, 'Chuuk', 143, 1),
(2461, 'Kusaie', 143, 1),
(2462, 'Pohnpei', 143, 1),
(2463, 'Yap', 143, 1),
(2464, 'Balti', 144, 1),
(2465, 'Cahul', 144, 1),
(2466, 'Chisinau', 144, 1),
(2467, 'Chisinau Oras', 144, 1),
(2468, 'Edinet', 144, 1),
(2469, 'Gagauzia', 144, 1),
(2470, 'Lapusna', 144, 1),
(2471, 'Orhei', 144, 1),
(2472, 'Soroca', 144, 1),
(2473, 'Taraclia', 144, 1),
(2474, 'Tighina', 144, 1),
(2475, 'Transnistria', 144, 1),
(2476, 'Ungheni', 144, 1),
(2477, 'Fontvieille', 145, 1),
(2478, 'La Condamine', 145, 1),
(2479, 'Monaco-Ville', 145, 1),
(2480, 'Monte Carlo', 145, 1),
(2481, 'Arhangaj', 146, 1),
(2482, 'Bajan-Olgij', 146, 1),
(2483, 'Bajanhongor', 146, 1),
(2484, 'Bulgan', 146, 1),
(2485, 'Darhan-Uul', 146, 1),
(2486, 'Dornod', 146, 1),
(2487, 'Dornogovi', 146, 1),
(2488, 'Dundgovi', 146, 1),
(2489, 'Govi-Altaj', 146, 1),
(2490, 'Govisumber', 146, 1),
(2491, 'Hentij', 146, 1),
(2492, 'Hovd', 146, 1),
(2493, 'Hovsgol', 146, 1),
(2494, 'Omnogovi', 146, 1),
(2495, 'Orhon', 146, 1),
(2496, 'Ovorhangaj', 146, 1),
(2497, 'Selenge', 146, 1),
(2498, 'Suhbaatar', 146, 1),
(2499, 'Tov', 146, 1),
(2500, 'Ulaanbaatar', 146, 1),
(2501, 'Uvs', 146, 1),
(2502, 'Zavhan', 146, 1),
(2503, 'Montserrat', 147, 1),
(2504, 'Agadir', 148, 1),
(2505, 'Casablanca', 148, 1),
(2506, 'Chaouia-Ouardigha', 148, 1),
(2507, 'Doukkala-Abda', 148, 1),
(2508, 'Fes-Boulemane', 148, 1),
(2509, 'Gharb-Chrarda-Beni Hssen', 148, 1),
(2510, 'Guelmim', 148, 1),
(2511, 'Kenitra', 148, 1),
(2512, 'Marrakech-Tensift-Al Haouz', 148, 1),
(2513, 'Meknes-Tafilalet', 148, 1),
(2514, 'Oriental', 148, 1),
(2515, 'Oujda', 148, 1),
(2516, 'Province de Tanger', 148, 1),
(2517, 'Rabat-Sale-Zammour-Zaer', 148, 1),
(2518, 'Sala Al Jadida', 148, 1),
(2519, 'Settat', 148, 1),
(2520, 'Souss Massa-Draa', 148, 1),
(2521, 'Tadla-Azilal', 148, 1),
(2522, 'Tangier-Tetouan', 148, 1),
(2523, 'Taza-Al Hoceima-Taounate', 148, 1),
(2524, 'Wilaya de Casablanca', 148, 1),
(2525, 'Wilaya de Rabat-Sale', 148, 1),
(2526, 'Cabo Delgado', 149, 1),
(2527, 'Gaza', 149, 1),
(2528, 'Inhambane', 149, 1),
(2529, 'Manica', 149, 1),
(2530, 'Maputo', 149, 1),
(2531, 'Maputo Provincia', 149, 1),
(2532, 'Nampula', 149, 1),
(2533, 'Niassa', 149, 1),
(2534, 'Sofala', 149, 1),
(2535, 'Tete', 149, 1),
(2536, 'Zambezia', 149, 1),
(2537, 'Ayeyarwady', 150, 1),
(2538, 'Bago', 150, 1),
(2539, 'Chin', 150, 1),
(2540, 'Kachin', 150, 1),
(2541, 'Kayah', 150, 1),
(2542, 'Kayin', 150, 1),
(2543, 'Magway', 150, 1),
(2544, 'Mandalay', 150, 1),
(2545, 'Mon', 150, 1),
(2546, 'Nay Pyi Taw', 150, 1),
(2547, 'Rakhine', 150, 1),
(2548, 'Sagaing', 150, 1),
(2549, 'Shan', 150, 1),
(2550, 'Tanintharyi', 150, 1),
(2551, 'Yangon', 150, 1),
(2552, 'Caprivi', 151, 1),
(2553, 'Erongo', 151, 1),
(2554, 'Hardap', 151, 1),
(2555, 'Karas', 151, 1),
(2556, 'Kavango', 151, 1),
(2557, 'Khomas', 151, 1),
(2558, 'Kunene', 151, 1),
(2559, 'Ohangwena', 151, 1),
(2560, 'Omaheke', 151, 1),
(2561, 'Omusati', 151, 1),
(2562, 'Oshana', 151, 1),
(2563, 'Oshikoto', 151, 1),
(2564, 'Otjozondjupa', 151, 1),
(2565, 'Yaren', 152, 1),
(2566, 'Bagmati', 153, 1),
(2567, 'Bheri', 153, 1),
(2568, 'Dhawalagiri', 153, 1),
(2569, 'Gandaki', 153, 1),
(2570, 'Janakpur', 153, 1),
(2571, 'Karnali', 153, 1),
(2572, 'Koshi', 153, 1),
(2573, 'Lumbini', 153, 1),
(2574, 'Mahakali', 153, 1),
(2575, 'Mechi', 153, 1),
(2576, 'Narayani', 153, 1),
(2577, 'Rapti', 153, 1),
(2578, 'Sagarmatha', 153, 1),
(2579, 'Seti', 153, 1),
(2580, 'Bonaire', 154, 1),
(2581, 'Curacao', 154, 1),
(2582, 'Saba', 154, 1),
(2583, 'Sint Eustatius', 154, 1),
(2584, 'Sint Maarten', 154, 1),
(2585, 'Amsterdam', 155, 1),
(2586, 'Benelux', 155, 1),
(2587, 'Drenthe', 155, 1),
(2588, 'Flevoland', 155, 1),
(2589, 'Friesland', 155, 1),
(2590, 'Gelderland', 155, 1),
(2591, 'Groningen', 155, 1),
(2592, 'Limburg', 155, 1),
(2593, 'Noord-Brabant', 155, 1),
(2594, 'Noord-Holland', 155, 1),
(2595, 'Overijssel', 155, 1),
(2596, 'South Holland', 155, 1),
(2597, 'Utrecht', 155, 1),
(2598, 'Zeeland', 155, 1),
(2599, 'Zuid-Holland', 155, 1),
(2600, 'Iles', 156, 1),
(2601, 'Nord', 156, 1),
(2602, 'Sud', 156, 1),
(2603, 'Area Outside Region', 157, 1),
(2604, 'Auckland', 157, 1),
(2605, 'Bay of Plenty', 157, 1),
(2606, 'Canterbury', 157, 1),
(2607, 'Christchurch', 157, 1),
(2608, 'Gisborne', 157, 1),
(2609, 'Hawke\'s Bay', 157, 1),
(2610, 'Manawatu-Wanganui', 157, 1),
(2611, 'Marlborough', 157, 1),
(2612, 'Nelson', 157, 1),
(2613, 'Northland', 157, 1),
(2614, 'Otago', 157, 1),
(2615, 'Rodney', 157, 1),
(2616, 'Southland', 157, 1),
(2617, 'Taranaki', 157, 1),
(2618, 'Tasman', 157, 1),
(2619, 'Waikato', 157, 1),
(2620, 'Wellington', 157, 1),
(2621, 'West Coast', 157, 1),
(2622, 'Atlantico Norte', 158, 1),
(2623, 'Atlantico Sur', 158, 1),
(2624, 'Boaco', 158, 1),
(2625, 'Carazo', 158, 1),
(2626, 'Chinandega', 158, 1),
(2627, 'Chontales', 158, 1),
(2628, 'Esteli', 158, 1),
(2629, 'Granada', 158, 1),
(2630, 'Jinotega', 158, 1),
(2631, 'Leon', 158, 1),
(2632, 'Madriz', 158, 1),
(2633, 'Managua', 158, 1),
(2634, 'Masaya', 158, 1),
(2635, 'Matagalpa', 158, 1),
(2636, 'Nueva Segovia', 158, 1),
(2637, 'Rio San Juan', 158, 1),
(2638, 'Rivas', 158, 1),
(2639, 'Agadez', 159, 1),
(2640, 'Diffa', 159, 1),
(2641, 'Dosso', 159, 1),
(2642, 'Maradi', 159, 1),
(2643, 'Niamey', 159, 1),
(2644, 'Tahoua', 159, 1),
(2645, 'Tillabery', 159, 1),
(2646, 'Zinder', 159, 1),
(2647, 'Abia', 160, 1),
(2648, 'Abuja Federal Capital Territor', 160, 1),
(2649, 'Adamawa', 160, 1),
(2650, 'Akwa Ibom', 160, 1),
(2651, 'Anambra', 160, 1),
(2652, 'Bauchi', 160, 1),
(2653, 'Bayelsa', 160, 1),
(2654, 'Benue', 160, 1),
(2655, 'Borno', 160, 1),
(2656, 'Cross River', 160, 1),
(2657, 'Delta', 160, 1),
(2658, 'Ebonyi', 160, 1),
(2659, 'Edo', 160, 1),
(2660, 'Ekiti', 160, 1),
(2661, 'Enugu', 160, 1),
(2662, 'Gombe', 160, 1),
(2663, 'Imo', 160, 1),
(2664, 'Jigawa', 160, 1),
(2665, 'Kaduna', 160, 1),
(2666, 'Kano', 160, 1),
(2667, 'Katsina', 160, 1),
(2668, 'Kebbi', 160, 1),
(2669, 'Kogi', 160, 1),
(2670, 'Kwara', 160, 1),
(2671, 'Lagos', 160, 1),
(2672, 'Nassarawa', 160, 1),
(2673, 'Niger', 160, 1),
(2674, 'Ogun', 160, 1),
(2675, 'Ondo', 160, 1),
(2676, 'Osun', 160, 1),
(2677, 'Oyo', 160, 1),
(2678, 'Plateau', 160, 1),
(2679, 'Rivers', 160, 1),
(2680, 'Sokoto', 160, 1),
(2681, 'Taraba', 160, 1),
(2682, 'Yobe', 160, 1),
(2683, 'Zamfara', 160, 1),
(2684, 'Niue', 161, 1),
(2685, 'Norfolk Island', 162, 1),
(2686, 'Northern Islands', 163, 1),
(2687, 'Rota', 163, 1),
(2688, 'Saipan', 163, 1),
(2689, 'Tinian', 163, 1),
(2690, 'Akershus', 164, 1),
(2691, 'Aust Agder', 164, 1),
(2692, 'Bergen', 164, 1),
(2693, 'Buskerud', 164, 1),
(2694, 'Finnmark', 164, 1),
(2695, 'Hedmark', 164, 1),
(2696, 'Hordaland', 164, 1),
(2697, 'Moere og Romsdal', 164, 1),
(2698, 'Nord Trondelag', 164, 1),
(2699, 'Nordland', 164, 1),
(2700, 'Oestfold', 164, 1),
(2701, 'Oppland', 164, 1),
(2702, 'Oslo', 164, 1),
(2703, 'Rogaland', 164, 1),
(2704, 'Soer Troendelag', 164, 1),
(2705, 'Sogn og Fjordane', 164, 1),
(2706, 'Stavern', 164, 1),
(2707, 'Sykkylven', 164, 1),
(2708, 'Telemark', 164, 1),
(2709, 'Troms', 164, 1),
(2710, 'Vest Agder', 164, 1),
(2711, 'Vestfold', 164, 1),
(2712, 'ÃƒÂ˜stfold', 164, 1),
(2713, 'Al Buraimi', 165, 1),
(2714, 'Dhufar', 165, 1),
(2715, 'Masqat', 165, 1),
(2716, 'Musandam', 165, 1),
(2717, 'Rusayl', 165, 1),
(2718, 'Wadi Kabir', 165, 1),
(2719, 'ad-Dakhiliyah', 165, 1),
(2720, 'adh-Dhahirah', 165, 1),
(2721, 'al-Batinah', 165, 1),
(2722, 'ash-Sharqiyah', 165, 1),
(2723, 'Baluchistan', 166, 1),
(2724, 'Federal Capital Area', 166, 1),
(2725, 'Federally administered Tribal ', 166, 1),
(2726, 'North-West Frontier', 166, 1),
(2727, 'Northern Areas', 166, 1),
(2728, 'Punjab', 166, 1),
(2729, 'Sind', 166, 1),
(2730, 'Aimeliik', 167, 1),
(2731, 'Airai', 167, 1),
(2732, 'Angaur', 167, 1),
(2733, 'Hatobohei', 167, 1),
(2734, 'Kayangel', 167, 1),
(2735, 'Koror', 167, 1),
(2736, 'Melekeok', 167, 1),
(2737, 'Ngaraard', 167, 1),
(2738, 'Ngardmau', 167, 1),
(2739, 'Ngaremlengui', 167, 1),
(2740, 'Ngatpang', 167, 1),
(2741, 'Ngchesar', 167, 1),
(2742, 'Ngerchelong', 167, 1),
(2743, 'Ngiwal', 167, 1),
(2744, 'Peleliu', 167, 1),
(2745, 'Sonsorol', 167, 1),
(2746, 'Ariha', 168, 1),
(2747, 'Bayt Lahm', 168, 1),
(2748, 'Bethlehem', 168, 1),
(2749, 'Dayr-al-Balah', 168, 1),
(2750, 'Ghazzah', 168, 1),
(2751, 'Ghazzah ash-Shamaliyah', 168, 1),
(2752, 'Janin', 168, 1),
(2753, 'Khan Yunis', 168, 1),
(2754, 'Nabulus', 168, 1),
(2755, 'Qalqilyah', 168, 1),
(2756, 'Rafah', 168, 1),
(2757, 'Ram Allah wal-Birah', 168, 1),
(2758, 'Salfit', 168, 1),
(2759, 'Tubas', 168, 1),
(2760, 'Tulkarm', 168, 1),
(2761, 'al-Khalil', 168, 1),
(2762, 'al-Quds', 168, 1),
(2763, 'Bocas del Toro', 169, 1),
(2764, 'Chiriqui', 169, 1),
(2765, 'Cocle', 169, 1),
(2766, 'Colon', 169, 1),
(2767, 'Darien', 169, 1),
(2768, 'Embera', 169, 1),
(2769, 'Herrera', 169, 1),
(2770, 'Kuna Yala', 169, 1),
(2771, 'Los Santos', 169, 1),
(2772, 'Ngobe Bugle', 169, 1),
(2773, 'Panama', 169, 1),
(2774, 'Veraguas', 169, 1),
(2775, 'East New Britain', 170, 1),
(2776, 'East Sepik', 170, 1),
(2777, 'Eastern Highlands', 170, 1),
(2778, 'Enga', 170, 1),
(2779, 'Fly River', 170, 1),
(2780, 'Gulf', 170, 1),
(2781, 'Madang', 170, 1),
(2782, 'Manus', 170, 1),
(2783, 'Milne Bay', 170, 1),
(2784, 'Morobe', 170, 1),
(2785, 'National Capital District', 170, 1),
(2786, 'New Ireland', 170, 1),
(2787, 'North Solomons', 170, 1),
(2788, 'Oro', 170, 1),
(2789, 'Sandaun', 170, 1),
(2790, 'Simbu', 170, 1),
(2791, 'Southern Highlands', 170, 1),
(2792, 'West New Britain', 170, 1),
(2793, 'Western Highlands', 170, 1),
(2794, 'Alto Paraguay', 171, 1),
(2795, 'Alto Parana', 171, 1),
(2796, 'Amambay', 171, 1),
(2797, 'Asuncion', 171, 1),
(2798, 'Boqueron', 171, 1),
(2799, 'Caaguazu', 171, 1),
(2800, 'Caazapa', 171, 1),
(2801, 'Canendiyu', 171, 1),
(2802, 'Central', 171, 1),
(2803, 'Concepcion', 171, 1),
(2804, 'Cordillera', 171, 1),
(2805, 'Guaira', 171, 1),
(2806, 'Itapua', 171, 1),
(2807, 'Misiones', 171, 1),
(2808, 'Neembucu', 171, 1),
(2809, 'Paraguari', 171, 1),
(2810, 'Presidente Hayes', 171, 1),
(2811, 'San Pedro', 171, 1),
(2812, 'Amazonas', 172, 1),
(2813, 'Ancash', 172, 1),
(2814, 'Apurimac', 172, 1),
(2815, 'Arequipa', 172, 1),
(2816, 'Ayacucho', 172, 1),
(2817, 'Cajamarca', 172, 1),
(2818, 'Cusco', 172, 1),
(2819, 'Huancavelica', 172, 1),
(2820, 'Huanuco', 172, 1),
(2821, 'Ica', 172, 1),
(2822, 'Junin', 172, 1),
(2823, 'La Libertad', 172, 1),
(2824, 'Lambayeque', 172, 1),
(2825, 'Lima y Callao', 172, 1),
(2826, 'Loreto', 172, 1),
(2827, 'Madre de Dios', 172, 1),
(2828, 'Moquegua', 172, 1),
(2829, 'Pasco', 172, 1),
(2830, 'Piura', 172, 1),
(2831, 'Puno', 172, 1),
(2832, 'San Martin', 172, 1),
(2833, 'Tacna', 172, 1),
(2834, 'Tumbes', 172, 1),
(2835, 'Ucayali', 172, 1),
(2836, 'Batangas', 173, 1),
(2837, 'Bicol', 173, 1),
(2838, 'Bulacan', 173, 1),
(2839, 'Cagayan', 173, 1),
(2840, 'Caraga', 173, 1),
(2841, 'Central Luzon', 173, 1),
(2842, 'Central Mindanao', 173, 1),
(2843, 'Central Visayas', 173, 1),
(2844, 'Cordillera', 173, 1),
(2845, 'Davao', 173, 1),
(2846, 'Eastern Visayas', 173, 1),
(2847, 'Greater Metropolitan Area', 173, 1),
(2848, 'Ilocos', 173, 1),
(2849, 'Laguna', 173, 1),
(2850, 'Luzon', 173, 1),
(2851, 'Mactan', 173, 1),
(2852, 'Metropolitan Manila Area', 173, 1),
(2853, 'Muslim Mindanao', 173, 1),
(2854, 'Northern Mindanao', 173, 1),
(2855, 'Southern Mindanao', 173, 1),
(2856, 'Southern Tagalog', 173, 1),
(2857, 'Western Mindanao', 173, 1),
(2858, 'Western Visayas', 173, 1),
(2859, 'Pitcairn Island', 174, 1),
(2860, 'Biale Blota', 175, 1),
(2861, 'Dobroszyce', 175, 1),
(2862, 'Dolnoslaskie', 175, 1),
(2863, 'Dziekanow Lesny', 175, 1),
(2864, 'Hopowo', 175, 1),
(2865, 'Kartuzy', 175, 1),
(2866, 'Koscian', 175, 1),
(2867, 'Krakow', 175, 1),
(2868, 'Kujawsko-Pomorskie', 175, 1),
(2869, 'Lodzkie', 175, 1),
(2870, 'Lubelskie', 175, 1),
(2871, 'Lubuskie', 175, 1),
(2872, 'Malomice', 175, 1),
(2873, 'Malopolskie', 175, 1),
(2874, 'Mazowieckie', 175, 1),
(2875, 'Mirkow', 175, 1),
(2876, 'Opolskie', 175, 1),
(2877, 'Ostrowiec', 175, 1),
(2878, 'Podkarpackie', 175, 1),
(2879, 'Podlaskie', 175, 1),
(2880, 'Polska', 175, 1),
(2881, 'Pomorskie', 175, 1),
(2882, 'Poznan', 175, 1),
(2883, 'Pruszkow', 175, 1),
(2884, 'Rymanowska', 175, 1),
(2885, 'Rzeszow', 175, 1),
(2886, 'Slaskie', 175, 1),
(2887, 'Stare Pole', 175, 1),
(2888, 'Swietokrzyskie', 175, 1),
(2889, 'Warminsko-Mazurskie', 175, 1),
(2890, 'Warsaw', 175, 1),
(2891, 'Wejherowo', 175, 1),
(2892, 'Wielkopolskie', 175, 1),
(2893, 'Wroclaw', 175, 1),
(2894, 'Zachodnio-Pomorskie', 175, 1),
(2895, 'Zukowo', 175, 1),
(2896, 'Abrantes', 176, 1),
(2897, 'Acores', 176, 1),
(2898, 'Alentejo', 176, 1),
(2899, 'Algarve', 176, 1),
(2900, 'Braga', 176, 1),
(2901, 'Centro', 176, 1),
(2902, 'Distrito de Leiria', 176, 1),
(2903, 'Distrito de Viana do Castelo', 176, 1),
(2904, 'Distrito de Vila Real', 176, 1),
(2905, 'Distrito do Porto', 176, 1),
(2906, 'Lisboa e Vale do Tejo', 176, 1),
(2907, 'Madeira', 176, 1),
(2908, 'Norte', 176, 1),
(2909, 'Paivas', 176, 1),
(2910, 'Arecibo', 177, 1),
(2911, 'Bayamon', 177, 1),
(2912, 'Carolina', 177, 1),
(2913, 'Florida', 177, 1),
(2914, 'Guayama', 177, 1),
(2915, 'Humacao', 177, 1),
(2916, 'Mayaguez-Aguadilla', 177, 1),
(2917, 'Ponce', 177, 1),
(2918, 'Salinas', 177, 1),
(2919, 'San Juan', 177, 1),
(2920, 'Doha', 178, 1),
(2921, 'Jarian-al-Batnah', 178, 1),
(2922, 'Umm Salal', 178, 1),
(2923, 'ad-Dawhah', 178, 1),
(2924, 'al-Ghuwayriyah', 178, 1),
(2925, 'al-Jumayliyah', 178, 1),
(2926, 'al-Khawr', 178, 1),
(2927, 'al-Wakrah', 178, 1),
(2928, 'ar-Rayyan', 178, 1),
(2929, 'ash-Shamal', 178, 1),
(2930, 'Saint-Benoit', 179, 1),
(2931, 'Saint-Denis', 179, 1),
(2932, 'Saint-Paul', 179, 1),
(2933, 'Saint-Pierre', 179, 1),
(2934, 'Alba', 180, 1),
(2935, 'Arad', 180, 1),
(2936, 'Arges', 180, 1),
(2937, 'Bacau', 180, 1),
(2938, 'Bihor', 180, 1),
(2939, 'Bistrita-Nasaud', 180, 1),
(2940, 'Botosani', 180, 1),
(2941, 'Braila', 180, 1),
(2942, 'Brasov', 180, 1),
(2943, 'Bucuresti', 180, 1),
(2944, 'Buzau', 180, 1),
(2945, 'Calarasi', 180, 1),
(2946, 'Caras-Severin', 180, 1),
(2947, 'Cluj', 180, 1),
(2948, 'Constanta', 180, 1),
(2949, 'Covasna', 180, 1),
(2950, 'Dambovita', 180, 1),
(2951, 'Dolj', 180, 1),
(2952, 'Galati', 180, 1),
(2953, 'Giurgiu', 180, 1),
(2954, 'Gorj', 180, 1),
(2955, 'Harghita', 180, 1),
(2956, 'Hunedoara', 180, 1),
(2957, 'Ialomita', 180, 1),
(2958, 'Iasi', 180, 1),
(2959, 'Ilfov', 180, 1),
(2960, 'Maramures', 180, 1),
(2961, 'Mehedinti', 180, 1),
(2962, 'Mures', 180, 1),
(2963, 'Neamt', 180, 1),
(2964, 'Olt', 180, 1),
(2965, 'Prahova', 180, 1),
(2966, 'Salaj', 180, 1),
(2967, 'Satu Mare', 180, 1),
(2968, 'Sibiu', 180, 1),
(2969, 'Sondelor', 180, 1),
(2970, 'Suceava', 180, 1),
(2971, 'Teleorman', 180, 1),
(2972, 'Timis', 180, 1),
(2973, 'Tulcea', 180, 1),
(2974, 'Valcea', 180, 1),
(2975, 'Vaslui', 180, 1),
(2976, 'Vrancea', 180, 1),
(2977, 'Adygeja', 181, 1),
(2978, 'Aga', 181, 1),
(2979, 'Alanija', 181, 1),
(2980, 'Altaj', 181, 1),
(2981, 'Amur', 181, 1),
(2982, 'Arhangelsk', 181, 1),
(2983, 'Astrahan', 181, 1),
(2984, 'Bashkortostan', 181, 1),
(2985, 'Belgorod', 181, 1),
(2986, 'Brjansk', 181, 1),
(2987, 'Burjatija', 181, 1),
(2988, 'Chechenija', 181, 1),
(2989, 'Cheljabinsk', 181, 1),
(2990, 'Chita', 181, 1),
(2991, 'Chukotka', 181, 1),
(2992, 'Chuvashija', 181, 1),
(2993, 'Dagestan', 181, 1),
(2994, 'Evenkija', 181, 1),
(2995, 'Gorno-Altaj', 181, 1),
(2996, 'Habarovsk', 181, 1),
(2997, 'Hakasija', 181, 1),
(2998, 'Hanty-Mansija', 181, 1),
(2999, 'Ingusetija', 181, 1),
(3000, 'Irkutsk', 181, 1),
(3001, 'Ivanovo', 181, 1),
(3002, 'Jamalo-Nenets', 181, 1),
(3003, 'Jaroslavl', 181, 1),
(3004, 'Jevrej', 181, 1),
(3005, 'Kabardino-Balkarija', 181, 1),
(3006, 'Kaliningrad', 181, 1),
(3007, 'Kalmykija', 181, 1),
(3008, 'Kaluga', 181, 1),
(3009, 'Kamchatka', 181, 1),
(3010, 'Karachaj-Cherkessija', 181, 1),
(3011, 'Karelija', 181, 1),
(3012, 'Kemerovo', 181, 1),
(3013, 'Khabarovskiy Kray', 181, 1),
(3014, 'Kirov', 181, 1),
(3015, 'Komi', 181, 1),
(3016, 'Komi-Permjakija', 181, 1),
(3017, 'Korjakija', 181, 1),
(3018, 'Kostroma', 181, 1),
(3019, 'Krasnodar', 181, 1),
(3020, 'Krasnojarsk', 181, 1),
(3021, 'Krasnoyarskiy Kray', 181, 1),
(3022, 'Kurgan', 181, 1),
(3023, 'Kursk', 181, 1),
(3024, 'Leningrad', 181, 1),
(3025, 'Lipeck', 181, 1),
(3026, 'Magadan', 181, 1),
(3027, 'Marij El', 181, 1),
(3028, 'Mordovija', 181, 1),
(3029, 'Moscow', 181, 1),
(3030, 'Moskovskaja Oblast', 181, 1),
(3031, 'Moskovskaya Oblast', 181, 1),
(3032, 'Moskva', 181, 1),
(3033, 'Murmansk', 181, 1),
(3034, 'Nenets', 181, 1),
(3035, 'Nizhnij Novgorod', 181, 1),
(3036, 'Novgorod', 181, 1),
(3037, 'Novokusnezk', 181, 1),
(3038, 'Novosibirsk', 181, 1),
(3039, 'Omsk', 181, 1),
(3040, 'Orenburg', 181, 1),
(3041, 'Orjol', 181, 1),
(3042, 'Penza', 181, 1),
(3043, 'Perm', 181, 1),
(3044, 'Primorje', 181, 1),
(3045, 'Pskov', 181, 1),
(3046, 'Pskovskaya Oblast', 181, 1),
(3047, 'Rjazan', 181, 1),
(3048, 'Rostov', 181, 1),
(3049, 'Saha', 181, 1),
(3050, 'Sahalin', 181, 1),
(3051, 'Samara', 181, 1),
(3052, 'Samarskaya', 181, 1),
(3053, 'Sankt-Peterburg', 181, 1),
(3054, 'Saratov', 181, 1),
(3055, 'Smolensk', 181, 1),
(3056, 'Stavropol', 181, 1),
(3057, 'Sverdlovsk', 181, 1),
(3058, 'Tajmyrija', 181, 1),
(3059, 'Tambov', 181, 1),
(3060, 'Tatarstan', 181, 1),
(3061, 'Tjumen', 181, 1),
(3062, 'Tomsk', 181, 1),
(3063, 'Tula', 181, 1),
(3064, 'Tver', 181, 1),
(3065, 'Tyva', 181, 1),
(3066, 'Udmurtija', 181, 1),
(3067, 'Uljanovsk', 181, 1),
(3068, 'Ulyanovskaya Oblast', 181, 1),
(3069, 'Ust-Orda', 181, 1),
(3070, 'Vladimir', 181, 1),
(3071, 'Volgograd', 181, 1),
(3072, 'Vologda', 181, 1),
(3073, 'Voronezh', 181, 1),
(3074, 'Butare', 182, 1),
(3075, 'Byumba', 182, 1),
(3076, 'Cyangugu', 182, 1),
(3077, 'Gikongoro', 182, 1),
(3078, 'Gisenyi', 182, 1),
(3079, 'Gitarama', 182, 1),
(3080, 'Kibungo', 182, 1),
(3081, 'Kibuye', 182, 1),
(3082, 'Kigali-ngali', 182, 1),
(3083, 'Ruhengeri', 182, 1),
(3084, 'Ascension', 183, 1),
(3085, 'Gough Island', 183, 1),
(3086, 'Saint Helena', 183, 1),
(3087, 'Tristan da Cunha', 183, 1),
(3088, 'Christ Church Nichola Town', 184, 1),
(3089, 'Saint Anne Sandy Point', 184, 1),
(3090, 'Saint George Basseterre', 184, 1),
(3091, 'Saint George Gingerland', 184, 1),
(3092, 'Saint James Windward', 184, 1),
(3093, 'Saint John Capesterre', 184, 1),
(3094, 'Saint John Figtree', 184, 1),
(3095, 'Saint Mary Cayon', 184, 1),
(3096, 'Saint Paul Capesterre', 184, 1),
(3097, 'Saint Paul Charlestown', 184, 1),
(3098, 'Saint Peter Basseterre', 184, 1),
(3099, 'Saint Thomas Lowland', 184, 1),
(3100, 'Saint Thomas Middle Island', 184, 1),
(3101, 'Trinity Palmetto Point', 184, 1),
(3102, 'Anse-la-Raye', 185, 1),
(3103, 'Canaries', 185, 1),
(3104, 'Castries', 185, 1),
(3105, 'Choiseul', 185, 1),
(3106, 'Dennery', 185, 1),
(3107, 'Gros Inlet', 185, 1),
(3108, 'Laborie', 185, 1),
(3109, 'Micoud', 185, 1),
(3110, 'Soufriere', 185, 1),
(3111, 'Vieux Fort', 185, 1),
(3112, 'Miquelon-Langlade', 186, 1),
(3113, 'Saint-Pierre', 186, 1),
(3114, 'Charlotte', 187, 1),
(3115, 'Grenadines', 187, 1),
(3116, 'Saint Andrew', 187, 1),
(3117, 'Saint David', 187, 1),
(3118, 'Saint George', 187, 1),
(3119, 'Saint Patrick', 187, 1),
(3120, 'A\'ana', 188, 1),
(3121, 'Aiga-i-le-Tai', 188, 1),
(3122, 'Atua', 188, 1),
(3123, 'Fa\'asaleleaga', 188, 1),
(3124, 'Gaga\'emauga', 188, 1),
(3125, 'Gagaifomauga', 188, 1),
(3126, 'Palauli', 188, 1),
(3127, 'Satupa\'itea', 188, 1),
(3128, 'Tuamasaga', 188, 1),
(3129, 'Va\'a-o-Fonoti', 188, 1),
(3130, 'Vaisigano', 188, 1),
(3131, 'Acquaviva', 189, 1),
(3132, 'Borgo Maggiore', 189, 1),
(3133, 'Chiesanuova', 189, 1),
(3134, 'Domagnano', 189, 1),
(3135, 'Faetano', 189, 1),
(3136, 'Fiorentino', 189, 1),
(3137, 'Montegiardino', 189, 1),
(3138, 'San Marino', 189, 1),
(3139, 'Serravalle', 189, 1),
(3140, 'Agua Grande', 190, 1),
(3141, 'Cantagalo', 190, 1),
(3142, 'Lemba', 190, 1),
(3143, 'Lobata', 190, 1),
(3144, 'Me-Zochi', 190, 1),
(3145, 'Pague', 190, 1),
(3146, 'Al Khobar', 191, 1),
(3147, 'Aseer', 191, 1),
(3148, 'Ash Sharqiyah', 191, 1),
(3149, 'Asir', 191, 1),
(3150, 'Central Province', 191, 1),
(3151, 'Eastern Province', 191, 1),
(3152, 'Ha\'il', 191, 1),
(3153, 'Jawf', 191, 1),
(3154, 'Jizan', 191, 1),
(3155, 'Makkah', 191, 1),
(3156, 'Najran', 191, 1),
(3157, 'Qasim', 191, 1),
(3158, 'Tabuk', 191, 1),
(3159, 'Western Province', 191, 1),
(3160, 'al-Bahah', 191, 1),
(3161, 'al-Hudud-ash-Shamaliyah', 191, 1),
(3162, 'al-Madinah', 191, 1),
(3163, 'ar-Riyad', 191, 1),
(3164, 'Dakar', 192, 1),
(3165, 'Diourbel', 192, 1),
(3166, 'Fatick', 192, 1),
(3167, 'Kaolack', 192, 1),
(3168, 'Kolda', 192, 1),
(3169, 'Louga', 192, 1),
(3170, 'Saint-Louis', 192, 1),
(3171, 'Tambacounda', 192, 1),
(3172, 'Thies', 192, 1),
(3173, 'Ziguinchor', 192, 1),
(3174, 'Central Serbia', 193, 1),
(3175, 'Kosovo and Metohija', 193, 1),
(3176, 'Vojvodina', 193, 1),
(3177, 'Anse Boileau', 194, 1),
(3178, 'Anse Royale', 194, 1),
(3179, 'Cascade', 194, 1),
(3180, 'Takamaka', 194, 1),
(3181, 'Victoria', 194, 1),
(3182, 'Eastern', 195, 1),
(3183, 'Northern', 195, 1),
(3184, 'Southern', 195, 1),
(3185, 'Western', 195, 1),
(3186, 'Singapore', 196, 1),
(3187, 'Banskobystricky', 197, 1),
(3188, 'Bratislavsky', 197, 1),
(3189, 'Kosicky', 197, 1),
(3190, 'Nitriansky', 197, 1),
(3191, 'Presovsky', 197, 1),
(3192, 'Trenciansky', 197, 1),
(3193, 'Trnavsky', 197, 1),
(3194, 'Zilinsky', 197, 1),
(3195, 'Benedikt', 198, 1),
(3196, 'Gorenjska', 198, 1),
(3197, 'Gorishka', 198, 1),
(3198, 'Jugovzhodna Slovenija', 198, 1),
(3199, 'Koroshka', 198, 1),
(3200, 'Notranjsko-krashka', 198, 1),
(3201, 'Obalno-krashka', 198, 1),
(3202, 'Obcina Domzale', 198, 1),
(3203, 'Obcina Vitanje', 198, 1),
(3204, 'Osrednjeslovenska', 198, 1),
(3205, 'Podravska', 198, 1),
(3206, 'Pomurska', 198, 1),
(3207, 'Savinjska', 198, 1),
(3208, 'Slovenian Littoral', 198, 1),
(3209, 'Spodnjeposavska', 198, 1),
(3210, 'Zasavska', 198, 1),
(3211, 'Pitcairn', 199, 1),
(3212, 'Central', 200, 1),
(3213, 'Choiseul', 200, 1),
(3214, 'Guadalcanal', 200, 1),
(3215, 'Isabel', 200, 1),
(3216, 'Makira and Ulawa', 200, 1),
(3217, 'Malaita', 200, 1),
(3218, 'Rennell and Bellona', 200, 1),
(3219, 'Temotu', 200, 1),
(3220, 'Western', 200, 1),
(3221, 'Awdal', 201, 1),
(3222, 'Bakol', 201, 1),
(3223, 'Banadir', 201, 1),
(3224, 'Bari', 201, 1),
(3225, 'Bay', 201, 1),
(3226, 'Galgudug', 201, 1),
(3227, 'Gedo', 201, 1),
(3228, 'Hiran', 201, 1),
(3229, 'Jubbada Hose', 201, 1),
(3230, 'Jubbadha Dexe', 201, 1),
(3231, 'Mudug', 201, 1),
(3232, 'Nugal', 201, 1),
(3233, 'Sanag', 201, 1),
(3234, 'Shabellaha Dhexe', 201, 1),
(3235, 'Shabellaha Hose', 201, 1),
(3236, 'Togdher', 201, 1),
(3237, 'Woqoyi Galbed', 201, 1),
(3238, 'Eastern Cape', 202, 1),
(3239, 'Free State', 202, 1),
(3240, 'Gauteng', 202, 1),
(3241, 'Kempton Park', 202, 1),
(3242, 'Kramerville', 202, 1),
(3243, 'KwaZulu Natal', 202, 1),
(3244, 'Limpopo', 202, 1),
(3245, 'Mpumalanga', 202, 1),
(3246, 'North West', 202, 1),
(3247, 'Northern Cape', 202, 1),
(3248, 'Parow', 202, 1),
(3249, 'Table View', 202, 1),
(3250, 'Umtentweni', 202, 1),
(3251, 'Western Cape', 202, 1),
(3252, 'South Georgia', 203, 1),
(3253, 'Central Equatoria', 204, 1),
(3254, 'A Coruna', 205, 1),
(3255, 'Alacant', 205, 1),
(3256, 'Alava', 205, 1),
(3257, 'Albacete', 205, 1),
(3258, 'Almeria', 205, 1),
(3259, 'Andalucia', 205, 1),
(3260, 'Asturias', 205, 1),
(3261, 'Avila', 205, 1),
(3262, 'Badajoz', 205, 1),
(3263, 'Balears', 205, 1),
(3264, 'Barcelona', 205, 1),
(3265, 'Bertamirans', 205, 1),
(3266, 'Biscay', 205, 1),
(3267, 'Burgos', 205, 1),
(3268, 'Caceres', 205, 1),
(3269, 'Cadiz', 205, 1),
(3270, 'Cantabria', 205, 1),
(3271, 'Castello', 205, 1),
(3272, 'Catalunya', 205, 1),
(3273, 'Ceuta', 205, 1),
(3274, 'Ciudad Real', 205, 1),
(3275, 'Comunidad Autonoma de Canarias', 205, 1),
(3276, 'Comunidad Autonoma de Cataluna', 205, 1),
(3277, 'Comunidad Autonoma de Galicia', 205, 1),
(3278, 'Comunidad Autonoma de las Isla', 205, 1),
(3279, 'Comunidad Autonoma del Princip', 205, 1),
(3280, 'Comunidad Valenciana', 205, 1),
(3281, 'Cordoba', 205, 1),
(3282, 'Cuenca', 205, 1),
(3283, 'Gipuzkoa', 205, 1),
(3284, 'Girona', 205, 1),
(3285, 'Granada', 205, 1),
(3286, 'Guadalajara', 205, 1),
(3287, 'Guipuzcoa', 205, 1),
(3288, 'Huelva', 205, 1),
(3289, 'Huesca', 205, 1),
(3290, 'Jaen', 205, 1),
(3291, 'La Rioja', 205, 1),
(3292, 'Las Palmas', 205, 1),
(3293, 'Leon', 205, 1),
(3294, 'Lerida', 205, 1),
(3295, 'Lleida', 205, 1),
(3296, 'Lugo', 205, 1),
(3297, 'Madrid', 205, 1),
(3298, 'Malaga', 205, 1),
(3299, 'Melilla', 205, 1),
(3300, 'Murcia', 205, 1),
(3301, 'Navarra', 205, 1),
(3302, 'Ourense', 205, 1),
(3303, 'Pais Vasco', 205, 1),
(3304, 'Palencia', 205, 1),
(3305, 'Pontevedra', 205, 1),
(3306, 'Salamanca', 205, 1),
(3307, 'Santa Cruz de Tenerife', 205, 1),
(3308, 'Segovia', 205, 1),
(3309, 'Sevilla', 205, 1),
(3310, 'Soria', 205, 1),
(3311, 'Tarragona', 205, 1),
(3312, 'Tenerife', 205, 1),
(3313, 'Teruel', 205, 1),
(3314, 'Toledo', 205, 1),
(3315, 'Valencia', 205, 1),
(3316, 'Valladolid', 205, 1),
(3317, 'Vizcaya', 205, 1),
(3318, 'Zamora', 205, 1),
(3319, 'Zaragoza', 205, 1),
(3320, 'Amparai', 206, 1),
(3321, 'Anuradhapuraya', 206, 1),
(3322, 'Badulla', 206, 1),
(3323, 'Boralesgamuwa', 206, 1),
(3324, 'Colombo', 206, 1),
(3325, 'Galla', 206, 1),
(3326, 'Gampaha', 206, 1),
(3327, 'Hambantota', 206, 1),
(3328, 'Kalatura', 206, 1),
(3329, 'Kegalla', 206, 1),
(3330, 'Kilinochchi', 206, 1),
(3331, 'Kurunegala', 206, 1),
(3332, 'Madakalpuwa', 206, 1),
(3333, 'Maha Nuwara', 206, 1),
(3334, 'Malwana', 206, 1),
(3335, 'Mannarama', 206, 1),
(3336, 'Matale', 206, 1),
(3337, 'Matara', 206, 1),
(3338, 'Monaragala', 206, 1),
(3339, 'Mullaitivu', 206, 1),
(3340, 'North Eastern Province', 206, 1),
(3341, 'North Western Province', 206, 1),
(3342, 'Nuwara Eliya', 206, 1),
(3343, 'Polonnaruwa', 206, 1),
(3344, 'Puttalama', 206, 1),
(3345, 'Ratnapuraya', 206, 1),
(3346, 'Southern Province', 206, 1),
(3347, 'Tirikunamalaya', 206, 1),
(3348, 'Tuscany', 206, 1),
(3349, 'Vavuniyawa', 206, 1),
(3350, 'Western Province', 206, 1),
(3351, 'Yapanaya', 206, 1),
(3352, 'kadawatha', 206, 1),
(3353, 'A\'ali-an-Nil', 207, 1),
(3354, 'Bahr-al-Jabal', 207, 1),
(3355, 'Central Equatoria', 207, 1),
(3356, 'Gharb Bahr-al-Ghazal', 207, 1),
(3357, 'Gharb Darfur', 207, 1),
(3358, 'Gharb Kurdufan', 207, 1),
(3359, 'Gharb-al-Istiwa\'iyah', 207, 1),
(3360, 'Janub Darfur', 207, 1),
(3361, 'Janub Kurdufan', 207, 1),
(3362, 'Junqali', 207, 1),
(3363, 'Kassala', 207, 1),
(3364, 'Nahr-an-Nil', 207, 1),
(3365, 'Shamal Bahr-al-Ghazal', 207, 1),
(3366, 'Shamal Darfur', 207, 1),
(3367, 'Shamal Kurdufan', 207, 1),
(3368, 'Sharq-al-Istiwa\'iyah', 207, 1),
(3369, 'Sinnar', 207, 1),
(3370, 'Warab', 207, 1),
(3371, 'Wilayat al Khartum', 207, 1),
(3372, 'al-Bahr-al-Ahmar', 207, 1),
(3373, 'al-Buhayrat', 207, 1),
(3374, 'al-Jazirah', 207, 1),
(3375, 'al-Khartum', 207, 1),
(3376, 'al-Qadarif', 207, 1),
(3377, 'al-Wahdah', 207, 1),
(3378, 'an-Nil-al-Abyad', 207, 1),
(3379, 'an-Nil-al-Azraq', 207, 1),
(3380, 'ash-Shamaliyah', 207, 1),
(3381, 'Brokopondo', 208, 1),
(3382, 'Commewijne', 208, 1),
(3383, 'Coronie', 208, 1),
(3384, 'Marowijne', 208, 1),
(3385, 'Nickerie', 208, 1),
(3386, 'Para', 208, 1),
(3387, 'Paramaribo', 208, 1),
(3388, 'Saramacca', 208, 1),
(3389, 'Wanica', 208, 1),
(3390, 'Svalbard', 209, 1),
(3391, 'Hhohho', 210, 1),
(3392, 'Lubombo', 210, 1),
(3393, 'Manzini', 210, 1),
(3394, 'Shiselweni', 210, 1),
(3395, 'Alvsborgs Lan', 211, 1),
(3396, 'Angermanland', 211, 1),
(3397, 'Blekinge', 211, 1),
(3398, 'Bohuslan', 211, 1),
(3399, 'Dalarna', 211, 1),
(3400, 'Gavleborg', 211, 1),
(3401, 'Gaza', 211, 1),
(3402, 'Gotland', 211, 1),
(3403, 'Halland', 211, 1),
(3404, 'Jamtland', 211, 1),
(3405, 'Jonkoping', 211, 1),
(3406, 'Kalmar', 211, 1),
(3407, 'Kristianstads', 211, 1),
(3408, 'Kronoberg', 211, 1),
(3409, 'Norrbotten', 211, 1),
(3410, 'Orebro', 211, 1),
(3411, 'Ostergotland', 211, 1),
(3412, 'Saltsjo-Boo', 211, 1),
(3413, 'Skane', 211, 1),
(3414, 'Smaland', 211, 1),
(3415, 'Sodermanland', 211, 1),
(3416, 'Stockholm', 211, 1),
(3417, 'Uppsala', 211, 1),
(3418, 'Varmland', 211, 1),
(3419, 'Vasterbotten', 211, 1),
(3420, 'Vastergotland', 211, 1),
(3421, 'Vasternorrland', 211, 1),
(3422, 'Vastmanland', 211, 1),
(3423, 'Vastra Gotaland', 211, 1),
(3424, 'Aargau', 212, 1),
(3425, 'Appenzell Inner-Rhoden', 212, 1),
(3426, 'Appenzell-Ausser Rhoden', 212, 1),
(3427, 'Basel-Landschaft', 212, 1),
(3428, 'Basel-Stadt', 212, 1),
(3429, 'Bern', 212, 1),
(3430, 'Canton Ticino', 212, 1),
(3431, 'Fribourg', 212, 1),
(3432, 'Geneve', 212, 1),
(3433, 'Glarus', 212, 1),
(3434, 'Graubunden', 212, 1),
(3435, 'Heerbrugg', 212, 1),
(3436, 'Jura', 212, 1),
(3437, 'Kanton Aargau', 212, 1),
(3438, 'Luzern', 212, 1),
(3439, 'Morbio Inferiore', 212, 1),
(3440, 'Muhen', 212, 1),
(3441, 'Neuchatel', 212, 1),
(3442, 'Nidwalden', 212, 1),
(3443, 'Obwalden', 212, 1),
(3444, 'Sankt Gallen', 212, 1),
(3445, 'Schaffhausen', 212, 1),
(3446, 'Schwyz', 212, 1),
(3447, 'Solothurn', 212, 1),
(3448, 'Thurgau', 212, 1),
(3449, 'Ticino', 212, 1),
(3450, 'Uri', 212, 1),
(3451, 'Valais', 212, 1),
(3452, 'Vaud', 212, 1),
(3453, 'Vauffelin', 212, 1),
(3454, 'Zug', 212, 1),
(3455, 'Zurich', 212, 1),
(3456, 'Aleppo', 213, 1),
(3457, 'Dar\'a', 213, 1),
(3458, 'Dayr-az-Zawr', 213, 1),
(3459, 'Dimashq', 213, 1),
(3460, 'Halab', 213, 1),
(3461, 'Hamah', 213, 1),
(3462, 'Hims', 213, 1),
(3463, 'Idlib', 213, 1),
(3464, 'Madinat Dimashq', 213, 1),
(3465, 'Tartus', 213, 1),
(3466, 'al-Hasakah', 213, 1),
(3467, 'al-Ladhiqiyah', 213, 1),
(3468, 'al-Qunaytirah', 213, 1),
(3469, 'ar-Raqqah', 213, 1),
(3470, 'as-Suwayda', 213, 1),
(3471, 'Changhwa', 214, 1),
(3472, 'Chiayi Hsien', 214, 1),
(3473, 'Chiayi Shih', 214, 1),
(3474, 'Eastern Taipei', 214, 1),
(3475, 'Hsinchu Hsien', 214, 1),
(3476, 'Hsinchu Shih', 214, 1),
(3477, 'Hualien', 214, 1),
(3478, 'Ilan', 214, 1),
(3479, 'Kaohsiung Hsien', 214, 1),
(3480, 'Kaohsiung Shih', 214, 1),
(3481, 'Keelung Shih', 214, 1),
(3482, 'Kinmen', 214, 1),
(3483, 'Miaoli', 214, 1),
(3484, 'Nantou', 214, 1),
(3485, 'Northern Taiwan', 214, 1),
(3486, 'Penghu', 214, 1),
(3487, 'Pingtung', 214, 1),
(3488, 'Taichung', 214, 1),
(3489, 'Taichung Hsien', 214, 1),
(3490, 'Taichung Shih', 214, 1),
(3491, 'Tainan Hsien', 214, 1),
(3492, 'Tainan Shih', 214, 1),
(3493, 'Taipei Hsien', 214, 1),
(3494, 'Taipei Shih / Taipei Hsien', 214, 1),
(3495, 'Taitung', 214, 1),
(3496, 'Taoyuan', 214, 1),
(3497, 'Yilan', 214, 1),
(3498, 'Yun-Lin Hsien', 214, 1),
(3499, 'Yunlin', 214, 1),
(3500, 'Dushanbe', 215, 1),
(3501, 'Gorno-Badakhshan', 215, 1),
(3502, 'Karotegin', 215, 1),
(3503, 'Khatlon', 215, 1),
(3504, 'Sughd', 215, 1),
(3505, 'Arusha', 216, 1),
(3506, 'Dar es Salaam', 216, 1),
(3507, 'Dodoma', 216, 1),
(3508, 'Iringa', 216, 1),
(3509, 'Kagera', 216, 1),
(3510, 'Kigoma', 216, 1),
(3511, 'Kilimanjaro', 216, 1),
(3512, 'Lindi', 216, 1),
(3513, 'Mara', 216, 1),
(3514, 'Mbeya', 216, 1),
(3515, 'Morogoro', 216, 1),
(3516, 'Mtwara', 216, 1),
(3517, 'Mwanza', 216, 1),
(3518, 'Pwani', 216, 1),
(3519, 'Rukwa', 216, 1),
(3520, 'Ruvuma', 216, 1),
(3521, 'Shinyanga', 216, 1),
(3522, 'Singida', 216, 1),
(3523, 'Tabora', 216, 1),
(3524, 'Tanga', 216, 1),
(3525, 'Zanzibar and Pemba', 216, 1),
(3526, 'Amnat Charoen', 217, 1),
(3527, 'Ang Thong', 217, 1),
(3528, 'Bangkok', 217, 1),
(3529, 'Buri Ram', 217, 1),
(3530, 'Chachoengsao', 217, 1),
(3531, 'Chai Nat', 217, 1),
(3532, 'Chaiyaphum', 217, 1),
(3533, 'Changwat Chaiyaphum', 217, 1),
(3534, 'Chanthaburi', 217, 1),
(3535, 'Chiang Mai', 217, 1),
(3536, 'Chiang Rai', 217, 1),
(3537, 'Chon Buri', 217, 1),
(3538, 'Chumphon', 217, 1),
(3539, 'Kalasin', 217, 1),
(3540, 'Kamphaeng Phet', 217, 1),
(3541, 'Kanchanaburi', 217, 1),
(3542, 'Khon Kaen', 217, 1),
(3543, 'Krabi', 217, 1),
(3544, 'Krung Thep', 217, 1),
(3545, 'Lampang', 217, 1),
(3546, 'Lamphun', 217, 1),
(3547, 'Loei', 217, 1),
(3548, 'Lop Buri', 217, 1),
(3549, 'Mae Hong Son', 217, 1),
(3550, 'Maha Sarakham', 217, 1),
(3551, 'Mukdahan', 217, 1),
(3552, 'Nakhon Nayok', 217, 1),
(3553, 'Nakhon Pathom', 217, 1),
(3554, 'Nakhon Phanom', 217, 1),
(3555, 'Nakhon Ratchasima', 217, 1),
(3556, 'Nakhon Sawan', 217, 1),
(3557, 'Nakhon Si Thammarat', 217, 1),
(3558, 'Nan', 217, 1),
(3559, 'Narathiwat', 217, 1),
(3560, 'Nong Bua Lam Phu', 217, 1),
(3561, 'Nong Khai', 217, 1),
(3562, 'Nonthaburi', 217, 1),
(3563, 'Pathum Thani', 217, 1),
(3564, 'Pattani', 217, 1),
(3565, 'Phangnga', 217, 1),
(3566, 'Phatthalung', 217, 1),
(3567, 'Phayao', 217, 1),
(3568, 'Phetchabun', 217, 1),
(3569, 'Phetchaburi', 217, 1),
(3570, 'Phichit', 217, 1),
(3571, 'Phitsanulok', 217, 1),
(3572, 'Phra Nakhon Si Ayutthaya', 217, 1),
(3573, 'Phrae', 217, 1),
(3574, 'Phuket', 217, 1),
(3575, 'Prachin Buri', 217, 1),
(3576, 'Prachuap Khiri Khan', 217, 1),
(3577, 'Ranong', 217, 1),
(3578, 'Ratchaburi', 217, 1),
(3579, 'Rayong', 217, 1),
(3580, 'Roi Et', 217, 1),
(3581, 'Sa Kaeo', 217, 1),
(3582, 'Sakon Nakhon', 217, 1),
(3583, 'Samut Prakan', 217, 1),
(3584, 'Samut Sakhon', 217, 1),
(3585, 'Samut Songkhran', 217, 1),
(3586, 'Saraburi', 217, 1),
(3587, 'Satun', 217, 1),
(3588, 'Si Sa Ket', 217, 1),
(3589, 'Sing Buri', 217, 1),
(3590, 'Songkhla', 217, 1),
(3591, 'Sukhothai', 217, 1),
(3592, 'Suphan Buri', 217, 1),
(3593, 'Surat Thani', 217, 1),
(3594, 'Surin', 217, 1),
(3595, 'Tak', 217, 1),
(3596, 'Trang', 217, 1),
(3597, 'Trat', 217, 1),
(3598, 'Ubon Ratchathani', 217, 1),
(3599, 'Udon Thani', 217, 1),
(3600, 'Uthai Thani', 217, 1),
(3601, 'Uttaradit', 217, 1),
(3602, 'Yala', 217, 1),
(3603, 'Yasothon', 217, 1),
(3604, 'Centre', 218, 1),
(3605, 'Kara', 218, 1),
(3606, 'Maritime', 218, 1),
(3607, 'Plateaux', 218, 1),
(3608, 'Savanes', 218, 1),
(3609, 'Atafu', 219, 1),
(3610, 'Fakaofo', 219, 1),
(3611, 'Nukunonu', 219, 1),
(3612, 'Eua', 220, 1),
(3613, 'Ha\'apai', 220, 1),
(3614, 'Niuas', 220, 1),
(3615, 'Tongatapu', 220, 1),
(3616, 'Vava\'u', 220, 1),
(3617, 'Arima-Tunapuna-Piarco', 221, 1),
(3618, 'Caroni', 221, 1),
(3619, 'Chaguanas', 221, 1),
(3620, 'Couva-Tabaquite-Talparo', 221, 1),
(3621, 'Diego Martin', 221, 1),
(3622, 'Glencoe', 221, 1),
(3623, 'Penal Debe', 221, 1),
(3624, 'Point Fortin', 221, 1),
(3625, 'Port of Spain', 221, 1),
(3626, 'Princes Town', 221, 1),
(3627, 'Saint George', 221, 1),
(3628, 'San Fernando', 221, 1),
(3629, 'San Juan', 221, 1),
(3630, 'Sangre Grande', 221, 1),
(3631, 'Siparia', 221, 1),
(3632, 'Tobago', 221, 1),
(3633, 'Aryanah', 222, 1),
(3634, 'Bajah', 222, 1),
(3635, 'Bin \'Arus', 222, 1),
(3636, 'Binzart', 222, 1),
(3637, 'Gouvernorat de Ariana', 222, 1),
(3638, 'Gouvernorat de Nabeul', 222, 1),
(3639, 'Gouvernorat de Sousse', 222, 1),
(3640, 'Hammamet Yasmine', 222, 1),
(3641, 'Jundubah', 222, 1),
(3642, 'Madaniyin', 222, 1),
(3643, 'Manubah', 222, 1),
(3644, 'Monastir', 222, 1),
(3645, 'Nabul', 222, 1),
(3646, 'Qabis', 222, 1),
(3647, 'Qafsah', 222, 1),
(3648, 'Qibili', 222, 1),
(3649, 'Safaqis', 222, 1),
(3650, 'Sfax', 222, 1),
(3651, 'Sidi Bu Zayd', 222, 1),
(3652, 'Silyanah', 222, 1),
(3653, 'Susah', 222, 1),
(3654, 'Tatawin', 222, 1),
(3655, 'Tawzar', 222, 1),
(3656, 'Tunis', 222, 1),
(3657, 'Zaghwan', 222, 1),
(3658, 'al-Kaf', 222, 1),
(3659, 'al-Mahdiyah', 222, 1),
(3660, 'al-Munastir', 222, 1),
(3661, 'al-Qasrayn', 222, 1),
(3662, 'al-Qayrawan', 222, 1),
(3663, 'Adana', 223, 1),
(3664, 'Adiyaman', 223, 1),
(3665, 'Afyon', 223, 1),
(3666, 'Agri', 223, 1),
(3667, 'Aksaray', 223, 1),
(3668, 'Amasya', 223, 1),
(3669, 'Ankara', 223, 1),
(3670, 'Antalya', 223, 1),
(3671, 'Ardahan', 223, 1),
(3672, 'Artvin', 223, 1),
(3673, 'Aydin', 223, 1),
(3674, 'Balikesir', 223, 1),
(3675, 'Bartin', 223, 1),
(3676, 'Batman', 223, 1),
(3677, 'Bayburt', 223, 1),
(3678, 'Bilecik', 223, 1),
(3679, 'Bingol', 223, 1),
(3680, 'Bitlis', 223, 1),
(3681, 'Bolu', 223, 1),
(3682, 'Burdur', 223, 1),
(3683, 'Bursa', 223, 1),
(3684, 'Canakkale', 223, 1),
(3685, 'Cankiri', 223, 1),
(3686, 'Corum', 223, 1),
(3687, 'Denizli', 223, 1),
(3688, 'Diyarbakir', 223, 1),
(3689, 'Duzce', 223, 1),
(3690, 'Edirne', 223, 1),
(3691, 'Elazig', 223, 1),
(3692, 'Erzincan', 223, 1),
(3693, 'Erzurum', 223, 1),
(3694, 'Eskisehir', 223, 1),
(3695, 'Gaziantep', 223, 1),
(3696, 'Giresun', 223, 1),
(3697, 'Gumushane', 223, 1),
(3698, 'Hakkari', 223, 1),
(3699, 'Hatay', 223, 1),
(3700, 'Icel', 223, 1),
(3701, 'Igdir', 223, 1),
(3702, 'Isparta', 223, 1),
(3703, 'Istanbul', 223, 1),
(3704, 'Izmir', 223, 1),
(3705, 'Kahramanmaras', 223, 1),
(3706, 'Karabuk', 223, 1),
(3707, 'Karaman', 223, 1),
(3708, 'Kars', 223, 1),
(3709, 'Karsiyaka', 223, 1),
(3710, 'Kastamonu', 223, 1),
(3711, 'Kayseri', 223, 1),
(3712, 'Kilis', 223, 1),
(3713, 'Kirikkale', 223, 1),
(3714, 'Kirklareli', 223, 1),
(3715, 'Kirsehir', 223, 1),
(3716, 'Kocaeli', 223, 1),
(3717, 'Konya', 223, 1),
(3718, 'Kutahya', 223, 1),
(3719, 'Lefkosa', 223, 1),
(3720, 'Malatya', 223, 1),
(3721, 'Manisa', 223, 1),
(3722, 'Mardin', 223, 1),
(3723, 'Mugla', 223, 1),
(3724, 'Mus', 223, 1),
(3725, 'Nevsehir', 223, 1),
(3726, 'Nigde', 223, 1),
(3727, 'Ordu', 223, 1),
(3728, 'Osmaniye', 223, 1),
(3729, 'Rize', 223, 1),
(3730, 'Sakarya', 223, 1),
(3731, 'Samsun', 223, 1),
(3732, 'Sanliurfa', 223, 1),
(3733, 'Siirt', 223, 1),
(3734, 'Sinop', 223, 1),
(3735, 'Sirnak', 223, 1),
(3736, 'Sivas', 223, 1),
(3737, 'Tekirdag', 223, 1),
(3738, 'Tokat', 223, 1),
(3739, 'Trabzon', 223, 1),
(3740, 'Tunceli', 223, 1),
(3741, 'Usak', 223, 1),
(3742, 'Van', 223, 1),
(3743, 'Yalova', 223, 1),
(3744, 'Yozgat', 223, 1),
(3745, 'Zonguldak', 223, 1),
(3746, 'Ahal', 224, 1),
(3747, 'Asgabat', 224, 1),
(3748, 'Balkan', 224, 1),
(3749, 'Dasoguz', 224, 1),
(3750, 'Lebap', 224, 1),
(3751, 'Mari', 224, 1),
(3752, 'Grand Turk', 225, 1),
(3753, 'South Caicos and East Caicos', 225, 1),
(3754, 'Funafuti', 226, 1),
(3755, 'Nanumanga', 226, 1),
(3756, 'Nanumea', 226, 1),
(3757, 'Niutao', 226, 1),
(3758, 'Nui', 226, 1),
(3759, 'Nukufetau', 226, 1),
(3760, 'Nukulaelae', 226, 1),
(3761, 'Vaitupu', 226, 1),
(3762, 'Central', 227, 1),
(3763, 'Eastern', 227, 1),
(3764, 'Northern', 227, 1),
(3765, 'Western', 227, 1),
(3766, 'Cherkas\'ka', 228, 1),
(3767, 'Chernihivs\'ka', 228, 1),
(3768, 'Chernivets\'ka', 228, 1),
(3769, 'Crimea', 228, 1),
(3770, 'Dnipropetrovska', 228, 1),
(3771, 'Donets\'ka', 228, 1),
(3772, 'Ivano-Frankivs\'ka', 228, 1),
(3773, 'Kharkiv', 228, 1),
(3774, 'Kharkov', 228, 1),
(3775, 'Khersonska', 228, 1),
(3776, 'Khmel\'nyts\'ka', 228, 1),
(3777, 'Kirovohrad', 228, 1),
(3778, 'Krym', 228, 1),
(3779, 'Kyyiv', 228, 1),
(3780, 'Kyyivs\'ka', 228, 1),
(3781, 'L\'vivs\'ka', 228, 1),
(3782, 'Luhans\'ka', 228, 1),
(3783, 'Mykolayivs\'ka', 228, 1),
(3784, 'Odes\'ka', 228, 1),
(3785, 'Odessa', 228, 1),
(3786, 'Poltavs\'ka', 228, 1),
(3787, 'Rivnens\'ka', 228, 1),
(3788, 'Sevastopol\'', 228, 1),
(3789, 'Sums\'ka', 228, 1),
(3790, 'Ternopil\'s\'ka', 228, 1);
INSERT INTO `states` (`id`, `name`, `country_id`, `is_active`) VALUES
(3791, 'Volyns\'ka', 228, 1),
(3792, 'Vynnyts\'ka', 228, 1),
(3793, 'Zakarpats\'ka', 228, 1),
(3794, 'Zaporizhia', 228, 1),
(3795, 'Zhytomyrs\'ka', 228, 1),
(3796, 'Abu Zabi', 229, 1),
(3797, 'Ajman', 229, 1),
(3798, 'Dubai', 229, 1),
(3799, 'Ras al-Khaymah', 229, 1),
(3800, 'Sharjah', 229, 1),
(3801, 'Sharjha', 229, 1),
(3802, 'Umm al Qaywayn', 229, 1),
(3803, 'al-Fujayrah', 229, 1),
(3804, 'ash-Shariqah', 229, 1),
(3805, 'Aberdeen', 230, 1),
(3806, 'Aberdeenshire', 230, 1),
(3807, 'Argyll', 230, 1),
(3808, 'Armagh', 230, 1),
(3809, 'Bedfordshire', 230, 1),
(3810, 'Belfast', 230, 1),
(3811, 'Berkshire', 230, 1),
(3812, 'Birmingham', 230, 1),
(3813, 'Brechin', 230, 1),
(3814, 'Bridgnorth', 230, 1),
(3815, 'Bristol', 230, 1),
(3816, 'Buckinghamshire', 230, 1),
(3817, 'Cambridge', 230, 1),
(3818, 'Cambridgeshire', 230, 1),
(3819, 'Channel Islands', 230, 1),
(3820, 'Cheshire', 230, 1),
(3821, 'Cleveland', 230, 1),
(3822, 'Co Fermanagh', 230, 1),
(3823, 'Conwy', 230, 1),
(3824, 'Cornwall', 230, 1),
(3825, 'Coventry', 230, 1),
(3826, 'Craven Arms', 230, 1),
(3827, 'Cumbria', 230, 1),
(3828, 'Denbighshire', 230, 1),
(3829, 'Derby', 230, 1),
(3830, 'Derbyshire', 230, 1),
(3831, 'Devon', 230, 1),
(3832, 'Dial Code Dungannon', 230, 1),
(3833, 'Didcot', 230, 1),
(3834, 'Dorset', 230, 1),
(3835, 'Dunbartonshire', 230, 1),
(3836, 'Durham', 230, 1),
(3837, 'East Dunbartonshire', 230, 1),
(3838, 'East Lothian', 230, 1),
(3839, 'East Midlands', 230, 1),
(3840, 'East Sussex', 230, 1),
(3841, 'East Yorkshire', 230, 1),
(3842, 'England', 230, 1),
(3843, 'Essex', 230, 1),
(3844, 'Fermanagh', 230, 1),
(3845, 'Fife', 230, 1),
(3846, 'Flintshire', 230, 1),
(3847, 'Fulham', 230, 1),
(3848, 'Gainsborough', 230, 1),
(3849, 'Glocestershire', 230, 1),
(3850, 'Gwent', 230, 1),
(3851, 'Hampshire', 230, 1),
(3852, 'Hants', 230, 1),
(3853, 'Herefordshire', 230, 1),
(3854, 'Hertfordshire', 230, 1),
(3855, 'Ireland', 230, 1),
(3856, 'Isle Of Man', 230, 1),
(3857, 'Isle of Wight', 230, 1),
(3858, 'Kenford', 230, 1),
(3859, 'Kent', 230, 1),
(3860, 'Kilmarnock', 230, 1),
(3861, 'Lanarkshire', 230, 1),
(3862, 'Lancashire', 230, 1),
(3863, 'Leicestershire', 230, 1),
(3864, 'Lincolnshire', 230, 1),
(3865, 'Llanymynech', 230, 1),
(3866, 'London', 230, 1),
(3867, 'Ludlow', 230, 1),
(3868, 'Manchester', 230, 1),
(3869, 'Mayfair', 230, 1),
(3870, 'Merseyside', 230, 1),
(3871, 'Mid Glamorgan', 230, 1),
(3872, 'Middlesex', 230, 1),
(3873, 'Mildenhall', 230, 1),
(3874, 'Monmouthshire', 230, 1),
(3875, 'Newton Stewart', 230, 1),
(3876, 'Norfolk', 230, 1),
(3877, 'North Humberside', 230, 1),
(3878, 'North Yorkshire', 230, 1),
(3879, 'Northamptonshire', 230, 1),
(3880, 'Northants', 230, 1),
(3881, 'Northern Ireland', 230, 1),
(3882, 'Northumberland', 230, 1),
(3883, 'Nottinghamshire', 230, 1),
(3884, 'Oxford', 230, 1),
(3885, 'Powys', 230, 1),
(3886, 'Roos-shire', 230, 1),
(3887, 'SUSSEX', 230, 1),
(3888, 'Sark', 230, 1),
(3889, 'Scotland', 230, 1),
(3890, 'Scottish Borders', 230, 1),
(3891, 'Shropshire', 230, 1),
(3892, 'Somerset', 230, 1),
(3893, 'South Glamorgan', 230, 1),
(3894, 'South Wales', 230, 1),
(3895, 'South Yorkshire', 230, 1),
(3896, 'Southwell', 230, 1),
(3897, 'Staffordshire', 230, 1),
(3898, 'Strabane', 230, 1),
(3899, 'Suffolk', 230, 1),
(3900, 'Surrey', 230, 1),
(3901, 'Sussex', 230, 1),
(3902, 'Twickenham', 230, 1),
(3903, 'Tyne and Wear', 230, 1),
(3904, 'Tyrone', 230, 1),
(3905, 'Utah', 230, 1),
(3906, 'Wales', 230, 1),
(3907, 'Warwickshire', 230, 1),
(3908, 'West Lothian', 230, 1),
(3909, 'West Midlands', 230, 1),
(3910, 'West Sussex', 230, 1),
(3911, 'West Yorkshire', 230, 1),
(3912, 'Whissendine', 230, 1),
(3913, 'Wiltshire', 230, 1),
(3914, 'Wokingham', 230, 1),
(3915, 'Worcestershire', 230, 1),
(3916, 'Wrexham', 230, 1),
(3917, 'Wurttemberg', 230, 1),
(3918, 'Yorkshire', 230, 1),
(3919, 'AL', 231, 1),
(3920, 'AK', 231, 1),
(3921, 'AZ', 231, 1),
(3922, 'AR', 231, 1),
(3923, 'Byram', 231, 1),
(3924, 'CA', 231, 1),
(3925, 'Cokato', 231, 1),
(3926, 'CO', 231, 1),
(3927, 'CT', 231, 1),
(3928, 'DE', 231, 1),
(3929, 'DC', 231, 1),
(3930, 'FL', 231, 1),
(3931, 'GA', 231, 1),
(3932, 'HI', 231, 1),
(3933, 'ID', 231, 1),
(3934, 'IL', 231, 1),
(3935, 'IN', 231, 1),
(3936, 'IA', 231, 1),
(3937, 'KS', 231, 1),
(3938, 'KY', 231, 1),
(3939, 'LA', 231, 1),
(3940, 'Lowa', 231, 1),
(3941, 'ME', 231, 1),
(3942, 'MD', 231, 1),
(3943, 'MA', 231, 1),
(3944, 'Medfield', 231, 1),
(3945, 'MI', 231, 1),
(3946, 'MN', 231, 1),
(3947, 'MS', 231, 1),
(3948, 'MO', 231, 1),
(3949, 'MT', 231, 1),
(3950, 'NE', 231, 1),
(3951, 'NV', 231, 1),
(3952, 'NH', 231, 1),
(3953, 'NJ', 231, 1),
(3954, 'New Jersy', 231, 1),
(3955, 'NM', 231, 1),
(3956, 'NY', 231, 1),
(3957, 'NC', 231, 1),
(3958, 'ND', 231, 1),
(3959, 'OH', 231, 1),
(3960, 'OK', 231, 1),
(3961, 'Ontario', 231, 1),
(3962, 'OR', 231, 1),
(3963, 'PA', 231, 1),
(3964, 'Ramey', 231, 1),
(3965, 'RI', 231, 1),
(3966, 'SC', 231, 1),
(3967, 'SD', 231, 1),
(3968, 'Sublimity', 231, 1),
(3969, 'TN', 231, 1),
(3970, 'TX', 231, 1),
(3971, 'Trimble', 231, 1),
(3972, 'UT', 231, 1),
(3973, 'VT', 231, 1),
(3974, 'VA', 231, 1),
(3975, 'WA', 231, 1),
(3976, 'WV', 231, 1),
(3977, 'WI', 231, 1),
(3978, 'WY', 231, 1),
(3979, 'United States Minor Outlying I', 232, 1),
(3980, 'Artigas', 233, 1),
(3981, 'Canelones', 233, 1),
(3982, 'Cerro Largo', 233, 1),
(3983, 'Colonia', 233, 1),
(3984, 'Durazno', 233, 1),
(3985, 'FLorida', 233, 1),
(3986, 'Flores', 233, 1),
(3987, 'Lavalleja', 233, 1),
(3988, 'Maldonado', 233, 1),
(3989, 'Montevideo', 233, 1),
(3990, 'Paysandu', 233, 1),
(3991, 'Rio Negro', 233, 1),
(3992, 'Rivera', 233, 1),
(3993, 'Rocha', 233, 1),
(3994, 'Salto', 233, 1),
(3995, 'San Jose', 233, 1),
(3996, 'Soriano', 233, 1),
(3997, 'Tacuarembo', 233, 1),
(3998, 'Treinta y Tres', 233, 1),
(3999, 'Andijon', 234, 1),
(4000, 'Buhoro', 234, 1),
(4001, 'Buxoro Viloyati', 234, 1),
(4002, 'Cizah', 234, 1),
(4003, 'Fargona', 234, 1),
(4004, 'Horazm', 234, 1),
(4005, 'Kaskadar', 234, 1),
(4006, 'Korakalpogiston', 234, 1),
(4007, 'Namangan', 234, 1),
(4008, 'Navoi', 234, 1),
(4009, 'Samarkand', 234, 1),
(4010, 'Sirdare', 234, 1),
(4011, 'Surhondar', 234, 1),
(4012, 'Toskent', 234, 1),
(4013, 'Malampa', 235, 1),
(4014, 'Penama', 235, 1),
(4015, 'Sanma', 235, 1),
(4016, 'Shefa', 235, 1),
(4017, 'Tafea', 235, 1),
(4018, 'Torba', 235, 1),
(4019, 'Vatican City State (Holy See)', 236, 1),
(4020, 'Amazonas', 237, 1),
(4021, 'Anzoategui', 237, 1),
(4022, 'Apure', 237, 1),
(4023, 'Aragua', 237, 1),
(4024, 'Barinas', 237, 1),
(4025, 'Bolivar', 237, 1),
(4026, 'Carabobo', 237, 1),
(4027, 'Cojedes', 237, 1),
(4028, 'Delta Amacuro', 237, 1),
(4029, 'Distrito Federal', 237, 1),
(4030, 'Falcon', 237, 1),
(4031, 'Guarico', 237, 1),
(4032, 'Lara', 237, 1),
(4033, 'Merida', 237, 1),
(4034, 'Miranda', 237, 1),
(4035, 'Monagas', 237, 1),
(4036, 'Nueva Esparta', 237, 1),
(4037, 'Portuguesa', 237, 1),
(4038, 'Sucre', 237, 1),
(4039, 'Tachira', 237, 1),
(4040, 'Trujillo', 237, 1),
(4041, 'Vargas', 237, 1),
(4042, 'Yaracuy', 237, 1),
(4043, 'Zulia', 237, 1),
(4044, 'Bac Giang', 238, 1),
(4045, 'Binh Dinh', 238, 1),
(4046, 'Binh Duong', 238, 1),
(4047, 'Da Nang', 238, 1),
(4048, 'Dong Bang Song Cuu Long', 238, 1),
(4049, 'Dong Bang Song Hong', 238, 1),
(4050, 'Dong Nai', 238, 1),
(4051, 'Dong Nam Bo', 238, 1),
(4052, 'Duyen Hai Mien Trung', 238, 1),
(4053, 'Hanoi', 238, 1),
(4054, 'Hung Yen', 238, 1),
(4055, 'Khu Bon Cu', 238, 1),
(4056, 'Long An', 238, 1),
(4057, 'Mien Nui Va Trung Du', 238, 1),
(4058, 'Thai Nguyen', 238, 1),
(4059, 'Thanh Pho Ho Chi Minh', 238, 1),
(4060, 'Thu Do Ha Noi', 238, 1),
(4061, 'Tinh Can Tho', 238, 1),
(4062, 'Tinh Da Nang', 238, 1),
(4063, 'Tinh Gia Lai', 238, 1),
(4064, 'Anegada', 239, 1),
(4065, 'Jost van Dyke', 239, 1),
(4066, 'Tortola', 239, 1),
(4067, 'Saint Croix', 240, 1),
(4068, 'Saint John', 240, 1),
(4069, 'Saint Thomas', 240, 1),
(4070, 'Alo', 241, 1),
(4071, 'Singave', 241, 1),
(4072, 'Wallis', 241, 1),
(4073, 'Bu Jaydur', 242, 1),
(4074, 'Wad-adh-Dhahab', 242, 1),
(4075, 'al-\'Ayun', 242, 1),
(4076, 'as-Samarah', 242, 1),
(4077, '\'Adan', 243, 1),
(4078, 'Abyan', 243, 1),
(4079, 'Dhamar', 243, 1),
(4080, 'Hadramaut', 243, 1),
(4081, 'Hajjah', 243, 1),
(4082, 'Hudaydah', 243, 1),
(4083, 'Ibb', 243, 1),
(4084, 'Lahij', 243, 1),
(4085, 'Ma\'rib', 243, 1),
(4086, 'Madinat San\'a', 243, 1),
(4087, 'Sa\'dah', 243, 1),
(4088, 'Sana', 243, 1),
(4089, 'Shabwah', 243, 1),
(4090, 'Ta\'izz', 243, 1),
(4091, 'al-Bayda', 243, 1),
(4092, 'al-Hudaydah', 243, 1),
(4093, 'al-Jawf', 243, 1),
(4094, 'al-Mahrah', 243, 1),
(4095, 'al-Mahwit', 243, 1),
(4096, 'Central Serbia', 244, 1),
(4097, 'Kosovo and Metohija', 244, 1),
(4098, 'Montenegro', 244, 1),
(4099, 'Republic of Serbia', 244, 1),
(4100, 'Serbia', 244, 1),
(4101, 'Vojvodina', 244, 1),
(4102, 'Central', 245, 1),
(4103, 'Copperbelt', 245, 1),
(4104, 'Eastern', 245, 1),
(4105, 'Luapala', 245, 1),
(4106, 'Lusaka', 245, 1),
(4107, 'North-Western', 245, 1),
(4108, 'Northern', 245, 1),
(4109, 'Southern', 245, 1),
(4110, 'Western', 245, 1),
(4111, 'Bulawayo', 246, 1),
(4112, 'Harare', 246, 1),
(4113, 'Manicaland', 246, 1),
(4114, 'Mashonaland Central', 246, 1),
(4115, 'Mashonaland East', 246, 1),
(4116, 'Mashonaland West', 246, 1),
(4117, 'Masvingo', 246, 1),
(4118, 'Matabeleland North', 246, 1),
(4119, 'Matabeleland South', 246, 1),
(4120, 'Midlands', 246, 1);

-- --------------------------------------------------------

--
-- Table structure for table `timesheets`
--

CREATE TABLE IF NOT EXISTS `timesheets` (
  `id` int(10) UNSIGNED NOT NULL AUTO_INCREMENT,
  `consultant_id` int(10) UNSIGNED NOT NULL,
  `placement_id` int(10) UNSIGNED DEFAULT NULL,
  `workforce_id` int(10) UNSIGNED DEFAULT NULL,
  `client_id` int(10) UNSIGNED DEFAULT NULL,
  `from_date` date NOT NULL,
  `to_date` date NOT NULL,
  `type_id` tinyint(1) UNSIGNED NOT NULL COMMENT '1-Approved Hrs, 2-Un Approved Hrs',
  `filename` varchar(255) NOT NULL,
  `comment` varchar(255) DEFAULT NULL,
  `read_status` tinyint(1) UNSIGNED DEFAULT '0',
  `read_users` varchar(64) DEFAULT NULL,
  `created_by` int(10) UNSIGNED NOT NULL,
  `created_at` timestamp NOT NULL DEFAULT CURRENT_TIMESTAMP ON UPDATE CURRENT_TIMESTAMP,
  `status` tinyint(1) DEFAULT NULL,
  `updated_by` int(10) UNSIGNED NOT NULL,
  `updated_at` timestamp NOT NULL DEFAULT CURRENT_TIMESTAMP ON UPDATE CURRENT_TIMESTAMP,
  PRIMARY KEY (`id`),
  KEY `consultant_id` (`consultant_id`),
  KEY `type_id` (`type_id`),
  KEY `read_status` (`read_status`),
  KEY `from_date` (`from_date`)
) ENGINE=InnoDB AUTO_INCREMENT=111 DEFAULT CHARSET=utf8;

--
-- RELATIONSHIPS FOR TABLE `timesheets`:
--

--
-- Dumping data for table `timesheets`
--

INSERT INTO `timesheets` (`id`, `consultant_id`, `placement_id`, `workforce_id`, `client_id`, `from_date`, `to_date`, `type_id`, `filename`, `comment`, `read_status`, `read_users`, `created_by`, `created_at`, `status`, `updated_by`, `updated_at`) VALUES
(22, 558, 268, 369, NULL, '2020-10-05', '2020-10-11', 1, 'uploads/timesheet-docs/2020/10/558_09135140_966.jpg', 'test', 1, NULL, 558, '2020-10-12 11:05:07', 1, 1, '2020-10-12 15:05:07'),
(24, 586, 294, 395, NULL, '2020-10-05', '2020-10-11', 1, 'uploads/timesheet-docs/2020/10/586_10112312_499.jpg', 'fafdsf', 1, NULL, 586, '2020-10-12 06:38:08', NULL, 0, '2020-10-12 06:38:08'),
(26, 583, NULL, 394, NULL, '2020-09-07', '2020-09-13', 1, 'uploads/timesheet-docs/2020/10/583_13101834_693.jpg', 'apprvd', 1, NULL, 583, '2020-10-13 14:18:34', 1, 1, '2020-10-13 10:18:34'),
(28, 583, 301, 394, NULL, '2020-10-12', '2020-10-18', 1, 'uploads/timesheet-docs/2020/10/583_13090941_892.xlsx', 'Testing', 1, NULL, 583, '2020-10-13 13:09:41', 1, 1, '2020-10-13 09:09:41'),
(29, 583, 301, 394, NULL, '2020-08-03', '2020-08-09', 2, 'uploads/timesheet-docs/2020/10/583_12110725_127.doc', 'tes', 1, NULL, 583, '2020-10-12 11:09:16', 2, 1, '2020-10-12 15:09:16'),
(30, 577, 287, 388, NULL, '2020-10-12', '2020-10-18', 1, 'uploads/timesheet-docs/2020/10/577_12132712_182.xlsx', 'apprv', 1, NULL, 577, '2020-10-12 17:27:12', 1, 1, '2020-10-12 13:27:12'),
(31, 583, 301, 394, NULL, '2020-08-10', '2020-08-16', 1, 'uploads/timesheet-docs/2020/10/583_12140526_197.png', 'apprv', 1, NULL, 583, '2020-10-13 14:01:41', 1, 1, '2020-10-13 18:01:41'),
(32, 583, 301, 394, NULL, '2020-09-14', '2020-09-20', 1, 'uploads/timesheet-docs/2020/10/583_12140632_892.xlsx', 'reject', 1, NULL, 583, '2020-10-12 14:08:08', 2, 1, '2020-10-12 18:08:08'),
(33, 577, 287, 388, NULL, '2020-09-07', '2020-09-13', 1, 'uploads/timesheet-docs/2020/10/577_12142329_125.jpg', NULL, 1, NULL, 577, '2020-10-12 18:23:29', 2, 1, '2020-10-12 14:23:29'),
(34, 577, 287, 388, NULL, '2020-08-03', '2020-08-09', 1, 'uploads/timesheet-docs/2020/10/577_12141110_259.png', 'reected23', 1, NULL, 577, '2020-10-12 14:13:49', 2, 1, '2020-10-12 18:13:49'),
(35, 583, 301, 394, NULL, '2020-09-21', '2020-09-27', 1, 'uploads/timesheet-docs/2020/10/583_13102150_82.png', 'rejected due to timesheet', 1, NULL, 583, '2020-10-13 10:33:49', 2, 1, '2020-10-13 14:33:49'),
(36, 577, 287, 388, NULL, '2020-09-14', '2020-09-20', 1, 'uploads/timesheet-docs/2020/10/577_13103753_579.png', 'reject', 1, NULL, 577, '2020-10-13 10:40:03', 2, 1, '2020-10-13 14:40:03'),
(37, 583, 301, 394, NULL, '2020-10-05', '2020-10-11', 2, 'uploads/timesheet-docs/2020/10/583_13144958_227.png', 'es', 1, NULL, 583, '2020-10-13 14:51:09', 2, 1, '2020-10-13 18:51:09'),
(43, 641, 341, 444, 11114, '2023-03-13', '2023-03-19', 1, 'uploads/timesheet-docs/2023/04/641_04092241_865.pdf', NULL, 1, NULL, 641, '2023-04-04 16:22:41', NULL, 0, '2023-04-04 09:22:39'),
(44, 641, 340, 443, 11114, '2023-04-03', '2023-04-09', 1, 'uploads/timesheet-docs/2023/04/641_04153553_17.pdf', 'aa', 1, NULL, 641, '2023-04-10 15:33:41', 1, 1, '2023-04-10 22:33:43'),
(45, 641, 340, 443, 11114, '2023-03-01', '2023-03-10', 1, 'uploads/timesheet-docs/2023/04/641_10074750_951.pdf', 'cc', 1, NULL, 641, '2023-04-10 15:42:54', 1, 1, '2023-04-10 22:42:56'),
(54, 0, 340, 443, NULL, '0000-00-00', '0000-00-00', 0, '', NULL, 1, NULL, 0, '2023-04-07 13:16:31', NULL, 0, '2023-04-07 13:16:31'),
(55, 0, 340, 443, NULL, '0000-00-00', '0000-00-00', 0, '', NULL, 1, NULL, 0, '2023-04-07 14:06:45', NULL, 0, '2023-04-07 14:06:45'),
(56, 0, 340, 443, NULL, '0000-00-00', '0000-00-00', 0, '', NULL, 1, NULL, 0, '2023-04-07 14:06:45', NULL, 0, '2023-04-07 14:06:45'),
(57, 0, 340, 443, NULL, '0000-00-00', '0000-00-00', 0, '', NULL, 1, NULL, 0, '2023-04-07 14:06:45', NULL, 0, '2023-04-07 14:06:45'),
(58, 0, 340, 443, NULL, '0000-00-00', '0000-00-00', 0, '', NULL, 1, NULL, 0, '2023-04-07 14:06:45', NULL, 0, '2023-04-07 14:06:45'),
(59, 1, 340, 443, NULL, '1969-12-29', '1970-01-04', 1, 'uploads/timesheet-docs/2023/04/1_10124015_55.pdf', NULL, 1, NULL, 1, '2023-04-10 12:40:25', NULL, 0, '2023-04-10 12:40:25'),
(60, 1, 340, 443, NULL, '2023-03-27', '2023-04-02', 1, 'uploads/timesheet-docs/2023/04/1_10124437_918.pdf', NULL, 1, NULL, 1, '2023-04-10 12:44:41', NULL, 0, '2023-04-10 12:44:41'),
(61, 641, 341, 444, NULL, '2023-03-27', '2023-04-02', 1, 'uploads/timesheet-docs/2023/04/641_10131448_436.pdf', NULL, 1, NULL, 641, '2023-04-10 13:15:31', NULL, 0, '2023-04-10 13:15:31'),
(62, 1, 340, 443, NULL, '2023-04-01', '2023-04-10', 1, 'uploads/timesheet-docs/2023/04/1_10132559_828.pdf', NULL, 1, NULL, 1, '2023-04-10 13:26:24', NULL, 0, '2023-04-10 13:26:24'),
(63, 640, 340, 443, 11114, '2023-04-01', '2023-04-10', 1, 'uploads/timesheet-docs/2023/04/640_10145906_558.pdf', 'sss', 1, NULL, 640, '2023-04-11 07:03:26', 1, 1, '2023-04-11 14:03:29'),
(64, 640, 340, 443, 11114, '2023-04-03', '2023-04-09', 1, 'uploads/timesheet-docs/2023/04/640_26143116_139.pdf', 'test', 1, NULL, 640, '2023-04-26 14:58:30', 1, 1, '2023-04-26 21:58:32'),
(65, 640, 340, 443, 11114, '2023-03-27', '2023-04-02', 1, 'uploads/timesheet-docs/2023/04/640_11124603_385.pdf', 'aa', 1, NULL, 640, '2023-04-11 12:47:49', 1, 1, '2023-04-11 19:47:52'),
(66, 640, 340, 443, 11114, '2023-03-06', '2023-03-12', 1, 'uploads/timesheet-docs/2023/04/640_27115952_997.pdf', 'hello one', 1, NULL, 640, '2023-04-27 18:59:52', NULL, 0, '2023-04-27 11:59:52'),
(67, 640, 340, 443, 11114, '2023-03-13', '2023-03-19', 1, 'uploads/timesheet-docs/2023/04/640_11140903_124.pdf', 'test', 1, NULL, 640, '2023-04-11 14:20:50', 1, 1, '2023-04-11 21:20:53'),
(69, 1, 340, 443, 11114, '2023-04-01', '2023-04-05', 1, 'uploads/timesheet-docs/2023/04/_17102943_893.pdf', NULL, 1, NULL, 1, '2023-04-17 10:29:59', NULL, 0, '2023-04-17 17:30:02'),
(70, 1, 340, 443, 11114, '2023-03-01', '2023-03-10', 1, 'uploads/timesheet-docs/2023/04/1_17122523_370.pdf', 'Array', 1, NULL, 1, '2023-04-17 13:36:05', NULL, 0, '2023-04-17 13:36:05'),
(71, 1, 340, 443, 11114, '2023-02-01', '2023-02-05', 1, 'uploads/timesheet-docs/2023/04/1_17122835_38.pdf', 'Array', 1, NULL, 1, '2023-04-17 13:36:05', NULL, 0, '2023-04-17 13:36:05'),
(72, 1, 340, 443, 11114, '2023-01-01', '2023-01-05', 1, '', 'aaa', 1, NULL, 1, '2023-04-18 15:05:35', 1, 1, '2023-04-18 22:05:35'),
(73, 1, 340, 443, 11114, '2022-01-01', '2022-01-05', 1, 'uploads/timesheet-docs/2023/04/_17144052_19.pdf', 'Array', 1, NULL, 1, '2023-04-17 14:40:48', NULL, 0, '2023-04-17 21:40:52'),
(74, 1, 340, 443, 11114, '2023-01-06', '2023-01-10', 1, 'uploads/timesheet-docs/2023/04/1_17144440_693.pdf', 'ddd', 1, NULL, 1, '2023-04-18 15:21:46', 1, 1, '2023-04-18 22:21:46'),
(75, 1, 340, 443, 11114, '2023-01-11', '2023-01-15', 1, 'uploads/timesheet-docs/2023/04/1_17144828_886.pdf', 'ccc', 1, NULL, 1, '2023-04-18 15:09:24', 1, 1, '2023-04-18 22:09:24'),
(76, 1, 340, 443, 11114, '2023-01-16', '2023-01-20', 2, '', 'bbb', 1, NULL, 1, '2023-04-18 15:07:05', 1, 1, '2023-04-18 22:07:06'),
(77, 640, 340, 443, 11114, '2023-01-02', '2023-01-08', 1, 'uploads/timesheet-docs/2023/04/640_18152402_887.pdf', 'aaa', 1, NULL, 640, '2023-04-19 07:41:11', 1, 1, '2023-04-19 14:41:13'),
(80, 640, 340, 443, 11114, '2023-02-27', '2023-03-05', 1, 'uploads/timesheet-docs/2023/04/640_18154109_350.pdf', 'aa', 1, NULL, 640, '2023-04-18 15:43:28', 1, 1, '2023-04-18 22:43:28'),
(81, 640, 340, 443, 11114, '2023-02-20', '2023-02-26', 1, 'uploads/timesheet-docs/2023/04/640_19065854_671.pdf', 'bbbb', 1, NULL, 640, '2023-04-19 07:18:20', 1, 1, '2023-04-19 14:18:22'),
(82, 640, 340, 443, 11114, '2022-12-05', '2022-12-11', 1, 'uploads/timesheet-docs/2023/04/640_19070426_492.pdf', 'aaaa', 1, NULL, 640, '2023-04-19 07:07:03', 1, 1, '2023-04-19 14:07:04'),
(84, 640, 340, 443, 11114, '2023-01-16', '2023-01-22', 1, 'uploads/timesheet-docs/2023/04/640_19073036_498.pdf', 'aaa', 1, NULL, 640, '2023-04-19 07:39:08', 1, 1, '2023-04-19 14:39:09'),
(85, 640, 340, 443, 11114, '2023-01-30', '2023-02-05', 1, 'uploads/timesheet-docs/2023/04/640_19075357_966.pdf', 'aaa', 1, NULL, 640, '2023-04-19 08:04:13', NULL, 0, '2023-04-19 08:04:13'),
(86, 640, 340, 443, 11114, '2023-04-17', '2023-04-23', 1, '', 'hello', 1, NULL, 640, '2023-04-24 09:04:27', 1, 0, '2023-04-24 16:04:26'),
(87, 1, 340, 443, 11114, '2023-01-21', '2023-01-25', 1, '', 'hello', 1, NULL, 1, '2023-04-19 08:22:27', NULL, 0, '2023-04-19 15:22:28'),
(88, 1, 340, 443, 11114, '2023-01-26', '2023-01-30', 1, 'uploads/timesheet-docs/2023/04/_24110722_418.pdf', 'ttt', 1, NULL, 1, '2023-04-26 15:08:38', 1, 1, '2023-04-26 22:08:40'),
(89, 1, 340, 443, 11114, '2023-02-26', '2023-03-02', 1, '', 'test', 1, NULL, 1, '2023-04-26 15:06:51', 1, 1, '2023-04-26 22:06:53'),
(90, 1, 340, 443, 11114, '2023-03-26', '2023-03-30', 1, 'uploads/timesheet-docs/2023/04/1_26091419_889.pdf', 'aaa', 1, NULL, 1, '2023-04-26 15:00:16', 1, 1, '2023-04-26 22:00:18'),
(91, 1, 340, 443, 11114, '2023-03-16', '2023-03-20', 1, 'uploads/timesheet-docs/2023/04/_26094957_238.pdf', 'bbb', 1, NULL, 1, '2023-04-26 15:01:26', 1, 1, '2023-04-26 22:01:28'),
(92, 640, 340, 443, 11114, '2020-02-03', '2020-02-09', 1, 'uploads/timesheet-docs/2023/04/640_26142907_192.pdf', 'abc', 1, NULL, 640, '2023-04-26 15:14:49', 1, 1, '2023-04-26 22:14:51'),
(93, 673, NULL, NULL, 11114, '2023-03-24', '2023-03-30', 2, 'uploads/timesheet-docs/2023/05/673_01134802_242.pdf', 'hello', 1, NULL, 673, '2023-05-02 14:24:10', NULL, 0, '2023-05-02 14:24:10'),
(94, 1, 340, 443, 11114, '2023-03-24', '2023-03-30', 1, 'uploads/timesheet-docs/2023/05/1_01135257_378.pdf', 'hello', 1, NULL, 1, '2023-05-02 14:24:10', NULL, 0, '2023-05-02 14:24:10'),
(95, 1, 340, 443, 11114, '2023-02-24', '2023-03-02', 1, 'uploads/timesheet-docs/2023/05/1_01135509_640.pdf', 'hello', 1, NULL, 1, '2023-05-02 14:24:10', NULL, 0, '2023-05-02 14:24:10'),
(96, 1, 340, 443, 11114, '2023-01-24', '2023-01-30', 1, 'uploads/timesheet-docs/2023/05/1_01135957_637.pdf', 'hello', 1, NULL, 1, '2023-05-02 14:24:10', NULL, 0, '2023-05-02 14:24:10'),
(97, 1, 340, 443, 11114, '2023-01-20', '2023-01-25', 1, 'uploads/timesheet-docs/2023/05/1_01140106_442.pdf', 'hello', 1, NULL, 1, '2023-05-02 14:24:10', NULL, 0, '2023-05-02 14:24:10'),
(105, 1, 340, 443, 11114, '2022-01-21', '2022-01-27', 1, 'uploads/timesheet-docs/2023/05/1_01142727_517.pdf', 'hello', 1, NULL, 1, '2023-05-02 14:24:10', NULL, 0, '2023-05-02 14:24:10'),
(109, 1, 340, 443, 11114, '2023-05-01', '2023-05-07', 1, 'uploads/timesheet-docs/2023/05/1_02073020_921.pdf', 'hello', 1, NULL, 1, '2023-05-02 14:24:10', NULL, 0, '2023-05-02 14:24:10'),
(110, 640, 340, 443, 11114, '2023-05-01', '2023-05-07', 1, 'uploads/timesheet-docs/2023/05/640_03080343_861.pdf', 'test', 1, NULL, 640, '2023-05-10 13:22:12', NULL, 0, '2023-05-10 13:22:12');

-- --------------------------------------------------------

--
-- Table structure for table `timesheet_dates`
--

CREATE TABLE IF NOT EXISTS `timesheet_dates` (
  `id` bigint(20) UNSIGNED NOT NULL AUTO_INCREMENT,
  `ts_id` int(10) UNSIGNED NOT NULL,
  `tdate` date NOT NULL,
  `regular_hrs` decimal(5,2) UNSIGNED DEFAULT NULL,
  `ot_hrs` decimal(5,2) DEFAULT NULL,
  `hours_code_id` smallint(5) UNSIGNED DEFAULT NULL,
  `non_bill_hrs` decimal(5,2) DEFAULT NULL,
  `final_hrs` decimal(6,2) UNSIGNED DEFAULT NULL,
  `comment` varchar(255) DEFAULT NULL,
  `updated_by` int(10) UNSIGNED DEFAULT NULL,
  `updated_at` timestamp NOT NULL DEFAULT CURRENT_TIMESTAMP ON UPDATE CURRENT_TIMESTAMP,
  PRIMARY KEY (`id`),
  KEY `ts_id` (`ts_id`),
  KEY `tdate` (`tdate`),
  KEY `hours_code_id` (`hours_code_id`)
) ENGINE=InnoDB AUTO_INCREMENT=312 DEFAULT CHARSET=latin1;

--
-- RELATIONSHIPS FOR TABLE `timesheet_dates`:
--

--
-- Dumping data for table `timesheet_dates`
--

INSERT INTO `timesheet_dates` (`id`, `ts_id`, `tdate`, `regular_hrs`, `ot_hrs`, `hours_code_id`, `non_bill_hrs`, `final_hrs`, `comment`, `updated_by`, `updated_at`) VALUES
(1, 43, '2023-03-13', '9.00', '5.00', 1, '3.00', '11.00', 'hii', 641, '2023-04-04 16:22:41'),
(2, 43, '2023-03-14', '8.00', '4.00', 1, '2.00', '10.00', 'hi', 641, '2023-04-04 16:22:41'),
(3, 43, '2023-03-15', '8.00', '4.00', 2, '2.00', '10.00', 'hi', 641, '2023-04-04 16:22:41'),
(4, 43, '2023-03-16', '7.00', '3.00', 1, '1.00', '9.00', 'hello', 641, '2023-04-04 16:22:41'),
(5, 43, '2023-03-17', '0.00', '0.00', 3, '0.00', '0.00', 'holiday', 641, '2023-04-04 16:22:41'),
(6, 43, '2023-03-18', '0.00', '0.00', NULL, '0.00', '0.00', NULL, 641, '2023-04-04 16:22:41'),
(7, 43, '2023-03-19', '0.00', '0.00', 1, '0.00', '0.00', '', NULL, '2023-04-17 20:29:22'),
(8, 44, '2023-04-03', '7.00', '3.00', 1, '5.00', '5.00', 'hiii', 1, '2023-04-05 16:37:33'),
(9, 44, '2023-04-04', '7.00', '3.00', 1, '5.00', '5.00', 'hello', 1, '2023-04-05 16:37:33'),
(10, 44, '2023-04-05', '8.00', '4.00', 1, '3.00', '9.00', 'hiii', 1, '2023-04-05 16:37:33'),
(11, 44, '2023-04-06', '8.00', '4.00', 1, '3.00', '9.00', 'hello', 1, '2023-04-05 16:37:33'),
(12, 44, '2023-04-07', '8.00', '4.00', 1, '6.00', '6.00', 'hiii', 1, '2023-04-05 16:37:33'),
(13, 44, '2023-04-08', '0.00', '0.00', NULL, '0.00', '0.00', NULL, 1, '2023-04-05 16:37:33'),
(14, 44, '2023-04-09', '0.00', '0.00', NULL, '0.00', '0.00', NULL, 1, '2023-04-05 16:37:33'),
(15, 45, '2023-03-01', '7.00', '3.00', 1, '3.00', '7.00', 'hi', 641, '2023-04-10 14:47:50'),
(16, 45, '2023-03-02', '8.00', '4.00', 1, '3.00', '9.00', 'hi', 641, '2023-04-10 14:47:51'),
(17, 45, '2023-03-03', '8.00', '4.00', 1, '3.00', '9.00', 'hi', 641, '2023-04-10 14:47:51'),
(18, 45, '2023-03-04', '0.00', '0.00', NULL, '0.00', '0.00', NULL, 641, '2023-04-10 14:47:51'),
(19, 45, '2023-03-05', '0.00', '0.00', NULL, '0.00', '0.00', NULL, 641, '2023-04-10 14:47:51'),
(20, 45, '2023-03-06', '8.00', '2.00', 1, '1.00', '9.00', 'hi', 641, '2023-04-10 14:47:51'),
(21, 45, '2023-03-07', '8.00', '3.00', 1, '3.00', '8.00', 'heloo', 641, '2023-04-10 14:47:51'),
(22, 45, '2023-03-08', '8.00', '4.00', 1, '3.00', '9.00', 'hi', 641, '2023-04-10 14:47:51'),
(23, 45, '2023-03-09', '8.00', '5.00', 1, '4.00', '9.00', 'hello', 641, '2023-04-10 14:47:51'),
(24, 45, '2023-03-10', '0.00', '0.00', 1, '0.00', '0.00', NULL, 641, '2023-04-10 14:47:51'),
(25, 37, '2020-10-05', '0.00', NULL, NULL, NULL, NULL, NULL, NULL, '2023-04-05 08:08:54'),
(26, 37, '2020-10-06', '0.00', NULL, NULL, NULL, NULL, NULL, NULL, '2023-04-05 08:08:54'),
(27, 37, '2020-10-07', '0.00', NULL, NULL, NULL, NULL, NULL, NULL, '2023-04-05 08:08:54'),
(28, 37, '2020-10-08', '0.00', NULL, NULL, NULL, NULL, NULL, NULL, '2023-04-05 08:08:54'),
(29, 37, '2020-10-09', '0.00', NULL, NULL, NULL, NULL, NULL, NULL, '2023-04-05 08:08:54'),
(30, 37, '2020-10-10', '0.00', NULL, NULL, NULL, NULL, NULL, NULL, '2023-04-05 08:08:54'),
(31, 37, '2020-10-11', '0.00', NULL, NULL, NULL, NULL, NULL, NULL, '2023-04-05 08:08:54'),
(32, 32, '2020-09-14', '0.00', NULL, NULL, NULL, NULL, NULL, NULL, '2023-04-05 08:11:38'),
(33, 32, '2020-09-15', '0.00', NULL, NULL, NULL, NULL, NULL, NULL, '2023-04-05 08:11:38'),
(34, 32, '2020-09-16', '0.00', NULL, NULL, NULL, NULL, NULL, NULL, '2023-04-05 08:11:38'),
(35, 32, '2020-09-17', '0.00', NULL, NULL, NULL, NULL, NULL, NULL, '2023-04-05 08:11:38'),
(36, 32, '2020-09-18', '0.00', NULL, NULL, NULL, NULL, NULL, NULL, '2023-04-05 08:11:38'),
(37, 32, '2020-09-19', '0.00', NULL, NULL, NULL, NULL, NULL, NULL, '2023-04-05 08:11:38'),
(38, 32, '2020-09-20', '0.00', NULL, NULL, NULL, NULL, NULL, NULL, '2023-04-05 08:11:38'),
(39, 59, '1969-12-29', NULL, NULL, NULL, NULL, NULL, NULL, NULL, '2023-04-10 12:40:13'),
(40, 59, '1969-12-30', NULL, NULL, NULL, NULL, NULL, NULL, NULL, '2023-04-10 12:40:13'),
(41, 59, '1969-12-31', NULL, NULL, NULL, NULL, NULL, NULL, NULL, '2023-04-10 12:40:13'),
(42, 59, '1970-01-01', NULL, NULL, NULL, NULL, NULL, NULL, NULL, '2023-04-10 12:40:13'),
(43, 59, '1970-01-02', NULL, NULL, NULL, NULL, NULL, NULL, NULL, '2023-04-10 12:40:13'),
(44, 59, '1970-01-03', NULL, NULL, NULL, NULL, NULL, NULL, NULL, '2023-04-10 12:40:13'),
(45, 59, '1970-01-04', NULL, NULL, NULL, NULL, NULL, NULL, NULL, '2023-04-10 12:40:13'),
(46, 60, '2023-03-27', NULL, NULL, NULL, NULL, NULL, NULL, NULL, '2023-04-10 12:44:36'),
(47, 60, '2023-03-28', NULL, NULL, NULL, NULL, NULL, NULL, NULL, '2023-04-10 12:44:36'),
(48, 60, '2023-03-29', NULL, NULL, NULL, NULL, NULL, NULL, NULL, '2023-04-10 12:44:36'),
(49, 60, '2023-03-30', NULL, NULL, NULL, NULL, NULL, NULL, NULL, '2023-04-10 12:44:36'),
(50, 60, '2023-03-31', NULL, NULL, NULL, NULL, NULL, NULL, NULL, '2023-04-10 12:44:36'),
(51, 60, '2023-04-01', NULL, NULL, NULL, NULL, NULL, NULL, NULL, '2023-04-10 12:44:36'),
(52, 60, '2023-04-02', NULL, NULL, NULL, NULL, NULL, NULL, NULL, '2023-04-10 12:44:36'),
(53, 61, '2023-03-27', '0.00', '0.00', NULL, '0.00', NULL, NULL, NULL, '2023-04-10 13:14:47'),
(54, 61, '2023-03-28', '0.00', '0.00', NULL, '0.00', NULL, NULL, NULL, '2023-04-10 13:14:47'),
(55, 61, '2023-03-29', '0.00', '0.00', NULL, '0.00', NULL, NULL, NULL, '2023-04-10 13:14:47'),
(56, 61, '2023-03-30', '0.00', '0.00', NULL, '0.00', NULL, NULL, NULL, '2023-04-10 13:14:47'),
(57, 61, '2023-03-31', '0.00', '0.00', NULL, '0.00', NULL, NULL, NULL, '2023-04-10 13:14:47'),
(58, 61, '2023-04-01', '0.00', '0.00', NULL, '0.00', NULL, NULL, NULL, '2023-04-10 13:14:47'),
(59, 61, '2023-04-02', '0.00', '0.00', NULL, '0.00', NULL, NULL, NULL, '2023-04-10 13:14:47'),
(60, 62, '2023-04-01', '0.00', '0.00', NULL, '0.00', NULL, NULL, NULL, '2023-04-10 13:25:57'),
(61, 62, '2023-04-02', '0.00', '0.00', NULL, '0.00', NULL, NULL, NULL, '2023-04-10 13:25:57'),
(62, 62, '2023-04-03', '0.00', '0.00', NULL, '0.00', NULL, NULL, NULL, '2023-04-10 13:25:57'),
(63, 62, '2023-04-04', '0.00', '0.00', NULL, '0.00', NULL, NULL, NULL, '2023-04-10 13:25:57'),
(64, 62, '2023-04-05', '0.00', '0.00', NULL, '0.00', NULL, NULL, NULL, '2023-04-10 13:25:57'),
(65, 62, '2023-04-06', '0.00', '0.00', NULL, '0.00', NULL, NULL, NULL, '2023-04-10 13:25:57'),
(66, 62, '2023-04-07', '0.00', '0.00', NULL, '0.00', NULL, NULL, NULL, '2023-04-10 13:25:57'),
(67, 62, '2023-04-08', '0.00', '0.00', NULL, '0.00', NULL, NULL, NULL, '2023-04-10 13:25:57'),
(68, 62, '2023-04-09', '0.00', '0.00', NULL, '0.00', NULL, NULL, NULL, '2023-04-10 13:25:57'),
(69, 62, '2023-04-10', '0.00', '0.00', NULL, '0.00', NULL, NULL, NULL, '2023-04-10 13:25:57'),
(70, 63, '2023-04-01', '0.00', '0.00', NULL, '0.00', '0.00', NULL, 640, '2023-04-10 21:59:06'),
(71, 63, '2023-04-02', '0.00', '0.00', NULL, '0.00', '0.00', NULL, 640, '2023-04-10 21:59:07'),
(72, 63, '2023-04-03', '8.00', '2.00', NULL, '3.00', '7.00', 'hi', 640, '2023-04-10 21:59:07'),
(73, 63, '2023-04-04', '8.00', '2.00', NULL, '3.00', '7.00', 'hi', 640, '2023-04-10 21:59:07'),
(74, 63, '2023-04-05', '8.00', '2.00', NULL, '3.00', '7.00', 'hi', 640, '2023-04-10 21:59:07'),
(75, 63, '2023-04-06', '8.00', '2.00', NULL, '3.00', '7.00', 'hello', 640, '2023-04-10 21:59:07'),
(76, 63, '2023-04-07', '8.00', '2.00', NULL, '3.00', '7.00', 'hello', 640, '2023-04-10 21:59:07'),
(77, 63, '2023-04-08', '0.00', '0.00', NULL, '0.00', '0.00', NULL, 640, '2023-04-10 21:59:07'),
(78, 63, '2023-04-09', '0.00', '0.00', NULL, '0.00', '0.00', NULL, 640, '2023-04-10 21:59:07'),
(79, 63, '2023-04-10', '0.00', '0.00', NULL, '0.00', '0.00', NULL, 640, '2023-04-10 21:59:07'),
(80, 64, '2023-04-03', '7.00', '3.00', 1, '2.00', '8.00', 'hi', 1, '2023-04-26 21:47:59'),
(81, 64, '2023-04-04', '8.00', '3.00', 1, '2.00', '9.00', 'hi', 1, '2023-04-26 21:47:59'),
(82, 64, '2023-04-05', '8.00', '3.00', 1, '2.00', '9.00', NULL, 1, '2023-04-26 21:47:59'),
(83, 64, '2023-04-06', '8.00', '3.00', 1, '2.00', '9.00', NULL, 1, '2023-04-26 21:47:59'),
(84, 64, '2023-04-07', '7.00', '3.00', 1, '2.00', '8.00', 'hi', 1, '2023-04-26 21:47:59'),
(85, 64, '2023-04-08', '0.00', '0.00', NULL, '0.00', '0.00', NULL, 1, '2023-04-26 21:47:59'),
(86, 64, '2023-04-09', '0.00', '0.00', NULL, '0.00', '0.00', NULL, 1, '2023-04-26 21:47:59'),
(87, 65, '2023-03-27', '8.00', '4.00', NULL, '2.00', '10.00', 'hi', 640, '2023-04-11 19:46:03'),
(88, 65, '2023-03-28', '8.00', '3.00', NULL, '2.00', '9.00', NULL, 640, '2023-04-11 19:46:03'),
(89, 65, '2023-03-29', '8.00', '2.00', NULL, '2.00', '8.00', NULL, 640, '2023-04-11 19:46:03'),
(90, 65, '2023-03-30', '8.00', '3.00', NULL, '2.00', '9.00', NULL, 640, '2023-04-11 19:46:03'),
(91, 65, '2023-03-31', '4.00', '3.00', NULL, '2.00', '5.00', NULL, 640, '2023-04-11 19:46:04'),
(92, 65, '2023-04-01', '0.00', '0.00', NULL, '0.00', '0.00', NULL, 640, '2023-04-11 19:46:04'),
(93, 65, '2023-04-02', '0.00', '0.00', NULL, '0.00', '0.00', NULL, 640, '2023-04-11 19:46:04'),
(94, 66, '2023-03-06', '7.00', '2.00', 1, '3.00', '6.00', 'hello', 640, '2023-04-27 18:59:52'),
(95, 66, '2023-03-07', '8.00', '2.00', 1, '3.00', '7.00', NULL, 640, '2023-04-27 18:59:52'),
(96, 66, '2023-03-08', '8.00', '2.00', 1, '3.00', '7.00', NULL, 640, '2023-04-27 18:59:52'),
(97, 66, '2023-03-09', '8.00', '2.00', 1, '3.00', '7.00', NULL, 640, '2023-04-27 18:59:52'),
(98, 66, '2023-03-10', '7.00', '2.00', 1, '3.00', '6.00', 'hi', 640, '2023-04-27 18:59:52'),
(99, 66, '2023-03-11', '0.00', '0.00', NULL, '0.00', '0.00', NULL, 640, '2023-04-27 18:59:52'),
(100, 66, '2023-03-12', '0.00', '0.00', NULL, '0.00', '0.00', NULL, 640, '2023-04-27 18:59:52'),
(101, 66, '2023-03-13', '0.00', '0.00', 1, '0.00', '0.00', NULL, 640, '2023-04-27 18:59:52'),
(102, 67, '2023-03-13', '8.00', '3.00', 1, '2.00', '9.00', 'hello', NULL, '2023-04-11 14:09:00'),
(103, 67, '2023-03-14', '8.00', '3.00', 1, '2.00', '9.00', NULL, NULL, '2023-04-11 14:09:00'),
(104, 67, '2023-03-15', '8.00', '3.00', 1, '2.00', '9.00', NULL, NULL, '2023-04-11 14:09:00'),
(105, 67, '2023-03-16', '8.00', '3.00', 1, '2.00', '9.00', NULL, NULL, '2023-04-11 14:09:00'),
(106, 67, '2023-03-17', '8.00', '3.00', 1, '2.00', '9.00', 'hi', NULL, '2023-04-11 14:09:00'),
(107, 67, '2023-03-18', NULL, NULL, NULL, NULL, '0.00', NULL, NULL, '2023-04-11 14:09:00'),
(108, 67, '2023-03-19', NULL, NULL, NULL, NULL, '0.00', NULL, NULL, '2023-04-11 14:09:00'),
(109, 68, '2023-02-06', '8.00', '2.00', 1, '2.00', '8.00', NULL, NULL, '2023-04-13 10:00:25'),
(110, 68, '2023-02-07', '8.00', '2.00', 1, '2.00', '8.00', NULL, NULL, '2023-04-13 10:00:25'),
(111, 68, '2023-02-08', '8.00', '2.00', 1, '2.00', '8.00', NULL, NULL, '2023-04-13 10:00:25'),
(112, 68, '2023-02-09', '8.00', '2.00', 1, '2.00', '8.00', NULL, NULL, '2023-04-13 10:00:25'),
(113, 68, '2023-02-10', '8.00', '2.00', 1, '2.00', '8.00', NULL, NULL, '2023-04-13 10:00:25'),
(114, 68, '2023-02-11', NULL, NULL, NULL, NULL, '0.00', NULL, NULL, '2023-04-13 10:00:25'),
(115, 68, '2023-02-12', NULL, NULL, NULL, NULL, '0.00', NULL, NULL, '2023-04-13 10:00:25'),
(116, 69, '2023-04-01', '0.00', '0.00', NULL, '0.00', NULL, NULL, NULL, '2023-04-13 12:50:20'),
(117, 69, '2023-04-02', '0.00', '0.00', NULL, '0.00', NULL, NULL, NULL, '2023-04-13 12:50:20'),
(118, 69, '2023-04-03', '0.00', '0.00', NULL, '0.00', NULL, NULL, NULL, '2023-04-13 12:50:20'),
(119, 69, '2023-04-04', '0.00', '0.00', NULL, '0.00', NULL, NULL, NULL, '2023-04-13 12:50:20'),
(120, 69, '2023-04-05', '0.00', '0.00', NULL, '0.00', NULL, NULL, NULL, '2023-04-13 12:50:20'),
(121, 69, '2023-04-06', '0.00', '0.00', NULL, '0.00', NULL, NULL, NULL, '2023-04-13 12:50:20'),
(122, 69, '2023-04-07', '0.00', '0.00', NULL, '0.00', NULL, NULL, NULL, '2023-04-13 12:50:20'),
(123, 69, '2023-04-08', '0.00', '0.00', NULL, '0.00', NULL, NULL, NULL, '2023-04-13 12:50:20'),
(124, 69, '2023-04-09', '0.00', '0.00', NULL, '0.00', NULL, NULL, NULL, '2023-04-13 12:50:20'),
(125, 69, '2023-04-10', '0.00', '0.00', NULL, '0.00', NULL, NULL, NULL, '2023-04-13 12:50:20'),
(126, 70, '2023-03-01', '0.00', '0.00', 1, '0.00', NULL, '', NULL, '2023-04-17 12:25:19'),
(127, 70, '2023-03-02', '0.00', '0.00', 1, '0.00', NULL, '', NULL, '2023-04-17 12:25:19'),
(128, 70, '2023-03-03', '0.00', '0.00', 1, '0.00', NULL, '', NULL, '2023-04-17 12:25:19'),
(129, 70, '2023-03-04', '0.00', '0.00', 1, '0.00', NULL, '', NULL, '2023-04-17 12:25:19'),
(130, 70, '2023-03-05', '0.00', '0.00', 1, '0.00', NULL, '', NULL, '2023-04-17 12:25:19'),
(131, 70, '2023-03-06', '0.00', '0.00', 1, '0.00', NULL, '', NULL, '2023-04-17 12:25:19'),
(132, 70, '2023-03-07', '0.00', '0.00', 1, '0.00', NULL, '', NULL, '2023-04-17 12:25:19'),
(133, 70, '2023-03-08', '0.00', '0.00', 1, '0.00', NULL, '', NULL, '2023-04-17 12:25:19'),
(134, 70, '2023-03-09', '0.00', '0.00', 1, '0.00', NULL, '', NULL, '2023-04-17 12:25:19'),
(135, 70, '2023-03-10', '0.00', '0.00', 1, '0.00', NULL, '', NULL, '2023-04-17 12:25:19'),
(136, 71, '2023-02-01', '0.00', '0.00', 1, '0.00', NULL, '', NULL, '2023-04-17 12:28:32'),
(137, 71, '2023-02-02', '0.00', '0.00', 1, '0.00', NULL, 'hiii', NULL, '2023-04-17 12:28:32'),
(138, 71, '2023-02-03', '0.00', '0.00', 1, '0.00', NULL, '', NULL, '2023-04-17 12:28:32'),
(139, 71, '2023-02-04', '0.00', '0.00', 1, '0.00', NULL, '', NULL, '2023-04-17 12:28:32'),
(140, 71, '2023-02-05', '0.00', '0.00', 1, '0.00', NULL, '', NULL, '2023-04-17 12:28:32'),
(141, 72, '2023-01-01', '0.00', '0.00', 1, '0.00', NULL, '', NULL, '2023-04-17 12:32:01'),
(142, 72, '2023-01-02', '7.00', '2.00', 1, '2.00', NULL, 'hiii', NULL, '2023-04-17 12:32:01'),
(143, 72, '2023-01-03', '0.00', '0.00', 1, '0.00', NULL, '', NULL, '2023-04-17 12:32:01'),
(144, 72, '2023-01-04', '0.00', '0.00', 1, '0.00', NULL, '', NULL, '2023-04-17 12:32:01'),
(145, 72, '2023-01-05', '0.00', '0.00', 1, '0.00', NULL, '', NULL, '2023-04-17 12:32:01'),
(146, 73, '2022-01-01', '0.00', '0.00', 1, '0.00', NULL, '', NULL, '2023-04-19 20:15:19'),
(147, 73, '2022-01-02', '0.00', '0.00', 1, '0.00', NULL, '', NULL, '2023-04-19 20:15:19'),
(148, 73, '2022-01-03', '0.00', '0.00', 1, '0.00', NULL, '', NULL, '2023-04-19 20:15:19'),
(149, 73, '2022-01-04', '0.00', '0.00', 1, '0.00', NULL, '', NULL, '2023-04-19 20:15:19'),
(150, 73, '2022-01-05', '0.00', '0.00', 1, '0.00', NULL, '', NULL, '2023-04-19 20:15:19'),
(151, 74, '2023-01-06', '0.00', '0.00', 1, '0.00', NULL, 'h', NULL, '2023-04-17 14:44:36'),
(152, 74, '2023-01-07', '7.00', '2.00', 1, '2.00', NULL, 'e', NULL, '2023-04-17 14:44:36'),
(153, 74, '2023-01-08', '0.00', '0.00', 1, '0.00', NULL, 'l', NULL, '2023-04-17 14:44:36'),
(154, 74, '2023-01-09', '0.00', '0.00', 1, '0.00', NULL, 'l', NULL, '2023-04-17 14:44:36'),
(155, 74, '2023-01-10', '0.00', '0.00', 1, '0.00', NULL, 'o', NULL, '2023-04-17 14:44:36'),
(156, 75, '2023-01-11', '0.00', '0.00', 1, '0.00', NULL, '', NULL, '2023-04-17 14:48:25'),
(157, 75, '2023-01-12', '7.00', '2.00', 1, '2.00', NULL, 'hiii', NULL, '2023-04-17 14:48:25'),
(158, 75, '2023-01-13', '0.00', '0.00', 1, '0.00', NULL, '', NULL, '2023-04-17 14:48:25'),
(159, 75, '2023-01-14', '0.00', '0.00', 1, '0.00', NULL, '', NULL, '2023-04-17 14:48:25'),
(160, 75, '2023-01-15', '0.00', '0.00', 1, '0.00', NULL, '', NULL, '2023-04-17 14:48:25'),
(161, 76, '2023-01-16', '0.00', '0.00', 1, '0.00', NULL, '', NULL, '2023-04-18 18:23:10'),
(162, 76, '2023-01-17', '0.00', '0.00', 1, '0.00', NULL, '', NULL, '2023-04-18 18:23:10'),
(163, 76, '2023-01-18', '7.00', '2.00', 1, '2.00', NULL, 'test test', NULL, '2023-04-18 18:23:10'),
(164, 76, '2023-01-19', '0.00', '0.00', 1, '0.00', NULL, '', NULL, '2023-04-18 18:23:10'),
(165, 76, '2023-01-20', '0.00', '0.00', 1, '0.00', NULL, '', NULL, '2023-04-18 18:23:10'),
(166, 77, '2023-01-02', '8.00', '2.00', 1, '2.00', '8.00', 'h', 1, '2023-04-19 14:40:49'),
(167, 77, '2023-01-03', '8.00', '2.00', 1, '2.00', '8.00', 'h', 1, '2023-04-19 14:40:49'),
(168, 77, '2023-01-04', '8.00', '2.00', 1, '2.00', '8.00', 'h', 1, '2023-04-19 14:40:49'),
(169, 77, '2023-01-05', '8.00', '2.00', 1, '2.00', '8.00', 'h', 1, '2023-04-19 14:40:49'),
(170, 77, '2023-01-06', '8.00', '2.00', 1, '2.00', '8.00', 'h', 1, '2023-04-19 14:40:49'),
(171, 77, '2023-01-07', '0.00', '0.00', NULL, '0.00', '0.00', NULL, 1, '2023-04-19 14:40:49'),
(172, 77, '2023-01-08', '0.00', '0.00', NULL, '0.00', '0.00', NULL, 1, '2023-04-19 14:40:49'),
(173, 80, '2023-02-27', '7.00', '2.00', 1, '2.00', '7.00', 'hi', NULL, '2023-04-18 15:41:09'),
(174, 80, '2023-02-28', '7.00', '2.00', 1, '2.00', '7.00', 'hi', NULL, '2023-04-18 15:41:09'),
(175, 80, '2023-03-01', '7.00', '2.00', 1, '2.00', '7.00', 'hi', NULL, '2023-04-18 15:41:09'),
(176, 80, '2023-03-02', '7.00', '2.00', 1, '2.00', '7.00', 'hi', NULL, '2023-04-18 15:41:09'),
(177, 80, '2023-03-03', '7.00', '2.00', 1, '2.00', '7.00', 'hiii', NULL, '2023-04-18 15:41:09'),
(178, 80, '2023-03-04', NULL, NULL, NULL, NULL, '0.00', NULL, NULL, '2023-04-18 15:41:09'),
(179, 80, '2023-03-05', NULL, NULL, NULL, NULL, '0.00', NULL, NULL, '2023-04-18 15:41:09'),
(180, 81, '2023-02-20', '8.00', '2.00', 1, '2.00', '8.00', 'hi', 1, '2023-04-19 14:17:58'),
(181, 81, '2023-02-21', '8.00', '2.00', 1, '2.00', '8.00', 'hi', 1, '2023-04-19 14:17:58'),
(182, 81, '2023-02-22', '8.00', '2.00', 1, '2.00', '8.00', 'hi', 1, '2023-04-19 14:17:58'),
(183, 81, '2023-02-23', '8.00', '2.00', 1, '2.00', '8.00', 'hi', 1, '2023-04-19 14:17:58'),
(184, 81, '2023-02-24', '8.00', '2.00', 1, '2.00', '8.00', 'hi', 1, '2023-04-19 14:17:58'),
(185, 81, '2023-02-25', '0.00', '0.00', NULL, '0.00', '0.00', NULL, 1, '2023-04-19 14:17:58'),
(186, 81, '2023-02-26', '0.00', '0.00', NULL, '0.00', '0.00', NULL, 1, '2023-04-19 14:17:58'),
(187, 82, '2022-12-05', '8.00', '2.00', 1, '3.00', '7.00', 'hi', NULL, '2023-04-19 07:04:25'),
(188, 82, '2022-12-06', '8.00', '2.00', 1, '3.00', '7.00', 'hi', NULL, '2023-04-19 07:04:25'),
(189, 82, '2022-12-07', '8.00', '2.00', 1, '3.00', '7.00', 'hi', NULL, '2023-04-19 07:04:25'),
(190, 82, '2022-12-08', '8.00', '2.00', 1, '3.00', '7.00', 'hi', NULL, '2023-04-19 07:04:25'),
(191, 82, '2022-12-09', '8.00', '2.00', 1, '3.00', '7.00', 'hi', NULL, '2023-04-19 07:04:25'),
(192, 82, '2022-12-10', NULL, NULL, NULL, NULL, '0.00', NULL, NULL, '2023-04-19 07:04:25'),
(193, 82, '2022-12-11', NULL, NULL, NULL, NULL, '0.00', NULL, NULL, '2023-04-19 07:04:25'),
(194, 84, '2023-01-16', '5.00', '2.00', 1, '3.00', '4.00', 'hi', NULL, '2023-04-19 07:30:34'),
(195, 84, '2023-01-17', '5.00', '2.00', 1, '3.00', '4.00', 'hi', NULL, '2023-04-19 07:30:34'),
(196, 84, '2023-01-18', '5.00', '2.00', 1, '3.00', '4.00', NULL, NULL, '2023-04-19 07:30:34'),
(197, 84, '2023-01-19', '5.00', '2.00', 1, '3.00', '4.00', NULL, NULL, '2023-04-19 07:30:34'),
(198, 84, '2023-01-20', '5.00', '2.00', 1, '3.00', '4.00', 'hi', NULL, '2023-04-19 07:30:34'),
(199, 84, '2023-01-21', NULL, NULL, NULL, NULL, '0.00', NULL, NULL, '2023-04-19 07:30:34'),
(200, 84, '2023-01-22', NULL, NULL, NULL, NULL, '0.00', NULL, NULL, '2023-04-19 07:30:34'),
(201, 85, '2023-01-30', '7.00', '1.00', 1, '2.00', '6.00', 'hi', NULL, '2023-04-19 07:53:57'),
(202, 85, '2023-01-31', '7.00', '1.00', 1, '2.00', '6.00', 'hi', NULL, '2023-04-19 07:53:57'),
(203, 85, '2023-02-01', '7.00', '1.00', 1, '2.00', '6.00', 'hi', NULL, '2023-04-19 07:53:57'),
(204, 85, '2023-02-02', '7.00', '1.00', 1, '2.00', '6.00', 'hi', NULL, '2023-04-19 07:53:57'),
(205, 85, '2023-02-03', '7.00', '1.00', 1, '2.00', '6.00', 'hi', NULL, '2023-04-19 07:53:57'),
(206, 85, '2023-02-04', NULL, NULL, NULL, NULL, '0.00', NULL, NULL, '2023-04-19 07:53:57'),
(207, 85, '2023-02-05', NULL, NULL, NULL, NULL, '0.00', NULL, NULL, '2023-04-19 07:53:57'),
(208, 86, '2023-04-17', '0.00', '0.00', 1, '0.00', '5.00', '', NULL, '2023-04-24 16:04:26'),
(209, 86, '2023-04-18', '0.00', '0.00', 1, '0.00', '5.00', '', NULL, '2023-04-24 16:04:27'),
(210, 86, '2023-04-19', '8.00', '3.00', 1, '3.00', '5.00', 'test', NULL, '2023-04-24 16:04:27'),
(211, 86, '2023-04-20', '0.00', '0.00', 1, '0.00', '5.00', '', NULL, '2023-04-24 16:04:27'),
(212, 86, '2023-04-21', '0.00', '0.00', 1, '0.00', '5.00', '', NULL, '2023-04-24 16:04:27'),
(213, 86, '2023-04-22', '0.00', '0.00', 1, '0.00', '0.00', '', NULL, '2023-04-24 16:04:27'),
(214, 86, '2023-04-23', '0.00', '0.00', 1, '0.00', '0.00', '', NULL, '2023-04-24 16:04:27'),
(215, 87, '2023-01-21', '0.00', '0.00', 1, '0.00', NULL, '', NULL, '2023-04-19 20:30:29'),
(216, 87, '2023-01-22', '0.00', '0.00', 1, '0.00', NULL, '', NULL, '2023-04-19 20:30:29'),
(217, 87, '2023-01-23', '5.00', '2.00', 1, '2.00', NULL, 'hhh', NULL, '2023-04-19 20:30:29'),
(218, 87, '2023-01-24', '0.00', '0.00', 1, '0.00', NULL, '', NULL, '2023-04-19 20:30:29'),
(219, 87, '2023-01-25', '0.00', '0.00', 1, '0.00', NULL, '', NULL, '2023-04-19 20:30:29'),
(220, 88, '2023-01-26', '0.00', '0.00', 1, '0.00', NULL, '', NULL, '2023-04-24 18:07:22'),
(221, 88, '2023-01-27', '0.00', '0.00', 1, '0.00', NULL, '', NULL, '2023-04-24 18:07:22'),
(222, 88, '2023-01-28', '8.00', '3.00', 1, '3.00', NULL, 'test', NULL, '2023-04-24 18:07:23'),
(223, 88, '2023-01-29', '0.00', '0.00', 1, '0.00', NULL, '', NULL, '2023-04-24 18:07:23'),
(224, 88, '2023-01-30', '0.00', '0.00', 1, '0.00', NULL, '', NULL, '2023-04-24 18:07:23'),
(225, 89, '2023-02-26', '8.00', '3.00', 1, '3.00', '8.00', 'test', 1, '2023-04-26 22:05:08'),
(226, 89, '2023-02-27', '7.00', '0.00', 1, '0.00', '7.00', 'test1', 1, '2023-04-26 22:05:08'),
(227, 89, '2023-02-28', '0.00', '0.00', 1, '0.00', '0.00', NULL, 1, '2023-04-26 22:05:08'),
(228, 89, '2023-03-01', '0.00', '0.00', 1, '0.00', '0.00', NULL, 1, '2023-04-26 22:05:08'),
(229, 89, '2023-03-02', '0.00', '0.00', 1, '0.00', '0.00', NULL, 1, '2023-04-26 22:05:08'),
(230, 90, '2023-03-26', '7.00', '2.00', 1, '2.00', '7.00', 'hi', 1, '2023-04-26 22:00:02'),
(231, 90, '2023-03-27', '0.00', '0.00', 1, '0.00', '0.00', 'hi', 1, '2023-04-26 22:00:02'),
(232, 90, '2023-03-28', '0.00', '0.00', 1, '0.00', '0.00', NULL, 1, '2023-04-26 22:00:02'),
(233, 90, '2023-03-29', '0.00', '0.00', 1, '0.00', '0.00', NULL, 1, '2023-04-26 22:00:02'),
(234, 90, '2023-03-30', '0.00', '0.00', 1, '0.00', '0.00', NULL, 1, '2023-04-26 22:00:02'),
(235, 91, '2023-03-16', '8.00', '3.00', 1, '3.00', '8.00', 'test', 1, '2023-04-26 22:01:14'),
(236, 91, '2023-03-17', '0.00', '0.00', 1, '0.00', '0.00', 'test', 1, '2023-04-26 22:01:14'),
(237, 91, '2023-03-18', '0.00', '0.00', 1, '0.00', '0.00', NULL, 1, '2023-04-26 22:01:14'),
(238, 91, '2023-03-19', '0.00', '0.00', 1, '0.00', '0.00', NULL, 1, '2023-04-26 22:01:14'),
(239, 91, '2023-03-20', '0.00', '0.00', 1, '0.00', '0.00', NULL, 1, '2023-04-26 22:01:14'),
(240, 92, '2020-02-03', '7.00', '3.00', 1, '2.00', '8.00', 'hi', NULL, '2023-04-26 14:29:06'),
(241, 92, '2020-02-04', '7.00', '3.00', 1, '2.00', '8.00', 'hi', NULL, '2023-04-26 14:29:06'),
(242, 92, '2020-02-05', '7.00', '3.00', 1, '2.00', '8.00', 'hi', NULL, '2023-04-26 14:29:06'),
(243, 92, '2020-02-06', '7.00', '3.00', 1, '2.00', '8.00', NULL, NULL, '2023-04-26 14:29:06'),
(244, 92, '2020-02-07', '7.00', '3.00', 1, '2.00', '8.00', 'hi', NULL, '2023-04-26 14:29:06'),
(245, 92, '2020-02-08', NULL, NULL, NULL, NULL, '0.00', NULL, NULL, '2023-04-26 14:29:06'),
(246, 92, '2020-02-09', NULL, NULL, NULL, NULL, '0.00', NULL, NULL, '2023-04-26 14:29:06'),
(247, 93, '2023-03-24', '0.00', '0.00', 1, '0.00', NULL, '[\'a\',\'b\',\'c\',\'d\',\'e\',\'f\',\'g\']', NULL, '2023-05-01 13:47:58'),
(248, 93, '2023-03-25', '0.00', '0.00', 1, '0.00', NULL, '', NULL, '2023-05-01 13:47:58'),
(249, 93, '2023-03-26', '0.00', '0.00', 1, '0.00', NULL, '', NULL, '2023-05-01 13:47:58'),
(250, 93, '2023-03-27', '0.00', '0.00', 1, '0.00', NULL, '', NULL, '2023-05-01 13:47:58'),
(251, 93, '2023-03-28', '0.00', '0.00', 1, '0.00', NULL, '', NULL, '2023-05-01 13:47:58'),
(252, 93, '2023-03-29', '0.00', '0.00', 1, '0.00', NULL, '', NULL, '2023-05-01 13:47:58'),
(253, 93, '2023-03-30', '0.00', '0.00', 1, '0.00', NULL, '', NULL, '2023-05-01 13:47:58'),
(254, 94, '2023-03-24', '0.00', '0.00', 1, '0.00', NULL, '[\'a\',\'b\',\'c\',\'d\',\'e\',\'f\',\'g\']', NULL, '2023-05-01 13:52:53'),
(255, 94, '2023-03-25', '0.00', '0.00', 1, '0.00', NULL, '', NULL, '2023-05-01 13:52:53'),
(256, 94, '2023-03-26', '0.00', '0.00', 1, '0.00', NULL, '', NULL, '2023-05-01 13:52:53'),
(257, 94, '2023-03-27', '0.00', '0.00', 1, '0.00', NULL, '', NULL, '2023-05-01 13:52:53'),
(258, 94, '2023-03-28', '0.00', '0.00', 1, '0.00', NULL, '', NULL, '2023-05-01 13:52:53'),
(259, 94, '2023-03-29', '0.00', '0.00', 1, '0.00', NULL, '', NULL, '2023-05-01 13:52:53'),
(260, 94, '2023-03-30', '0.00', '0.00', 1, '0.00', NULL, '', NULL, '2023-05-01 13:52:53'),
(261, 95, '2023-02-24', '0.00', '0.00', 1, '0.00', NULL, '[\'a\',\'b\',\'c\',\'d\',\'e\',\'f\',\'g\']', NULL, '2023-05-01 13:55:05'),
(262, 95, '2023-02-25', '0.00', '0.00', 1, '0.00', NULL, '', NULL, '2023-05-01 13:55:05'),
(263, 95, '2023-02-26', '0.00', '0.00', 1, '0.00', NULL, '', NULL, '2023-05-01 13:55:05'),
(264, 95, '2023-02-27', '0.00', '0.00', 1, '0.00', NULL, '', NULL, '2023-05-01 13:55:05'),
(265, 95, '2023-02-28', '0.00', '0.00', 1, '0.00', NULL, '', NULL, '2023-05-01 13:55:05'),
(266, 95, '2023-03-01', '0.00', '0.00', 1, '0.00', NULL, '', NULL, '2023-05-01 13:55:05'),
(267, 95, '2023-03-02', '0.00', '0.00', 1, '0.00', NULL, '', NULL, '2023-05-01 13:55:05'),
(298, 109, '2023-05-01', '3.00', '2.00', 1, '1.00', NULL, '  aa ', NULL, '2023-05-02 07:30:15'),
(299, 109, '2023-05-02', '2.00', '4.00', 1, '1.00', NULL, ' bb ', NULL, '2023-05-02 07:30:15'),
(300, 109, '2023-05-03', '2.00', '4.00', 1, '1.00', NULL, ' cc ', NULL, '2023-05-02 07:30:15'),
(301, 109, '2023-05-04', '3.00', '2.00', 1, '1.00', NULL, ' d ', NULL, '2023-05-02 07:30:15'),
(302, 109, '2023-05-05', '3.00', '2.00', 1, '1.00', NULL, ' ee  ', NULL, '2023-05-02 07:30:15'),
(303, 109, '2023-05-06', '3.00', '2.00', 0, '1.00', NULL, '', NULL, '2023-05-02 07:30:15'),
(304, 109, '2023-05-07', '3.00', '2.00', 0, '1.00', NULL, '', NULL, '2023-05-02 07:30:15'),
(305, 110, '2023-05-01', '8.00', '2.00', 1, '2.00', '8.00', 'hello', 1, '2023-05-25 20:48:28'),
(306, 110, '2023-05-02', '8.00', '2.00', 1, '2.00', '8.00', 'hello', 1, '2023-05-25 20:48:28'),
(307, 110, '2023-05-03', '8.00', '2.00', 1, '2.00', '8.00', NULL, 1, '2023-05-25 20:48:28'),
(308, 110, '2023-05-04', '8.00', '2.00', 1, '2.00', '8.00', NULL, 1, '2023-05-25 20:48:28'),
(309, 110, '2023-05-05', '8.00', '2.00', 1, '2.00', '8.00', NULL, 1, '2023-05-25 20:48:28'),
(310, 110, '2023-05-06', '0.00', '0.00', NULL, '0.00', '0.00', NULL, 1, '2023-05-25 20:48:28'),
(311, 110, '2023-05-07', '0.00', '0.00', NULL, '0.00', '0.00', NULL, 1, '2023-05-25 20:48:28');

-- --------------------------------------------------------

--
-- Table structure for table `timesheet_types`
--

CREATE TABLE IF NOT EXISTS `timesheet_types` (
  `id` smallint(5) UNSIGNED NOT NULL AUTO_INCREMENT,
  `group_id` tinyint(3) UNSIGNED NOT NULL,
  `name` varchar(128) NOT NULL,
  `is_default` tinyint(1) UNSIGNED DEFAULT NULL,
  `is_active` tinyint(1) UNSIGNED NOT NULL DEFAULT '1' COMMENT '0=Deleted;1=Active;2=Inactive',
  `status_type` tinyint(1) UNSIGNED NOT NULL DEFAULT '0' COMMENT '0-None, 1-Open, 2-Closed',
  `color_code` varchar(8) DEFAULT NULL,
  `item_order` tinyint(3) UNSIGNED DEFAULT NULL,
  PRIMARY KEY (`id`),
  KEY `group_id` (`group_id`),
  KEY `is_active` (`is_active`),
  KEY `status_type` (`status_type`),
  KEY `item_order` (`item_order`)
) ENGINE=InnoDB AUTO_INCREMENT=5 DEFAULT CHARSET=latin1;

--
-- RELATIONSHIPS FOR TABLE `timesheet_types`:
--

--
-- Dumping data for table `timesheet_types`
--

INSERT INTO `timesheet_types` (`id`, `group_id`, `name`, `is_default`, `is_active`, `status_type`, `color_code`, `item_order`) VALUES
(1, 1, 'Regular Hours', 1, 1, 0, '', 1),
(2, 1, 'Overtime Hours', 0, 1, 1, NULL, 2),
(3, 1, 'Holiday', 0, 1, 1, NULL, 3),
(4, 1, 'Sick Leave', 0, 1, 1, NULL, 4);

-- --------------------------------------------------------

--
-- Table structure for table `to_do_tasks`
--

CREATE TABLE IF NOT EXISTS `to_do_tasks` (
  `id` int(11) UNSIGNED NOT NULL AUTO_INCREMENT,
  `title` varchar(255) NOT NULL,
  `date` date NOT NULL,
  `description` text,
  `status` tinyint(3) UNSIGNED NOT NULL DEFAULT '1',
  `created_at` datetime DEFAULT NULL,
  `updated_at` datetime DEFAULT NULL,
  `updated_by` int(11) DEFAULT NULL,
  `created_by` int(11) DEFAULT NULL,
  PRIMARY KEY (`id`),
  KEY `title` (`title`),
  KEY `created_by` (`created_by`),
  KEY `updated_by` (`updated_by`)
) ENGINE=InnoDB AUTO_INCREMENT=17 DEFAULT CHARSET=latin1;

--
-- RELATIONSHIPS FOR TABLE `to_do_tasks`:
--

--
-- Dumping data for table `to_do_tasks`
--

INSERT INTO `to_do_tasks` (`id`, `title`, `date`, `description`, `status`, `created_at`, `updated_at`, `updated_by`, `created_by`) VALUES
(14, 'Lorem Ipsum – Generator, Origins and Meaning', '2023-06-08', 'Lorem Ipsum is simply dummy text of the printing and typesetting industry. Lorem Ipsum has been the industry\'s standard dummy text ever since the 1500s, when an unknown ', 2, '2023-06-08 08:01:19', '2023-06-08 08:42:02', 1, 1),
(15, 'PAyroll related', '2023-06-10', 'Consultant has aggresively chnages to his payroll process', 2, '2023-06-09 10:08:39', '2023-06-09 10:11:01', 637, 637),
(16, 'General Thing', '2023-06-09', 'This is a post message', 2, '2023-06-09 10:16:51', '2023-06-09 10:16:56', 637, 637);

-- --------------------------------------------------------

--
-- Table structure for table `vendor_referrals`
--

CREATE TABLE IF NOT EXISTS `vendor_referrals` (
  `business_referral_id` int(10) UNSIGNED NOT NULL AUTO_INCREMENT,
  `user_id` int(10) UNSIGNED NOT NULL,
  `vendor_name` varchar(128) COLLATE utf8_unicode_ci NOT NULL,
  `vm_name` varchar(128) COLLATE utf8_unicode_ci NOT NULL,
  `vm_phone` varchar(32) COLLATE utf8_unicode_ci NOT NULL,
  `email` varchar(128) CHARACTER SET utf8 NOT NULL,
  `location` varchar(255) CHARACTER SET utf8 DEFAULT NULL,
  `comment` varchar(255) CHARACTER SET utf8 DEFAULT NULL,
  `status` tinyint(1) UNSIGNED NOT NULL DEFAULT '1',
  `created_at` timestamp NULL DEFAULT NULL,
  `updated_at` timestamp NULL DEFAULT NULL,
  `created_by` int(10) UNSIGNED NOT NULL,
  `updated_by` int(10) UNSIGNED NOT NULL,
  PRIMARY KEY (`business_referral_id`),
  KEY `user_id` (`user_id`)
) ENGINE=InnoDB AUTO_INCREMENT=10 DEFAULT CHARSET=utf8 COLLATE=utf8_unicode_ci;

--
-- RELATIONSHIPS FOR TABLE `vendor_referrals`:
--

--
-- Dumping data for table `vendor_referrals`
--

INSERT INTO `vendor_referrals` (`business_referral_id`, `user_id`, `vendor_name`, `vm_name`, `vm_phone`, `email`, `location`, `comment`, `status`, `created_at`, `updated_at`, `created_by`, `updated_by`) VALUES
(1, 1, 'Haynes International', 'Marry', '812132322167', 'prasadursgoli@gmail.com', 'hyderabad', 'Test', 1, '2019-11-12 07:02:12', NULL, 1, 0),
(2, 1, 'Vermeer Company', 'prasad', '812132322167', 'prasadursgoli@gmail.com', 'hyderabad', 'test', 1, '2019-11-12 07:56:31', NULL, 1, 0),
(6, 410, 'Klipsch Audio Technologies', 'Ramesh', '7878787dg878', '', 'hydy', 'okty', 1, '2019-11-14 00:22:02', '2019-11-14 00:22:02', 0, 0),
(7, 440, 'dell', 'dell', '8099324422', 'dell@gmail.com', '', '', 1, '2019-12-03 20:12:02', NULL, 440, 0),
(8, 440, 'Bharath & Achyuth', 'karni', '1234567890', 'erm@usmsystems.com', '', 'hi', 1, '2019-12-04 17:09:01', NULL, 440, 0),
(9, 440, 'paresh', 'paresh', '12345', 'paresh@gmial.com', 'canada', 'Us citizen', 1, '2019-12-04 19:08:46', '2019-12-04 19:08:46', 0, 0);

-- --------------------------------------------------------

--
-- Table structure for table `visa_types`
--

CREATE TABLE IF NOT EXISTS `visa_types` (
  `id` tinyint(3) UNSIGNED NOT NULL AUTO_INCREMENT,
  `visa_type` varchar(255) NOT NULL,
  `status` tinyint(4) NOT NULL DEFAULT '1',
  `created_at` timestamp NOT NULL DEFAULT CURRENT_TIMESTAMP,
  `updated_at` timestamp NULL DEFAULT NULL ON UPDATE CURRENT_TIMESTAMP,
  PRIMARY KEY (`id`)
) ENGINE=InnoDB AUTO_INCREMENT=15 DEFAULT CHARSET=latin1;

--
-- RELATIONSHIPS FOR TABLE `visa_types`:
--

--
-- Dumping data for table `visa_types`
--

INSERT INTO `visa_types` (`id`, `visa_type`, `status`, `created_at`, `updated_at`) VALUES
(1, 'Authorized to Work', 1, '2016-05-25 07:08:29', '2016-10-28 11:36:51'),
(2, 'Citizen', 1, '2016-05-25 07:08:29', '2016-10-28 11:36:59'),
(3, 'CPT', 1, '2016-10-21 11:45:30', '2016-10-28 11:37:06'),
(4, 'E3-Australia', 1, '2016-10-28 11:37:40', NULL),
(5, 'EAD', 1, '2016-10-28 11:37:40', NULL),
(6, 'GC EAD', 1, '2016-10-28 11:38:05', NULL),
(7, 'Green Card', 1, '2016-10-28 11:38:05', NULL),
(8, 'H1-transfer prospect', 1, '2016-10-28 11:38:32', NULL),
(9, 'H1-Visa', 1, '2016-10-28 11:38:32', NULL),
(10, 'TN Mexican Work Permit(TN)', 1, '2016-10-28 11:38:56', NULL),
(11, 'US Citizen', 1, '2016-10-28 11:38:56', '2016-10-28 11:39:25'),
(12, 'others', 1, '2016-10-29 10:04:44', NULL),
(13, ' F1/OPT', 1, '2016-10-29 10:07:18', NULL),
(14, 'C2C/1099', 1, '2017-05-31 14:25:40', NULL);

--
-- Constraints for dumped tables
--

--
-- Constraints for table `messages`
--
ALTER TABLE `messages`
  ADD CONSTRAINT `messages_dept_id_foreign` FOREIGN KEY (`dept_id`) REFERENCES `departments` (`dept_id`);

--
-- Constraints for table `notifications`
--
ALTER TABLE `notifications`
  ADD CONSTRAINT `notifications_fk0` FOREIGN KEY (`category_id`) REFERENCES `notification_category` (`category_id`);

--
-- Constraints for table `permission_role`
--
ALTER TABLE `permission_role`
  ADD CONSTRAINT `permission_role_permission_id_foreign` FOREIGN KEY (`permission_id`) REFERENCES `permissions` (`id`) ON DELETE CASCADE ON UPDATE CASCADE,
  ADD CONSTRAINT `permission_role_role_id_foreign` FOREIGN KEY (`role_id`) REFERENCES `roles` (`id`) ON DELETE CASCADE ON UPDATE CASCADE;
COMMIT;

